000
CDUS41 KCAR 250537
CLIMLT


CLIMATE REPORT
NATIONAL WEATHER SERVICE CARIBOU, ME
1229 AM EST THU DEC 25 2014


...................................

...THE MILLINOCKET ME CLIMATE SUMMARY FOR DECEMBER 24 2014...

CLIMATE NORMAL PERIOD 1981 TO 2010
CLIMATE RECORD PERIOD 1903 TO 2014


WEATHER ITEM   OBSERVED TIME   RECORD YEAR NORMAL DEPARTURE LAST
                VALUE   (LST)  VALUE       VALUE  FROM      YEAR
                                                  NORMAL
..................................................................
TEMPERATURE (F)
 YESTERDAY
  MAXIMUM         34   1147 PM  58    1911  28      6       28
  MINIMUM         32    936 AM -23    1914  11     21        9
  AVERAGE         33                        19     14       19

PRECIPITATION (IN)
  YESTERDAY        0.65          1.20 1907   0.09   0.56     0.00
  MONTH TO DATE    5.12                      2.98   2.14     1.76
  SINCE DEC 1      5.12                      2.98   2.14     1.76
  SINCE JAN 1     38.59                     42.13  -3.54    37.47

SNOWFALL (IN)
  YESTERDAY       MM            MM      MM  MM     MM       MM
  MONTH TO DATE   MM                        MM     MM       MM
  SINCE DEC 1     MM                        MM     MM       MM
  SINCE JUL 1     MM                        MM     MM       MM
  SNOW DEPTH      MM

DEGREE DAYS
 HEATING
  YESTERDAY       32                        46    -14       46
  MONTH TO DATE  928                       992    -64     1096
  SINCE DEC 1    928                       992    -64     1096
  SINCE JUL 1   2524                      2835   -311     2788

 COOLING
  YESTERDAY        0                         0      0        0
  MONTH TO DATE    0                         0      0        0
  SINCE DEC 1      0                         0      0        0
  SINCE JAN 1    375                       268    107      380
..................................................................


WIND (MPH)
  HIGHEST WIND SPEED     8   HIGHEST WIND DIRECTION     E (90)
  HIGHEST GUST SPEED     9   HIGHEST GUST DIRECTION     E (90)
  AVERAGE WIND SPEED     2.7


SKY COVER
  POSSIBLE SUNSHINE  MM
  AVERAGE SKY COVER 1.0


WEATHER CONDITIONS
 THE FOLLOWING WEATHER WAS RECORDED YESTERDAY.
  RAIN
  LIGHT RAIN
  FOG
  FOG W/VISIBILITY <= 1/4 MILE


RELATIVE HUMIDITY (PERCENT)
 HIGHEST   100           800 AM
 LOWEST     89           400 AM
 AVERAGE    95

..........................................................


THE MILLINOCKET ME CLIMATE NORMALS FOR TODAY
                         NORMAL    RECORD    YEAR
 MAXIMUM TEMPERATURE (F)   28        51      2003
 MINIMUM TEMPERATURE (F)   10       -24      1914


SUNRISE AND SUNSET
DECEMBER 25 2014......SUNRISE   714 AM EST   SUNSET   356 PM EST
DECEMBER 26 2014......SUNRISE   714 AM EST   SUNSET   356 PM EST


-  INDICATES NEGATIVE NUMBERS.
R  INDICATES RECORD WAS SET OR TIED.
MM INDICATES DATA IS MISSING.
T  INDICATES TRACE AMOUNT.




$$
