000
CDUS41 KCAR 240546
CLIMLT


CLIMATE REPORT
NATIONAL WEATHER SERVICE CARIBOU, ME
143 AM EDT SAT JUN 24 2017


...................................

...THE MILLINOCKET ME CLIMATE SUMMARY FOR JUNE 23 2017...

CLIMATE NORMAL PERIOD 1981 TO 2010
CLIMATE RECORD PERIOD 1903 TO 2017


WEATHER ITEM   OBSERVED TIME   RECORD YEAR NORMAL DEPARTURE LAST
                VALUE   (LST)  VALUE       VALUE  FROM      YEAR
                                                  NORMAL
..................................................................
TEMPERATURE (F)
 YESTERDAY
  MAXIMUM         68    609 PM  98    1907  76     -8       73
  MINIMUM         51    419 AM  33    1913  55     -4       MM
  AVERAGE         60                        65     -5       MM

PRECIPITATION (IN)
  YESTERDAY        0.03          2.11 1992   0.13  -0.10      T
  MONTH TO DATE    4.58                      3.12   1.46     2.40
  SINCE JUN 1      4.58                      3.12   1.46     2.40
  SINCE JAN 1     20.26                     18.19   2.07    16.01

SNOWFALL (IN)
  YESTERDAY       MM            MM      MM  MM     MM       MM
  MONTH TO DATE   MM                        MM     MM       MM
  SINCE JUN 1     MM                        MM     MM       MM
  SINCE JUL 1     MM                        MM     MM       MM
  SNOW DEPTH      MM

DEGREE DAYS
 HEATING
  YESTERDAY        5                         2      3       MM
  MONTH TO DATE  103                       105     -2      112
  SINCE JUN 1    103                       105     -2      112
  SINCE JUL 1   7967                      8395   -428     7271

 COOLING
  YESTERDAY        0                         2     -2       MM
  MONTH TO DATE   46                        31     15        5
  SINCE JUN 1     46                        31     15        5
  SINCE JAN 1     55                        37     18       11
..................................................................


WIND (MPH)
  HIGHEST WIND SPEED     8   HIGHEST WIND DIRECTION     S (160)
  HIGHEST GUST SPEED    13   HIGHEST GUST DIRECTION     S (160)
  AVERAGE WIND SPEED     2.5


SKY COVER
  POSSIBLE SUNSHINE  MM
  AVERAGE SKY COVER 0.6


WEATHER CONDITIONS
 THE FOLLOWING WEATHER WAS RECORDED YESTERDAY.
  LIGHT RAIN
  FOG


RELATIVE HUMIDITY (PERCENT)
 HIGHEST   100           200 AM
 LOWEST     78           900 AM
 AVERAGE    89

..........................................................


THE MILLINOCKET ME CLIMATE NORMALS FOR TODAY
                         NORMAL    RECORD    YEAR
 MAXIMUM TEMPERATURE (F)   76        97      1912
 MINIMUM TEMPERATURE (F)   55        39      1931


SUNRISE AND SUNSET
JUNE 24 2017..........SUNRISE   446 AM EDT   SUNSET   828 PM EDT
JUNE 25 2017..........SUNRISE   447 AM EDT   SUNSET   828 PM EDT


-  INDICATES NEGATIVE NUMBERS.
R  INDICATES RECORD WAS SET OR TIED.
MM INDICATES DATA IS MISSING.
T  INDICATES TRACE AMOUNT.




$$
