000
CDUS41 KCAR 080528
CLIMLT


CLIMATE REPORT
NATIONAL WEATHER SERVICE CARIBOU, ME
126 AM EDT WED JUL 8 2015


...................................

...THE MILLINOCKET ME CLIMATE SUMMARY FOR JULY 7 2015...

CLIMATE NORMAL PERIOD 1981 TO 2010
CLIMATE RECORD PERIOD 1903 TO 2015


WEATHER ITEM   OBSERVED TIME   RECORD YEAR NORMAL DEPARTURE LAST
                VALUE   (LST)  VALUE       VALUE  FROM      YEAR
                                                  NORMAL
..................................................................
TEMPERATURE (F)
 YESTERDAY
  MAXIMUM         85    159 PM 100    1912  78      7       78
  MINIMUM         62    321 AM  41    1977  58      4       60
  AVERAGE         74                        68      6       69

PRECIPITATION (IN)
  YESTERDAY        0.00          1.77 1931   0.13  -0.13     0.08
  MONTH TO DATE    0.49                      0.94  -0.45     1.85
  SINCE JUN 1      5.01                      5.01   0.00     6.42
  SINCE JAN 1     16.70                     20.08  -3.38    20.32

SNOWFALL (IN)
  YESTERDAY       MM            MM      MM  MM     MM       MM
  MONTH TO DATE   MM                        MM     MM       MM
  SINCE JUN 1     MM                        MM     MM       MM
  SINCE JUL 1     MM                        MM     MM       MM
  SNOW DEPTH      MM

DEGREE DAYS
 HEATING
  YESTERDAY        0                         1     -1        0
  MONTH TO DATE    1                         7     -6        6
  SINCE JUN 1    161                       123     38       82
  SINCE JUL 1      1                         7     -6        6

 COOLING
  YESTERDAY        9                         4      5        4
  MONTH TO DATE   20                        25     -5       55
  SINCE JUN 1     40                        74    -34      113
  SINCE JAN 1     74                        80     -6      115
..................................................................


WIND (MPH)
  HIGHEST WIND SPEED    14   HIGHEST WIND DIRECTION     S (170)
  HIGHEST GUST SPEED    22   HIGHEST GUST DIRECTION     S (180)
  AVERAGE WIND SPEED     5.4


SKY COVER
  POSSIBLE SUNSHINE  MM
  AVERAGE SKY COVER 0.5


WEATHER CONDITIONS
 THE FOLLOWING WEATHER WAS RECORDED YESTERDAY.
  NO SIGNIFICANT WEATHER WAS OBSERVED.


RELATIVE HUMIDITY (PERCENT)
 HIGHEST    93           400 AM
 LOWEST     44           100 PM
 AVERAGE    69

..........................................................


THE MILLINOCKET ME CLIMATE NORMALS FOR TODAY
                         NORMAL    RECORD    YEAR
 MAXIMUM TEMPERATURE (F)   78        99      1912
 MINIMUM TEMPERATURE (F)   58        43      1949


SUNRISE AND SUNSET
JULY  8 2015..........SUNRISE   454 AM EDT   SUNSET   825 PM EDT
JULY  9 2015..........SUNRISE   455 AM EDT   SUNSET   825 PM EDT


-  INDICATES NEGATIVE NUMBERS.
R  INDICATES RECORD WAS SET OR TIED.
MM INDICATES DATA IS MISSING.
T  INDICATES TRACE AMOUNT.




$$
