933
CDUS41 KCAR 130527
CLIMLT


CLIMATE REPORT
NATIONAL WEATHER SERVICE CARIBOU, ME
1226 AM EST SAT FEB 13 2016


...................................

...THE MILLINOCKET ME CLIMATE SUMMARY FOR FEBRUARY 12 2016...

CLIMATE NORMAL PERIOD 1981 TO 2010
CLIMATE RECORD PERIOD 1903 TO 2016


WEATHER ITEM   OBSERVED TIME   RECORD YEAR NORMAL DEPARTURE LAST
                VALUE   (LST)  VALUE       VALUE  FROM      YEAR
                                                  NORMAL
..................................................................
TEMPERATURE (F)
 YESTERDAY
  MAXIMUM         14    408 PM  58    1903  27    -13       10
  MINIMUM         -9   1123 PM -26    1914   7    -16       -5
  AVERAGE          3                        17    -14        3

PRECIPITATION (IN)
  YESTERDAY        0.00          2.35 1955   0.07  -0.07      T
  MONTH TO DATE    0.83                      0.73   0.10     0.16
  SINCE DEC 1      7.30                      7.19   0.11     8.00
  SINCE JAN 1      2.90                      3.66  -0.76     2.00

SNOWFALL (IN)
  YESTERDAY       MM            MM      MM  MM     MM       MM
  MONTH TO DATE   MM                        MM     MM       MM
  SINCE DEC 1     MM                        MM     MM       MM
  SINCE JUL 1     MM                        MM     MM       MM
  SNOW DEPTH      MM

DEGREE DAYS
 HEATING
  YESTERDAY       62                        48     14       62
  MONTH TO DATE  500                       591    -91      746
  SINCE DEC 1   2777                      3494   -717     3548
  SINCE JUL 1   4318                      5337  -1019     5144

 COOLING
  YESTERDAY        0                         0      0        0
  MONTH TO DATE    0                         0      0        0
  SINCE DEC 1      0                         0      0        0
  SINCE JAN 1      0                         0      0        0
..................................................................


WIND (MPH)
  HIGHEST WIND SPEED    23   HIGHEST WIND DIRECTION    NW (300)
  HIGHEST GUST SPEED    31   HIGHEST GUST DIRECTION    NW (310)
  AVERAGE WIND SPEED     7.6


SKY COVER
  POSSIBLE SUNSHINE  MM
  AVERAGE SKY COVER 0.0


WEATHER CONDITIONS
 THE FOLLOWING WEATHER WAS RECORDED YESTERDAY.
  HAZE


RELATIVE HUMIDITY (PERCENT)
 HIGHEST    75          1000 PM
 LOWEST     40           400 PM
 AVERAGE    58

..........................................................


THE MILLINOCKET ME CLIMATE NORMALS FOR TODAY
                         NORMAL    RECORD    YEAR
 MAXIMUM TEMPERATURE (F)   28        47      1913
 MINIMUM TEMPERATURE (F)    8       -23      1911


SUNRISE AND SUNSET
FEBRUARY 13 2016......SUNRISE   641 AM EST   SUNSET   458 PM EST
FEBRUARY 14 2016......SUNRISE   639 AM EST   SUNSET   459 PM EST


-  INDICATES NEGATIVE NUMBERS.
R  INDICATES RECORD WAS SET OR TIED.
MM INDICATES DATA IS MISSING.
T  INDICATES TRACE AMOUNT.




$$
