000
CDUS41 KCAR 290537
CLIMLT


CLIMATE REPORT
NATIONAL WEATHER SERVICE CARIBOU, ME
133 AM EDT FRI APR 29 2016


...................................

...THE MILLINOCKET ME CLIMATE SUMMARY FOR APRIL 28 2016...

CLIMATE NORMAL PERIOD 1981 TO 2010
CLIMATE RECORD PERIOD 1903 TO 2016


WEATHER ITEM   OBSERVED TIME   RECORD YEAR NORMAL DEPARTURE LAST
                VALUE   (LST)  VALUE       VALUE  FROM      YEAR
                                                  NORMAL
..................................................................
TEMPERATURE (F)
 YESTERDAY
  MAXIMUM         44    333 PM  87    1990  58    -14       53
  MINIMUM         23    331 AM  17    1947  36    -13       38
  AVERAGE         34                        47    -13       46

PRECIPITATION (IN)
  YESTERDAY        T             3.49 2005   0.11  -0.11     0.05
  MONTH TO DATE    2.80                      3.35  -0.55     2.11
  SINCE MAR 1      6.02                      6.41  -0.39     3.90
  SINCE JAN 1     11.33                     11.52  -0.19     7.13

SNOWFALL (IN)
  YESTERDAY       MM            MM      MM  MM     MM       MM
  MONTH TO DATE    0.0                      MM     MM       MM
  SINCE MAR 1      0.0                      MM     MM       MM
  SINCE JUL 1      0.0                      MM     MM       MM
  SNOW DEPTH      MM

DEGREE DAYS
 HEATING
  YESTERDAY       31                        18     13       19
  MONTH TO DATE  728                       686     42      716
  SINCE MAR 1   1824                      1833     -9     1973
  SINCE JUL 1   6788                      7885  -1097     8018

 COOLING
  YESTERDAY        0                         0      0        0
  MONTH TO DATE    0                         0      0        0
  SINCE MAR 1      0                         0      0        0
  SINCE JAN 1      0                         0      0        0
..................................................................


WIND (MPH)
  HIGHEST WIND SPEED    20   HIGHEST WIND DIRECTION    NW (300)
  HIGHEST GUST SPEED    27   HIGHEST GUST DIRECTION    NW (310)
  AVERAGE WIND SPEED     7.0


SKY COVER
  POSSIBLE SUNSHINE  MM
  AVERAGE SKY COVER 0.0


WEATHER CONDITIONS
 THE FOLLOWING WEATHER WAS RECORDED YESTERDAY.
  LIGHT SNOW


RELATIVE HUMIDITY (PERCENT)
 HIGHEST    57           200 AM
 LOWEST     20           300 PM
 AVERAGE    39

..........................................................


THE MILLINOCKET ME CLIMATE NORMALS FOR TODAY
                         NORMAL    RECORD    YEAR
 MAXIMUM TEMPERATURE (F)   58        84      1911
 MINIMUM TEMPERATURE (F)   37        12      1947


SUNRISE AND SUNSET
APRIL 29 2016.........SUNRISE   525 AM EDT   SUNSET   740 PM EDT
APRIL 30 2016.........SUNRISE   523 AM EDT   SUNSET   741 PM EDT


-  INDICATES NEGATIVE NUMBERS.
R  INDICATES RECORD WAS SET OR TIED.
MM INDICATES DATA IS MISSING.
T  INDICATES TRACE AMOUNT.




$$
