000
CDUS41 KCAR 270527
CLIMLT


CLIMATE REPORT
NATIONAL WEATHER SERVICE CARIBOU, ME
126 AM EDT WED JUL 27 2016


...................................

...THE MILLINOCKET ME CLIMATE SUMMARY FOR JULY 26 2016...

CLIMATE NORMAL PERIOD 1981 TO 2010
CLIMATE RECORD PERIOD 1903 TO 2016


WEATHER ITEM   OBSERVED TIME   RECORD YEAR NORMAL DEPARTURE LAST
                VALUE   (LST)  VALUE       VALUE  FROM      YEAR
                                                  NORMAL
..................................................................
TEMPERATURE (F)
 YESTERDAY
  MAXIMUM         86    113 PM  96    1963  79      7       63
  MINIMUM         63    516 AM  40    1926  57      6       58
  AVERAGE         75                        68      7       61

PRECIPITATION (IN)
  YESTERDAY        0.05          3.00 1972   0.10  -0.05     0.05
  MONTH TO DATE    2.15                      3.28  -1.13     3.27
  SINCE JUN 1      5.07                      7.35  -2.28     7.79
  SINCE JAN 1     18.68                     22.42  -3.74    19.48

SNOWFALL (IN)
  YESTERDAY       MM            MM      MM  MM     MM       MM
  MONTH TO DATE   MM                        MM     MM       MM
  SINCE JUN 1     MM                        MM     MM       MM
  SINCE JUL 1     MM                        MM     MM       MM
  SNOW DEPTH      MM

DEGREE DAYS
 HEATING
  YESTERDAY        0                         1     -1        4
  MONTH TO DATE   33                        26      7       21
  SINCE JUN 1    149                       142      7      181
  SINCE JUL 1     33                        26      7       21

 COOLING
  YESTERDAY       10                         4      6        0
  MONTH TO DATE  126                       101     25       68
  SINCE JUN 1    152                       150      2       88
  SINCE JAN 1    158                       156      2      122
..................................................................


WIND (MPH)
  HIGHEST WIND SPEED    23   HIGHEST WIND DIRECTION    NW (330)
  HIGHEST GUST SPEED    29   HIGHEST GUST DIRECTION    NW (330)
  AVERAGE WIND SPEED     5.7


SKY COVER
  POSSIBLE SUNSHINE  MM
  AVERAGE SKY COVER 0.4


WEATHER CONDITIONS
 THE FOLLOWING WEATHER WAS RECORDED YESTERDAY.
  FOG


RELATIVE HUMIDITY (PERCENT)
 HIGHEST   100           200 AM
 LOWEST     44           100 PM
 AVERAGE    72

..........................................................


THE MILLINOCKET ME CLIMATE NORMALS FOR TODAY
                         NORMAL    RECORD    YEAR
 MAXIMUM TEMPERATURE (F)   79        95      1963
 MINIMUM TEMPERATURE (F)   57        41      1946


SUNRISE AND SUNSET
JULY 27 2016..........SUNRISE   513 AM EDT   SUNSET   809 PM EDT
JULY 28 2016..........SUNRISE   514 AM EDT   SUNSET   808 PM EDT


-  INDICATES NEGATIVE NUMBERS.
R  INDICATES RECORD WAS SET OR TIED.
MM INDICATES DATA IS MISSING.
T  INDICATES TRACE AMOUNT.




$$
