000
CDUS41 KCAR 260543
CLIMLT


CLIMATE REPORT
NATIONAL WEATHER SERVICE CARIBOU, ME
139 AM EDT TUE SEP 26 2017


...................................

...THE MILLINOCKET ME CLIMATE SUMMARY FOR SEPTEMBER 25 2017...

CLIMATE NORMAL PERIOD 1981 TO 2010
CLIMATE RECORD PERIOD 1903 TO 2017


WEATHER ITEM   OBSERVED TIME   RECORD YEAR NORMAL DEPARTURE LAST
                VALUE   (LST)  VALUE       VALUE  FROM      YEAR
                                                  NORMAL
..................................................................
TEMPERATURE (F)
 YESTERDAY
  MAXIMUM         86R   327 PM  84    1920  64     22       56
  MINIMUM         60    601 AM  26    1974  43     17       42
                                      1939
  AVERAGE         73                        53     20       49

PRECIPITATION (IN)
  YESTERDAY        0.00          2.67 2001   0.13  -0.13     0.00
  MONTH TO DATE    3.14                      3.00   0.14     1.17
  SINCE SEP 1      3.14                      3.00   0.14     1.17
  SINCE JAN 1     27.78                     29.93  -2.15    24.17

SNOWFALL (IN)
  YESTERDAY       MM            MM      MM  MM     MM       MM
  MONTH TO DATE   MM                        MM     MM       MM
  SINCE SEP 1     MM                        MM     MM       MM
  SINCE JUL 1     MM                        MM     MM       MM
  SNOW DEPTH      MM

DEGREE DAYS
 HEATING
  YESTERDAY        0                        12    -12       16
  MONTH TO DATE   75                       184   -109      105
  SINCE SEP 1     75                       184   -109      105
  SINCE JUL 1    174                       263    -89      145

 COOLING
  YESTERDAY        8                         0      8        0
  MONTH TO DATE   32                        15     17       43
  SINCE SEP 1     32                        15     17       43
  SINCE JAN 1    248                       266    -18      350
..................................................................


WIND (MPH)
  HIGHEST WIND SPEED     8   HIGHEST WIND DIRECTION     S (170)
  HIGHEST GUST SPEED    12   HIGHEST GUST DIRECTION     S (170)
  AVERAGE WIND SPEED     2.1


SKY COVER
  POSSIBLE SUNSHINE  MM
  AVERAGE SKY COVER 0.1


WEATHER CONDITIONS
 THE FOLLOWING WEATHER WAS RECORDED YESTERDAY.
  FOG


RELATIVE HUMIDITY (PERCENT)
 HIGHEST   100          1200 AM
 LOWEST     55           300 PM
 AVERAGE    78

..........................................................


THE MILLINOCKET ME CLIMATE NORMALS FOR TODAY
                         NORMAL    RECORD    YEAR
 MAXIMUM TEMPERATURE (F)   63        87      2007
 MINIMUM TEMPERATURE (F)   43        26      1924


SUNRISE AND SUNSET
SEPTEMBER 26 2017.....SUNRISE   627 AM EDT   SUNSET   624 PM EDT
SEPTEMBER 27 2017.....SUNRISE   628 AM EDT   SUNSET   622 PM EDT


-  INDICATES NEGATIVE NUMBERS.
R  INDICATES RECORD WAS SET OR TIED.
MM INDICATES DATA IS MISSING.
T  INDICATES TRACE AMOUNT.




$$
