000
CDUS41 KCAR 260526
CLIMLT


CLIMATE REPORT
NATIONAL WEATHER SERVICE CARIBOU, ME
1226 AM EST WED NOV 26 2014


...................................

...THE MILLINOCKET ME CLIMATE SUMMARY FOR NOVEMBER 25 2014...

CLIMATE NORMAL PERIOD 1981 TO 2010
CLIMATE RECORD PERIOD 1903 TO 2014


WEATHER ITEM   OBSERVED TIME   RECORD YEAR NORMAL DEPARTURE LAST
                VALUE   (LST)  VALUE       VALUE  FROM      YEAR
                                                  NORMAL
..................................................................
TEMPERATURE (F)
 YESTERDAY
  MAXIMUM         59R  1201 AM  57    2004  38     21       25
                                      1931
  MINIMUM         39    828 PM  -5    1989  24     15       14
  AVERAGE         49                        31     18       20

PRECIPITATION (IN)
  YESTERDAY        T             1.29 1909   0.16  -0.16     0.00
  MONTH TO DATE    1.57                      3.60  -2.03     1.89
  SINCE SEP 1      7.96                     11.39  -3.43     8.03
  SINCE JAN 1     33.10                     38.32  -5.22    33.52

SNOWFALL (IN)
  YESTERDAY       MM            MM      MM  MM     MM       MM
  MONTH TO DATE   MM                        MM     MM       MM
  SINCE SEP 1     MM                        MM     MM       MM
  SINCE JUL 1     MM                        MM     MM       MM
  SNOW DEPTH      MM

DEGREE DAYS
 HEATING
  YESTERDAY       16                        34    -18       45
  MONTH TO DATE  668                       733    -65      750
  SINCE SEP 1   1361                      1588   -227     1455
  SINCE JUL 1   1389                      1667   -278     1500

 COOLING
  YESTERDAY        0                         0      0        0
  MONTH TO DATE    0                         0      0        0
  SINCE SEP 1     47                        17     30       28
  SINCE JAN 1    375                       268    107      380
..................................................................


WIND (MPH)
  HIGHEST WIND SPEED    15   HIGHEST WIND DIRECTION     W (280)
  HIGHEST GUST SPEED    23   HIGHEST GUST DIRECTION     W (270)
  AVERAGE WIND SPEED     4.7


SKY COVER
  POSSIBLE SUNSHINE  MM
  AVERAGE SKY COVER 0.2


WEATHER CONDITIONS
 THE FOLLOWING WEATHER WAS RECORDED YESTERDAY.
  LIGHT RAIN
  FOG


RELATIVE HUMIDITY (PERCENT)
 HIGHEST    96           600 AM
 LOWEST     45          1100 PM
 AVERAGE    71

..........................................................


THE MILLINOCKET ME CLIMATE NORMALS FOR TODAY
                         NORMAL    RECORD    YEAR
 MAXIMUM TEMPERATURE (F)   37        65      1953
 MINIMUM TEMPERATURE (F)   24        -5      1938


SUNRISE AND SUNSET
NOVEMBER 26 2014......SUNRISE   649 AM EST   SUNSET   355 PM EST
NOVEMBER 27 2014......SUNRISE   650 AM EST   SUNSET   354 PM EST


-  INDICATES NEGATIVE NUMBERS.
R  INDICATES RECORD WAS SET OR TIED.
MM INDICATES DATA IS MISSING.
T  INDICATES TRACE AMOUNT.




$$
