000
CDUS41 KCAR 280527
CLIMLT


CLIMATE REPORT
NATIONAL WEATHER SERVICE CARIBOU, ME
126 AM EDT FRI AUG 28 2015


...................................

...THE MILLINOCKET ME CLIMATE SUMMARY FOR AUGUST 27 2015...

CLIMATE NORMAL PERIOD 1981 TO 2010
CLIMATE RECORD PERIOD 1903 TO 2015


WEATHER ITEM   OBSERVED TIME   RECORD YEAR NORMAL DEPARTURE LAST
                VALUE   (LST)  VALUE       VALUE  FROM      YEAR
                                                  NORMAL
..................................................................
TEMPERATURE (F)
 YESTERDAY
  MAXIMUM         76    139 PM  91    1993  75      1       85
  MINIMUM         60    505 AM  38    1931  53      7       65
  AVERAGE         68                        64      4       75

PRECIPITATION (IN)
  YESTERDAY        T             0.88 1926   0.14  -0.14      T
  MONTH TO DATE    5.88                      3.45   2.43     2.26
  SINCE JUN 1     13.91                     11.37   2.54    11.24
  SINCE JAN 1     25.60                     26.44  -0.84    25.14

SNOWFALL (IN)
  YESTERDAY       MM            MM      MM  MM     MM       MM
  MONTH TO DATE    0.0                      MM     MM       MM
  SINCE JUN 1      0.0                      MM     MM       MM
  SINCE JUL 1      0.0                      MM     MM       MM
  SNOW DEPTH      MM

DEGREE DAYS
 HEATING
  YESTERDAY        0                         3     -3        0
  MONTH TO DATE    0                        41    -41       13
  SINCE JUN 1    181                       181      0       98
  SINCE JUL 1     21                        65    -44       22

 COOLING
  YESTERDAY        3                         2      1       10
  MONTH TO DATE  141                        71     70       89
  SINCE JUN 1    265                       237     28      321
  SINCE JAN 1    299                       243     56      323
..................................................................


WIND (MPH)
  HIGHEST WIND SPEED    18   HIGHEST WIND DIRECTION    NW (300)
  HIGHEST GUST SPEED    29   HIGHEST GUST DIRECTION    NW (320)
  AVERAGE WIND SPEED     5.9


SKY COVER
  POSSIBLE SUNSHINE  MM
  AVERAGE SKY COVER 0.4


WEATHER CONDITIONS
 THE FOLLOWING WEATHER WAS RECORDED YESTERDAY.
  FOG


RELATIVE HUMIDITY (PERCENT)
 HIGHEST   100           200 AM
 LOWEST     53          1100 AM
 AVERAGE    77

..........................................................


THE MILLINOCKET ME CLIMATE NORMALS FOR TODAY
                         NORMAL    RECORD    YEAR
 MAXIMUM TEMPERATURE (F)   75        94      1952
 MINIMUM TEMPERATURE (F)   53        32      1915


SUNRISE AND SUNSET
AUGUST 28 2015........SUNRISE   551 AM EDT   SUNSET   720 PM EDT
AUGUST 29 2015........SUNRISE   552 AM EDT   SUNSET   719 PM EDT


-  INDICATES NEGATIVE NUMBERS.
R  INDICATES RECORD WAS SET OR TIED.
MM INDICATES DATA IS MISSING.
T  INDICATES TRACE AMOUNT.




$$
