000
CDUS41 KCAR 020532
CLIMLT


CLIMATE REPORT
NATIONAL WEATHER SERVICE CARIBOU, ME
1232 AM EST FRI DEC 2 2016


...................................

...THE MILLINOCKET ME CLIMATE SUMMARY FOR DECEMBER 1 2016...

CLIMATE NORMAL PERIOD 1981 TO 2010
CLIMATE RECORD PERIOD 1903 TO 2016


WEATHER ITEM   OBSERVED TIME   RECORD YEAR NORMAL DEPARTURE LAST
                VALUE   (LST)  VALUE       VALUE  FROM      YEAR
                                                  NORMAL
..................................................................
TEMPERATURE (F)
 YESTERDAY
  MAXIMUM         36   1138 PM  58    1963  35      1       39
  MINIMUM         32   1110 PM  -7    1925  22     10       17
  AVERAGE         34                        28      6       28

PRECIPITATION (IN)
  YESTERDAY        0.72          2.13 1987   0.14   0.58     0.03
  MONTH TO DATE    0.72                      0.14   0.58     0.03
  SINCE DEC 1      0.72                      0.14   0.58     0.03
  SINCE JAN 1     30.93                     39.29  -8.36    38.72

SNOWFALL (IN)
  YESTERDAY       MM            MM      MM  MM     MM       MM
  MONTH TO DATE   MM                        MM     MM       MM
  SINCE DEC 1     MM                        MM     MM       MM
  SINCE JUL 1      0.0                      MM     MM       MM
  SNOW DEPTH      MM

DEGREE DAYS
 HEATING
  YESTERDAY       31                        37     -6       37
  MONTH TO DATE   31                        37     -6       37
  SINCE DEC 1     31                        37     -6       37
  SINCE JUL 1   1581                      1880   -299     1578

 COOLING
  YESTERDAY        0                         0      0        0
  MONTH TO DATE    0                         0      0        0
  SINCE DEC 1      0                         0      0        0
  SINCE JAN 1    350                       268     82      400
..................................................................


WIND (MPH)
  HIGHEST WIND SPEED    17   HIGHEST WIND DIRECTION     E (90)
  HIGHEST GUST SPEED    23   HIGHEST GUST DIRECTION     N (360)
  AVERAGE WIND SPEED     6.7


SKY COVER
  POSSIBLE SUNSHINE  MM
  AVERAGE SKY COVER 1.0


WEATHER CONDITIONS
 THE FOLLOWING WEATHER WAS RECORDED YESTERDAY.
  LIGHT RAIN
  HEAVY SNOW
  SNOW
  LIGHT SNOW
  FOG
  FOG W/VISIBILITY <= 1/4 MILE


RELATIVE HUMIDITY (PERCENT)
 HIGHEST   100           200 AM
 LOWEST     89           900 AM
 AVERAGE    95

..........................................................


THE MILLINOCKET ME CLIMATE NORMALS FOR TODAY
                         NORMAL    RECORD    YEAR
 MAXIMUM TEMPERATURE (F)   35        58      1934
 MINIMUM TEMPERATURE (F)   21        -8      1936


SUNRISE AND SUNSET
DECEMBER  2 2016......SUNRISE   657 AM EST   SUNSET   352 PM EST
DECEMBER  3 2016......SUNRISE   658 AM EST   SUNSET   352 PM EST


-  INDICATES NEGATIVE NUMBERS.
R  INDICATES RECORD WAS SET OR TIED.
MM INDICATES DATA IS MISSING.
T  INDICATES TRACE AMOUNT.




$$
