000
CDUS41 KCAR 300527
CLIMLT


CLIMATE REPORT
NATIONAL WEATHER SERVICE CARIBOU, ME
126 AM EDT THU JUL 30 2015


...................................

...THE MILLINOCKET ME CLIMATE SUMMARY FOR JULY 29 2015...

CLIMATE NORMAL PERIOD 1981 TO 2010
CLIMATE RECORD PERIOD 1903 TO 2015


WEATHER ITEM   OBSERVED TIME   RECORD YEAR NORMAL DEPARTURE LAST
                VALUE   (LST)  VALUE       VALUE  FROM      YEAR
                                                  NORMAL
..................................................................
TEMPERATURE (F)
 YESTERDAY
  MAXIMUM         87    317 PM  95    1959  78      9       73
  MINIMUM         58    339 AM  41    1987  57      1       53
  AVERAGE         73                        68      5       63

PRECIPITATION (IN)
  YESTERDAY        0.00          1.42 1911   0.10  -0.10     0.00
  MONTH TO DATE    3.44                      3.61  -0.17     4.34
  SINCE JUN 1      7.96                      7.68   0.28     8.91
  SINCE JAN 1     19.65                     22.75  -3.10    22.81

SNOWFALL (IN)
  YESTERDAY       MM            MM      MM  MM     MM       MM
  MONTH TO DATE   MM                        MM     MM       MM
  SINCE JUN 1     MM                        MM     MM       MM
  SINCE JUL 1     MM                        MM     MM       MM
  SNOW DEPTH      MM

DEGREE DAYS
 HEATING
  YESTERDAY        0                         1     -1        2
  MONTH TO DATE   21                        29     -8        8
  SINCE JUN 1    181                       145     36       84
  SINCE JUL 1     21                        29     -8        8

 COOLING
  YESTERDAY        8                         4      4        0
  MONTH TO DATE   89                       113    -24      171
  SINCE JUN 1    109                       162    -53      229
  SINCE JAN 1    143                       168    -25      231
..................................................................


WIND (MPH)
  HIGHEST WIND SPEED    13   HIGHEST WIND DIRECTION    NW (330)
  HIGHEST GUST SPEED    18   HIGHEST GUST DIRECTION    NW (320)
  AVERAGE WIND SPEED     2.4


SKY COVER
  POSSIBLE SUNSHINE  MM
  AVERAGE SKY COVER 0.0


WEATHER CONDITIONS
 THE FOLLOWING WEATHER WAS RECORDED YESTERDAY.
  NO SIGNIFICANT WEATHER WAS OBSERVED.


RELATIVE HUMIDITY (PERCENT)
 HIGHEST    90          1200 AM
 LOWEST     32           100 PM
 AVERAGE    61

..........................................................


THE MILLINOCKET ME CLIMATE NORMALS FOR TODAY
                         NORMAL    RECORD    YEAR
 MAXIMUM TEMPERATURE (F)   78        93      1959
 MINIMUM TEMPERATURE (F)   57        40      1952


SUNRISE AND SUNSET
JULY 30 2015..........SUNRISE   516 AM EDT   SUNSET   806 PM EDT
JULY 31 2015..........SUNRISE   517 AM EDT   SUNSET   805 PM EDT


-  INDICATES NEGATIVE NUMBERS.
R  INDICATES RECORD WAS SET OR TIED.
MM INDICATES DATA IS MISSING.
T  INDICATES TRACE AMOUNT.




$$
