000
CDUS41 KCAR 300527
CLIMLT


CLIMATE REPORT
NATIONAL WEATHER SERVICE CARIBOU, ME
127 AM EDT MON MAY 30 2016


...................................

...THE MILLINOCKET ME CLIMATE SUMMARY FOR MAY 29 2016...

CLIMATE NORMAL PERIOD 1981 TO 2010
CLIMATE RECORD PERIOD 1903 TO 2016


WEATHER ITEM   OBSERVED TIME   RECORD YEAR NORMAL DEPARTURE LAST
                VALUE   (LST)  VALUE       VALUE  FROM      YEAR
                                                  NORMAL
..................................................................
TEMPERATURE (F)
 YESTERDAY
  MAXIMUM         59   1203 AM  94    1929  69    -10       78
  MINIMUM         48   1159 PM  32    1970  46      2       60
  AVERAGE         54                        57     -3       69

PRECIPITATION (IN)
  YESTERDAY        0.15          2.58 1912   0.13   0.02     0.00
  MONTH TO DATE    2.25                      3.10  -0.85     4.17
  SINCE MAR 1      8.27                      9.72  -1.45     8.09
  SINCE JAN 1     13.58                     14.83  -1.25    11.32

SNOWFALL (IN)
  YESTERDAY       MM            MM      MM  MM     MM       MM
  MONTH TO DATE   MM                        MM     MM       MM
  SINCE MAR 1     MM                        MM     MM       MM
  SINCE JUL 1     MM                        MM     MM       MM
  SNOW DEPTH      MM

DEGREE DAYS
 HEATING
  YESTERDAY       11                         8      3        0
  MONTH TO DATE  315                       354    -39      231
  SINCE MAR 1   2189                      2223    -34     2238
  SINCE JUL 1   7153                      8275  -1122     8283

 COOLING
  YESTERDAY        0                         0      0        4
  MONTH TO DATE    2                         0      2       27
  SINCE MAR 1      2                         0      2       27
  SINCE JAN 1      2                         0      2       27
..................................................................


WIND (MPH)
  HIGHEST WIND SPEED     9   HIGHEST WIND DIRECTION     S (170)
  HIGHEST GUST SPEED    14   HIGHEST GUST DIRECTION     S (160)
  AVERAGE WIND SPEED     3.7


SKY COVER
  POSSIBLE SUNSHINE  MM
  AVERAGE SKY COVER 0.9


WEATHER CONDITIONS
 THE FOLLOWING WEATHER WAS RECORDED YESTERDAY.
  RAIN
  LIGHT RAIN
  FOG


RELATIVE HUMIDITY (PERCENT)
 HIGHEST    96           900 AM
 LOWEST     80          1200 AM
 AVERAGE    88

..........................................................


THE MILLINOCKET ME CLIMATE NORMALS FOR TODAY
                         NORMAL    RECORD    YEAR
 MAXIMUM TEMPERATURE (F)   69        93      1978
 MINIMUM TEMPERATURE (F)   46        31      1915


SUNRISE AND SUNSET
MAY 30 2016...........SUNRISE   450 AM EDT   SUNSET   815 PM EDT
MAY 31 2016...........SUNRISE   449 AM EDT   SUNSET   816 PM EDT


-  INDICATES NEGATIVE NUMBERS.
R  INDICATES RECORD WAS SET OR TIED.
MM INDICATES DATA IS MISSING.
T  INDICATES TRACE AMOUNT.




$$
