000
CDUS44 KSHV 230743
CLIMLU


CLIMATE REPORT
NATIONAL WEATHER SERVICE SHREVEPORT, LA
241 AM CDT SAT MAY 23 2015


...................................

...THE MONROE CLIMATE SUMMARY FOR MAY 22 2015...

CLIMATE NORMAL PERIOD 1981 TO 2010
CLIMATE RECORD PERIOD 1930 TO 2015


WEATHER ITEM   OBSERVED TIME   RECORD YEAR NORMAL DEPARTURE LAST
                VALUE   (LST)  VALUE       VALUE  FROM      YEAR
                                                  NORMAL
..................................................................
TEMPERATURE (F)
 YESTERDAY
  MAXIMUM         76    529 PM  94    1970  87    -11       87
  MINIMUM         52R   538 AM  52    1954  65    -13       64
  AVERAGE         64                        76    -12       76

PRECIPITATION (IN)
  YESTERDAY        0.00          1.35 1974   0.16  -0.16     0.00
  MONTH TO DATE    5.38                      3.72   1.66     5.36
  SINCE DEC 1     28.33                     27.87   0.46    25.77
  SINCE JAN 1     23.85                     22.58   1.27    22.51

SNOWFALL (IN)
  YESTERDAY        0.0
  MONTH TO DATE    0.0
  SINCE MAR 1      0.4
  SINCE JUL 1      3.9
  SNOW DEPTH       0

DEGREE DAYS
 HEATING
  YESTERDAY        1                         0      1        0
  MONTH TO DATE    3                         3      0       23
  SINCE MAR 1    311                       333    -22      513
  SINCE JUL 1   2515                      2227    288     2839

 COOLING
  YESTERDAY        0                        11    -11       11
  MONTH TO DATE  177                       182     -5      140
  SINCE MAR 1    321                       318      3      226
  SINCE JAN 1    321                       329     -8      228
..................................................................


WIND (MPH)
  HIGHEST WIND SPEED    14   HIGHEST WIND DIRECTION    NE (60)
  HIGHEST GUST SPEED    19   HIGHEST GUST DIRECTION    NE (50)
  AVERAGE WIND SPEED     5.8


SKY COVER
  POSSIBLE SUNSHINE  MM
  AVERAGE SKY COVER 0.0


WEATHER CONDITIONS
 THE FOLLOWING WEATHER WAS RECORDED YESTERDAY.
  NO SIGNIFICANT WEATHER WAS OBSERVED.


RELATIVE HUMIDITY (PERCENT)
 HIGHEST    96           300 AM
 LOWEST     53           200 PM
 AVERAGE    75

..........................................................


THE MONROE CLIMATE NORMALS FOR TODAY
                         NORMAL    RECORD    YEAR
 MAXIMUM TEMPERATURE (F)   87        96      1996
 MINIMUM TEMPERATURE (F)   65        50      1963


SUNRISE AND SUNSET
MAY 23 2015...........SUNRISE   605 AM CDT   SUNSET   805 PM CDT
MAY 24 2015...........SUNRISE   605 AM CDT   SUNSET   806 PM CDT


-  INDICATES NEGATIVE NUMBERS.
R  INDICATES RECORD WAS SET OR TIED.
MM INDICATES DATA IS MISSING.
T  INDICATES TRACE AMOUNT.




$$
