000
CDUS44 KSHV 190850
CLIMLU


CLIMATE REPORT
NATIONAL WEATHER SERVICE SHREVEPORT, LA
249 AM CST SUN NOV 19 2017


...................................

...THE MONROE CLIMATE SUMMARY FOR NOVEMBER 18 2017...

CLIMATE NORMAL PERIOD 1981 TO 2010
CLIMATE RECORD PERIOD 1930 TO 2017


WEATHER ITEM   OBSERVED TIME   RECORD YEAR NORMAL DEPARTURE LAST
                VALUE   (LST)  VALUE       VALUE  FROM      YEAR
                                                  NORMAL
..................................................................
TEMPERATURE (F)
 YESTERDAY
  MAXIMUM         82    254 PM  85    1930  68     14       83
  MINIMUM         50   1159 PM  22    1959  44      6       48
                                      1951
  AVERAGE         66                        56     10       66

PRECIPITATION (IN)
  YESTERDAY        0.04          3.19 1948   0.16  -0.12     0.25
  MONTH TO DATE    1.53                      2.78  -1.25     0.25
  SINCE DEC 1     55.23                     51.96   3.27    67.61
  SINCE JAN 1     50.40                     46.67   3.73    61.22

SNOWFALL (IN)
  YESTERDAY        0.0
  MONTH TO DATE    0.0
  SINCE SEP 1      0.0
  SINCE JUL 1      0.0
  SNOW DEPTH       0

DEGREE DAYS
 HEATING
  YESTERDAY        0                        10    -10        0
  MONTH TO DATE   71                       138    -67       54
  SINCE SEP 1    151                       228    -77       70
  SINCE JUL 1    151                       228    -77       70

 COOLING
  YESTERDAY        1                         1      0        1
  MONTH TO DATE   68                        20     48       26
  SINCE SEP 1    597                       497    100      678
  SINCE JAN 1   2624                      2504    120     2732
..................................................................


WIND (MPH)
  HIGHEST WIND SPEED    31   HIGHEST WIND DIRECTION    NW (310)
  HIGHEST GUST SPEED    43   HIGHEST GUST DIRECTION    NW (330)
  AVERAGE WIND SPEED    16.9


SKY COVER
  POSSIBLE SUNSHINE  MM
  AVERAGE SKY COVER 0.6


WEATHER CONDITIONS
 THE FOLLOWING WEATHER WAS RECORDED YESTERDAY.
  LIGHT RAIN
  HAZE


RELATIVE HUMIDITY (PERCENT)
 HIGHEST    90           600 AM
 LOWEST     53           700 PM
 AVERAGE    72

..........................................................


THE MONROE CLIMATE NORMALS FOR TODAY
                         NORMAL    RECORD    YEAR
 MAXIMUM TEMPERATURE (F)   67        85      1988
                                             1930
 MINIMUM TEMPERATURE (F)   43        21      1911
                                             1903


SUNRISE AND SUNSET
NOVEMBER 19 2017......SUNRISE   642 AM CST   SUNSET   505 PM CST
NOVEMBER 20 2017......SUNRISE   643 AM CST   SUNSET   505 PM CST


-  INDICATES NEGATIVE NUMBERS.
R  INDICATES RECORD WAS SET OR TIED.
MM INDICATES DATA IS MISSING.
T  INDICATES TRACE AMOUNT.




$$
