000
CDUS44 KSHV 250757
CLIMLU


CLIMATE REPORT
NATIONAL WEATHER SERVICE SHREVEPORT, LA
257 AM CDT FRI APR 25 2014


...................................

...THE MONROE CLIMATE SUMMARY FOR APRIL 24 2014...

CLIMATE NORMAL PERIOD 1981 TO 2010
CLIMATE RECORD PERIOD 1930 TO 2014


WEATHER ITEM   OBSERVED TIME   RECORD YEAR NORMAL DEPARTURE LAST
                VALUE   (LST)  VALUE       VALUE  FROM      YEAR
                                                  NORMAL
..................................................................
TEMPERATURE (F)
 YESTERDAY
  MAXIMUM         83    316 PM  91    1965  80      3       71
  MINIMUM         54    606 AM  43    2005  56     -2       45
  AVERAGE         69                        68      1       58

PRECIPITATION (IN)
  YESTERDAY        T             3.03 1964   0.16  -0.16     0.34
  MONTH TO DATE    7.88                      3.60   4.28     5.43
  SINCE DEC 1     19.91                     23.25  -3.34    26.37
  SINCE JAN 1     16.65                     17.96  -1.31    21.64

SNOWFALL (IN)
  YESTERDAY        0.0
  MONTH TO DATE    0.0
  SINCE MAR 1      0.0
  SINCE JUL 1      0.5
  SNOW DEPTH       0

DEGREE DAYS
 HEATING
  YESTERDAY        0                         1     -1        7
  MONTH TO DATE  106                        75     31      127
  SINCE MAR 1    480                       325    155      492
  SINCE JUL 1   2806                      2219    587     2154

 COOLING
  YESTERDAY        4                         4      0        0
  MONTH TO DATE   53                        72    -19       61
  SINCE MAR 1     60                       104    -44       69
  SINCE JAN 1     62                       115    -53       82
..................................................................


WIND (MPH)
  HIGHEST WIND SPEED    21   HIGHEST WIND DIRECTION     W (250)
  HIGHEST GUST SPEED    26   HIGHEST GUST DIRECTION    SW (230)
  AVERAGE WIND SPEED     6.9


SKY COVER
  POSSIBLE SUNSHINE  MM
  AVERAGE SKY COVER 0.5


WEATHER CONDITIONS
 THE FOLLOWING WEATHER WAS RECORDED YESTERDAY.
  FOG
  FOG W/VISIBILITY <= 1/4 MILE
  HAZE


RELATIVE HUMIDITY (PERCENT)
 HIGHEST    93           800 AM
 LOWEST     58           100 PM
 AVERAGE    76

..........................................................


THE MONROE CLIMATE NORMALS FOR TODAY
                         NORMAL    RECORD    YEAR
 MAXIMUM TEMPERATURE (F)   80        90      1989
 MINIMUM TEMPERATURE (F)   56        43      1969


SUNRISE AND SUNSET
APRIL 25 2014.........SUNRISE   627 AM CDT   SUNSET   745 PM CDT
APRIL 26 2014.........SUNRISE   626 AM CDT   SUNSET   746 PM CDT


-  INDICATES NEGATIVE NUMBERS.
R  INDICATES RECORD WAS SET OR TIED.
MM INDICATES DATA IS MISSING.
T  INDICATES TRACE AMOUNT.




$$
