000
CDUS44 KSHV 260736
CLIMLU


CLIMATE REPORT
NATIONAL WEATHER SERVICE SHREVEPORT, LA
235 AM CDT SAT JUL 26 2014


...................................

...THE MONROE CLIMATE SUMMARY FOR JULY 25 2014...

CLIMATE NORMAL PERIOD 1981 TO 2010
CLIMATE RECORD PERIOD 1930 TO 2014


WEATHER ITEM   OBSERVED TIME   RECORD YEAR NORMAL DEPARTURE LAST
                VALUE   (LST)  VALUE       VALUE  FROM      YEAR
                                                  NORMAL
..................................................................
TEMPERATURE (F)
 YESTERDAY
  MAXIMUM         92    333 PM 102    1934  94     -2       93
  MINIMUM         70    429 AM  63    2000  72     -2       70
  AVERAGE         81                        83     -2       82

PRECIPITATION (IN)
  YESTERDAY        0.00          3.64 1933   0.10  -0.10     0.00
  MONTH TO DATE    2.16                      2.99  -0.83     0.43
  SINCE DEC 1     35.26                     37.01  -1.75    35.62
  SINCE JAN 1     32.00                     31.72   0.28    30.89

SNOWFALL (IN)
  YESTERDAY        0.0
  MONTH TO DATE    0.0
  SINCE JUN 1      0.0
  SINCE JUL 1      0.0
  SNOW DEPTH       0

DEGREE DAYS
 HEATING
  YESTERDAY        0                         0      0        0
  MONTH TO DATE    0                         0      0        0
  SINCE JUN 1      0                         0      0        0
  SINCE JUL 1      0                         0      0        0

 COOLING
  YESTERDAY       16                        18     -2       17
  MONTH TO DATE  358                       450    -92      403
  SINCE JUN 1    834                       916    -82      847
  SINCE JAN 1   1164                      1351   -187     1197
..................................................................


WIND (MPH)
  HIGHEST WIND SPEED     8   HIGHEST WIND DIRECTION     W (260)
  HIGHEST GUST SPEED    12   HIGHEST GUST DIRECTION    SW (210)
  AVERAGE WIND SPEED     1.4


SKY COVER
  POSSIBLE SUNSHINE  MM
  AVERAGE SKY COVER 0.4


WEATHER CONDITIONS
 THE FOLLOWING WEATHER WAS RECORDED YESTERDAY.
  FOG


RELATIVE HUMIDITY (PERCENT)
 HIGHEST    93           300 AM
 LOWEST     52           300 PM
 AVERAGE    73

..........................................................


THE MONROE CLIMATE NORMALS FOR TODAY
                         NORMAL    RECORD    YEAR
 MAXIMUM TEMPERATURE (F)   94       101      1930
 MINIMUM TEMPERATURE (F)   72        62      2000


SUNRISE AND SUNSET
JULY 26 2014..........SUNRISE   618 AM CDT   SUNSET   810 PM CDT
JULY 27 2014..........SUNRISE   619 AM CDT   SUNSET   810 PM CDT


-  INDICATES NEGATIVE NUMBERS.
R  INDICATES RECORD WAS SET OR TIED.
MM INDICATES DATA IS MISSING.
T  INDICATES TRACE AMOUNT.




$$
