000
CDUS44 KSHV 172246
CLIMLU


CLIMATE REPORT
NATIONAL WEATHER SERVICE SHREVEPORT, LA
446 PM CST WED JAN 17 2018


...................................

...THE MONROE CLIMATE SUMMARY FOR JANUARY 17 2018...
VALID TODAY AS OF 0400 PM LOCAL TIME.

CLIMATE NORMAL PERIOD 1981 TO 2010
CLIMATE RECORD PERIOD 1930 TO 2018


WEATHER ITEM   OBSERVED TIME   RECORD YEAR NORMAL DEPARTURE LAST
                VALUE   (LST)  VALUE       VALUE  FROM      YEAR
                                                  NORMAL
..................................................................
TEMPERATURE (F)
 TODAY
  MAXIMUM         30    344 PM  80    1936  57    -27       69
  MINIMUM         12R   736 AM  12    1982  35    -23       54
  AVERAGE         21                        46    -25       62

PRECIPITATION (IN)
  TODAY            0.00          2.58 1990   0.15  -0.15     1.75
  MONTH TO DATE    1.95                      2.71  -0.76     3.58
  SINCE DEC 1      5.47                      8.00  -2.53     8.41
  SINCE JAN 1      1.95                      2.71  -0.76     3.58

SNOWFALL (IN)
  TODAY            0.0
  MONTH TO DATE    1.3
  SINCE DEC 1      1.3
  SINCE JUL 1      1.3
  SNOW DEPTH       0

DEGREE DAYS
 HEATING
  TODAY           44                        19     25        3
  MONTH TO DATE  458                       323    135      203
  SINCE DEC 1    939                       853     86      651
  SINCE JUL 1   1243                      1225     18      864

 COOLING
  TODAY            0                         0      0        0
  MONTH TO DATE    0                         0      0       16
  SINCE DEC 1     11                         7      4       36
  SINCE JAN 1      0                         0      0       16
..................................................................


WIND (MPH)
  HIGHEST WIND SPEED    12   HIGHEST WIND DIRECTION     N (350)
  HIGHEST GUST SPEED    15   HIGHEST GUST DIRECTION     N (10)
  AVERAGE WIND SPEED     7.5


SKY COVER
  POSSIBLE SUNSHINE  MM
  AVERAGE SKY COVER 0.0


WEATHER CONDITIONS
 THE FOLLOWING WEATHER WAS RECORDED TODAY.
  NO SIGNIFICANT WEATHER WAS OBSERVED.


RELATIVE HUMIDITY (PERCENT)
 HIGHEST    76           500 AM
 LOWEST     53           300 PM
 AVERAGE    65

..........................................................


THE MONROE CLIMATE NORMALS FOR TOMORROW
                         NORMAL    RECORD    YEAR
 MAXIMUM TEMPERATURE (F)   57        78      1950
                                             1907
 MINIMUM TEMPERATURE (F)   35         9      1930


SUNRISE AND SUNSET
JANUARY 17 2018.......SUNRISE   710 AM CST   SUNSET   527 PM CST
JANUARY 18 2018.......SUNRISE   709 AM CST   SUNSET   528 PM CST


-  INDICATES NEGATIVE NUMBERS.
R  INDICATES RECORD WAS SET OR TIED.
MM INDICATES DATA IS MISSING.
T  INDICATES TRACE AMOUNT.




$$
