000
CDUS44 KSHV 250818
CLIMLU


CLIMATE REPORT
NATIONAL WEATHER SERVICE SHREVEPORT, LA
305 AM CDT TUE JUL 25 2017


...................................

...THE MONROE CLIMATE SUMMARY FOR JULY 24 2017...

CLIMATE NORMAL PERIOD 1981 TO 2010
CLIMATE RECORD PERIOD 1930 TO 2017


WEATHER ITEM   OBSERVED TIME   RECORD YEAR NORMAL DEPARTURE LAST
                VALUE   (LST)  VALUE       VALUE  FROM      YEAR
                                                  NORMAL
..................................................................
TEMPERATURE (F)
 YESTERDAY
  MAXIMUM         88    259 PM 104    1924  94     -6       93
  MINIMUM         73    611 AM  62    1915  72      1       74
  AVERAGE         81                        83     -2       84

PRECIPITATION (IN)
  YESTERDAY        T             2.73 1933   0.09  -0.09     0.15
  MONTH TO DATE    2.21                      2.89  -0.68     2.14
  SINCE DEC 1     42.01                     36.91   5.10    56.68
  SINCE JAN 1     37.18                     31.62   5.56    50.29

SNOWFALL (IN)
  YESTERDAY        0.0
  MONTH TO DATE    0.0
  SINCE JUN 1      0.0
  SINCE JUL 1      0.0
  SNOW DEPTH       0

DEGREE DAYS
 HEATING
  YESTERDAY        0                         0      0        0
  MONTH TO DATE    0                         0      0        0
  SINCE JUN 1      0                         0      0        0
  SINCE JUL 1      0                         0      0        0

 COOLING
  YESTERDAY       16                        18     -2       19
  MONTH TO DATE  451                       432     19      477
  SINCE JUN 1    861                       898    -37      968
  SINCE JAN 1   1379                      1333     46     1349
..................................................................


WIND (MPH)
  HIGHEST WIND SPEED    18   HIGHEST WIND DIRECTION     W (280)
  HIGHEST GUST SPEED    23   HIGHEST GUST DIRECTION     W (250)
  AVERAGE WIND SPEED     6.6


SKY COVER
  POSSIBLE SUNSHINE  MM
  AVERAGE SKY COVER 0.5


WEATHER CONDITIONS
 THE FOLLOWING WEATHER WAS RECORDED YESTERDAY.
  LIGHT RAIN
  FOG
  HAZE


RELATIVE HUMIDITY (PERCENT)
 HIGHEST   100          1200 AM
 LOWEST     61          1200 PM
 AVERAGE    81

..........................................................


THE MONROE CLIMATE NORMALS FOR TODAY
                         NORMAL    RECORD    YEAR
 MAXIMUM TEMPERATURE (F)   94       104      1918
 MINIMUM TEMPERATURE (F)   72        63      2000


SUNRISE AND SUNSET
JULY 25 2017..........SUNRISE   618 AM CDT   SUNSET   811 PM CDT
JULY 26 2017..........SUNRISE   619 AM CDT   SUNSET   810 PM CDT


-  INDICATES NEGATIVE NUMBERS.
R  INDICATES RECORD WAS SET OR TIED.
MM INDICATES DATA IS MISSING.
T  INDICATES TRACE AMOUNT.




$$
