000
CDUS44 KSHV 062233
CLIMLU


CLIMATE REPORT
NATIONAL WEATHER SERVICE SHREVEPORT, LA
431 PM CST FRI MAR 6 2015


...................................

...THE MONROE CLIMATE SUMMARY FOR MARCH 6 2015...
VALID TODAY AS OF 0400 PM LOCAL TIME.

CLIMATE NORMAL PERIOD 1981 TO 2010
CLIMATE RECORD PERIOD 1930 TO 2015


WEATHER ITEM   OBSERVED TIME   RECORD YEAR NORMAL DEPARTURE LAST
                VALUE   (LST)  VALUE       VALUE  FROM      YEAR
                                                  NORMAL
..................................................................
TEMPERATURE (F)
 TODAY
  MAXIMUM         46    359 PM  88    1956  67    -21       44
  MINIMUM         22R   656 AM  26    1963  44    -22       32
  AVERAGE         34                        55    -21       38

PRECIPITATION (IN)
  TODAY            0.00          0.91 1973   0.17  -0.17     0.30
  MONTH TO DATE    0.62                      1.01  -0.39     0.82
  SINCE DEC 1     14.86                     15.94  -1.08     8.51
  SINCE JAN 1     10.38                     10.65  -0.27     5.25

SNOWFALL (IN)
  TODAY            0.0
  MONTH TO DATE    0.4
  SINCE MAR 1      0.4
  SINCE JUL 1      3.9
  SNOW DEPTH       0

DEGREE DAYS
 HEATING
  TODAY           31                        10     21       27
  MONTH TO DATE  120                        65     55      129
  SINCE MAR 1    120                        65     55      129
  SINCE JUL 1   2324                      1959    365     2455

 COOLING
  TODAY            0                         1     -1        0
  MONTH TO DATE    0                         4     -4        1
  SINCE MAR 1      0                         4     -4        1
  SINCE JAN 1      0                        15    -15        3
..................................................................


WIND (MPH)
  HIGHEST WIND SPEED    16   HIGHEST WIND DIRECTION    NE (50)
  HIGHEST GUST SPEED    23   HIGHEST GUST DIRECTION     E (70)
  AVERAGE WIND SPEED     7.3


SKY COVER
  POSSIBLE SUNSHINE  MM
  AVERAGE SKY COVER 0.0


WEATHER CONDITIONS
 THE FOLLOWING WEATHER WAS RECORDED TODAY.
  NO SIGNIFICANT WEATHER WAS OBSERVED.


RELATIVE HUMIDITY (PERCENT)
 HIGHEST    92           700 AM
 LOWEST     40           300 PM
 AVERAGE    66

..........................................................


THE MONROE CLIMATE NORMALS FOR TOMORROW
                         NORMAL    RECORD    YEAR
 MAXIMUM TEMPERATURE (F)   67        84      1934
 MINIMUM TEMPERATURE (F)   44        27      1966


SUNRISE AND SUNSET
MARCH  6 2015.........SUNRISE   630 AM CST   SUNSET   609 PM CST
MARCH  7 2015.........SUNRISE   629 AM CST   SUNSET   610 PM CST


-  INDICATES NEGATIVE NUMBERS.
R  INDICATES RECORD WAS SET OR TIED.
MM INDICATES DATA IS MISSING.
T  INDICATES TRACE AMOUNT.




$$
