000
CDUS44 KSHV 060850
CLIMLU


CLIMATE REPORT
NATIONAL WEATHER SERVICE SHREVEPORT, LA
250 AM CST SAT FEB 6 2016


...................................

...THE MONROE CLIMATE SUMMARY FOR FEBRUARY 5 2016...

CLIMATE NORMAL PERIOD 1981 TO 2010
CLIMATE RECORD PERIOD 1930 TO 2016


WEATHER ITEM   OBSERVED TIME   RECORD YEAR NORMAL DEPARTURE LAST
                VALUE   (LST)  VALUE       VALUE  FROM      YEAR
                                                  NORMAL
..................................................................
TEMPERATURE (F)
 YESTERDAY
  MAXIMUM         56    350 PM  81    1957  60     -4       50
  MINIMUM         27    723 AM  16    1996  37    -10       29
  AVERAGE         42                        48     -6       40

PRECIPITATION (IN)
  YESTERDAY        0.00          1.85 1983   0.16  -0.16     0.01
  MONTH TO DATE    0.22                      0.80  -0.58     0.39
  SINCE DEC 1     11.33                     11.10   0.23     9.78
  SINCE JAN 1      4.94                      5.81  -0.87     5.30

SNOWFALL (IN)
  YESTERDAY        0.0
  MONTH TO DATE    0.0
  SINCE DEC 1      T
  SINCE JUL 1      T
  SNOW DEPTH       0

DEGREE DAYS
 HEATING
  YESTERDAY       23                        17      6       25
  MONTH TO DATE   63                        85    -22      109
  SINCE DEC 1    959                      1194   -235     1212
  SINCE JUL 1   1147                      1566   -419     1686

 COOLING
  YESTERDAY        0                         0      0        0
  MONTH TO DATE    1                         0      1        0
  SINCE DEC 1     57                        11     46        1
  SINCE JAN 1      4                         4      0        0
..................................................................


WIND (MPH)
  HIGHEST WIND SPEED     9   HIGHEST WIND DIRECTION     S (170)
  HIGHEST GUST SPEED    13   HIGHEST GUST DIRECTION    SE (150)
  AVERAGE WIND SPEED     1.8


SKY COVER
  POSSIBLE SUNSHINE  MM
  AVERAGE SKY COVER 0.0


WEATHER CONDITIONS
 THE FOLLOWING WEATHER WAS RECORDED YESTERDAY.
  NO SIGNIFICANT WEATHER WAS OBSERVED.


RELATIVE HUMIDITY (PERCENT)
 HIGHEST    92           400 AM
 LOWEST     24           300 PM
 AVERAGE    58

..........................................................


THE MONROE CLIMATE NORMALS FOR TODAY
                         NORMAL    RECORD    YEAR
 MAXIMUM TEMPERATURE (F)   60        81      1963
 MINIMUM TEMPERATURE (F)   38        22      1978


SUNRISE AND SUNSET
FEBRUARY  6 2016......SUNRISE   659 AM CST   SUNSET   545 PM CST
FEBRUARY  7 2016......SUNRISE   658 AM CST   SUNSET   546 PM CST


-  INDICATES NEGATIVE NUMBERS.
R  INDICATES RECORD WAS SET OR TIED.
MM INDICATES DATA IS MISSING.
T  INDICATES TRACE AMOUNT.




$$
