000
CDUS46 KPQR 161145
CLIMMV


CLIMATE REPORT
NATIONAL WEATHER SERVICE PORTLAND OREGON
444 AM PDT TUE SEP 16 2014


...................................

...THE MCMINNVILLE OR CLIMATE SUMMARY FOR SEPTEMBER 15 2014...

CLIMATE NORMAL PERIOD 1981 TO 2010
CLIMATE RECORD PERIOD 1894 TO 2014


WEATHER ITEM   OBSERVED TIME   RECORD YEAR NORMAL DEPARTURE LAST
                VALUE   (LST)  VALUE       VALUE  FROM      YEAR
                                                  NORMAL
..................................................................
TEMPERATURE (F)
 YESTERDAY
  MAXIMUM         87    356 PM 100    1922  77     10       69
  MINIMUM         46    559 AM  28    1970  47     -1       57
  AVERAGE         67                        62      5       63

PRECIPITATION (IN)
  YESTERDAY        0.00          2.10 1996   0.04  -0.04     0.00
  MONTH TO DATE    T                         0.53  -0.53     1.30
  SINCE OCT 1     27.60                     38.89 -11.29    33.50
  SINCE JAN 1     22.64                     22.86  -0.22    12.36

DEGREE DAYS
 HEATING
  YESTERDAY        0                         4     -4        2
  MONTH TO DATE    5                        43    -38        4
  SINCE JUL 1     11                       128   -117       21

 COOLING
  YESTERDAY        2                         1      1        0
  MONTH TO DATE   51                        23     28       68
  SINCE JAN 1    496                       207    289      405
..................................................................


WIND (MPH)
  HIGHEST WIND SPEED    16   HIGHEST WIND DIRECTION    SW (230)
  HIGHEST GUST SPEED    20   HIGHEST GUST DIRECTION    SW (230)
  AVERAGE WIND SPEED     5.0


SKY COVER
  POSSIBLE SUNSHINE  MM
  AVERAGE SKY COVER 0.3


WEATHER CONDITIONS
 THE FOLLOWING WEATHER WAS RECORDED YESTERDAY.
  HAZE


RELATIVE HUMIDITY (PERCENT)
 HIGHEST    93           500 AM
 LOWEST     26          1200 PM
 AVERAGE    60

..........................................................


THE MCMINNVILLE OR CLIMATE NORMALS FOR TODAY
                         NORMAL    RECORD    YEAR
 MAXIMUM TEMPERATURE (F)   77        95      1967
 MINIMUM TEMPERATURE (F)   47        31      1908


SUNRISE AND SUNSET
SEPTEMBER 16 2014.....SUNRISE   552 AM PST   SUNSET   621 PM PST
SEPTEMBER 17 2014.....SUNRISE   554 AM PST   SUNSET   619 PM PST


-  INDICATES NEGATIVE NUMBERS.
R  INDICATES RECORD WAS SET OR TIED.
MM INDICATES DATA IS MISSING.
T  INDICATES TRACE AMOUNT.




$$
