568
CDUS46 KPQR 061147
CLIMMV


CLIMATE REPORT
NATIONAL WEATHER SERVICE PORTLAND OREGON
346 AM PST TUE DEC 6 2016


...................................

...THE MCMINNVILLE OR CLIMATE SUMMARY FOR DECEMBER 5 2016...

CLIMATE NORMAL PERIOD 1981 TO 2010
CLIMATE RECORD PERIOD 1894 TO 2016


WEATHER ITEM   OBSERVED TIME   RECORD YEAR NORMAL DEPARTURE LAST
                VALUE   (LST)  VALUE       VALUE  FROM      YEAR
                                                  NORMAL
..................................................................
TEMPERATURE (F)
 YESTERDAY
  MAXIMUM         38   1200 PM  60    1925  47     -9       50
  MINIMUM         33   1141 PM  17    2013  35     -2       40
  AVERAGE         36                        41     -5       45

PRECIPITATION (IN)
  YESTERDAY        0.58          2.03 1981   0.19   0.39     0.29
  MONTH TO DATE    1.19                      0.96   0.23     2.32
  SINCE OCT 1     19.50                     10.90   8.60    12.04
  SINCE JAN 1     44.77                     34.61  10.16    30.14

DEGREE DAYS
 HEATING
  YESTERDAY       29                        24      5       20
  MONTH TO DATE  117                       118     -1      105
  SINCE JUL 1   1019                      1340   -321     1071

 COOLING
  YESTERDAY        0                         0      0        0
  MONTH TO DATE    0                         0      0        0
  SINCE JAN 1    363                       215    148      530
..................................................................


WIND (MPH)
  HIGHEST WIND SPEED    16   HIGHEST WIND DIRECTION     S (190)
  HIGHEST GUST SPEED    19   HIGHEST GUST DIRECTION     S (190)
  AVERAGE WIND SPEED     3.9


SKY COVER
  POSSIBLE SUNSHINE  MM
  AVERAGE SKY COVER 0.8


WEATHER CONDITIONS
 THE FOLLOWING WEATHER WAS RECORDED YESTERDAY.
  RAIN
  LIGHT RAIN
  LIGHT SNOW
  FOG
  FOG W/VISIBILITY <= 1/4 MILE


RELATIVE HUMIDITY (PERCENT)
 HIGHEST    92           200 AM
 LOWEST     85          1200 AM
 AVERAGE    89

..........................................................


THE MCMINNVILLE OR CLIMATE NORMALS FOR TODAY
                         NORMAL    RECORD    YEAR
 MAXIMUM TEMPERATURE (F)   46        63      1921
 MINIMUM TEMPERATURE (F)   35        18      1972


SUNRISE AND SUNSET
DECEMBER  6 2016......SUNRISE   737 AM PST   SUNSET   430 PM PST
DECEMBER  7 2016......SUNRISE   738 AM PST   SUNSET   430 PM PST


-  INDICATES NEGATIVE NUMBERS.
R  INDICATES RECORD WAS SET OR TIED.
MM INDICATES DATA IS MISSING.
T  INDICATES TRACE AMOUNT.




$$
