000
CDUS46 KPQR 311141
CLIMMV


CLIMATE REPORT
NATIONAL WEATHER SERVICE PORTLAND OREGON
441 AM PDT FRI JUL 31 2015


...................................

...THE MCMINNVILLE OR CLIMATE SUMMARY FOR JULY 30 2015...

CLIMATE NORMAL PERIOD 1981 TO 2010
CLIMATE RECORD PERIOD 1894 TO 2015


WEATHER ITEM   OBSERVED TIME   RECORD YEAR NORMAL DEPARTURE LAST
                VALUE   (LST)  VALUE       VALUE  FROM      YEAR
                                                  NORMAL
..................................................................
TEMPERATURE (F)
 YESTERDAY
  MAXIMUM        106R   439 PM 104    1965  84     22       92
  MINIMUM         56    528 AM  36    1954  52      4       54
  AVERAGE         81                        68     13       73

PRECIPITATION (IN)
  YESTERDAY        0.00          0.10 1993   0.01  -0.01     0.00
  MONTH TO DATE    T                         0.49  -0.49     0.38
  SINCE OCT 1     32.44                     37.77  -5.33    27.46
  SINCE JAN 1     16.20                     21.74  -5.54    22.50

DEGREE DAYS
 HEATING
  YESTERDAY        0                         1     -1        0
  MONTH TO DATE    5                        44    -39        4
  SINCE JUL 1      5                        44    -39        4

 COOLING
  YESTERDAY       16                         3     13        8
  MONTH TO DATE  200                        74    126      200
  SINCE JAN 1    330                        96    234      230
..................................................................


WIND (MPH)
  HIGHEST WIND SPEED    15   HIGHEST WIND DIRECTION    NW (330)
  HIGHEST GUST SPEED    17   HIGHEST GUST DIRECTION    NW (320)
  AVERAGE WIND SPEED     2.0


SKY COVER
  POSSIBLE SUNSHINE  MM
  AVERAGE SKY COVER 0.0


WEATHER CONDITIONS
 THE FOLLOWING WEATHER WAS RECORDED YESTERDAY.
  NO SIGNIFICANT WEATHER WAS OBSERVED.


RELATIVE HUMIDITY (PERCENT)
 HIGHEST    75           600 AM
 LOWEST     12           500 PM
 AVERAGE    44

..........................................................


THE MCMINNVILLE OR CLIMATE NORMALS FOR TODAY
                         NORMAL    RECORD    YEAR
 MAXIMUM TEMPERATURE (F)   84       105      1965
 MINIMUM TEMPERATURE (F)   52        37      1953


SUNRISE AND SUNSET
JULY 31 2015..........SUNRISE   456 AM PST   SUNSET   741 PM PST
AUGUST  1 2015........SUNRISE   457 AM PST   SUNSET   740 PM PST


-  INDICATES NEGATIVE NUMBERS.
R  INDICATES RECORD WAS SET OR TIED.
MM INDICATES DATA IS MISSING.
T  INDICATES TRACE AMOUNT.




$$
