000
CDUS46 KPQR 281142
CLIMMV


CLIMATE REPORT
NATIONAL WEATHER SERVICE PORTLAND OREGON
441 AM PDT FRI AUG 28 2015


...................................

...THE MCMINNVILLE OR CLIMATE SUMMARY FOR AUGUST 27 2015...

CLIMATE NORMAL PERIOD 1981 TO 2010
CLIMATE RECORD PERIOD 1894 TO 2015


WEATHER ITEM   OBSERVED TIME   RECORD YEAR NORMAL DEPARTURE LAST
                VALUE   (LST)  VALUE       VALUE  FROM      YEAR
                                                  NORMAL
..................................................................
TEMPERATURE (F)
 YESTERDAY
  MAXIMUM         88    406 PM 100    1922  81      7       93
  MINIMUM         52    608 AM  33    1957  50      2       58
  AVERAGE         70                        65      5       76

PRECIPITATION (IN)
  YESTERDAY        0.00          0.40 1920   0.03  -0.03     0.00
  MONTH TO DATE    T                         0.47  -0.47     0.01
  SINCE OCT 1     32.44                     38.25  -5.81    27.47
  SINCE JAN 1     16.20                     22.22  -6.02    22.51

DEGREE DAYS
 HEATING
  YESTERDAY        0                         2     -2        0
  MONTH TO DATE    0                        31    -31        1
  SINCE JUL 1      5                        75    -70        5

 COOLING
  YESTERDAY        5                         2      3       11
  MONTH TO DATE  139                        73     66      195
  SINCE JAN 1    485                       173    312      435
..................................................................


WIND (MPH)
  HIGHEST WIND SPEED    16   HIGHEST WIND DIRECTION    SW (240)
  HIGHEST GUST SPEED    19   HIGHEST GUST DIRECTION    SW (230)
  AVERAGE WIND SPEED     4.0


SKY COVER
  POSSIBLE SUNSHINE  MM
  AVERAGE SKY COVER 0.0


WEATHER CONDITIONS
 THE FOLLOWING WEATHER WAS RECORDED YESTERDAY.
  NO SIGNIFICANT WEATHER WAS OBSERVED.


RELATIVE HUMIDITY (PERCENT)
 HIGHEST    93           500 AM
 LOWEST     23           400 PM
 AVERAGE    58

..........................................................


THE MCMINNVILLE OR CLIMATE NORMALS FOR TODAY
                         NORMAL    RECORD    YEAR
 MAXIMUM TEMPERATURE (F)   81       103      1923
 MINIMUM TEMPERATURE (F)   50        36      1957


SUNRISE AND SUNSET
AUGUST 28 2015........SUNRISE   529 AM PST   SUNSET   657 PM PST
AUGUST 29 2015........SUNRISE   530 AM PST   SUNSET   656 PM PST


-  INDICATES NEGATIVE NUMBERS.
R  INDICATES RECORD WAS SET OR TIED.
MM INDICATES DATA IS MISSING.
T  INDICATES TRACE AMOUNT.




$$
