000
CDUS46 KPQR 190228
CLIMMV


CLIMATE REPORT
NATIONAL WEATHER SERVICE PORTLAND OREGON
628 PM PST SAT NOV 18 2017


...................................

...THE MCMINNVILLE OR CLIMATE SUMMARY FOR NOVEMBER 18 2017...
VALID TODAY AS OF 0600 PM LOCAL TIME.

CLIMATE NORMAL PERIOD 1981 TO 2010
CLIMATE RECORD PERIOD 1894 TO 2017


WEATHER ITEM   OBSERVED TIME   RECORD YEAR NORMAL DEPARTURE LAST
                VALUE   (LST)  VALUE       VALUE  FROM      YEAR
                                                  NORMAL
..................................................................
TEMPERATURE (F)
 TODAY
  MAXIMUM         44    404 PM  68    1925  51     -7       50
  MINIMUM         38    121 AM  23    1955  38      0       39
  AVERAGE         41                        45     -4       45

PRECIPITATION (IN)
  TODAY            0.00                      0.22  -0.22     0.01
  MONTH TO DATE    5.09                      3.69   1.40     2.75
  SINCE OCT 1      9.22                      6.84   2.38    12.87
  SINCE JAN 1     40.96                     30.55  10.41    38.14

DEGREE DAYS
 HEATING
  TODAY           24                                        20
  MONTH TO DATE  317                                       231
  SINCE SEP 1    750                                       654
  SINCE JUL 1    759                                       690

 COOLING
  TODAY            0                                         0
  MONTH TO DATE    0                                         0
  SINCE SEP 1    111                                        14
  SINCE JAN 1    507                                       363
..................................................................


WIND (MPH)
  HIGHEST WIND SPEED     7   HIGHEST WIND DIRECTION     N (360)
  HIGHEST GUST SPEED     8   HIGHEST GUST DIRECTION    NW (330)
  AVERAGE WIND SPEED     1.5


SKY COVER
  POSSIBLE SUNSHINE  MM
  AVERAGE SKY COVER 0.9


WEATHER CONDITIONS
 THE FOLLOWING WEATHER WAS RECORDED TODAY.
  FOG
  FOG W/VISIBILITY <= 1/4 MILE


RELATIVE HUMIDITY (PERCENT)
 HIGHEST   100           100 AM
 LOWEST     89           200 PM
 AVERAGE    95

..........................................................


THE MCMINNVILLE OR CLIMATE NORMALS FOR TOMORROW
                         NORMAL    RECORD    YEAR
 MAXIMUM TEMPERATURE (F)   51        62      1943
 MINIMUM TEMPERATURE (F)   38        23      1964


SUNRISE AND SUNSET
NOVEMBER 18 2017......SUNRISE   715 AM PST   SUNSET   440 PM PST
NOVEMBER 19 2017......SUNRISE   717 AM PST   SUNSET   439 PM PST


-  INDICATES NEGATIVE NUMBERS.
R  INDICATES RECORD WAS SET OR TIED.
MM INDICATES DATA IS MISSING.
T  INDICATES TRACE AMOUNT.




$$
