000
CDUS46 KPQR 280221
CLIMMV


CLIMATE REPORT
NATIONAL WEATHER SERVICE PORTLAND OREGON
721 PM PDT THU JUL 27 2017


...................................

...THE MCMINNVILLE OR CLIMATE SUMMARY FOR JULY 27 2017...
VALID TODAY AS OF 0700 PM LOCAL TIME.

CLIMATE NORMAL PERIOD 1981 TO 2010
CLIMATE RECORD PERIOD 1894 TO 2017


WEATHER ITEM   OBSERVED TIME   RECORD YEAR NORMAL DEPARTURE LAST
                VALUE   (LST)  VALUE       VALUE  FROM      YEAR
                                                  NORMAL
..................................................................
TEMPERATURE (F)
 TODAY
  MAXIMUM         82    522 PM 105    1958  83     -1       92
  MINIMUM         55    519 AM  35    1956  52      3       55
  AVERAGE         69                        68      1       74

PRECIPITATION (IN)
  TODAY            0.00                      0.01  -0.01     0.00
  MONTH TO DATE    0.01                      0.47  -0.46     0.35
  SINCE OCT 1     53.32                     37.75  15.57    49.54
  SINCE JAN 1     29.51                     21.72   7.79    24.47

DEGREE DAYS
 HEATING
  TODAY            0                                         0
  MONTH TO DATE    5                                        17
  SINCE JUN 1    105                                       118
  SINCE JUL 1      5                                        17

 COOLING
  TODAY            4                                         9
  MONTH TO DATE   95                                        60
  SINCE JUN 1    151                                       132
  SINCE JAN 1    175                                       151
..................................................................


WIND (MPH)
  HIGHEST WIND SPEED    10   HIGHEST WIND DIRECTION     N (360)
  HIGHEST GUST SPEED    28   HIGHEST GUST DIRECTION    SW (210)
  AVERAGE WIND SPEED     5.3


SKY COVER
  POSSIBLE SUNSHINE  MM
  AVERAGE SKY COVER 0.4


WEATHER CONDITIONS
 THE FOLLOWING WEATHER WAS RECORDED TODAY.
  NO SIGNIFICANT WEATHER WAS OBSERVED.


RELATIVE HUMIDITY (PERCENT)
 HIGHEST   100           500 AM
 LOWEST     42           400 PM
 AVERAGE    71

..........................................................


THE MCMINNVILLE OR CLIMATE NORMALS FOR TOMORROW
                         NORMAL    RECORD    YEAR
 MAXIMUM TEMPERATURE (F)   84       106      2009
 MINIMUM TEMPERATURE (F)   52        35      1956


SUNRISE AND SUNSET
JULY 27 2017..........SUNRISE   452 AM PST   SUNSET   745 PM PST
JULY 28 2017..........SUNRISE   453 AM PST   SUNSET   744 PM PST


-  INDICATES NEGATIVE NUMBERS.
R  INDICATES RECORD WAS SET OR TIED.
MM INDICATES DATA IS MISSING.
T  INDICATES TRACE AMOUNT.




$$
