000
CDUS44 KMOB 090638
CLIMOB


CLIMATE REPORT
NATIONAL WEATHER SERVICE MOBILE AL
1227 AM CST TUE FEB 9 2016


...................................

...THE MOBILE CLIMATE SUMMARY FOR FEBRUARY 8 2016...

CLIMATE NORMAL PERIOD 1981 TO 2010
CLIMATE RECORD PERIOD 1842 TO 2016


WEATHER ITEM   OBSERVED TIME   RECORD YEAR NORMAL DEPARTURE LAST
                VALUE   (LST)  VALUE       VALUE  FROM      YEAR
                                                  NORMAL
..................................................................
TEMPERATURE (F)
 YESTERDAY
  MAXIMUM         59    132 PM  80    1969  63     -4       72
  MINIMUM         37   1159 PM  12    1895  42     -5       43
  AVERAGE         48                        52     -4       58

PRECIPITATION (IN)
  YESTERDAY        0.00          3.14 1896   0.18  -0.18     0.00
  MONTH TO DATE    1.18                      1.47  -0.29     0.96
  SINCE MAR 1     82.79                     62.50  20.29    70.44
  SINCE JAN 1      7.47                      7.12   0.35     4.85

SNOWFALL (IN)
  YESTERDAY        0.0          MM      MM   0.0    0.0      0.0
  MONTH TO DATE    0.0                       0.0    0.0      0.0
  SINCE MAR 1      0.0                       0.1   -0.1       T
  SINCE JUL 1      0.0                       T      0.0       T
  SNOW DEPTH       0

DEGREE DAYS
 HEATING
  YESTERDAY       17                        13      4        7
  MONTH TO DATE  103                       107     -4      135
  SINCE DEC 1    766                       970   -204      958
  SINCE JUL 1    892                      1228   -336     1351

 COOLING
  YESTERDAY        0                         0      0        0
  MONTH TO DATE    8                         0      8        0
  SINCE DEC 1     79                        22     57        6
  SINCE JAN 1      8                         7      1        3
..................................................................


WIND (MPH)
  HIGHEST WIND SPEED    23   HIGHEST WIND DIRECTION    NW (320)
  HIGHEST GUST SPEED    33   HIGHEST GUST DIRECTION    NW (310)
  AVERAGE WIND SPEED     9.6


SKY COVER
  POSSIBLE SUNSHINE  MM
  AVERAGE SKY COVER 0.1


WEATHER CONDITIONS
 THE FOLLOWING WEATHER WAS RECORDED YESTERDAY.
  NO SIGNIFICANT WEATHER WAS OBSERVED.


RELATIVE HUMIDITY (PERCENT)
 HIGHEST    83           800 AM
 LOWEST     22           400 PM
 AVERAGE    53

..........................................................


THE MOBILE CLIMATE NORMALS FOR TODAY
                         NORMAL    RECORD    YEAR
 MAXIMUM TEMPERATURE (F)   63        80      1994
                                             1957
 MINIMUM TEMPERATURE (F)   42        17      1933


SUNRISE AND SUNSET
FEBRUARY  9 2016......SUNRISE   639 AM CST   SUNSET   536 PM CST
FEBRUARY 10 2016......SUNRISE   638 AM CST   SUNSET   536 PM CST


-  INDICATES NEGATIVE NUMBERS.
R  INDICATES RECORD WAS SET OR TIED.
MM INDICATES DATA IS MISSING.
T  INDICATES TRACE AMOUNT.




$$
