000
CDUS44 KMOB 272253
CLIMOB


CLIMATE REPORT
NATIONAL WEATHER SERVICE MOBILE AL
553 PM CDT FRI MAY 27 2016


...................................

...THE MOBILE CLIMATE SUMMARY FOR MAY 27 2016...
VALID TODAY AS OF 0500 PM LOCAL TIME.

CLIMATE NORMAL PERIOD 1981 TO 2010
CLIMATE RECORD PERIOD 1842 TO 2016


WEATHER ITEM   OBSERVED TIME   RECORD YEAR NORMAL DEPARTURE LAST
                VALUE   (LST)  VALUE       VALUE  FROM      YEAR
                                                  NORMAL
..................................................................
TEMPERATURE (F)
 TODAY
  MAXIMUM         86    313 PM 100    1953  87     -1       85
  MINIMUM         72   1258 AM  49    1961  67      5       72
  AVERAGE         79                        77      2       79

PRECIPITATION (IN)
  TODAY            0.00          3.89 1976   0.17  -0.17     0.34
  MONTH TO DATE    2.48                      4.42  -1.94     7.75
  SINCE MAR 1     18.53                     15.35   3.18    25.61
  SINCE JAN 1     27.98                     26.12   1.86    31.66

DEGREE DAYS
 COOLING
  TODAY           14                        12      2       14
  MONTH TO DATE  219                       238    -19      271
  SINCE MAR 1    391                       381     10      546
  SINCE JAN 1    405                       397      8      550
..................................................................


WIND (MPH)
  HIGHEST WIND SPEED    20   HIGHEST WIND DIRECTION    SE (130)
  HIGHEST GUST SPEED    28   HIGHEST GUST DIRECTION    SE (140)
  AVERAGE WIND SPEED    10.1


SKY COVER
  POSSIBLE SUNSHINE  MM
  AVERAGE SKY COVER 0.6


WEATHER CONDITIONS
 THE FOLLOWING WEATHER WAS RECORDED TODAY.
  FOG
  HAZE


RELATIVE HUMIDITY (PERCENT)
 HIGHEST   100          1200 AM
 LOWEST     51          1100 AM
 AVERAGE    76

..........................................................


THE MOBILE CLIMATE NORMALS FOR TOMORROW
                         NORMAL    RECORD    YEAR
 MAXIMUM TEMPERATURE (F)   87        98      1962
 MINIMUM TEMPERATURE (F)   67        50      1961


SUNRISE AND SUNSET
MAY 27 2016...........SUNRISE   552 AM CDT   SUNSET   749 PM CDT
MAY 28 2016...........SUNRISE   552 AM CDT   SUNSET   749 PM CDT


-  INDICATES NEGATIVE NUMBERS.
R  INDICATES RECORD WAS SET OR TIED.
MM INDICATES DATA IS MISSING.
T  INDICATES TRACE AMOUNT.




$$
