000
CDUS44 KMOB 290645
CLIMOB


CLIMATE REPORT
NATIONAL WEATHER SERVICE MOBILE AL
145 AM CDT WED MAR 29 2017


...................................

...THE MOBILE CLIMATE SUMMARY FOR MARCH 28 2017...

CLIMATE NORMAL PERIOD 1981 TO 2010
CLIMATE RECORD PERIOD 1842 TO 2017


WEATHER ITEM   OBSERVED TIME   RECORD YEAR NORMAL DEPARTURE LAST
                VALUE   (LST)  VALUE       VALUE  FROM      YEAR
                                                  NORMAL
..................................................................
TEMPERATURE (F)
 YESTERDAY
  MAXIMUM         82    226 PM  84    1987  74      8       81
                                      1884
  MINIMUM         64    622 AM  32    1937  51     13       58
  AVERAGE         73                        62     11       70

PRECIPITATION (IN)
  YESTERDAY        0.00          5.54 1922   0.20  -0.20      T
  MONTH TO DATE    2.60                      5.57  -2.97    10.11
  SINCE MAR 1      2.60                      5.57  -2.97    10.11
  SINCE JAN 1     14.81                     16.34  -1.53    19.56

SNOWFALL (IN)
  YESTERDAY        0.0          MM      MM   0.0    0.0      0.0
  MONTH TO DATE    0.0                       0.1   -0.1      0.0
  SINCE MAR 1      0.0                       0.1   -0.1      0.0
  SINCE JUL 1      0.0                       0.2   -0.2      0.0
  SNOW DEPTH       0

DEGREE DAYS
 HEATING
  YESTERDAY        0                         4     -4        0
  MONTH TO DATE  119                       176    -57       96
  SINCE MAR 1    119                       176    -57       96
  SINCE JUL 1    890                      1618   -728     1194

 COOLING
  YESTERDAY        8                         2      6        5
  MONTH TO DATE   77                        31     46       57
  SINCE MAR 1     77                        31     46       57
  SINCE JAN 1    152                        47    105       71
..................................................................


WIND (MPH)
  HIGHEST WIND SPEED    17   HIGHEST WIND DIRECTION     S (200)
  HIGHEST GUST SPEED    23   HIGHEST GUST DIRECTION     S (190)
  AVERAGE WIND SPEED     6.4


SKY COVER
  POSSIBLE SUNSHINE  MM
  AVERAGE SKY COVER 0.5


WEATHER CONDITIONS
 THE FOLLOWING WEATHER WAS RECORDED YESTERDAY.
  FOG
  HAZE


RELATIVE HUMIDITY (PERCENT)
 HIGHEST    97           800 AM
 LOWEST     54           300 PM
 AVERAGE    76

..........................................................


THE MOBILE CLIMATE NORMALS FOR TODAY
                         NORMAL    RECORD    YEAR
 MAXIMUM TEMPERATURE (F)   74        85      1879
 MINIMUM TEMPERATURE (F)   51        33      1955


SUNRISE AND SUNSET
MARCH 29 2017.........SUNRISE   645 AM CDT   SUNSET   710 PM CDT
MARCH 30 2017.........SUNRISE   644 AM CDT   SUNSET   711 PM CDT


-  INDICATES NEGATIVE NUMBERS.
R  INDICATES RECORD WAS SET OR TIED.
MM INDICATES DATA IS MISSING.
T  INDICATES TRACE AMOUNT.




$$
