000
CDUS44 KMOB 272226
CLIMOB


CLIMATE REPORT
NATIONAL WEATHER SERVICE MOBILE AL
525 PM CDT MON JUL 27 2015


...................................

...THE MOBILE CLIMATE SUMMARY FOR JULY 27 2015...
VALID TODAY AS OF 0500 PM LOCAL TIME.

CLIMATE NORMAL PERIOD 1981 TO 2010
CLIMATE RECORD PERIOD 1842 TO 2015


WEATHER ITEM   OBSERVED TIME   RECORD YEAR NORMAL DEPARTURE LAST
                VALUE   (LST)  VALUE       VALUE  FROM      YEAR
                                                  NORMAL
..................................................................
TEMPERATURE (F)
 TODAY
  MAXIMUM         94    325 PM  99    1968  91      3       92
                                      1875
  MINIMUM         71    436 AM  67    1911  73     -2       76
  AVERAGE         83                        82      1       84

PRECIPITATION (IN)
  TODAY            0.00          2.63 1897   0.23  -0.23     0.00
  MONTH TO DATE    6.09                      6.29  -0.20     7.92
  SINCE MAR 1     37.06                     28.47   8.59    47.45
  SINCE JAN 1     43.11                     39.24   3.87    54.57

DEGREE DAYS
 COOLING
  TODAY           18                        17      1       19
  MONTH TO DATE  496                       457     39      408
  SINCE JUN 1    974                       901     73      818
  SINCE JAN 1   1574                      1346    228     1156
..................................................................


WIND (MPH)
  HIGHEST WIND SPEED     9   HIGHEST WIND DIRECTION    NE (40)
  HIGHEST GUST SPEED    13   HIGHEST GUST DIRECTION    NE (40)
  AVERAGE WIND SPEED     2.3


SKY COVER
  POSSIBLE SUNSHINE  MM
  AVERAGE SKY COVER 0.2


WEATHER CONDITIONS
 THE FOLLOWING WEATHER WAS RECORDED TODAY.
  NO SIGNIFICANT WEATHER WAS OBSERVED.


RELATIVE HUMIDITY (PERCENT)
 HIGHEST   100          1200 AM
 LOWEST     46           200 PM
 AVERAGE    73

..........................................................


THE MOBILE CLIMATE NORMALS FOR TOMORROW
                         NORMAL    RECORD    YEAR
 MAXIMUM TEMPERATURE (F)   91       100      1968
 MINIMUM TEMPERATURE (F)   73        67      1994


SUNRISE AND SUNSET
JULY 27 2015..........SUNRISE   608 AM CDT   SUNSET   751 PM CDT
JULY 28 2015..........SUNRISE   608 AM CDT   SUNSET   750 PM CDT


-  INDICATES NEGATIVE NUMBERS.
R  INDICATES RECORD WAS SET OR TIED.
MM INDICATES DATA IS MISSING.
T  INDICATES TRACE AMOUNT.




$$
