492
CDUS44 KMOB 220625
CLIMOB


CLIMATE REPORT
NATIONAL WEATHER SERVICE MOBILE AL
1225 AM CST SUN JAN 22 2017


...................................

...THE MOBILE CLIMATE SUMMARY FOR JANUARY 21 2017...

CLIMATE NORMAL PERIOD 1981 TO 2010
CLIMATE RECORD PERIOD 1842 TO 2017


WEATHER ITEM   OBSERVED TIME   RECORD YEAR NORMAL DEPARTURE LAST
                VALUE   (LST)  VALUE       VALUE  FROM      YEAR
                                                  NORMAL
..................................................................
TEMPERATURE (F)
 YESTERDAY
  MAXIMUM         76    127 PM  78    2012  61     15       71
  MINIMUM         61    815 AM   3    1985  40     21       58
  AVERAGE         69                        50     19       65

PRECIPITATION (IN)
  YESTERDAY        1.42          2.67 1877   0.20   1.22     2.50
  MONTH TO DATE   10.73                      3.80   6.93     5.05
  SINCE MAR 1     63.87                     59.18   4.69    80.37
  SINCE JAN 1     10.73                      3.80   6.93     5.05

SNOWFALL (IN)
  YESTERDAY        0.0          MM      MM   0.0    0.0      0.0
  MONTH TO DATE    0.0                       0.0    0.0      0.0
  SINCE MAR 1      0.0                       0.1   -0.1      0.0
  SINCE JUL 1      0.0                       T      0.0      0.0
  SNOW DEPTH       0

DEGREE DAYS
 HEATING
  YESTERDAY        0                        15    -15        0
  MONTH TO DATE  144                       315   -171      340
  SINCE DEC 1    419                       719   -300      518
  SINCE JUL 1    553                       977   -424      644

 COOLING
  YESTERDAY        4                         0      4        0
  MONTH TO DATE   46                         0     46        0
  SINCE DEC 1     87                        15     72       71
  SINCE JAN 1     46                         0     46        0
..................................................................


WIND (MPH)
  HIGHEST WIND SPEED    33   HIGHEST WIND DIRECTION     N (340)
  HIGHEST GUST SPEED    50   HIGHEST GUST DIRECTION     W (290)
  AVERAGE WIND SPEED    11.5


SKY COVER
  POSSIBLE SUNSHINE  MM
  AVERAGE SKY COVER 0.9


WEATHER CONDITIONS
 THE FOLLOWING WEATHER WAS RECORDED YESTERDAY.
  THUNDERSTORM
  HEAVY RAIN
  RAIN
  LIGHT RAIN
  FOG


RELATIVE HUMIDITY (PERCENT)
 HIGHEST    93           100 AM
 LOWEST     64          1200 PM
 AVERAGE    79

..........................................................


THE MOBILE CLIMATE NORMALS FOR TODAY
                         NORMAL    RECORD    YEAR
 MAXIMUM TEMPERATURE (F)   61        81      1952
 MINIMUM TEMPERATURE (F)   40        16      1985


SUNRISE AND SUNSET
JANUARY 22 2017.......SUNRISE   649 AM CST   SUNSET   521 PM CST
JANUARY 23 2017.......SUNRISE   649 AM CST   SUNSET   521 PM CST


-  INDICATES NEGATIVE NUMBERS.
R  INDICATES RECORD WAS SET OR TIED.
MM INDICATES DATA IS MISSING.
T  INDICATES TRACE AMOUNT.




$$
