000
CDUS44 KMOB 160645
CLIMOB


CLIMATE REPORT
NATIONAL WEATHER SERVICE MOBILE AL
1245 AM CST SAT DEC 16 2017


...................................

...THE MOBILE CLIMATE SUMMARY FOR DECEMBER 15 2017...

CLIMATE NORMAL PERIOD 1981 TO 2010
CLIMATE RECORD PERIOD 1842 TO 2017


WEATHER ITEM   OBSERVED TIME   RECORD YEAR NORMAL DEPARTURE LAST
                VALUE   (LST)  VALUE       VALUE  FROM      YEAR
                                                  NORMAL
..................................................................
TEMPERATURE (F)
 YESTERDAY
  MAXIMUM         50    200 PM  79    1971  63    -13       57
  MINIMUM         40   1159 PM  20    1901  42     -2       38
  AVERAGE         45                        52     -7       48

PRECIPITATION (IN)
  YESTERDAY        T             4.21 1891   0.15  -0.15     0.00
  MONTH TO DATE    1.80                      2.38  -0.58     5.07
  SINCE MAR 1     69.00                     52.70  16.30    49.88
  SINCE JAN 1     81.21                     63.47  17.74    59.33

SNOWFALL (IN)
  YESTERDAY       MM             0.0  2002   0.0   MM        0.0
                                      2001
                                      2000
  MONTH TO DATE    1.0                       0.0    1.0      0.0
  SINCE MAR 1      1.0                       0.1    0.9      0.0
  SINCE JUL 1      1.0                       0.0    1.0      0.0
  SNOW DEPTH       0

DEGREE DAYS
 HEATING
  YESTERDAY       20                        13      7       17
  MONTH TO DATE  204                       177     27      151
  SINCE DEC 1    204                       177     27      151
  SINCE JUL 1    420                       435    -15      285

 COOLING
  YESTERDAY        0                         0      0        0
  MONTH TO DATE    2                         8     -6        5
  SINCE DEC 1      2                         8     -6        5
  SINCE JAN 1   2781                      2511    270     2812
..................................................................


WIND (MPH)
  HIGHEST WIND SPEED    16   HIGHEST WIND DIRECTION     N (340)
  HIGHEST GUST SPEED    19   HIGHEST GUST DIRECTION     N (340)
  AVERAGE WIND SPEED     8.3


SKY COVER
  POSSIBLE SUNSHINE  MM
  AVERAGE SKY COVER 0.6


WEATHER CONDITIONS
 THE FOLLOWING WEATHER WAS RECORDED YESTERDAY.
  NO SIGNIFICANT WEATHER WAS OBSERVED.


RELATIVE HUMIDITY (PERCENT)
 HIGHEST    93           200 AM
 LOWEST     50           300 PM
 AVERAGE    72

..........................................................


THE MOBILE CLIMATE NORMALS FOR TODAY
                         NORMAL    RECORD    YEAR
 MAXIMUM TEMPERATURE (F)   62        81      1971
 MINIMUM TEMPERATURE (F)   42        16      1901


SUNRISE AND SUNSET
DECEMBER 16 2017......SUNRISE   644 AM CST   SUNSET   454 PM CST
DECEMBER 17 2017......SUNRISE   644 AM CST   SUNSET   454 PM CST


-  INDICATES NEGATIVE NUMBERS.
R  INDICATES RECORD WAS SET OR TIED.
MM INDICATES DATA IS MISSING.
T  INDICATES TRACE AMOUNT.




$$
