000
CDUS46 KSTO 260042
CLIMOD


CLIMATE REPORT
NATIONAL WEATHER SERVICE SACRAMENTO, CA
442 PM PST THU DEC 25 2014


...................................

...THE MODESTO CA CLIMATE SUMMARY FOR DECEMBER 25 2014...
VALID TODAY AS OF 0400 PM LOCAL TIME.

CLIMATE NORMAL PERIOD 1981 TO 2010
CLIMATE RECORD PERIOD 1931 TO 2014


WEATHER ITEM   OBSERVED TIME   RECORD YEAR NORMAL DEPARTURE LAST
                VALUE   (LST)  VALUE       VALUE  FROM      YEAR
                                                  NORMAL
..................................................................
TEMPERATURE (F)
 TODAY
  MAXIMUM         58    222 PM  65    1958  54      4       63
  MINIMUM         43    759 AM  25    1987  39      4       32
  AVERAGE         51

PRECIPITATION (IN)
  TODAY            0.00          0.91 1971   0.07  -0.07     0.00
  MONTH TO DATE    5.67                      1.59   4.08     0.25
  SINCE JUL 1      7.70                      3.91   3.79     1.49
  SINCE JAN 1     13.21                     12.66   0.55     4.70

SNOWFALL (IN)
  TODAY            0.0          MM      MM
  MONTH TO DATE    0.0
  SINCE DEC 1      0.0
  SINCE JUL 1      0.0

DEGREE DAYS
 HEATING
  TODAY           14                        18     -4       17
  MONTH TO DATE  247                       425   -178      500
  SINCE DEC 1    247                       425   -178      500
  SINCE JUL 1    545                       786   -241      871

 COOLING
  TODAY            0                         0      0        0
  MONTH TO DATE    0                         0      0        0
  SINCE DEC 1      0                         0      0        0
  SINCE JAN 1   1855                      1699    156     1718
..................................................................


WIND (MPH)
  RESULTANT WIND SPEED  17   RESULTANT WIND DIRECTION  NW (320)
  HIGHEST WIND SPEED    25   HIGHEST WIND DIRECTION    NW (330)
  HIGHEST GUST SPEED    33   HIGHEST GUST DIRECTION     N (340)


SKY COVER
  POSSIBLE SUNSHINE  MM
  AVERAGE SKY COVER 0.0


WEATHER CONDITIONS
 THE FOLLOWING WEATHER WAS RECORDED TODAY.
  NO SIGNIFICANT WEATHER WAS OBSERVED.


RELATIVE HUMIDITY (PERCENT)
 HIGHEST    70           600 AM
 LOWEST     33           200 PM
 AVERAGE    52

..........................................................


THE MODESTO CA CLIMATE NORMALS FOR TOMORROW
                         NORMAL    RECORD    YEAR
 MAXIMUM TEMPERATURE (F)   54        67      1951
 MINIMUM TEMPERATURE (F)   39        23      1949


SUNRISE AND SUNSET
DECEMBER 25 2014......SUNRISE   717 AM PST   SUNSET   451 PM PST
DECEMBER 26 2014......SUNRISE   717 AM PST   SUNSET   452 PM PST


-  INDICATES NEGATIVE NUMBERS.
R  INDICATES RECORD WAS SET OR TIED.
MM INDICATES DATA IS MISSING.
T  INDICATES TRACE AMOUNT.




$$
