000
CDUS46 KSTO 240842
CLIMOD


CLIMATE REPORT
NATIONAL WEATHER SERVICE SACRAMENTO, CA
141 AM PDT WED MAY 24 2017


...................................

...THE MODESTO CA CLIMATE SUMMARY FOR MAY 23 2017...

CLIMATE NORMAL PERIOD 1981 TO 2010
CLIMATE RECORD PERIOD 1931 TO 2017


WEATHER ITEM   OBSERVED TIME   RECORD YEAR NORMAL DEPARTURE LAST
                VALUE   (LST)  VALUE       VALUE  FROM      YEAR
                                                  NORMAL
..................................................................
TEMPERATURE (F)
 YESTERDAY
  MAXIMUM        101R   322 PM  99    2001  85     16       80
  MINIMUM         67    516 AM  43    1960  56     11       52
  AVERAGE         84

PRECIPITATION (IN)
  YESTERDAY        0.00          0.21 1990   0.02  -0.02     0.00
  MONTH TO DATE    0.01                      0.51  -0.50     0.25
  SINCE OCT 1     16.79                     12.59   4.20    15.61
  SINCE JAN 1     11.76                      8.51   3.25    11.20

SNOWFALL (IN)
  YESTERDAY        0.0          MM      MM
  MONTH TO DATE    0.0
  SINCE MAR 1      0.0
  SINCE JUL 1      0.0
  SNOW DEPTH       0

DEGREE DAYS
 HEATING
  YESTERDAY        0                         1     -1        0
  MONTH TO DATE   22                        30     -8       16
  SINCE MAR 1    292                       396   -104      242
  SINCE JUL 1   1808                      2164   -356     1834

 COOLING
  YESTERDAY       19                         6     13        1
  MONTH TO DATE  160                       102     58      117
  SINCE MAR 1    177                       146     31      171
  SINCE JAN 1    177                       146     31      171
..................................................................


WIND (MPH)
  RESULTANT WIND SPEED   6   RESULTANT WIND DIRECTION  NW (330)
  HIGHEST WIND SPEED    20   HIGHEST WIND DIRECTION    NW (300)
  HIGHEST GUST SPEED    30   HIGHEST GUST DIRECTION     N (340)


SKY COVER
  POSSIBLE SUNSHINE  MM
  AVERAGE SKY COVER 0.0


WEATHER CONDITIONS
 THE FOLLOWING WEATHER WAS RECORDED YESTERDAY.
  NO SIGNIFICANT WEATHER WAS OBSERVED.


RELATIVE HUMIDITY (PERCENT)
 HIGHEST    63           500 AM
 LOWEST     18           500 PM
 AVERAGE    41

..........................................................


THE MODESTO CA CLIMATE NORMALS FOR TODAY
                         NORMAL    RECORD    YEAR
 MAXIMUM TEMPERATURE (F)   85       100      1982
 MINIMUM TEMPERATURE (F)   56        42      1953


SUNRISE AND SUNSET
MAY 24 2017...........SUNRISE   548 AM PDT   SUNSET   814 PM PDT
MAY 25 2017...........SUNRISE   547 AM PDT   SUNSET   815 PM PDT


-  INDICATES NEGATIVE NUMBERS.
R  INDICATES RECORD WAS SET OR TIED.
MM INDICATES DATA IS MISSING.
T  INDICATES TRACE AMOUNT.




$$
