033
CDUS46 KSTO 260839
CLIMOD


CLIMATE REPORT
NATIONAL WEATHER SERVICE SACRAMENTO, CA
1239 AM PST SUN FEB 26 2017


...................................

...THE MODESTO CA CLIMATE SUMMARY FOR FEBRUARY 25 2017...

CLIMATE NORMAL PERIOD 1981 TO 2010
CLIMATE RECORD PERIOD 1931 TO 2017


WEATHER ITEM   OBSERVED TIME   RECORD YEAR NORMAL DEPARTURE LAST
                VALUE   (LST)  VALUE       VALUE  FROM      YEAR
                                                  NORMAL
..................................................................
TEMPERATURE (F)
 YESTERDAY
  MAXIMUM         59    412 PM  79    1992  66     -7       76
  MINIMUM         38    651 AM  30    1971  45     -7       44
  AVERAGE         49

PRECIPITATION (IN)
  YESTERDAY        0.00          0.82 2004   0.09  -0.09     0.00
  MONTH TO DATE    3.48                      2.14   1.34     0.55
  SINCE OCT 1     14.03                      8.83   5.20     9.99
  SINCE JAN 1      9.00                      4.75   4.25     5.58

SNOWFALL (IN)
  YESTERDAY        0.0          MM      MM
  MONTH TO DATE    0.0
  SINCE DEC 1      0.0
  SINCE JUL 1      0.0
  SNOW DEPTH       0

DEGREE DAYS
 HEATING
  YESTERDAY       16                        10      6        5
  MONTH TO DATE  238                       307    -69      241
  SINCE DEC 1   1256                      1378   -122     1200
  SINCE JUL 1   1469                      1739   -270     1571

 COOLING
  YESTERDAY        0                         0      0        0
  MONTH TO DATE    0                         0      0        0
  SINCE DEC 1      0                         0      0        0
  SINCE JAN 1      0                         0      0        0
..................................................................


WIND (MPH)
  RESULTANT WIND SPEED   3   RESULTANT WIND DIRECTION  NW (310)
  HIGHEST WIND SPEED    13   HIGHEST WIND DIRECTION    NW (330)
  HIGHEST GUST SPEED    16   HIGHEST GUST DIRECTION    NW (330)


SKY COVER
  POSSIBLE SUNSHINE  MM
  AVERAGE SKY COVER 0.1


WEATHER CONDITIONS
 THE FOLLOWING WEATHER WAS RECORDED YESTERDAY.
  NO SIGNIFICANT WEATHER WAS OBSERVED.


RELATIVE HUMIDITY (PERCENT)
 HIGHEST    85           600 AM
 LOWEST     33           100 PM
 AVERAGE    59

..........................................................


THE MODESTO CA CLIMATE NORMALS FOR TODAY
                         NORMAL    RECORD    YEAR
 MAXIMUM TEMPERATURE (F)   66        79      1992
 MINIMUM TEMPERATURE (F)   45        28      1962


SUNRISE AND SUNSET
FEBRUARY 26 2017......SUNRISE   639 AM PST   SUNSET   555 PM PST
FEBRUARY 27 2017......SUNRISE   637 AM PST   SUNSET   556 PM PST


-  INDICATES NEGATIVE NUMBERS.
R  INDICATES RECORD WAS SET OR TIED.
MM INDICATES DATA IS MISSING.
T  INDICATES TRACE AMOUNT.




$$
