000
CDUS46 KSTO 050836
CLIMOD


CLIMATE REPORT
NATIONAL WEATHER SERVICE SACRAMENTO, CA
135 AM PDT THU MAY 5 2016


...................................

...THE MODESTO CA CLIMATE SUMMARY FOR MAY 4 2016...

CLIMATE NORMAL PERIOD 1981 TO 2010
CLIMATE RECORD PERIOD 1931 TO 2016


WEATHER ITEM   OBSERVED TIME   RECORD YEAR NORMAL DEPARTURE LAST
                VALUE   (LST)  VALUE       VALUE  FROM      YEAR
                                                  NORMAL
..................................................................
TEMPERATURE (F)
 YESTERDAY
  MAXIMUM         82    148 PM  95    1990  80      2       82
  MINIMUM         61   1159 PM  37    1964  53      8       52
  AVERAGE         72

PRECIPITATION (IN)
  YESTERDAY        0.00          0.58 1932   0.03  -0.03     0.00
  MONTH TO DATE    T                         0.11  -0.11     0.00
  SINCE OCT 1     15.36                     12.19   3.17     9.98
  SINCE JAN 1     10.95                      8.11   2.84     2.58

SNOWFALL (IN)
  YESTERDAY        0.0          MM      MM
  MONTH TO DATE    0.0
  SINCE MAR 1      0.0
  SINCE JUL 1      0.0
  SNOW DEPTH       0

DEGREE DAYS
 HEATING
  YESTERDAY        0                         2     -2        0
  MONTH TO DATE    0                         8     -8        0
  SINCE MAR 1    226                       374   -148      177
  SINCE JUL 1   1818                      2142   -324     1589

 COOLING
  YESTERDAY        7                         3      4        2
  MONTH TO DATE   26                        12     14       30
  SINCE MAR 1     80                        56     24      113
  SINCE JAN 1     80                        56     24      113
..................................................................


WIND (MPH)
  RESULTANT WIND SPEED   7   RESULTANT WIND DIRECTION  NW (320)
  HIGHEST WIND SPEED    20   HIGHEST WIND DIRECTION    NW (300)
  HIGHEST GUST SPEED    27   HIGHEST GUST DIRECTION     W (290)


SKY COVER
  POSSIBLE SUNSHINE  MM
  AVERAGE SKY COVER 0.0


WEATHER CONDITIONS
 THE FOLLOWING WEATHER WAS RECORDED YESTERDAY.
  NO SIGNIFICANT WEATHER WAS OBSERVED.


RELATIVE HUMIDITY (PERCENT)
 HIGHEST    65           600 AM
 LOWEST     36           100 PM
 AVERAGE    51

..........................................................


THE MODESTO CA CLIMATE NORMALS FOR TODAY
                         NORMAL    RECORD    YEAR
 MAXIMUM TEMPERATURE (F)   80        98      1987
 MINIMUM TEMPERATURE (F)   53        32      1959


SUNRISE AND SUNSET
MAY  5 2016...........SUNRISE   603 AM PDT   SUNSET   758 PM PDT
MAY  6 2016...........SUNRISE   602 AM PDT   SUNSET   759 PM PDT


-  INDICATES NEGATIVE NUMBERS.
R  INDICATES RECORD WAS SET OR TIED.
MM INDICATES DATA IS MISSING.
T  INDICATES TRACE AMOUNT.




$$
