000
CDUS46 KSTO 240040
CLIMOD


CLIMATE REPORT
NATIONAL WEATHER SERVICE SACRAMENTO, CA
540 PM PDT MON OCT 23 2017


...................................

...THE MODESTO CA CLIMATE SUMMARY FOR OCTOBER 23 2017...
VALID TODAY AS OF 0500 PM LOCAL TIME.

CLIMATE NORMAL PERIOD 1981 TO 2010
CLIMATE RECORD PERIOD 1931 TO 2017


WEATHER ITEM   OBSERVED TIME   RECORD YEAR NORMAL DEPARTURE LAST
                VALUE   (LST)  VALUE       VALUE  FROM      YEAR
                                                  NORMAL
..................................................................
TEMPERATURE (F)
 TODAY
  MAXIMUM         82    335 PM  92    1965  76      6       83
  MINIMUM         47    627 AM  31    1949  51     -4       53
  AVERAGE         65

PRECIPITATION (IN)
  TODAY            0.00          0.52 1989   0.03  -0.03      T
  MONTH TO DATE    0.12                      0.43  -0.31     0.23
  SINCE OCT 1      0.12                      0.43  -0.31     0.23
  SINCE JAN 1     12.02                      9.46   2.56    11.43

SNOWFALL (IN)
  TODAY            0.0           0.0  2002
                                      2001
  MONTH TO DATE    0.0
  SINCE SEP 1      0.0
  SINCE JUL 1      0.0

DEGREE DAYS
 HEATING
  TODAY            0                         3     -3        0
  MONTH TO DATE   33                        29      4       13
  SINCE SEP 1     36                        32      4       16
  SINCE JUL 1     36                        32      4       16

 COOLING
  TODAY            0                         1     -1        3
  MONTH TO DATE   29                        78    -49       49
  SINCE SEP 1    362                       354      8      344
  SINCE JAN 1   2097                      1690    407     1961
..................................................................


WIND (MPH)
  RESULTANT WIND SPEED   3   RESULTANT WIND DIRECTION   E (110)
  HIGHEST WIND SPEED     8   HIGHEST WIND DIRECTION     E (110)
  HIGHEST GUST SPEED     9   HIGHEST GUST DIRECTION    SE (140)


SKY COVER
  POSSIBLE SUNSHINE  MM
  AVERAGE SKY COVER 0.0


WEATHER CONDITIONS
 THE FOLLOWING WEATHER WAS RECORDED TODAY.
  FOG


RELATIVE HUMIDITY (PERCENT)
 HIGHEST    93           400 AM
 LOWEST     36           200 PM
 AVERAGE    65

..........................................................


THE MODESTO CA CLIMATE NORMALS FOR TOMORROW
                         NORMAL    RECORD    YEAR
 MAXIMUM TEMPERATURE (F)   76        93      1959
 MINIMUM TEMPERATURE (F)   51        35      1949


SUNRISE AND SUNSET
OCTOBER 23 2017.......SUNRISE   720 AM PDT   SUNSET   615 PM PDT
OCTOBER 24 2017.......SUNRISE   721 AM PDT   SUNSET   614 PM PDT


-  INDICATES NEGATIVE NUMBERS.
R  INDICATES RECORD WAS SET OR TIED.
MM INDICATES DATA IS MISSING.
T  INDICATES TRACE AMOUNT.




$$
