000
CDUS43 KBIS 210030
CLIMOT


CLIMATE REPORT
NATIONAL WEATHER SERVICE BISMARCK ND
729 PM CDT MON OCT 20 2014


...................................

...THE MINOT ND CLIMATE SUMMARY FOR OCTOBER 20 2014...
VALID TODAY AS OF 0700 PM LOCAL TIME.

CLIMATE NORMAL PERIOD 1981 TO 2010
CLIMATE RECORD PERIOD 1905 TO 2014


WEATHER ITEM   OBSERVED TIME   RECORD YEAR NORMAL DEPARTURE LAST
                VALUE   (LST)  VALUE       VALUE  FROM      YEAR
                                                  NORMAL
..................................................................
TEMPERATURE (F)
 TODAY
  MAXIMUM         72    320 PM  80    1947  53     19       44
  MINIMUM         35    737 AM  11    1905  32      3       31
  AVERAGE         54                        43     11       38

PRECIPITATION (IN)
  TODAY            0.00          0.57 1996   0.03  -0.03     0.02
  MONTH TO DATE    0.27                      0.83  -0.56     2.25
  SINCE SEP 1      1.12                      2.29  -1.17     4.41
  SINCE JAN 1     15.76                     15.73   0.03    24.59

DEGREE DAYS
 HEATING
  TODAY           11                        22    -11       27
  MONTH TO DATE  340                       361    -21      371
  SINCE SEP 1    552                       610    -58      493
  SINCE JUL 1    620                       681    -61      562

 COOLING
  TODAY            0                         0      0        0
  MONTH TO DATE    0                         0      0        0
  SINCE SEP 1     36                        33      3       50
  SINCE JAN 1    341                       444   -103      421
..................................................................


WIND (MPH)
  RESULTANT WIND SPEED   9   RESULTANT WIND DIRECTION   S (180)
  HIGHEST WIND SPEED    22   HIGHEST WIND DIRECTION     S (170)
  HIGHEST GUST SPEED    29   HIGHEST GUST DIRECTION     S (160)
  AVERAGE WIND SPEED    10.8


SKY COVER
  POSSIBLE SUNSHINE  MM
  AVERAGE SKY COVER 0.0


WEATHER CONDITIONS
 THE FOLLOWING WEATHER WAS RECORDED TODAY.
  NO SIGNIFICANT WEATHER WAS OBSERVED.


RELATIVE HUMIDITY (PERCENT)
 HIGHEST    76           700 AM
 LOWEST     27           300 PM
 AVERAGE    52

..........................................................


THE MINOT ND CLIMATE NORMALS FOR TOMORROW
                         NORMAL    RECORD    YEAR
 MAXIMUM TEMPERATURE (F)   53        84      1927
 MINIMUM TEMPERATURE (F)   32        10      1930


SUNRISE AND SUNSET
OCTOBER 20 2014.......SUNRISE   812 AM CDT   SUNSET   647 PM CDT
OCTOBER 21 2014.......SUNRISE   814 AM CDT   SUNSET   645 PM CDT


-  INDICATES NEGATIVE NUMBERS.
R  INDICATES RECORD WAS SET OR TIED.
MM INDICATES DATA IS MISSING.
T  INDICATES TRACE AMOUNT.




$$
