715
CDUS43 KBIS 220753
CLIMOT


CLIMATE REPORT
NATIONAL WEATHER SERVICE BISMARCK ND
153 AM CST WED NOV 22 2017


...................................

...THE MINOT ND CLIMATE SUMMARY FOR NOVEMBER 21 2017...

CLIMATE NORMAL PERIOD 1981 TO 2010
CLIMATE RECORD PERIOD 1897 TO 2017


WEATHER ITEM   OBSERVED TIME   RECORD YEAR NORMAL DEPARTURE LAST
                VALUE   (LST)  VALUE       VALUE  FROM      YEAR
                                                  NORMAL
..................................................................
TEMPERATURE (F)
 YESTERDAY
  MAXIMUM         18    256 PM  60    1939  33    -15       45
  MINIMUM          4    939 PM -20    1921  17    -13       21
  AVERAGE         11                        25    -14       33

PRECIPITATION (IN)
  YESTERDAY        T             0.90 1931   0.02  -0.02      T
  MONTH TO DATE    0.16                      0.58  -0.42     0.01
  SINCE SEP 1      2.17                      3.20  -1.03     4.35
  SINCE JAN 1      7.50                     16.64  -9.14    16.21

DEGREE DAYS
 HEATING
  YESTERDAY       54                        40     14       32
  MONTH TO DATE  888                       717    171      443
  SINCE SEP 1   1629                      1606     23     1214
  SINCE JUL 1   1639                      1677    -38     1225
..................................................................


WIND (MPH)
  HIGHEST WIND SPEED    31   HIGHEST WIND DIRECTION     W (290)
  HIGHEST GUST SPEED    39   HIGHEST GUST DIRECTION     W (290)
  AVERAGE WIND SPEED    13.8


SKY COVER
  POSSIBLE SUNSHINE  MM
  AVERAGE SKY COVER 0.3


WEATHER CONDITIONS
 THE FOLLOWING WEATHER WAS RECORDED YESTERDAY.
  LIGHT SNOW
  HAZE


RELATIVE HUMIDITY (PERCENT)
 HIGHEST    80           500 AM
 LOWEST     54           200 PM
 AVERAGE    67

..........................................................


THE MINOT ND CLIMATE NORMALS FOR TODAY
                         NORMAL    RECORD    YEAR
 MAXIMUM TEMPERATURE (F)   33        61      1939
 MINIMUM TEMPERATURE (F)   17       -16      1921


SUNRISE AND SUNSET
NOVEMBER 22 2017......SUNRISE   803 AM CST   SUNSET   459 PM CST
NOVEMBER 23 2017......SUNRISE   804 AM CST   SUNSET   458 PM CST


-  INDICATES NEGATIVE NUMBERS.
R  INDICATES RECORD WAS SET OR TIED.
MM INDICATES DATA IS MISSING.
T  INDICATES TRACE AMOUNT.




$$
