000
CDUS43 KBIS 290022
CLIMOT


CLIMATE REPORT
NATIONAL WEATHER SERVICE BISMARCK ND
621 PM CST SUN DEC 28 2014


...................................

...THE MINOT ND CLIMATE SUMMARY FOR DECEMBER 28 2014...
VALID TODAY AS OF 0600 PM LOCAL TIME.

CLIMATE NORMAL PERIOD 1981 TO 2010
CLIMATE RECORD PERIOD 1905 TO 2014


WEATHER ITEM   OBSERVED TIME   RECORD YEAR NORMAL DEPARTURE LAST
                VALUE   (LST)  VALUE       VALUE  FROM      YEAR
                                                  NORMAL
..................................................................
TEMPERATURE (F)
 TODAY
  MAXIMUM         10   1215 AM  51    1999  21    -11       23
  MINIMUM         -6    917 AM -34    1924   4    -10       -7
  AVERAGE          2                        13    -11        8

PRECIPITATION (IN)
  TODAY            T             0.73 1978   0.02  -0.02      T
  MONTH TO DATE    0.01                      0.34  -0.33     0.18
  SINCE DEC 1      0.01                      0.34  -0.33     0.18
  SINCE JAN 1     15.96                     17.15  -1.19    24.99

DEGREE DAYS
 HEATING
  TODAY           63                        52     11       57
  MONTH TO DATE 1247                      1380   -133     1670
  SINCE DEC 1   1247                      1380   -133     1670
  SINCE JUL 1   3426                      3438    -12     3725

 COOLING
  TODAY            0                         0      0        0
  MONTH TO DATE    0                         0      0        0
  SINCE DEC 1      0                         0      0        0
  SINCE JAN 1    341                       445   -104      421
..................................................................


WIND (MPH)
  RESULTANT WIND SPEED   7   RESULTANT WIND DIRECTION   N (360)
  HIGHEST WIND SPEED    14   HIGHEST WIND DIRECTION     N (350)
  HIGHEST GUST SPEED    15   HIGHEST GUST DIRECTION     N (350)
  AVERAGE WIND SPEED     7.7


SKY COVER
  POSSIBLE SUNSHINE  MM
  AVERAGE SKY COVER 1.0


WEATHER CONDITIONS
 THE FOLLOWING WEATHER WAS RECORDED TODAY.
  LIGHT SNOW
  FOG
  HAZE


RELATIVE HUMIDITY (PERCENT)
 HIGHEST    87           200 PM
 LOWEST     72           400 AM
 AVERAGE    80

..........................................................


THE MINOT ND CLIMATE NORMALS FOR TOMORROW
                         NORMAL    RECORD    YEAR
 MAXIMUM TEMPERATURE (F)   21        52      1999
 MINIMUM TEMPERATURE (F)    4       -38      1917


SUNRISE AND SUNSET
DECEMBER 28 2014......SUNRISE   836 AM CST   SUNSET   458 PM CST
DECEMBER 29 2014......SUNRISE   836 AM CST   SUNSET   459 PM CST


-  INDICATES NEGATIVE NUMBERS.
R  INDICATES RECORD WAS SET OR TIED.
MM INDICATES DATA IS MISSING.
T  INDICATES TRACE AMOUNT.




$$
