000
CDUS43 KBIS 290725
CLIMOT


CLIMATE REPORT
NATIONAL WEATHER SERVICE BISMARCK ND
225 AM CDT WED MAR 29 2017


...................................

...THE MINOT ND CLIMATE SUMMARY FOR MARCH 28 2017...

CLIMATE NORMAL PERIOD 1981 TO 2010
CLIMATE RECORD PERIOD 1897 TO 2017


WEATHER ITEM   OBSERVED TIME   RECORD YEAR NORMAL DEPARTURE LAST
                VALUE   (LST)  VALUE       VALUE  FROM      YEAR
                                                  NORMAL
..................................................................
TEMPERATURE (F)
 YESTERDAY
  MAXIMUM         54    454 PM  73    1929  44     10       57
  MINIMUM         34    742 AM -19    1922  24     10       31
  AVERAGE         44                        34     10       44

PRECIPITATION (IN)
  YESTERDAY        T             2.18 1985   0.04  -0.04     0.00
  MONTH TO DATE    0.29                      0.73  -0.44     0.10
  SINCE MAR 1      0.29                      0.73  -0.44     0.10
  SINCE JAN 1      0.42                      1.64  -1.22     0.68

DEGREE DAYS
 HEATING
  YESTERDAY       21                        31    -10       21
  MONTH TO DATE 1104                      1046     58      732
  SINCE MAR 1   1104                      1046     58      732
  SINCE JUL 1   7040                      7622   -582     6164

 COOLING
  YESTERDAY        0                         0      0        0
  MONTH TO DATE    0                         0      0        0
  SINCE MAR 1      0                         0      0        0
  SINCE JAN 1      0                         0      0        0
..................................................................


WIND (MPH)
  HIGHEST WIND SPEED    16   HIGHEST WIND DIRECTION     E (80)
  HIGHEST GUST SPEED    19   HIGHEST GUST DIRECTION     E (90)
  AVERAGE WIND SPEED     8.9


SKY COVER
  POSSIBLE SUNSHINE  MM
  AVERAGE SKY COVER 0.8


WEATHER CONDITIONS
 THE FOLLOWING WEATHER WAS RECORDED YESTERDAY.
  FOG
  FOG W/VISIBILITY <= 1/4 MILE
  HAZE


RELATIVE HUMIDITY (PERCENT)
 HIGHEST   100          1200 AM
 LOWEST     66           500 PM
 AVERAGE    83

..........................................................


THE MINOT ND CLIMATE NORMALS FOR TODAY
                         NORMAL    RECORD    YEAR
 MAXIMUM TEMPERATURE (F)   45        70      1966
 MINIMUM TEMPERATURE (F)   25       -15      1964


SUNRISE AND SUNSET
MARCH 29 2017.........SUNRISE   729 AM CDT   SUNSET   812 PM CDT
MARCH 30 2017.........SUNRISE   727 AM CDT   SUNSET   813 PM CDT


-  INDICATES NEGATIVE NUMBERS.
R  INDICATES RECORD WAS SET OR TIED.
MM INDICATES DATA IS MISSING.
T  INDICATES TRACE AMOUNT.




$$
