000
CDUS43 KBIS 230724
CLIMOT


CLIMATE REPORT
NATIONAL WEATHER SERVICE BISMARCK ND
224 AM CDT SUN JUL 23 2017


...................................

...THE MINOT ND CLIMATE SUMMARY FOR JULY 22 2017...

CLIMATE NORMAL PERIOD 1981 TO 2010
CLIMATE RECORD PERIOD 1897 TO 2017


WEATHER ITEM   OBSERVED TIME   RECORD YEAR NORMAL DEPARTURE LAST
                VALUE   (LST)  VALUE       VALUE  FROM      YEAR
                                                  NORMAL
..................................................................
TEMPERATURE (F)
 YESTERDAY
  MAXIMUM         83    227 PM 101    1903  83      0       90
  MINIMUM         58   1159 PM  40    1918  58      0       61
  AVERAGE         71                        70      1       76

PRECIPITATION (IN)
  YESTERDAY        0.00          1.56 1965   0.07  -0.07     0.00
  MONTH TO DATE    0.31                      1.87  -1.56     1.90
  SINCE JUN 1      1.63                      5.45  -3.82     4.64
  SINCE JAN 1      2.99                     10.84  -7.85     9.79

DEGREE DAYS
 COOLING
  YESTERDAY        6                         6      0       11
  MONTH TO DATE  201                       114     87      166
  SINCE JUN 1    296                       187    109      297
  SINCE JAN 1    299                       203     96      337
..................................................................


WIND (MPH)
  HIGHEST WIND SPEED    26   HIGHEST WIND DIRECTION     W (290)
  HIGHEST GUST SPEED    33   HIGHEST GUST DIRECTION    NW (310)
  AVERAGE WIND SPEED    12.9


SKY COVER
  POSSIBLE SUNSHINE  MM
  AVERAGE SKY COVER 0.1


WEATHER CONDITIONS
 THE FOLLOWING WEATHER WAS RECORDED YESTERDAY.
  NO SIGNIFICANT WEATHER WAS OBSERVED.


RELATIVE HUMIDITY (PERCENT)
 HIGHEST    80           500 AM
 LOWEST     31           300 PM
 AVERAGE    56

..........................................................


THE MINOT ND CLIMATE NORMALS FOR TODAY
                         NORMAL    RECORD    YEAR
 MAXIMUM TEMPERATURE (F)   83       103      2007
 MINIMUM TEMPERATURE (F)   58        42      1918
                                             1915


SUNRISE AND SUNSET
JULY 23 2017..........SUNRISE   610 AM CDT   SUNSET   933 PM CDT
JULY 24 2017..........SUNRISE   611 AM CDT   SUNSET   932 PM CDT


-  INDICATES NEGATIVE NUMBERS.
R  INDICATES RECORD WAS SET OR TIED.
MM INDICATES DATA IS MISSING.
T  INDICATES TRACE AMOUNT.




$$
