000
CDUS43 KBIS 220726
CLIMOT


CLIMATE REPORT
NATIONAL WEATHER SERVICE BISMARCK ND
225 AM CDT FRI SEP 22 2017


...................................

...THE MINOT ND CLIMATE SUMMARY FOR SEPTEMBER 21 2017...

CLIMATE NORMAL PERIOD 1981 TO 2010
CLIMATE RECORD PERIOD 1897 TO 2017


WEATHER ITEM   OBSERVED TIME   RECORD YEAR NORMAL DEPARTURE LAST
                VALUE   (LST)  VALUE       VALUE  FROM      YEAR
                                                  NORMAL
..................................................................
TEMPERATURE (F)
 YESTERDAY
  MAXIMUM         73    313 PM  96    1938  67      6       61
  MINIMUM         50   1159 PM  25    1995  44      6       53
                                      1904
  AVERAGE         62                        55      7       57

PRECIPITATION (IN)
  YESTERDAY        T             1.30 1931   0.05  -0.05     0.13
  MONTH TO DATE    1.50                      1.03   0.47     2.08
  SINCE SEP 1      1.50                      1.03   0.47     2.08
  SINCE JAN 1      6.83                     14.47  -7.64    13.94

DEGREE DAYS
 HEATING
  YESTERDAY        3                        10     -7        8
  MONTH TO DATE   86                       141    -55      121
  SINCE SEP 1     86                       141    -55      121
  SINCE JUL 1     96                       212   -116      132

 COOLING
  YESTERDAY        0                         1     -1        0
  MONTH TO DATE   62                        30     32       26
  SINCE SEP 1     62                        30     32       26
  SINCE JAN 1    580                       441    139      679
..................................................................


WIND (MPH)
  HIGHEST WIND SPEED    17   HIGHEST WIND DIRECTION    NW (310)
  HIGHEST GUST SPEED    21   HIGHEST GUST DIRECTION    NW (320)
  AVERAGE WIND SPEED     7.9


SKY COVER
  POSSIBLE SUNSHINE  MM
  AVERAGE SKY COVER 0.2


WEATHER CONDITIONS
 THE FOLLOWING WEATHER WAS RECORDED YESTERDAY.
  LIGHT RAIN


RELATIVE HUMIDITY (PERCENT)
 HIGHEST    66           600 AM
 LOWEST     35           300 PM
 AVERAGE    51

..........................................................


THE MINOT ND CLIMATE NORMALS FOR TODAY
                         NORMAL    RECORD    YEAR
 MAXIMUM TEMPERATURE (F)   67        98      1938
 MINIMUM TEMPERATURE (F)   43        24      1947


SUNRISE AND SUNSET
SEPTEMBER 22 2017.....SUNRISE   732 AM CDT   SUNSET   742 PM CDT
SEPTEMBER 23 2017.....SUNRISE   734 AM CDT   SUNSET   740 PM CDT


-  INDICATES NEGATIVE NUMBERS.
R  INDICATES RECORD WAS SET OR TIED.
MM INDICATES DATA IS MISSING.
T  INDICATES TRACE AMOUNT.




$$
