417
CDUS43 KBIS 010019
CLIMOT


CLIMATE REPORT
NATIONAL WEATHER SERVICE BISMARCK ND
718 PM CDT WED AUG 31 2016


...................................

...THE MINOT ND CLIMATE SUMMARY FOR AUGUST 31 2016...
VALID TODAY AS OF 0700 PM LOCAL TIME.

CLIMATE NORMAL PERIOD 1981 TO 2010
CLIMATE RECORD PERIOD 1897 TO 2016


WEATHER ITEM   OBSERVED TIME   RECORD YEAR NORMAL DEPARTURE LAST
                VALUE   (LST)  VALUE       VALUE  FROM      YEAR
                                                  NORMAL
..................................................................
TEMPERATURE (F)
 TODAY
  MAXIMUM         84        MM 103    1921  77      7       78
  MINIMUM         57        MM  32    1935  52      5       58
  AVERAGE         71                        64      7       68

PRECIPITATION (IN)
  TODAY            T             1.30 1943   0.06  -0.06     0.04
  MONTH TO DATE    1.24                      2.04  -0.80     1.30
  SINCE JUN 1      6.71                      8.05  -1.34     7.37
  SINCE JAN 1     11.86                     13.44  -1.58    11.50

DEGREE DAYS
 HEATING
  TODAY            0                         3     -3        0
  MONTH TO DATE    4                        48    -44       39
  SINCE JUN 1     26                       177   -151      112
  SINCE JUL 1     11                        71    -60       50

 COOLING
  TODAY            6                         3      3        3
  MONTH TO DATE  237                       153     84      168
  SINCE JUN 1    613                       395    218      437
  SINCE JAN 1    653                       411    242      444
..................................................................


WIND (MPH)
  RESULTANT WIND SPEED  12   RESULTANT WIND DIRECTION   E (100)
  HIGHEST WIND SPEED    22   HIGHEST WIND DIRECTION     E (70)
  HIGHEST GUST SPEED    33   HIGHEST GUST DIRECTION     E (70)
  AVERAGE WIND SPEED    13.0


SKY COVER
  POSSIBLE SUNSHINE  MM
  AVERAGE SKY COVER 0.3


WEATHER CONDITIONS
 THE FOLLOWING WEATHER WAS RECORDED TODAY.
  THUNDERSTORM
  LIGHT RAIN


RELATIVE HUMIDITY (PERCENT)
 HIGHEST    86           400 AM
 LOWEST     47           100 PM
 AVERAGE    67

..........................................................


THE MINOT ND CLIMATE NORMALS FOR TOMORROW
                         NORMAL    RECORD    YEAR
 MAXIMUM TEMPERATURE (F)   76       104      1915
 MINIMUM TEMPERATURE (F)   52        31      1924


SUNRISE AND SUNSET
AUGUST 31 2016........SUNRISE   702 AM CDT   SUNSET   827 PM CDT
SEPTEMBER  1 2016.....SUNRISE   703 AM CDT   SUNSET   825 PM CDT


-  INDICATES NEGATIVE NUMBERS.
R  INDICATES RECORD WAS SET OR TIED.
MM INDICATES DATA IS MISSING.
T  INDICATES TRACE AMOUNT.




$$
