000
CDUS43 KBIS 220851
CLIMOT


CLIMATE REPORT
NATIONAL WEATHER SERVICE BISMARCK ND
251 AM CST SUN JAN 22 2017


...................................

...THE MINOT ND CLIMATE SUMMARY FOR JANUARY 21 2017...

CLIMATE NORMAL PERIOD 1981 TO 2010
CLIMATE RECORD PERIOD 1897 TO 2017


WEATHER ITEM   OBSERVED TIME   RECORD YEAR NORMAL DEPARTURE LAST
                VALUE   (LST)  VALUE       VALUE  FROM      YEAR
                                                  NORMAL
..................................................................
TEMPERATURE (F)
 YESTERDAY
  MAXIMUM         31    313 PM  56    1942  21     10       21
                                      1927
  MINIMUM         27    857 PM -31    1954   3     24       -1
                                      1927
  AVERAGE         29                        12     17       10

PRECIPITATION (IN)
  YESTERDAY        T             0.30 1906   0.02  -0.02     0.01
                                      1952
  MONTH TO DATE    0.05                      0.37  -0.32     0.21
  SINCE DEC 1      0.67                      0.75  -0.08     0.52
  SINCE JAN 1      0.05                      0.37  -0.32     0.21

DEGREE DAYS
 HEATING
  YESTERDAY       36                        53    -17       55
  MONTH TO DATE 1195                      1113     82     1107
  SINCE DEC 1   2839                      2650    189     2352
  SINCE JUL 1   4354                      4708   -354     4053
..................................................................


WIND (MPH)
  HIGHEST WIND SPEED    10   HIGHEST WIND DIRECTION     S (200)
  HIGHEST GUST SPEED    13   HIGHEST GUST DIRECTION     S (190)
  AVERAGE WIND SPEED     4.2


SKY COVER
  POSSIBLE SUNSHINE  MM
  AVERAGE SKY COVER 1.0


WEATHER CONDITIONS
 THE FOLLOWING WEATHER WAS RECORDED YESTERDAY.
  LIGHT SNOW
  FOG


RELATIVE HUMIDITY (PERCENT)
 HIGHEST   100          1200 AM
 LOWEST     84           800 PM
 AVERAGE    92

..........................................................


THE MINOT ND CLIMATE NORMALS FOR TODAY
                         NORMAL    RECORD    YEAR
 MAXIMUM TEMPERATURE (F)   21        54      1942
 MINIMUM TEMPERATURE (F)    4       -40      1922


SUNRISE AND SUNSET
JANUARY 22 2017.......SUNRISE   825 AM CST   SUNSET   529 PM CST
JANUARY 23 2017.......SUNRISE   824 AM CST   SUNSET   531 PM CST


-  INDICATES NEGATIVE NUMBERS.
R  INDICATES RECORD WAS SET OR TIED.
MM INDICATES DATA IS MISSING.
T  INDICATES TRACE AMOUNT.




$$
