000
CDUS43 KBIS 310021
CLIMOT


CLIMATE REPORT
NATIONAL WEATHER SERVICE BISMARCK ND
721 PM CDT THU JUL 30 2015


...................................

...THE MINOT ND CLIMATE SUMMARY FOR JULY 30 2015...
VALID TODAY AS OF 0700 PM LOCAL TIME.

CLIMATE NORMAL PERIOD 1981 TO 2010
CLIMATE RECORD PERIOD 1897 TO 2015


WEATHER ITEM   OBSERVED TIME   RECORD YEAR NORMAL DEPARTURE LAST
                VALUE   (LST)  VALUE       VALUE  FROM      YEAR
                                                  NORMAL
..................................................................
TEMPERATURE (F)
 TODAY
  MAXIMUM         83    148 PM 100    1936  83      0       80
  MINIMUM         59   1257 AM  36    1923  58      1       56
  AVERAGE         71                        71      0       68

PRECIPITATION (IN)
  TODAY            T             0.38 1913   0.06  -0.06     0.00
  MONTH TO DATE    2.04                      2.37  -0.33     1.72
  SINCE JUN 1      6.07                      5.95   0.12     7.06
  SINCE JAN 1     10.20                     11.34  -1.14    10.87

DEGREE DAYS
 HEATING
  TODAY            0                         1     -1        0
  MONTH TO DATE   11                        26    -15       30
  SINCE JUN 1     73                       132    -59      121
  SINCE JUL 1     11                        26    -15       30

 COOLING
  TODAY            6                         6      0        3
  MONTH TO DATE  191                       162     29      105
  SINCE JUN 1    265                       235     30      127
  SINCE JAN 1    272                       251     21      168
..................................................................


WIND (MPH)
  RESULTANT WIND SPEED  13   RESULTANT WIND DIRECTION   W (280)
  HIGHEST WIND SPEED    26   HIGHEST WIND DIRECTION     W (290)
  HIGHEST GUST SPEED    34   HIGHEST GUST DIRECTION    NW (310)
  AVERAGE WIND SPEED    14.7


SKY COVER
  POSSIBLE SUNSHINE  MM
  AVERAGE SKY COVER 0.2


WEATHER CONDITIONS
 THE FOLLOWING WEATHER WAS RECORDED TODAY.
  NO SIGNIFICANT WEATHER WAS OBSERVED.


RELATIVE HUMIDITY (PERCENT)
 HIGHEST    78           600 AM
 LOWEST     28           500 PM
 AVERAGE    53

..........................................................


THE MINOT ND CLIMATE NORMALS FOR TOMORROW
                         NORMAL    RECORD    YEAR
 MAXIMUM TEMPERATURE (F)   83       104      1926
 MINIMUM TEMPERATURE (F)   58        37      1915


SUNRISE AND SUNSET
JULY 30 2015..........SUNRISE   618 AM CDT   SUNSET   925 PM CDT
JULY 31 2015..........SUNRISE   619 AM CDT   SUNSET   923 PM CDT


-  INDICATES NEGATIVE NUMBERS.
R  INDICATES RECORD WAS SET OR TIED.
MM INDICATES DATA IS MISSING.
T  INDICATES TRACE AMOUNT.




$$
