263
CDUS43 KBIS 220800 CCA
CLIMOT


CLIMATE REPORT...CORRECTED
NATIONAL WEATHER SERVICE BISMARCK ND
200 AM CST WED FEB 22 2017


...................................

...THE MINOT ND CLIMATE SUMMARY FOR FEBRUARY 21 2017...

CLIMATE NORMAL PERIOD 1981 TO 2010
CLIMATE RECORD PERIOD 1897 TO 2017


WEATHER ITEM   OBSERVED TIME   RECORD YEAR NORMAL DEPARTURE LAST
                VALUE   (LST)  VALUE       VALUE  FROM      YEAR
                                                  NORMAL
..................................................................
TEMPERATURE (F)
 YESTERDAY
  MAXIMUM         48    207 PM  54    1961  27     21       34
  MINIMUM         28    716 AM -34    1897  11     17       18
  AVERAGE         38                        19     19       26

PRECIPITATION (IN)
  YESTERDAY        0.00          0.56 1980   0.02  -0.02      T
  MONTH TO DATE    0.02                      0.28  -0.26     0.37
  SINCE DEC 1      0.71                      1.17  -0.46     0.89
  SINCE JAN 1      0.09                      0.79  -0.70     0.58

DEGREE DAYS
 HEATING
  YESTERDAY       27                        46    -19       39
  MONTH TO DATE  879                      1030   -151      802
  SINCE DEC 1   4095                      4204   -109     3485
  SINCE JUL 1   5610                      6262   -652     5186
..................................................................


WIND (MPH)
  HIGHEST WIND SPEED    15   HIGHEST WIND DIRECTION    SW (230)
  HIGHEST GUST SPEED    18   HIGHEST GUST DIRECTION    SW (230)
  AVERAGE WIND SPEED     5.3


SKY COVER
  POSSIBLE SUNSHINE  MM
  AVERAGE SKY COVER 0.5


WEATHER CONDITIONS
 THE FOLLOWING WEATHER WAS RECORDED YESTERDAY.
  FOG


RELATIVE HUMIDITY (PERCENT)
 HIGHEST    96           900 PM
 LOWEST     61           200 PM
 AVERAGE    79

..........................................................


THE MINOT ND CLIMATE NORMALS FOR TODAY
                         NORMAL    RECORD    YEAR
 MAXIMUM TEMPERATURE (F)   27        57      2002
 MINIMUM TEMPERATURE (F)   11       -25      1918
                                             1910


SUNRISE AND SUNSET
FEBRUARY 22 2017......SUNRISE   739 AM CST   SUNSET   619 PM CST
FEBRUARY 23 2017......SUNRISE   737 AM CST   SUNSET   620 PM CST


-  INDICATES NEGATIVE NUMBERS.
R  INDICATES RECORD WAS SET OR TIED.
MM INDICATES DATA IS MISSING.
T  INDICATES TRACE AMOUNT.




$$

CJS
