000
CDUS43 KBIS 250741
CLIMOT


CLIMATE REPORT
NATIONAL WEATHER SERVICE BISMARCK ND
240 AM CDT THU MAY 25 2017


...................................

...THE MINOT ND CLIMATE SUMMARY FOR MAY 24 2017...

CLIMATE NORMAL PERIOD 1981 TO 2010
CLIMATE RECORD PERIOD 1897 TO 2017


WEATHER ITEM   OBSERVED TIME   RECORD YEAR NORMAL DEPARTURE LAST
                VALUE   (LST)  VALUE       VALUE  FROM      YEAR
                                                  NORMAL
..................................................................
TEMPERATURE (F)
 YESTERDAY
  MAXIMUM         74    344 PM  91    1977  69      5       79
  MINIMUM         51    535 AM  24    1924  46      5       45
  AVERAGE         63                        57      6       62

PRECIPITATION (IN)
  YESTERDAY        0.01          1.10 1933   0.09  -0.08     0.00
  MONTH TO DATE    0.53                      1.84  -1.31     0.34
  SINCE MAR 1      1.13                      3.82  -2.69     2.92
  SINCE JAN 1      1.26                      4.73  -3.47     3.50

DEGREE DAYS
 COOLING
  YESTERDAY        0                         1     -1        0
  MONTH TO DATE    3                         2      1       39
  SINCE MAR 1      3                         3      0       39
  SINCE JAN 1      3                         3      0       39
..................................................................


WIND (MPH)
  HIGHEST WIND SPEED    31   HIGHEST WIND DIRECTION     S (160)
  HIGHEST GUST SPEED    41   HIGHEST GUST DIRECTION    SE (150)
  AVERAGE WIND SPEED    17.5


SKY COVER
  POSSIBLE SUNSHINE  MM
  AVERAGE SKY COVER 0.1


WEATHER CONDITIONS
 THE FOLLOWING WEATHER WAS RECORDED YESTERDAY.
  LIGHT RAIN


RELATIVE HUMIDITY (PERCENT)
 HIGHEST    59           500 AM
 LOWEST     25           200 PM
 AVERAGE    42

..........................................................


THE MINOT ND CLIMATE NORMALS FOR TODAY
                         NORMAL    RECORD    YEAR
 MAXIMUM TEMPERATURE (F)   69        92      1931
 MINIMUM TEMPERATURE (F)   46        20      1924


SUNRISE AND SUNSET
MAY 25 2017...........SUNRISE   554 AM CDT   SUNSET   931 PM CDT
MAY 26 2017...........SUNRISE   553 AM CDT   SUNSET   932 PM CDT


-  INDICATES NEGATIVE NUMBERS.
R  INDICATES RECORD WAS SET OR TIED.
MM INDICATES DATA IS MISSING.
T  INDICATES TRACE AMOUNT.




$$
