000
CDUS43 KBIS 270104
CLIMOT


CLIMATE REPORT
NATIONAL WEATHER SERVICE BISMARCK ND
750 PM CDT TUE MAY 26 2015


...................................

...THE MINOT ND CLIMATE SUMMARY FOR MAY 26 2015...
VALID TODAY AS OF 0700 PM LOCAL TIME.

CLIMATE NORMAL PERIOD 1981 TO 2010
CLIMATE RECORD PERIOD 1897 TO 2015


WEATHER ITEM   OBSERVED TIME   RECORD YEAR NORMAL DEPARTURE LAST
                VALUE   (LST)  VALUE       VALUE  FROM      YEAR
                                                  NORMAL
..................................................................
TEMPERATURE (F)
 TODAY
  MAXIMUM         82    111 PM  94    1969  70     12       79
  MINIMUM         56    207 AM  23    1907  46     10       55
  AVERAGE         69                        58     11       67

PRECIPITATION (IN)
  TODAY            0.01          0.77 1972   0.09  -0.08     0.02
  MONTH TO DATE    2.52                      2.02   0.50     1.60
  SINCE MAR 1      3.48                      4.00  -0.52     3.45
  SINCE JAN 1      3.95                      4.91  -0.96     3.81

DEGREE DAYS
 HEATING
  TODAY            0                         8     -8        0
  MONTH TO DATE  329                       295     34      369
  SINCE MAR 1   1912                      2085   -173     2429
  SINCE JUL 1   8600                      8661    -61     9662

 COOLING
  TODAY            4                         1      3        2
  MONTH TO DATE    5                         4      1       24
  SINCE MAR 1      5                         5      0       24
  SINCE JAN 1      5                         5      0       24
..................................................................


WIND (MPH)
  RESULTANT WIND SPEED  10   RESULTANT WIND DIRECTION   W (260)
  HIGHEST WIND SPEED    21   HIGHEST WIND DIRECTION    SW (240)
  HIGHEST GUST SPEED    24   HIGHEST GUST DIRECTION    SW (230)
  AVERAGE WIND SPEED    12.8


SKY COVER
  POSSIBLE SUNSHINE  MM
  AVERAGE SKY COVER 0.2


WEATHER CONDITIONS
 THE FOLLOWING WEATHER WAS RECORDED TODAY.
  THUNDERSTORM
  LIGHT RAIN


RELATIVE HUMIDITY (PERCENT)
 HIGHEST    67           200 AM
 LOWEST     26           100 PM
 AVERAGE    47

..........................................................


THE MINOT ND CLIMATE NORMALS FOR TOMORROW
                         NORMAL    RECORD    YEAR
 MAXIMUM TEMPERATURE (F)   70        99      1934
 MINIMUM TEMPERATURE (F)   47        23      2008


SUNRISE AND SUNSET
MAY 26 2015...........SUNRISE   554 AM CDT   SUNSET   931 PM CDT
MAY 27 2015...........SUNRISE   553 AM CDT   SUNSET   932 PM CDT


-  INDICATES NEGATIVE NUMBERS.
R  INDICATES RECORD WAS SET OR TIED.
MM INDICATES DATA IS MISSING.
T  INDICATES TRACE AMOUNT.




$$
