000
CDUS43 KBIS 310727
CLIMOT


CLIMATE REPORT
NATIONAL WEATHER SERVICE BISMARCK ND
227 AM CDT THU JUL 31 2014


...................................

...THE MINOT ND CLIMATE SUMMARY FOR JULY 30 2014...

CLIMATE NORMAL PERIOD 1981 TO 2010
CLIMATE RECORD PERIOD 1905 TO 2014


WEATHER ITEM   OBSERVED TIME   RECORD YEAR NORMAL DEPARTURE LAST
                VALUE   (LST)  VALUE       VALUE  FROM      YEAR
                                                  NORMAL
..................................................................
TEMPERATURE (F)
 YESTERDAY
  MAXIMUM         80    437 PM 100    1936  83     -3       72
  MINIMUM         56    611 AM  36    1923  58     -2       53
  AVERAGE         68                        71     -3       63

PRECIPITATION (IN)
  YESTERDAY        0.00          0.33 2008   0.06  -0.06     0.00
  MONTH TO DATE    1.72                      2.37  -0.65     4.44
  SINCE JUN 1      7.06                      5.95   1.11     9.04
  SINCE JAN 1     10.87                     11.34  -0.47    17.41

DEGREE DAYS
 COOLING
  YESTERDAY        3                         6     -3        0
  MONTH TO DATE  105                       162    -57      123
  SINCE JUN 1    127                       235   -108      187
  SINCE JAN 1    168                       251    -83      197
..................................................................


WIND (MPH)
  HIGHEST WIND SPEED    12   HIGHEST WIND DIRECTION    NW (330)
  HIGHEST GUST SPEED    14   HIGHEST GUST DIRECTION    NW (300)
  AVERAGE WIND SPEED     4.1


SKY COVER
  POSSIBLE SUNSHINE  MM
  AVERAGE SKY COVER 0.1


WEATHER CONDITIONS
 THE FOLLOWING WEATHER WAS RECORDED YESTERDAY.
  NO SIGNIFICANT WEATHER WAS OBSERVED.


RELATIVE HUMIDITY (PERCENT)
 HIGHEST    93          1200 AM
 LOWEST     39           300 PM
 AVERAGE    66

..........................................................


THE MINOT ND CLIMATE NORMALS FOR TODAY
                         NORMAL    RECORD    YEAR
 MAXIMUM TEMPERATURE (F)   83       104      1926
 MINIMUM TEMPERATURE (F)   58        37      1915


SUNRISE AND SUNSET
JULY 31 2014..........SUNRISE   619 AM CDT   SUNSET   923 PM CDT
AUGUST  1 2014........SUNRISE   620 AM CDT   SUNSET   921 PM CDT


-  INDICATES NEGATIVE NUMBERS.
R  INDICATES RECORD WAS SET OR TIED.
MM INDICATES DATA IS MISSING.
T  INDICATES TRACE AMOUNT.




$$
