000
CDUS41 KPHI 242130
CLIMPO


CLIMATE REPORT
NATIONAL WEATHER SERVICE MOUNT HOLLY NJ
427 PM EST TUE JAN 24 2017


...................................

...THE MOUNT POCONO PA CLIMATE SUMMARY FOR JANUARY 24 2017...
VALID TODAY AS OF 0400 PM LOCAL TIME.

CLIMATE NORMAL PERIOD 1981 TO 2010
CLIMATE RECORD PERIOD 1901 TO 2017


WEATHER ITEM   OBSERVED TIME   RECORD YEAR NORMAL DEPARTURE LAST
                VALUE   (LST)  VALUE       VALUE  FROM      YEAR
                                                  NORMAL
..................................................................
TEMPERATURE (F)
 TODAY
  MAXIMUM         32    359 PM  62    1967  31      1       26
  MINIMUM         30    941 AM -19    1907  16     14        9
  AVERAGE         31                        23      8       18

PRECIPITATION (IN)
  TODAY            0.24          2.58 1953   0.08   0.16     0.00
  MONTH TO DATE    2.85                      2.37   0.48     3.23
  SINCE DEC 1      5.04                      6.24  -1.20     7.06
  SINCE JAN 1      2.85                      2.37   0.48     3.23

DEGREE DAYS
 HEATING
  TODAY           34                        42     -8       47
  MONTH TO DATE  895                      1004   -109     1002
  SINCE DEC 1   2045                      2162   -117     1713
  SINCE JUL 1   3438                      3741   -303     2980

 COOLING
  TODAY            0                         0      0        0
  MONTH TO DATE    0                         0      0        0
  SINCE DEC 1      0                         0      0        0
  SINCE JAN 1      0                         0      0        0
..................................................................


WIND (MPH)
  HIGHEST WIND SPEED    24   HIGHEST WIND DIRECTION    NW (320)
  HIGHEST GUST SPEED    37   HIGHEST GUST DIRECTION    NW (330)
  AVERAGE WIND SPEED    13.7


SKY COVER
  POSSIBLE SUNSHINE  MM
  AVERAGE SKY COVER 1.0


WEATHER CONDITIONS
 THE FOLLOWING WEATHER WAS RECORDED TODAY.
  LT FREEZING RAIN
  LIGHT SNOW
  SLEET
  FOG


RELATIVE HUMIDITY (PERCENT)
 HIGHEST    92           300 AM
 LOWEST     85          1200 AM
 AVERAGE    89

..........................................................


THE MOUNT POCONO PA CLIMATE NORMALS FOR TOMORROW
                         NORMAL    RECORD    YEAR
 MAXIMUM TEMPERATURE (F)   31        64      1967
 MINIMUM TEMPERATURE (F)   16       -14      1987


SUNRISE AND SUNSET
JANUARY 24 2017.......SUNRISE   719 AM EST   SUNSET   509 PM EST
JANUARY 25 2017.......SUNRISE   718 AM EST   SUNSET   510 PM EST


-  INDICATES NEGATIVE NUMBERS.
R  INDICATES RECORD WAS SET OR TIED.
MM INDICATES DATA IS MISSING.
T  INDICATES TRACE AMOUNT.




$$
