000
CDUS41 KPHI 280627
CLIMPO


CLIMATE REPORT
NATIONAL WEATHER SERVICE MOUNT HOLLY NJ
226 AM EDT FRI APR 28 2017


...................................

...THE MOUNT POCONO PA CLIMATE SUMMARY FOR APRIL 27 2017...

CLIMATE NORMAL PERIOD 1981 TO 2010
CLIMATE RECORD PERIOD 1901 TO 2017


WEATHER ITEM   OBSERVED TIME   RECORD YEAR NORMAL DEPARTURE LAST
                VALUE   (LST)  VALUE       VALUE  FROM      YEAR
                                                  NORMAL
..................................................................
TEMPERATURE (F)
 YESTERDAY
  MAXIMUM         70    303 PM  88    1915  60     10       60
  MINIMUM         53    220 AM  22    1976  39     14       38
  AVERAGE         62                        50     12       49

PRECIPITATION (IN)
  YESTERDAY        0.00          2.10 1937   0.11  -0.11     0.00
  MONTH TO DATE    3.97                      3.67   0.30     2.39
  SINCE MAR 1      7.76                      7.50   0.26     3.38
  SINCE JAN 1     12.72                     12.76  -0.04    11.36

DEGREE DAYS
 HEATING
  YESTERDAY        3                        16    -13       16
  MONTH TO DATE  428                       551   -123      563
  SINCE MAR 1   1528                      1526      2     1309
  SINCE JUL 1   6131                      6649   -518     5594

 COOLING
  YESTERDAY        0                         0      0        0
  MONTH TO DATE    3                         0      3        0
  SINCE MAR 1      3                         0      3        0
  SINCE JAN 1      3                         0      3        0
..................................................................


WIND (MPH)
  HIGHEST WIND SPEED    20   HIGHEST WIND DIRECTION    SE (140)
  HIGHEST GUST SPEED    23   HIGHEST GUST DIRECTION    SE (140)
  AVERAGE WIND SPEED     7.5


SKY COVER
  POSSIBLE SUNSHINE  MM
  AVERAGE SKY COVER 1.0


WEATHER CONDITIONS
 THE FOLLOWING WEATHER WAS RECORDED YESTERDAY.
  FOG
  FOG W/VISIBILITY <= 1/4 MILE


RELATIVE HUMIDITY (PERCENT)
 HIGHEST   100          1200 AM
 LOWEST     73           300 PM
 AVERAGE    87

..........................................................


THE MOUNT POCONO PA CLIMATE NORMALS FOR TODAY
                         NORMAL    RECORD    YEAR
 MAXIMUM TEMPERATURE (F)   60        85      1990
 MINIMUM TEMPERATURE (F)   40        20      1934


SUNRISE AND SUNSET
APRIL 28 2017.........SUNRISE   603 AM EDT   SUNSET   756 PM EDT
APRIL 29 2017.........SUNRISE   602 AM EDT   SUNSET   757 PM EDT


-  INDICATES NEGATIVE NUMBERS.
R  INDICATES RECORD WAS SET OR TIED.
MM INDICATES DATA IS MISSING.
T  INDICATES TRACE AMOUNT.




$$
