000
CDUS41 KPHI 140628
CLIMPO


CLIMATE REPORT
NATIONAL WEATHER SERVICE MOUNT HOLLY NJ
227 AM EDT MON JUL 14 2014


...................................

...THE MOUNT POCONO PA CLIMATE SUMMARY FOR JULY 13 2014...

CLIMATE NORMAL PERIOD 1981 TO 2010
CLIMATE RECORD PERIOD 1901 TO 2014


WEATHER ITEM   OBSERVED TIME   RECORD YEAR NORMAL DEPARTURE LAST
                VALUE   (LST)  VALUE       VALUE  FROM      YEAR
                                                  NORMAL
..................................................................
TEMPERATURE (F)
 YESTERDAY
  MAXIMUM         80    428 PM  89    1952  78      2       75
  MINIMUM         67   1159 PM  42    1978  59      8       62
  AVERAGE         74                        68      6       69

PRECIPITATION (IN)
  YESTERDAY        0.20          1.48 2005   0.15   0.05     0.12
  MONTH TO DATE    2.50                      1.63   0.87     4.21
  SINCE JUN 1      5.95                      6.01  -0.06    13.40
  SINCE JAN 1     24.71                     23.51   1.20    27.41

SNOWFALL (IN)
  YESTERDAY       MM            MM      MM  MM     MM       MM
  MONTH TO DATE   MM                        MM     MM       MM
  SINCE JUN 1     MM                        MM     MM       MM
  SINCE JUL 1     MM                        MM     MM       MM
  SNOW DEPTH      MM

DEGREE DAYS
 HEATING
  YESTERDAY        0                         1     -1        0
  MONTH TO DATE    5                        13     -8        0
  SINCE JUN 1     60                       113    -53       76
  SINCE JUL 1      5                        13     -8        0

 COOLING
  YESTERDAY        9                         4      5        4
  MONTH TO DATE   69                        51     18      111
  SINCE JUN 1    129                       113     16      192
  SINCE JAN 1    136                       132      4      224
..................................................................


WIND (MPH)
  HIGHEST WIND SPEED    23   HIGHEST WIND DIRECTION     W (270)
  HIGHEST GUST SPEED    31   HIGHEST GUST DIRECTION     W (270)
  AVERAGE WIND SPEED    11.3


SKY COVER
  POSSIBLE SUNSHINE  MM
  AVERAGE SKY COVER 0.8


WEATHER CONDITIONS
 THE FOLLOWING WEATHER WAS RECORDED YESTERDAY.
  THUNDERSTORM
  RAIN
  LIGHT RAIN
  FOG
  HAZE


RELATIVE HUMIDITY (PERCENT)
 HIGHEST    93           100 AM
 LOWEST     67          1200 PM
 AVERAGE    80

..........................................................


THE MOUNT POCONO PA CLIMATE NORMALS FOR TODAY
                         NORMAL    RECORD    YEAR
 MAXIMUM TEMPERATURE (F)   78        93      1954
 MINIMUM TEMPERATURE (F)   59        38      1980


SUNRISE AND SUNSET
JULY 14 2014..........SUNRISE   541 AM EDT   SUNSET   833 PM EDT
JULY 15 2014..........SUNRISE   542 AM EDT   SUNSET   833 PM EDT


-  INDICATES NEGATIVE NUMBERS.
R  INDICATES RECORD WAS SET OR TIED.
MM INDICATES DATA IS MISSING.
T  INDICATES TRACE AMOUNT.




$$
