000
CDUS41 KPHI 170552
CLIMPO


CLIMATE REPORT
NATIONAL WEATHER SERVICE MOUNT HOLLY NJ
152 AM EDT THU AUG 17 2017


...................................

...THE MOUNT POCONO PA CLIMATE SUMMARY FOR AUGUST 16 2017...

CLIMATE NORMAL PERIOD 1981 TO 2010
CLIMATE RECORD PERIOD 1901 TO 2017


WEATHER ITEM   OBSERVED TIME   RECORD YEAR NORMAL DEPARTURE LAST
                VALUE   (LST)  VALUE       VALUE  FROM      YEAR
                                                  NORMAL
..................................................................
TEMPERATURE (F)
 YESTERDAY
  MAXIMUM         77    346 PM  88    1965  77      0       82
  MINIMUM         56   1012 PM  36    1921  57     -1       62
  AVERAGE         67                        67      0       72

PRECIPITATION (IN)
  YESTERDAY        T             2.43 1941   0.14  -0.14     0.10
  MONTH TO DATE    3.90                      2.46   1.44     2.77
  SINCE JUN 1     13.34                     11.48   1.86    11.00
  SINCE JAN 1     30.24                     28.98   1.26    28.43

DEGREE DAYS
 HEATING
  YESTERDAY        0                         1     -1        0
  MONTH TO DATE   30                        16     14        1
  SINCE JUN 1    169                       138     31      109
  SINCE JUL 1     42                        38      4       17

 COOLING
  YESTERDAY        2                         3     -1        7
  MONTH TO DATE   22                        62    -40       84
  SINCE JUN 1    187                       245    -58      271
  SINCE JAN 1    205                       264    -59      300
..................................................................


WIND (MPH)
  HIGHEST WIND SPEED    14   HIGHEST WIND DIRECTION    NW (320)
  HIGHEST GUST SPEED    19   HIGHEST GUST DIRECTION    NW (310)
  AVERAGE WIND SPEED     6.4


SKY COVER
  POSSIBLE SUNSHINE  MM
  AVERAGE SKY COVER 0.1


WEATHER CONDITIONS
 THE FOLLOWING WEATHER WAS RECORDED YESTERDAY.
  LIGHT RAIN
  FOG


RELATIVE HUMIDITY (PERCENT)
 HIGHEST   100          1200 AM
 LOWEST     58          1200 PM
 AVERAGE    79

..........................................................


THE MOUNT POCONO PA CLIMATE NORMALS FOR TODAY
                         NORMAL    RECORD    YEAR
 MAXIMUM TEMPERATURE (F)   77        89      1997
 MINIMUM TEMPERATURE (F)   57        35      1979


SUNRISE AND SUNSET
AUGUST 17 2017........SUNRISE   613 AM EDT   SUNSET   757 PM EDT
AUGUST 18 2017........SUNRISE   614 AM EDT   SUNSET   756 PM EDT


-  INDICATES NEGATIVE NUMBERS.
R  INDICATES RECORD WAS SET OR TIED.
MM INDICATES DATA IS MISSING.
T  INDICATES TRACE AMOUNT.




$$
