000
CDUS41 KPHI 270628
CLIMPO


CLIMATE REPORT
NATIONAL WEATHER SERVICE MOUNT HOLLY NJ
226 AM EDT WED JUL 27 2016


...................................

...THE MOUNT POCONO PA CLIMATE SUMMARY FOR JULY 26 2016...

CLIMATE NORMAL PERIOD 1981 TO 2010
CLIMATE RECORD PERIOD 1901 TO 2016


WEATHER ITEM   OBSERVED TIME   RECORD YEAR NORMAL DEPARTURE LAST
                VALUE   (LST)  VALUE       VALUE  FROM      YEAR
                                                  NORMAL
..................................................................
TEMPERATURE (F)
 YESTERDAY
  MAXIMUM         83    355 PM  89    1949  78      5       83
  MINIMUM         64   1159 PM  38    1920  58      6       64
  AVERAGE         74                        68      6       74

PRECIPITATION (IN)
  YESTERDAY        0.00          2.56 1916   0.17  -0.17     0.98
  MONTH TO DATE    3.80                      3.72   0.08     2.72
  SINCE JUN 1      5.58                      8.10  -2.52    11.49
  SINCE JAN 1     23.01                     25.60  -2.59    22.49

SNOWFALL (IN)
  YESTERDAY       MM            MM      MM  MM     MM       MM
  MONTH TO DATE   MM                        MM     MM       MM
  SINCE JUN 1     MM                        MM     MM       MM
  SINCE JUL 1     MM                        MM     MM       MM
  SNOW DEPTH      MM

DEGREE DAYS
 HEATING
  YESTERDAY        0                         1     -1        0
  MONTH TO DATE   16                        26    -10       13
  SINCE JUN 1    108                       126    -18       97
  SINCE JUL 1     16                        26    -10       13

 COOLING
  YESTERDAY        9                         4      5        9
  MONTH TO DATE  132                       103     29       94
  SINCE JUN 1    157                       165     -8      160
  SINCE JAN 1    186                       184      2      217
..................................................................


WIND (MPH)
  HIGHEST WIND SPEED    18   HIGHEST WIND DIRECTION     W (290)
  HIGHEST GUST SPEED    26   HIGHEST GUST DIRECTION     W (290)
  AVERAGE WIND SPEED     8.3


SKY COVER
  POSSIBLE SUNSHINE  MM
  AVERAGE SKY COVER 0.3


WEATHER CONDITIONS
 THE FOLLOWING WEATHER WAS RECORDED YESTERDAY.
  FOG


RELATIVE HUMIDITY (PERCENT)
 HIGHEST   100           100 AM
 LOWEST     40           500 PM
 AVERAGE    70

..........................................................


THE MOUNT POCONO PA CLIMATE NORMALS FOR TODAY
                         NORMAL    RECORD    YEAR
 MAXIMUM TEMPERATURE (F)   78        91      1955
 MINIMUM TEMPERATURE (F)   58        39      1977


SUNRISE AND SUNSET
JULY 27 2016..........SUNRISE   553 AM EDT   SUNSET   823 PM EDT
JULY 28 2016..........SUNRISE   554 AM EDT   SUNSET   822 PM EDT


-  INDICATES NEGATIVE NUMBERS.
R  INDICATES RECORD WAS SET OR TIED.
MM INDICATES DATA IS MISSING.
T  INDICATES TRACE AMOUNT.




$$
