000
CDUS41 KPHI 220627
CLIMPO


CLIMATE REPORT
NATIONAL WEATHER SERVICE MOUNT HOLLY NJ
226 AM EDT FRI MAY 22 2015


...................................

...THE MOUNT POCONO PA CLIMATE SUMMARY FOR MAY 21 2015...

CLIMATE NORMAL PERIOD 1981 TO 2010
CLIMATE RECORD PERIOD 1901 TO 2015


WEATHER ITEM   OBSERVED TIME   RECORD YEAR NORMAL DEPARTURE LAST
                VALUE   (LST)  VALUE       VALUE  FROM      YEAR
                                                  NORMAL
..................................................................
TEMPERATURE (F)
 YESTERDAY
  MAXIMUM         57   1223 PM  87    1911  66     -9       62
  MINIMUM         41    101 AM  24    1905  46     -5       54
                                      1993
  AVERAGE         49                        56     -7       58

PRECIPITATION (IN)
  YESTERDAY        T             1.50 1942   0.17  -0.17      T
  MONTH TO DATE    0.54                      2.68  -2.14     3.87
  SINCE MAR 1      5.77                     10.53  -4.76    11.93
  SINCE JAN 1      9.12                     15.79  -6.67    18.32

SNOWFALL (IN)
  YESTERDAY       MM            MM      MM  MM     MM       MM
  MONTH TO DATE   MM                        MM     MM       MM
  SINCE MAR 1     MM                        MM     MM       MM
  SINCE JUL 1     MM                        MM     MM       MM
  SNOW DEPTH      MM

DEGREE DAYS
 HEATING
  YESTERDAY       16                         9      7        7
  MONTH TO DATE  132                       243   -111      201
  SINCE MAR 1   1823                      1814      9     1975
  SINCE JUL 1   7258                      6937    321     7402

 COOLING
  YESTERDAY        0                         1     -1        0
  MONTH TO DATE   23                         3     20        3
  SINCE MAR 1     23                         7     16        3
  SINCE JAN 1     23                         7     16        3
..................................................................


WIND (MPH)
  HIGHEST WIND SPEED    13   HIGHEST WIND DIRECTION     W (290)
  HIGHEST GUST SPEED    17   HIGHEST GUST DIRECTION    SE (150)
  AVERAGE WIND SPEED     5.8


SKY COVER
  POSSIBLE SUNSHINE  MM
  AVERAGE SKY COVER 0.9


WEATHER CONDITIONS
 THE FOLLOWING WEATHER WAS RECORDED YESTERDAY.
  LIGHT RAIN


RELATIVE HUMIDITY (PERCENT)
 HIGHEST    82          1100 PM
 LOWEST     35          1100 AM
 AVERAGE    59

..........................................................


THE MOUNT POCONO PA CLIMATE NORMALS FOR TODAY
                         NORMAL    RECORD    YEAR
 MAXIMUM TEMPERATURE (F)   67        94      1911
 MINIMUM TEMPERATURE (F)   47        30      1967


SUNRISE AND SUNSET
MAY 22 2015...........SUNRISE   538 AM EDT   SUNSET   819 PM EDT
MAY 23 2015...........SUNRISE   537 AM EDT   SUNSET   820 PM EDT


-  INDICATES NEGATIVE NUMBERS.
R  INDICATES RECORD WAS SET OR TIED.
MM INDICATES DATA IS MISSING.
T  INDICATES TRACE AMOUNT.




$$
