000
CDUS41 KBTV 030533
CLIMPV


CLIMATE REPORT
NATIONAL WEATHER SERVICE BURLINGTON VT
131 AM EDT WED SEP 3 2014


...................................

...THE MONTPELIER VT CLIMATE SUMMARY FOR SEPTEMBER 2 2014...

CLIMATE NORMAL PERIOD 1981 TO 2010
CLIMATE RECORD PERIOD 1948 TO 2014


WEATHER ITEM   OBSERVED TIME   RECORD YEAR NORMAL DEPARTURE LAST
                VALUE   (LST)  VALUE       VALUE  FROM      YEAR
                                                  NORMAL
..................................................................
TEMPERATURE (F)
 YESTERDAY
  MAXIMUM         84    314 PM  90    1953  74     10       77
  MINIMUM         58    456 AM  34    1967  51      7       61
  AVERAGE         71                        62      9       69

PRECIPITATION (IN)
  YESTERDAY        0.75R         0.71        0.10   0.65     0.25
  MONTH TO DATE    0.75                      0.19   0.56     0.36
  SINCE SEP 1      0.75                      0.19   0.56     0.36
  SINCE JAN 1     25.84                     24.99   0.85    25.65

DEGREE DAYS
 HEATING
  YESTERDAY        0                         4     -4        0
  MONTH TO DATE    0                         8     -8        0
  SINCE SEP 1      0                         8     -8        0
  SINCE JUL 1    113                       116     -3       93

 COOLING
  YESTERDAY        6                         1      5        4
  MONTH TO DATE   12                         2     10       13
  SINCE SEP 1     12                         2     10       13
  SINCE JAN 1    178                       246    -68      307
..................................................................


WIND (MPH)
  HIGHEST WIND SPEED    16   HIGHEST WIND DIRECTION     S (170)
  HIGHEST GUST SPEED    22   HIGHEST GUST DIRECTION    NW (310)
  AVERAGE WIND SPEED     5.5


SKY COVER
  AVERAGE SKY COVER 0.4


WEATHER CONDITIONS
 THE FOLLOWING WEATHER WAS RECORDED YESTERDAY.
  THUNDERSTORM
  HEAVY RAIN
  RAIN
  LIGHT RAIN
  FOG
  FOG W/VISIBILITY <= 1/4 MILE


RELATIVE HUMIDITY (PERCENT)
 HIGHEST   100          1200 AM
 LOWEST     51           200 PM
 AVERAGE    76

..........................................................


THE MONTPELIER VT CLIMATE NORMALS FOR TODAY
                         NORMAL    RECORD    YEAR
 MAXIMUM TEMPERATURE (F)   74        89      1953
 MINIMUM TEMPERATURE (F)   50        36      1970


SUNRISE AND SUNSET
SEPTEMBER  3 2014.....SUNRISE   615 AM EDT   SUNSET   723 PM EDT
SEPTEMBER  4 2014.....SUNRISE   617 AM EDT   SUNSET   721 PM EDT


-  INDICATES NEGATIVE NUMBERS.
R  INDICATES RECORD WAS SET OR TIED.
MM INDICATES DATA IS MISSING.
T  INDICATES TRACE AMOUNT.




$$
