000
CDUS41 KBTV 160631
CLIMPV


CLIMATE REPORT
NATIONAL WEATHER SERVICE BURLINGTON VT
230 AM EDT TUE SEP 16 2014


...................................

...THE MONTPELIER VT CLIMATE SUMMARY FOR SEPTEMBER 15 2014...

CLIMATE NORMAL PERIOD 1981 TO 2010
CLIMATE RECORD PERIOD 1948 TO 2014


WEATHER ITEM   OBSERVED TIME   RECORD YEAR NORMAL DEPARTURE LAST
                VALUE   (LST)  VALUE       VALUE  FROM      YEAR
                                                  NORMAL
..................................................................
TEMPERATURE (F)
 YESTERDAY
  MAXIMUM         60    406 PM  83    1993  69     -9       67
  MINIMUM         34    710 AM  30    1963  47    -13       37
  AVERAGE         47                        58    -11       52

PRECIPITATION (IN)
  YESTERDAY        T             2.17        0.10  -0.10     0.01
  MONTH TO DATE    1.39                      1.40  -0.01     3.47
  SINCE SEP 1      1.39                      1.40  -0.01     3.47
  SINCE JAN 1     26.48                     26.20   0.28    28.76

DEGREE DAYS
 HEATING
  YESTERDAY       18                         8     10       13
  MONTH TO DATE  116                        85     31      106
  SINCE SEP 1    116                        85     31      106
  SINCE JUL 1    229                       193     36      199

 COOLING
  YESTERDAY        0                         1     -1        0
  MONTH TO DATE   20                        15      5       29
  SINCE SEP 1     20                        15      5       29
  SINCE JAN 1    186                       259    -73      323
..................................................................


WIND (MPH)
  HIGHEST WIND SPEED    10   HIGHEST WIND DIRECTION     S (160)
  HIGHEST GUST SPEED    12   HIGHEST GUST DIRECTION     E (110)
  AVERAGE WIND SPEED     1.8


SKY COVER
  AVERAGE SKY COVER 0.7


WEATHER CONDITIONS
 THE FOLLOWING WEATHER WAS RECORDED YESTERDAY.
  LIGHT RAIN
  FOG
  FOG W/VISIBILITY <= 1/4 MILE


RELATIVE HUMIDITY (PERCENT)
 HIGHEST   100          1200 AM
 LOWEST     47          1200 PM
 AVERAGE    74

..........................................................


THE MONTPELIER VT CLIMATE NORMALS FOR TODAY
                         NORMAL    RECORD    YEAR
 MAXIMUM TEMPERATURE (F)   69        84      1991
 MINIMUM TEMPERATURE (F)   46        25      1964


SUNRISE AND SUNSET
SEPTEMBER 16 2014.....SUNRISE   630 AM EDT   SUNSET   659 PM EDT
SEPTEMBER 17 2014.....SUNRISE   632 AM EDT   SUNSET   657 PM EDT


-  INDICATES NEGATIVE NUMBERS.
R  INDICATES RECORD WAS SET OR TIED.
MM INDICATES DATA IS MISSING.
T  INDICATES TRACE AMOUNT.




$$
