000
CDUS41 KBTV 230522
CLIMPV


CLIMATE REPORT
NATIONAL WEATHER SERVICE BURLINGTON VT
118 AM EDT MON OCT 23 2017


...................................

...THE MONTPELIER VT CLIMATE SUMMARY FOR OCTOBER 22 2017...

CLIMATE NORMAL PERIOD 1981 TO 2010
CLIMATE RECORD PERIOD 1948 TO 2017


WEATHER ITEM   OBSERVED TIME   RECORD YEAR NORMAL DEPARTURE LAST
                VALUE   (LST)  VALUE       VALUE  FROM      YEAR
                                                  NORMAL
..................................................................
TEMPERATURE (F)
 YESTERDAY
  MAXIMUM         MM        MM  80    2007  54     MM       48
                                      1979
  MINIMUM         MM        MM  15    1959  33     MM       34
  AVERAGE         MM                        44     MM       41

PRECIPITATION (IN)
  YESTERDAY       MM             0.55        0.11  MM        0.39
  MONTH TO DATE    1.02                      2.51  -1.49     1.73
  SINCE SEP 1      3.51                      5.63  -2.12     3.51
  SINCE JAN 1     35.13                     30.43   4.70    28.07

DEGREE DAYS
 HEATING
  YESTERDAY       MM                        21     MM       24
  MONTH TO DATE  213                       394   -181      290
  SINCE SEP 1    371                       641   -270      452
  SINCE JUL 1    517                       749   -232      506

 COOLING
  YESTERDAY       MM                         0     MM        0
  MONTH TO DATE    0                         0      0        0
  SINCE SEP 1     47                        19     28       28
  SINCE JAN 1    243                       263    -20      300
..................................................................


WIND (MPH)
  HIGHEST WIND SPEED    MM   HIGHEST WIND DIRECTION    MM
  HIGHEST GUST SPEED    MM   HIGHEST GUST DIRECTION    MM
  AVERAGE WIND SPEED    MM


SKY COVER
  AVERAGE SKY COVER  MM


WEATHER CONDITIONS
 THE FOLLOWING WEATHER WAS RECORDED YESTERDAY.
  NO SIGNIFICANT WEATHER WAS OBSERVED.


RELATIVE HUMIDITY (PERCENT)
 HIGHEST    MM
 LOWEST     MM
 AVERAGE    MM

..........................................................


THE MONTPELIER VT CLIMATE NORMALS FOR TODAY
                         NORMAL    RECORD    YEAR
 MAXIMUM TEMPERATURE (F)   53        76      1979
 MINIMUM TEMPERATURE (F)   33        19      1955


SUNRISE AND SUNSET
OCTOBER 23 2017.......SUNRISE   716 AM EDT   SUNSET   553 PM EDT
OCTOBER 24 2017.......SUNRISE   717 AM EDT   SUNSET   551 PM EDT


-  INDICATES NEGATIVE NUMBERS.
R  INDICATES RECORD WAS SET OR TIED.
MM INDICATES DATA IS MISSING.
T  INDICATES TRACE AMOUNT.




$$
