000
CDUS41 KBTV 190538
CLIMPV


CLIMATE REPORT
NATIONAL WEATHER SERVICE BURLINGTON VT
1236 AM EST SUN FEB 19 2017


...................................

...THE MONTPELIER VT CLIMATE SUMMARY FOR FEBRUARY 18 2017...

CLIMATE NORMAL PERIOD 1981 TO 2010
CLIMATE RECORD PERIOD 1948 TO 2017


WEATHER ITEM   OBSERVED TIME   RECORD YEAR NORMAL DEPARTURE LAST
                VALUE   (LST)  VALUE       VALUE  FROM      YEAR
                                                  NORMAL
..................................................................
TEMPERATURE (F)
 YESTERDAY
  MAXIMUM         53    436 PM  56    2011  31     22       27
                                      2008
  MINIMUM          8    442 AM -26    1958  10     -2        6
  AVERAGE         31                        20     11       17

PRECIPITATION (IN)
  YESTERDAY        0.00          0.67        0.07  -0.07      T
  MONTH TO DATE    1.47                      1.34   0.13     1.38
  SINCE DEC 1      5.83                      6.53  -0.70     6.33
  SINCE JAN 1      3.24                      3.79  -0.55     2.64

DEGREE DAYS
 HEATING
  YESTERDAY       34                        44    -10       48
  MONTH TO DATE  807                       832    -25      805
  SINCE DEC 1   3354                      3631   -277     3109
  SINCE JUL 1   4943                      5477   -534     4752

 COOLING
  YESTERDAY        0                         0      0        0
  MONTH TO DATE    0                         0      0        0
  SINCE DEC 1      0                         0      0        0
  SINCE JAN 1      0                         0      0        0
..................................................................


WIND (MPH)
  HIGHEST WIND SPEED    17   HIGHEST WIND DIRECTION    SW (240)
  HIGHEST GUST SPEED    27   HIGHEST GUST DIRECTION     W (260)
  AVERAGE WIND SPEED     5.3


SKY COVER
  AVERAGE SKY COVER 0.2


WEATHER CONDITIONS
 THE FOLLOWING WEATHER WAS RECORDED YESTERDAY.
  NO SIGNIFICANT WEATHER WAS OBSERVED.


RELATIVE HUMIDITY (PERCENT)
 HIGHEST    92           400 AM
 LOWEST     45           100 PM
 AVERAGE    69

..........................................................


THE MONTPELIER VT CLIMATE NORMALS FOR TODAY
                         NORMAL    RECORD    YEAR
 MAXIMUM TEMPERATURE (F)   31        61      1981
 MINIMUM TEMPERATURE (F)   10       -16      1979


SUNRISE AND SUNSET
FEBRUARY 19 2017......SUNRISE   643 AM EST   SUNSET   525 PM EST
FEBRUARY 20 2017......SUNRISE   642 AM EST   SUNSET   527 PM EST


-  INDICATES NEGATIVE NUMBERS.
R  INDICATES RECORD WAS SET OR TIED.
MM INDICATES DATA IS MISSING.
T  INDICATES TRACE AMOUNT.




$$
