000
CDUS41 KBTV 280541
CLIMPV


CLIMATE REPORT
NATIONAL WEATHER SERVICE BURLINGTON VT
140 AM EDT THU MAY 28 2015


...................................

...THE MONTPELIER VT CLIMATE SUMMARY FOR MAY 27 2015...

CLIMATE NORMAL PERIOD 1981 TO 2010
CLIMATE RECORD PERIOD 1948 TO 2015


WEATHER ITEM   OBSERVED TIME   RECORD YEAR NORMAL DEPARTURE LAST
                VALUE   (LST)  VALUE       VALUE  FROM      YEAR
                                                  NORMAL
..................................................................
TEMPERATURE (F)
 YESTERDAY
  MAXIMUM         85    108 PM  88    1960  69     16       75
  MINIMUM         63   1142 PM  27    1969  45     18       48
  AVERAGE         74                        57     17       62

PRECIPITATION (IN)
  YESTERDAY        0.16          1.91        0.11   0.05     0.18
  MONTH TO DATE    2.25                      2.90  -0.65     3.03
  SINCE MAR 1      5.15                      7.95  -2.80     8.18
  SINCE JAN 1      8.02                     12.44  -4.42    12.49

DEGREE DAYS
 HEATING
  YESTERDAY        0                         8     -8        3
  MONTH TO DATE  204                       325   -121      280
  SINCE MAR 1   2278                      2121    157     2459
  SINCE JUL 1   8616                      8029    587     8624

 COOLING
  YESTERDAY        9                         1      8        0
  MONTH TO DATE   24                         3     21        1
  SINCE MAR 1     24                         4     20        1
  SINCE JAN 1     24                         4     20        1
..................................................................


WIND (MPH)
  HIGHEST WIND SPEED    22   HIGHEST WIND DIRECTION     S (190)
  HIGHEST GUST SPEED    30   HIGHEST GUST DIRECTION     S (190)
  AVERAGE WIND SPEED     7.5


SKY COVER
  AVERAGE SKY COVER 0.4


WEATHER CONDITIONS
 THE FOLLOWING WEATHER WAS RECORDED YESTERDAY.
  THUNDERSTORM
  RAIN
  LIGHT RAIN
  FOG


RELATIVE HUMIDITY (PERCENT)
 HIGHEST    93          1100 PM
 LOWEST     51          1200 PM
 AVERAGE    72

..........................................................


THE MONTPELIER VT CLIMATE NORMALS FOR TODAY
                         NORMAL    RECORD    YEAR
 MAXIMUM TEMPERATURE (F)   69        88      1978
 MINIMUM TEMPERATURE (F)   46        32      2013


SUNRISE AND SUNSET
MAY 28 2015...........SUNRISE   512 AM EDT   SUNSET   823 PM EDT
MAY 29 2015...........SUNRISE   512 AM EDT   SUNSET   824 PM EDT


-  INDICATES NEGATIVE NUMBERS.
R  INDICATES RECORD WAS SET OR TIED.
MM INDICATES DATA IS MISSING.
T  INDICATES TRACE AMOUNT.




$$
