000
CDUS41 KBTV 010557
CLIMPV


CLIMATE REPORT
NATIONAL WEATHER SERVICE BURLINGTON VT
157 AM EDT WED OCT 1 2014


...................................

...THE MONTPELIER VT CLIMATE SUMMARY FOR SEPTEMBER 30 2014...

CLIMATE NORMAL PERIOD 1981 TO 2010
CLIMATE RECORD PERIOD 1948 TO 2014


WEATHER ITEM   OBSERVED TIME   RECORD YEAR NORMAL DEPARTURE LAST
                VALUE   (LST)  VALUE       VALUE  FROM      YEAR
                                                  NORMAL
..................................................................
TEMPERATURE (F)
 YESTERDAY
  MAXIMUM         62    328 PM  79    1948  63     -1       70
  MINIMUM         50   1056 PM  25    1951  41      9       39
  AVERAGE         56                        52      4       55

PRECIPITATION (IN)
  YESTERDAY        0.00          1.91        0.11  -0.11     0.00
  MONTH TO DATE    1.55                      3.12  -1.57     4.32
  SINCE SEP 1      1.55                      3.12  -1.57     4.32
  SINCE JAN 1     26.64                     27.92  -1.28    29.61

DEGREE DAYS
 HEATING
  YESTERDAY        9                        14     -5       10
  MONTH TO DATE  271                       247     24      287
  SINCE SEP 1    271                       247     24      287
  SINCE JUL 1    384                       355     29      380

 COOLING
  YESTERDAY        0                         0      0        0
  MONTH TO DATE   20                        19      1       29
  SINCE SEP 1     20                        19      1       29
  SINCE JAN 1    186                       263    -77      323
..................................................................


WIND (MPH)
  HIGHEST WIND SPEED    15   HIGHEST WIND DIRECTION     S (190)
  HIGHEST GUST SPEED    21   HIGHEST GUST DIRECTION     S (180)
  AVERAGE WIND SPEED     4.6


SKY COVER
  AVERAGE SKY COVER 0.8


WEATHER CONDITIONS
 THE FOLLOWING WEATHER WAS RECORDED YESTERDAY.
  FOG


RELATIVE HUMIDITY (PERCENT)
 HIGHEST   100          1100 PM
 LOWEST     78           100 PM
 AVERAGE    89

..........................................................


THE MONTPELIER VT CLIMATE NORMALS FOR TODAY
                         NORMAL    RECORD    YEAR
 MAXIMUM TEMPERATURE (F)   62        79      2002
                                             1950
 MINIMUM TEMPERATURE (F)   40        24      1993


SUNRISE AND SUNSET
OCTOBER  1 2014.......SUNRISE   648 AM EDT   SUNSET   631 PM EDT
OCTOBER  2 2014.......SUNRISE   649 AM EDT   SUNSET   629 PM EDT


-  INDICATES NEGATIVE NUMBERS.
R  INDICATES RECORD WAS SET OR TIED.
MM INDICATES DATA IS MISSING.
T  INDICATES TRACE AMOUNT.




$$
