000
CDUS41 KBTV 270540
CLIMPV


CLIMATE REPORT
NATIONAL WEATHER SERVICE BURLINGTON VT
140 AM EDT THU APR 27 2017


...................................

...THE MONTPELIER VT CLIMATE SUMMARY FOR APRIL 26 2017...

CLIMATE NORMAL PERIOD 1981 TO 2010
CLIMATE RECORD PERIOD 1948 TO 2017


WEATHER ITEM   OBSERVED TIME   RECORD YEAR NORMAL DEPARTURE LAST
                VALUE   (LST)  VALUE       VALUE  FROM      YEAR
                                                  NORMAL
..................................................................
TEMPERATURE (F)
 YESTERDAY
  MAXIMUM         60    426 PM  80    1990  59      1       39
  MINIMUM         45    608 AM  22    1967  35     10       27
  AVERAGE         53                        47      6       33

PRECIPITATION (IN)
  YESTERDAY        0.14          0.66        0.09   0.05     0.58
  MONTH TO DATE    3.21                      2.28   0.93     2.27
  SINCE MAR 1      5.81                      4.67   1.14     4.77
  SINCE JAN 1      9.73                      9.16   0.57     9.94

DEGREE DAYS
 HEATING
  YESTERDAY       12                        18     -6       32
  MONTH TO DATE  515                       609    -94      696
  SINCE MAR 1   1796                      1726     70     1659
  SINCE JUL 1   7017                      7634   -617     6813

 COOLING
  YESTERDAY        0                         0      0        0
  MONTH TO DATE    1                         0      1        0
  SINCE MAR 1      1                         0      1        0
  SINCE JAN 1      1                         0      1        0
..................................................................


WIND (MPH)
  HIGHEST WIND SPEED     8   HIGHEST WIND DIRECTION     S (180)
  HIGHEST GUST SPEED    10   HIGHEST GUST DIRECTION     S (180)
  AVERAGE WIND SPEED     1.0


SKY COVER
  AVERAGE SKY COVER 1.0


WEATHER CONDITIONS
 THE FOLLOWING WEATHER WAS RECORDED YESTERDAY.
  RAIN
  LIGHT RAIN
  FOG
  FOG W/VISIBILITY <= 1/4 MILE


RELATIVE HUMIDITY (PERCENT)
 HIGHEST   100          1200 AM
 LOWEST     87           400 PM
 AVERAGE    94

..........................................................


THE MONTPELIER VT CLIMATE NORMALS FOR TODAY
                         NORMAL    RECORD    YEAR
 MAXIMUM TEMPERATURE (F)   59        86      2009
                                             1962
 MINIMUM TEMPERATURE (F)   36        17      1966


SUNRISE AND SUNSET
APRIL 27 2017.........SUNRISE   547 AM EDT   SUNSET   749 PM EDT
APRIL 28 2017.........SUNRISE   546 AM EDT   SUNSET   751 PM EDT


-  INDICATES NEGATIVE NUMBERS.
R  INDICATES RECORD WAS SET OR TIED.
MM INDICATES DATA IS MISSING.
T  INDICATES TRACE AMOUNT.




$$
