000
CDUS41 KBTV 160532
CLIMPV


CLIMATE REPORT
NATIONAL WEATHER SERVICE BURLINGTON VT
1231 AM EST TUE JAN 16 2018


...................................

...THE MONTPELIER VT CLIMATE SUMMARY FOR JANUARY 15 2018...

CLIMATE NORMAL PERIOD 1981 TO 2010
CLIMATE RECORD PERIOD 1948 TO 2018


WEATHER ITEM   OBSERVED TIME   RECORD YEAR NORMAL DEPARTURE LAST
                VALUE   (LST)  VALUE       VALUE  FROM      YEAR
                                                  NORMAL
..................................................................
TEMPERATURE (F)
 YESTERDAY
  MAXIMUM         13    354 PM  58    1995  26    -13       22
  MINIMUM         -7    543 AM -33    1957   7    -14        7
  AVERAGE          3                        16    -13       15

PRECIPITATION (IN)
  YESTERDAY        0.00          0.68        0.07  -0.07      T
  MONTH TO DATE    1.88                      1.10   0.78     0.67
  SINCE DEC 1      4.15                      3.84   0.31     3.26
  SINCE JAN 1      1.88                      1.10   0.78     0.67

DEGREE DAYS
 HEATING
  YESTERDAY       62                        49     13       50
  MONTH TO DATE  805                       723     82      659
  SINCE DEC 1   2288                      2025    263     1954
  SINCE JUL 1   3922                      3871     51     3543

 COOLING
  YESTERDAY        0                         0      0        0
  MONTH TO DATE    0                         0      0        0
  SINCE DEC 1      0                         0      0        0
  SINCE JAN 1      0                         0      0        0
..................................................................


WIND (MPH)
  HIGHEST WIND SPEED     6   HIGHEST WIND DIRECTION     S (160)
  HIGHEST GUST SPEED     7   HIGHEST GUST DIRECTION    SE (150)
  AVERAGE WIND SPEED     0.7


SKY COVER
  AVERAGE SKY COVER 0.1


WEATHER CONDITIONS
 THE FOLLOWING WEATHER WAS RECORDED YESTERDAY.
  NO SIGNIFICANT WEATHER WAS OBSERVED.


RELATIVE HUMIDITY (PERCENT)
 HIGHEST   100           800 PM
 LOWEST     70           300 PM
 AVERAGE    85

..........................................................


THE MONTPELIER VT CLIMATE NORMALS FOR TODAY
                         NORMAL    RECORD    YEAR
 MAXIMUM TEMPERATURE (F)   26        64      1995
 MINIMUM TEMPERATURE (F)    7       -26      2009


SUNRISE AND SUNSET
JANUARY 16 2018.......SUNRISE   722 AM EST   SUNSET   439 PM EST
JANUARY 17 2018.......SUNRISE   721 AM EST   SUNSET   440 PM EST


-  INDICATES NEGATIVE NUMBERS.
R  INDICATES RECORD WAS SET OR TIED.
MM INDICATES DATA IS MISSING.
T  INDICATES TRACE AMOUNT.




$$
