000
CDUS41 KBTV 190612
CLIMPV


CLIMATE REPORT
NATIONAL WEATHER SERVICE BURLINGTON VT
210 AM EDT SAT AUG 19 2017


...................................

...THE MONTPELIER VT CLIMATE SUMMARY FOR AUGUST 18 2017...

CLIMATE NORMAL PERIOD 1981 TO 2010
CLIMATE RECORD PERIOD 1948 TO 2017


WEATHER ITEM   OBSERVED TIME   RECORD YEAR NORMAL DEPARTURE LAST
                VALUE   (LST)  VALUE       VALUE  FROM      YEAR
                                                  NORMAL
..................................................................
TEMPERATURE (F)
 YESTERDAY
  MAXIMUM         68    434 PM  89    2009  77     -9       79
  MINIMUM         57    318 AM  41    1968  54      3       56
  AVERAGE         63                        65     -2       68

PRECIPITATION (IN)
  YESTERDAY        0.79          1.54        0.14   0.65     0.01
  MONTH TO DATE    2.57                      2.62  -0.05     4.35
  SINCE JUN 1     15.89                     10.50   5.39    11.13
  SINCE JAN 1     31.09                     23.41   7.68    23.41

DEGREE DAYS
 HEATING
  YESTERDAY        2                         2      0        0
  MONTH TO DATE   28                        32     -4        5
  SINCE JUN 1    220                       193     27      169
  SINCE JUL 1     74                        72      2       37

 COOLING
  YESTERDAY        0                         2     -2        3
  MONTH TO DATE   31                        52    -21       76
  SINCE JUN 1    164                       210    -46      211
  SINCE JAN 1    181                       220    -39      240
..................................................................


WIND (MPH)
  HIGHEST WIND SPEED    14   HIGHEST WIND DIRECTION     S (170)
  HIGHEST GUST SPEED    19   HIGHEST GUST DIRECTION     S (180)
  AVERAGE WIND SPEED     3.4


SKY COVER
  AVERAGE SKY COVER 0.7


WEATHER CONDITIONS
 THE FOLLOWING WEATHER WAS RECORDED YESTERDAY.
  HEAVY RAIN
  RAIN
  LIGHT RAIN
  FOG


RELATIVE HUMIDITY (PERCENT)
 HIGHEST   100           100 AM
 LOWEST     93          1200 AM
 AVERAGE    97

..........................................................


THE MONTPELIER VT CLIMATE NORMALS FOR TODAY
                         NORMAL    RECORD    YEAR
 MAXIMUM TEMPERATURE (F)   77        87      2015
 MINIMUM TEMPERATURE (F)   54        38      1968


SUNRISE AND SUNSET
AUGUST 19 2017........SUNRISE   559 AM EDT   SUNSET   748 PM EDT
AUGUST 20 2017........SUNRISE   600 AM EDT   SUNSET   747 PM EDT


-  INDICATES NEGATIVE NUMBERS.
R  INDICATES RECORD WAS SET OR TIED.
MM INDICATES DATA IS MISSING.
T  INDICATES TRACE AMOUNT.




$$
