000
CDUS41 KBTV 260713
CLIMPV


CLIMATE REPORT
NATIONAL WEATHER SERVICE BURLINGTON VT
308 AM EDT SUN MAR 26 2017


...................................

...THE MONTPELIER VT CLIMATE SUMMARY FOR MARCH 25 2017...

CLIMATE NORMAL PERIOD 1981 TO 2010
CLIMATE RECORD PERIOD 1948 TO 2017


WEATHER ITEM   OBSERVED TIME   RECORD YEAR NORMAL DEPARTURE LAST
                VALUE   (LST)  VALUE       VALUE  FROM      YEAR
                                                  NORMAL
..................................................................
TEMPERATURE (F)
 YESTERDAY
  MAXIMUM         35    428 PM  64    1996  42     -7       39
  MINIMUM         17   1143 PM  -8    2014  23     -6       28
  AVERAGE         26                        32     -6       34

PRECIPITATION (IN)
  YESTERDAY        0.00          0.69        0.08  -0.08     0.22
  MONTH TO DATE    1.81                      1.90  -0.09     2.18
  SINCE MAR 1      1.81                      1.90  -0.09     2.18
  SINCE JAN 1      5.73                      6.39  -0.66     7.35

DEGREE DAYS
 HEATING
  YESTERDAY       39                        32      7       31
  MONTH TO DATE 1087                       932    155      816
  SINCE MAR 1   1087                       932    155      816
  SINCE JUL 1   6308                      6840   -532     5970

 COOLING
  YESTERDAY        0                         0      0        0
  MONTH TO DATE    0                         0      0        0
  SINCE MAR 1      0                         0      0        0
  SINCE JAN 1      0                         0      0        0
..................................................................


WIND (MPH)
  HIGHEST WIND SPEED    10   HIGHEST WIND DIRECTION    NW (310)
  HIGHEST GUST SPEED    15   HIGHEST GUST DIRECTION    NW (310)
  AVERAGE WIND SPEED     3.9


SKY COVER
  AVERAGE SKY COVER 0.7


WEATHER CONDITIONS
 THE FOLLOWING WEATHER WAS RECORDED YESTERDAY.
  FOG


RELATIVE HUMIDITY (PERCENT)
 HIGHEST   100           100 AM
 LOWEST     75           400 PM
 AVERAGE    88

..........................................................


THE MONTPELIER VT CLIMATE NORMALS FOR TODAY
                         NORMAL    RECORD    YEAR
 MAXIMUM TEMPERATURE (F)   43        65      1986
 MINIMUM TEMPERATURE (F)   23       -12      1960


SUNRISE AND SUNSET
MARCH 26 2017.........SUNRISE   642 AM EDT   SUNSET   710 PM EDT
MARCH 27 2017.........SUNRISE   640 AM EDT   SUNSET   712 PM EDT


-  INDICATES NEGATIVE NUMBERS.
R  INDICATES RECORD WAS SET OR TIED.
MM INDICATES DATA IS MISSING.
T  INDICATES TRACE AMOUNT.




$$
