000
CDUS41 KBTV 250611
CLIMPV


CLIMATE REPORT
NATIONAL WEATHER SERVICE BURLINGTON VT
209 AM EDT SUN JUN 25 2017


...................................

...THE MONTPELIER VT CLIMATE SUMMARY FOR JUNE 24 2017...

CLIMATE NORMAL PERIOD 1981 TO 2010
CLIMATE RECORD PERIOD 1948 TO 2017


WEATHER ITEM   OBSERVED TIME   RECORD YEAR NORMAL DEPARTURE LAST
                VALUE   (LST)  VALUE       VALUE  FROM      YEAR
                                                  NORMAL
..................................................................
TEMPERATURE (F)
 YESTERDAY
  MAXIMUM         77    359 PM  89    2003  77      0       75
                                      1995
  MINIMUM         62    938 PM  39    1988  54      8       43
  AVERAGE         70                        65      5       59

PRECIPITATION (IN)
  YESTERDAY        0.79          0.84        0.12   0.67     0.00
  MONTH TO DATE    5.92                      3.06   2.86     2.23
  SINCE JUN 1      5.92                      3.06   2.86     2.23
  SINCE JAN 1     21.12                     15.97   5.15    14.51

DEGREE DAYS
 HEATING
  YESTERDAY        0                         2     -2        6
  MONTH TO DATE  117                       108      9      132
  SINCE JUN 1    117                       108      9      132
  SINCE JUL 1   7576                      8168   -592     7394

 COOLING
  YESTERDAY        5                         2      3        0
  MONTH TO DATE   61                        37     24       13
  SINCE JUN 1     61                        37     24       13
  SINCE JAN 1     78                        47     31       42
..................................................................


WIND (MPH)
  HIGHEST WIND SPEED    17   HIGHEST WIND DIRECTION     W (290)
  HIGHEST GUST SPEED    26   HIGHEST GUST DIRECTION    NW (310)
  AVERAGE WIND SPEED     6.8


SKY COVER
  AVERAGE SKY COVER 0.5


WEATHER CONDITIONS
 THE FOLLOWING WEATHER WAS RECORDED YESTERDAY.
  HEAVY RAIN
  RAIN
  LIGHT RAIN
  FOG


RELATIVE HUMIDITY (PERCENT)
 HIGHEST   100           100 AM
 LOWEST     46           600 PM
 AVERAGE    73

..........................................................


THE MONTPELIER VT CLIMATE NORMALS FOR TODAY
                         NORMAL    RECORD    YEAR
 MAXIMUM TEMPERATURE (F)   77        93      1995
 MINIMUM TEMPERATURE (F)   54        36      1979


SUNRISE AND SUNSET
JUNE 25 2017..........SUNRISE   508 AM EDT   SUNSET   838 PM EDT
JUNE 26 2017..........SUNRISE   508 AM EDT   SUNSET   838 PM EDT


-  INDICATES NEGATIVE NUMBERS.
R  INDICATES RECORD WAS SET OR TIED.
MM INDICATES DATA IS MISSING.
T  INDICATES TRACE AMOUNT.




$$
