722
CDUS41 KBTV 090542
CLIMPV


CLIMATE REPORT
NATIONAL WEATHER SERVICE BURLINGTON VT
1240 AM EST TUE FEB 9 2016


...................................

...THE MONTPELIER VT CLIMATE SUMMARY FOR FEBRUARY 8 2016...

CLIMATE NORMAL PERIOD 1981 TO 2010
CLIMATE RECORD PERIOD 1948 TO 2016


WEATHER ITEM   OBSERVED TIME   RECORD YEAR NORMAL DEPARTURE LAST
                VALUE   (LST)  VALUE       VALUE  FROM      YEAR
                                                  NORMAL
..................................................................
TEMPERATURE (F)
 YESTERDAY
  MAXIMUM         26    447 PM  49    2009  29     -3       13
  MINIMUM         17   1159 PM -25    1967   8      9        5
  AVERAGE         22                        18      4        9

PRECIPITATION (IN)
  YESTERDAY        0.03          0.53        0.08  -0.05     0.33
  MONTH TO DATE    0.33                      0.62  -0.29     0.70
  SINCE DEC 1      5.28                      5.81  -0.53     6.05
  SINCE JAN 1      1.59                      3.07  -1.48     2.48

DEGREE DAYS
 HEATING
  YESTERDAY       43                        47     -4       56
  MONTH TO DATE  278                       378   -100      468
  SINCE DEC 1   2582                      3177   -595     3318
  SINCE JUL 1   4225                      5023   -798     5136

 COOLING
  YESTERDAY        0                         0      0        0
  MONTH TO DATE    0                         0      0        0
  SINCE DEC 1      0                         0      0        0
  SINCE JAN 1      0                         0      0        0
..................................................................


WIND (MPH)
  HIGHEST WIND SPEED    13   HIGHEST WIND DIRECTION    NE (50)
  HIGHEST GUST SPEED    15   HIGHEST GUST DIRECTION    NE (30)
  AVERAGE WIND SPEED     4.3


SKY COVER
  AVERAGE SKY COVER 0.4


WEATHER CONDITIONS
 THE FOLLOWING WEATHER WAS RECORDED YESTERDAY.
  LIGHT SNOW
  FOG


RELATIVE HUMIDITY (PERCENT)
 HIGHEST    92           300 AM
 LOWEST     26           300 PM
 AVERAGE    59

..........................................................


THE MONTPELIER VT CLIMATE NORMALS FOR TODAY
                         NORMAL    RECORD    YEAR
 MAXIMUM TEMPERATURE (F)   29        49      1990
 MINIMUM TEMPERATURE (F)    8       -18      1959


SUNRISE AND SUNSET
FEBRUARY  9 2016......SUNRISE   659 AM EST   SUNSET   511 PM EST
FEBRUARY 10 2016......SUNRISE   658 AM EST   SUNSET   512 PM EST


-  INDICATES NEGATIVE NUMBERS.
R  INDICATES RECORD WAS SET OR TIED.
MM INDICATES DATA IS MISSING.
T  INDICATES TRACE AMOUNT.




$$
