000
CDUS43 KMPX 300651
CLIMPX


CLIMATE REPORT
NATIONAL WEATHER SERVICE CHANHASSEN MN
150 AM CDT SAT MAY 30 2015


...................................

...THE CHANHASSEN MN CLIMATE SUMMARY FOR MAY 29 2015...

CLIMATE NORMAL PERIOD 1981 TO 2010
CLIMATE RECORD PERIOD 1995 TO 2015


WEATHER ITEM   OBSERVED TIME   RECORD YEAR NORMAL DEPARTURE LAST
                VALUE   (LST)  VALUE       VALUE  FROM      YEAR
                                                  NORMAL
..................................................................
TEMPERATURE (F)
 YESTERDAY
  MAXIMUM         69        MM  MM      MM  72     -3       83
  MINIMUM         52        MM  MM      MM  52      0       52
  AVERAGE         61                        62     -1       68

PRECIPITATION (IN)
  YESTERDAY        0.35         MM      MM   0.12   0.23     0.00
  MONTH TO DATE    4.96                      3.41   1.55     3.74
  SINCE MAR 1      7.96                      8.19  -0.23    11.48
  SINCE JAN 1      8.72                     10.00  -1.28    14.39

SNOWFALL (IN)
  YESTERDAY        0.0          MM      MM   0.0    0.0      0.0
  MONTH TO DATE    T                         0.3   -0.3       T
  SINCE MAR 1      9.3                      14.5   -5.2     14.2
  SINCE JUL 1     33.4                      54.2  -20.8     69.5
  SNOW DEPTH       0

DEGREE DAYS
 HEATING
  YESTERDAY        4                         5     -1        0
  MONTH TO DATE  232                       237     -5      282
  SINCE MAR 1   1708                      1841   -133     2258
  SINCE JUL 1   7966                      7856    110     9141

 COOLING
  YESTERDAY        0                         2     -2        3
  MONTH TO DATE    8                        25    -17       18
  SINCE MAR 1      8                        28    -20       18
  SINCE JAN 1      8                        28    -20       18
..................................................................


WIND (MPH)
  HIGHEST WIND SPEED    MM   HIGHEST WIND DIRECTION    MM
  HIGHEST GUST SPEED    MM   HIGHEST GUST DIRECTION    MM
  AVERAGE WIND SPEED    MM


SKY COVER
  POSSIBLE SUNSHINE  MM
  AVERAGE SKY COVER  MM


WEATHER CONDITIONS
 THE FOLLOWING WEATHER WAS RECORDED YESTERDAY.
  NO SIGNIFICANT WEATHER WAS OBSERVED.


RELATIVE HUMIDITY (PERCENT)
 HIGHEST    MM
 LOWEST     MM
 AVERAGE    MM

..........................................................


THE CHANHASSEN MN CLIMATE NORMALS FOR TODAY
                         NORMAL    RECORD    YEAR
 MAXIMUM TEMPERATURE (F)   73        MM        MM
 MINIMUM TEMPERATURE (F)   52        MM        MM


SUNRISE AND SUNSET
MAY 30 2015...........SUNRISE   533 AM CDT   SUNSET   851 PM CDT
MAY 31 2015...........SUNRISE   532 AM CDT   SUNSET   852 PM CDT


-  INDICATES NEGATIVE NUMBERS.
R  INDICATES RECORD WAS SET OR TIED.
MM INDICATES DATA IS MISSING.
T  INDICATES TRACE AMOUNT.




$$
