000
CDUS43 KMQT 222106
CLIMQT


CLIMATE REPORT
NATIONAL WEATHER SERVICE MARQUETTE MI
505 PM EDT SUN OCT 22 2017


...................................

...THE MARQUETTE MI CLIMATE SUMMARY FOR OCTOBER 22 2017...
VALID TODAY AS OF 0500 PM LOCAL TIME.

CLIMATE NORMAL PERIOD 1981 TO 2010
CLIMATE RECORD PERIOD 1961 TO 2017


WEATHER ITEM   OBSERVED RECORD YEAR NORMAL DEPARTURE LAST
                VALUE   VALUE       VALUE  FROM      YEAR
                                           NORMAL
...........................................................
TEMPERATURE (F)
 TODAY
  MAXIMUM         63     73    1973  49     14       52
  MINIMUM         46     21    2008  32     14       28
                               1969
  AVERAGE         55                 41     14       40

PRECIPITATION (IN)
  TODAY            0.08   2.13 1979   0.12  -0.04     0.00
  MONTH TO DATE    3.26               2.86   0.40     2.42
  SINCE SEP 1      6.51               6.58  -0.07     8.12
  SINCE JAN 1     33.84              28.95   4.89    35.89

SNOWFALL (IN)
  TODAY            0.0    5.5  2002   0.2   -0.2      0.0
  MONTH TO DATE    T                  3.2   -3.2       T
  SINCE SEP 1      T                  3.3   -3.3       T
  SINCE JUL 1      T                  3.3   -3.3       T
  SNOW DEPTH      MM

DEGREE DAYS
 HEATING
  TODAY           10                 24    -14       25
  MONTH TO DATE  266                443   -177      354
  SINCE SEP 1    482                740   -258      527
  SINCE JUL 1    747                925   -178      627

 COOLING
  TODAY            0                  0      0        0
  MONTH TO DATE    3                  0      3        0
  SINCE SEP 1     52                 21     31       10
  SINCE JAN 1    145                241    -96      246
...........................................................


WIND (MPH)
  HIGHEST WIND SPEED    MM   HIGHEST WIND DIRECTION    MM
  HIGHEST GUST SPEED    25   HIGHEST GUST DIRECTION     S (180)
  AVERAGE WIND SPEED    MM


SKY COVER
  POSSIBLE SUNSHINE  MM
  AVERAGE SKY COVER  MM


WEATHER CONDITIONS
 THE FOLLOWING WEATHER WAS RECORDED TODAY.
  RAIN
  LIGHT RAIN


RELATIVE HUMIDITY (PERCENT)
 HIGHEST    MM
 LOWEST     MM
 AVERAGE    MM

..........................................................


THE MARQUETTE MI CLIMATE NORMALS FOR TOMORROW
                         NORMAL    RECORD    YEAR
 MAXIMUM TEMPERATURE (F)   49        79      1963
 MINIMUM TEMPERATURE (F)   32         9      1969


SUNRISE AND SUNSET
OCTOBER 22 2017.......SUNRISE   818 AM EDT   SUNSET   651 PM EDT
OCTOBER 23 2017.......SUNRISE   819 AM EDT   SUNSET   649 PM EDT


-  INDICATES NEGATIVE NUMBERS.
R  INDICATES RECORD WAS SET OR TIED.
MM INDICATES DATA IS MISSING.
T  INDICATES TRACE AMOUNT.




$$
