000
CDUS43 KMQT 262110
CLIMQT


CLIMATE REPORT
NATIONAL WEATHER SERVICE MARQUETTE MI
508 PM EDT FRI AUG 26 2016


...................................

...THE MARQUETTE MI CLIMATE SUMMARY FOR AUGUST 26 2016...
VALID TODAY AS OF 0500 PM LOCAL TIME.

CLIMATE NORMAL PERIOD 1981 TO 2010
CLIMATE RECORD PERIOD 1961 TO 2016


WEATHER ITEM   OBSERVED RECORD YEAR NORMAL DEPARTURE LAST
                VALUE   VALUE       VALUE  FROM      YEAR
                                           NORMAL
...........................................................
TEMPERATURE (F)
 TODAY
  MAXIMUM         63     92    1991  73    -10       63
  MINIMUM         55     39    1968  52      3       44
                               1963
  AVERAGE         59                 62     -3       54

PRECIPITATION (IN)
  TODAY            0.17   0.81 2013   0.10   0.07      T
  MONTH TO DATE    4.45               2.55   1.90     2.70
  SINCE JUN 1     11.48               8.23   3.25     6.89
  SINCE JAN 1     27.69              21.87   5.82    18.21

SNOWFALL (IN)
  TODAY            0.0   MM      MM   0.0    0.0      0.0
  MONTH TO DATE    0.0                0.0    0.0      0.0
  SINCE JUN 1      T                  0.0    0.0      0.0
  SINCE JUL 1      T                  0.0    0.0      0.0
  SNOW DEPTH       0

DEGREE DAYS
 HEATING
  TODAY            6                  4      2       11
  MONTH TO DATE   30                 83    -53       91
  SINCE JUN 1    267                344    -77      361
  SINCE JUL 1     85                162    -77      159

 COOLING
  TODAY            0                  2     -2        0
  MONTH TO DATE   79                 56     23       61
  SINCE JUN 1    222                198     24      167
  SINCE JAN 1    233                210     23      169
...........................................................


WIND (MPH)
  HIGHEST WIND SPEED    MM   HIGHEST WIND DIRECTION    MM
  HIGHEST GUST SPEED    18   HIGHEST GUST DIRECTION     W (270)
  AVERAGE WIND SPEED    MM


SKY COVER
  POSSIBLE SUNSHINE  MM
  AVERAGE SKY COVER  MM


WEATHER CONDITIONS
 THE FOLLOWING WEATHER WAS RECORDED TODAY.
  LIGHT RAIN SHOWERS


RELATIVE HUMIDITY (PERCENT)
 HIGHEST    MM
 LOWEST     MM
 AVERAGE    MM

..........................................................


THE MARQUETTE MI CLIMATE NORMALS FOR TOMORROW
                         NORMAL    RECORD    YEAR
 MAXIMUM TEMPERATURE (F)   73        95      1973
 MINIMUM TEMPERATURE (F)   52        35      1968


SUNRISE AND SUNSET
AUGUST 26 2016........SUNRISE   703 AM EDT   SUNSET   840 PM EDT
AUGUST 27 2016........SUNRISE   704 AM EDT   SUNSET   838 PM EDT


-  INDICATES NEGATIVE NUMBERS.
R  INDICATES RECORD WAS SET OR TIED.
MM INDICATES DATA IS MISSING.
T  INDICATES TRACE AMOUNT.




$$
