000
CDUS41 KLWX 070523
CLIMRB


CLIMATE REPORT
NATIONAL WEATHER SERVICE BALTIMORE MD/WASHINGTON DC
1223 AM EST SUN FEB 7 2016


...................................

...THE MARTINSBURG WV CLIMATE SUMMARY FOR FEBRUARY 6 2016...

CLIMATE NORMAL PERIOD 1981 TO 2010
CLIMATE RECORD PERIOD 1926 TO 2016


WEATHER ITEM   OBSERVED TIME   RECORD YEAR NORMAL DEPARTURE LAST
                VALUE   (LST)  VALUE       VALUE  FROM      YEAR
                                                  NORMAL
..................................................................
TEMPERATURE (F)
 YESTERDAY
  MAXIMUM         44    123 PM  68    1965  41      3       42
  MINIMUM         19    410 AM  -1    1961  23     -4        9
  AVERAGE         32                        32      0       26

PRECIPITATION (IN)
  YESTERDAY        0.00          1.98 2004   0.08  -0.08     0.00
  MONTH TO DATE    0.78                      0.50   0.28     0.16
  SINCE DEC 1      4.80                      5.65  -0.85     4.99
  SINCE JAN 1      2.14                      2.94  -0.80     2.22

DEGREE DAYS
 HEATING
  YESTERDAY       33                        33      0       39
  MONTH TO DATE  164                       198    -34      203
  SINCE DEC 1   1848                      2211   -363     2082
  SINCE JUL 1   2706                      3281   -575     3041

 COOLING
  YESTERDAY        0                         0      0        0
  MONTH TO DATE    0                         0      0        0
  SINCE DEC 1      0                         0      0        0
  SINCE JAN 1      0                         0      0        0
..................................................................


WIND (MPH)
  HIGHEST WIND SPEED    13   HIGHEST WIND DIRECTION    SE (150)
  HIGHEST GUST SPEED    17   HIGHEST GUST DIRECTION     S (160)
  AVERAGE WIND SPEED     5.3


SKY COVER
  POSSIBLE SUNSHINE  MM
  AVERAGE SKY COVER 0.0


WEATHER CONDITIONS
 THE FOLLOWING WEATHER WAS RECORDED YESTERDAY.
  NO SIGNIFICANT WEATHER WAS OBSERVED.


RELATIVE HUMIDITY (PERCENT)
 HIGHEST    81           500 AM
 LOWEST     36           100 PM
 AVERAGE    59

..........................................................


THE MARTINSBURG WV CLIMATE NORMALS FOR TODAY
                         NORMAL    RECORD    YEAR
 MAXIMUM TEMPERATURE (F)   41        70      1938
 MINIMUM TEMPERATURE (F)   23        -3      1935


SUNRISE AND SUNSET
FEBRUARY  7 2016......SUNRISE   714 AM EST   SUNSET   539 PM EST
FEBRUARY  8 2016......SUNRISE   713 AM EST   SUNSET   540 PM EST


-  INDICATES NEGATIVE NUMBERS.
R  INDICATES RECORD WAS SET OR TIED.
MM INDICATES DATA IS MISSING.
T  INDICATES TRACE AMOUNT.




$$
