000
CDUS41 KLWX 230520
CLIMRB


CLIMATE REPORT
NATIONAL WEATHER SERVICE BALTIMORE MD/WASHINGTON DC
1219 AM EST SUN NOV 23 2014


...................................

...THE MARTINSBURG WV CLIMATE SUMMARY FOR NOVEMBER 22 2014...

CLIMATE NORMAL PERIOD 1981 TO 2010
CLIMATE RECORD PERIOD 1926 TO 2014


WEATHER ITEM   OBSERVED TIME   RECORD YEAR NORMAL DEPARTURE LAST
                VALUE   (LST)  VALUE       VALUE  FROM      YEAR
                                                  NORMAL
..................................................................
TEMPERATURE (F)
 YESTERDAY
  MAXIMUM         49    419 PM  74    1979  52     -3       59
  MINIMUM         13R   721 AM  15    1969  32    -19       39
  AVERAGE         31                        42    -11       49

PRECIPITATION (IN)
  YESTERDAY        0.00          1.15 1985   0.10  -0.10      T
  MONTH TO DATE    0.94                      2.26  -1.32     0.61
  SINCE SEP 1      6.67                      8.88  -2.21     7.33
  SINCE JAN 1     31.14                     35.12  -3.98    29.71

DEGREE DAYS
 HEATING
  YESTERDAY       34                        23     11       16
  MONTH TO DATE  502                       426     76      422
  SINCE SEP 1    787                       865    -78      815
  SINCE JUL 1    790                       872    -82      819

 COOLING
  YESTERDAY        0                         0      0        0
  MONTH TO DATE    0                         0      0        0
  SINCE SEP 1    130                       103     27      139
  SINCE JAN 1    958                       895     63     1057
..................................................................


WIND (MPH)
  HIGHEST WIND SPEED    12   HIGHEST WIND DIRECTION     S (160)
  HIGHEST GUST SPEED    14   HIGHEST GUST DIRECTION     S (160)
  AVERAGE WIND SPEED     2.1


SKY COVER
  POSSIBLE SUNSHINE  MM
  AVERAGE SKY COVER 0.2


WEATHER CONDITIONS
 THE FOLLOWING WEATHER WAS RECORDED YESTERDAY.
  HAZE


RELATIVE HUMIDITY (PERCENT)
 HIGHEST    76           700 AM
 LOWEST     21           200 PM
 AVERAGE    49

..........................................................


THE MARTINSBURG WV CLIMATE NORMALS FOR TODAY
                         NORMAL    RECORD    YEAR
 MAXIMUM TEMPERATURE (F)   51        80      1931
 MINIMUM TEMPERATURE (F)   32        12      1964


SUNRISE AND SUNSET
NOVEMBER 23 2014......SUNRISE   705 AM EST   SUNSET   452 PM EST
NOVEMBER 24 2014......SUNRISE   706 AM EST   SUNSET   451 PM EST


-  INDICATES NEGATIVE NUMBERS.
R  INDICATES RECORD WAS SET OR TIED.
MM INDICATES DATA IS MISSING.
T  INDICATES TRACE AMOUNT.




$$
