000
CDUS41 KLWX 260526
CLIMRB


CLIMATE REPORT
NATIONAL WEATHER SERVICE BALTIMORE MD/WASHINGTON DC
125 AM EDT WED JUL 26 2017


...................................

...THE MARTINSBURG WV CLIMATE SUMMARY FOR JULY 25 2017...

CLIMATE NORMAL PERIOD 1981 TO 2010
CLIMATE RECORD PERIOD 1926 TO 2017


WEATHER ITEM   OBSERVED TIME   RECORD YEAR NORMAL DEPARTURE LAST
                VALUE   (LST)  VALUE       VALUE  FROM      YEAR
                                                  NORMAL
..................................................................
TEMPERATURE (F)
 YESTERDAY
  MAXIMUM         78    335 PM 101    1933  86     -8       99
  MINIMUM         61   1159 PM  51    1957  64     -3       71
  AVERAGE         70                        75     -5       85

PRECIPITATION (IN)
  YESTERDAY        0.00          0.65 1992   0.12  -0.12     0.00
  MONTH TO DATE    4.14                      2.93   1.21     0.84
  SINCE JUN 1      5.25                      6.69  -1.44     2.94
  SINCE JAN 1     22.47                     22.42   0.05    14.53

DEGREE DAYS
 HEATING
  YESTERDAY        0                         0      0        0
  MONTH TO DATE    0                         0      0        0
  SINCE JUN 1     10                        24    -14        5
  SINCE JUL 1      0                         0      0        0

 COOLING
  YESTERDAY        5                        10     -5       20
  MONTH TO DATE  318                       246     72      313
  SINCE JUN 1    547                       429    118      529
  SINCE JAN 1    654                       486    168      602
..................................................................


WIND (MPH)
  HIGHEST WIND SPEED    16   HIGHEST WIND DIRECTION    NW (330)
  HIGHEST GUST SPEED    26   HIGHEST GUST DIRECTION     N (350)
  AVERAGE WIND SPEED     7.3


SKY COVER
  POSSIBLE SUNSHINE  MM
  AVERAGE SKY COVER 0.5


WEATHER CONDITIONS
 THE FOLLOWING WEATHER WAS RECORDED YESTERDAY.
  FOG


RELATIVE HUMIDITY (PERCENT)
 HIGHEST    93          1100 PM
 LOWEST     54           300 PM
 AVERAGE    74

..........................................................


THE MARTINSBURG WV CLIMATE NORMALS FOR TODAY
                         NORMAL    RECORD    YEAR
 MAXIMUM TEMPERATURE (F)   86       107      1934
 MINIMUM TEMPERATURE (F)   64        52      1976


SUNRISE AND SUNSET
JULY 26 2017..........SUNRISE   607 AM EDT   SUNSET   830 PM EDT
JULY 27 2017..........SUNRISE   607 AM EDT   SUNSET   829 PM EDT


-  INDICATES NEGATIVE NUMBERS.
R  INDICATES RECORD WAS SET OR TIED.
MM INDICATES DATA IS MISSING.
T  INDICATES TRACE AMOUNT.




$$
