000
CDUS41 KLWX 210521
CLIMRB


CLIMATE REPORT
NATIONAL WEATHER SERVICE BALTIMORE MD/WASHINGTON DC
121 AM EDT MON APR 21 2014


...................................

...THE MARTINSBURG WV CLIMATE SUMMARY FOR APRIL 20 2014...

CLIMATE NORMAL PERIOD 1981 TO 2010
CLIMATE RECORD PERIOD 1926 TO 2014


WEATHER ITEM   OBSERVED TIME   RECORD YEAR NORMAL DEPARTURE LAST
                VALUE   (LST)  VALUE       VALUE  FROM      YEAR
                                                  NORMAL
..................................................................
TEMPERATURE (F)
 YESTERDAY
  MAXIMUM         65    443 PM  91    1941  66     -1       58
  MINIMUM         44   1159 PM  26    1926  42      2       41
  AVERAGE         55                        54      1       50

PRECIPITATION (IN)
  YESTERDAY        0.00          1.75 2008   0.11  -0.11     0.00
  MONTH TO DATE    1.23                      2.20  -0.97     1.62
  SINCE MAR 1      3.35                      5.72  -2.37     3.84
  SINCE JAN 1      7.10                     10.50  -3.40     8.66

DEGREE DAYS
 HEATING
  YESTERDAY       10                        11     -1       15
  MONTH TO DATE  251                       286    -35      200
  SINCE MAR 1   1086                      1000     86      978
  SINCE JUL 1   5179                      4956    223     4613

 COOLING
  YESTERDAY        0                         0      0        0
  MONTH TO DATE    7                         0      7       31
  SINCE MAR 1      7                         1      6       31
  SINCE JAN 1      7                         1      6       31
..................................................................


WIND (MPH)
  HIGHEST WIND SPEED    13   HIGHEST WIND DIRECTION     E (100)
  HIGHEST GUST SPEED    19   HIGHEST GUST DIRECTION    SE (130)
  AVERAGE WIND SPEED     6.1


SKY COVER
  POSSIBLE SUNSHINE  MM
  AVERAGE SKY COVER 0.0


WEATHER CONDITIONS
 THE FOLLOWING WEATHER WAS RECORDED YESTERDAY.
  NO SIGNIFICANT WEATHER WAS OBSERVED.


RELATIVE HUMIDITY (PERCENT)
 HIGHEST    60          1100 PM
 LOWEST     28           500 PM
 AVERAGE    44

..........................................................


THE MARTINSBURG WV CLIMATE NORMALS FOR TODAY
                         NORMAL    RECORD    YEAR
 MAXIMUM TEMPERATURE (F)   66        96      1941
 MINIMUM TEMPERATURE (F)   42        27      1956


SUNRISE AND SUNSET
APRIL 21 2014.........SUNRISE   626 AM EDT   SUNSET   756 PM EDT
APRIL 22 2014.........SUNRISE   625 AM EDT   SUNSET   757 PM EDT


-  INDICATES NEGATIVE NUMBERS.
R  INDICATES RECORD WAS SET OR TIED.
MM INDICATES DATA IS MISSING.
T  INDICATES TRACE AMOUNT.




$$
