000
CDUS41 KLWX 010523
CLIMRB


CLIMATE REPORT
NATIONAL WEATHER SERVICE BALTIMORE MD/WASHINGTON DC
122 AM EDT TUE SEP 1 2015


...................................

...THE MARTINSBURG WV CLIMATE SUMMARY FOR AUGUST 31 2015...

CLIMATE NORMAL PERIOD 1981 TO 2010
CLIMATE RECORD PERIOD 1926 TO 2015


WEATHER ITEM   OBSERVED TIME   RECORD YEAR NORMAL DEPARTURE LAST
                VALUE   (LST)  VALUE       VALUE  FROM      YEAR
                                                  NORMAL
..................................................................
TEMPERATURE (F)
 YESTERDAY
  MAXIMUM         89    337 PM 100    1953  82      7       89
  MINIMUM         66   1137 PM  43    1934  59      7       68
  AVERAGE         78                        71      7       79

PRECIPITATION (IN)
  YESTERDAY        T             1.45 1975   0.10  -0.10      T
  MONTH TO DATE    1.36                      3.08  -1.72     2.23
  SINCE JUN 1      8.01                     10.51  -2.50     9.60
  SINCE JAN 1     18.95                     26.24  -7.29    24.47

DEGREE DAYS
 HEATING
  YESTERDAY        0                         0      0        0
  MONTH TO DATE    0                         0      0        0
  SINCE JUN 1     15                        31    -16        5
  SINCE JUL 1      0                         7     -7        3

 COOLING
  YESTERDAY       13                         6      7       14
  MONTH TO DATE  256                       249      7      210
  SINCE JUN 1    821                       735     86      747
  SINCE JAN 1    969                       792    177      828
..................................................................


WIND (MPH)
  HIGHEST WIND SPEED     9   HIGHEST WIND DIRECTION     N (20)
  HIGHEST GUST SPEED    12   HIGHEST GUST DIRECTION     N (20)
  AVERAGE WIND SPEED     2.7


SKY COVER
  POSSIBLE SUNSHINE  MM
  AVERAGE SKY COVER 0.3


WEATHER CONDITIONS
 THE FOLLOWING WEATHER WAS RECORDED YESTERDAY.
  NO SIGNIFICANT WEATHER WAS OBSERVED.


RELATIVE HUMIDITY (PERCENT)
 HIGHEST    84           400 AM
 LOWEST     46           300 PM
 AVERAGE    65

..........................................................


THE MARTINSBURG WV CLIMATE NORMALS FOR TODAY
                         NORMAL    RECORD    YEAR
 MAXIMUM TEMPERATURE (F)   82       103      1932
 MINIMUM TEMPERATURE (F)   59        44      2009
                                             1946


SUNRISE AND SUNSET
SEPTEMBER  1 2015.....SUNRISE   640 AM EDT   SUNSET   743 PM EDT
SEPTEMBER  2 2015.....SUNRISE   641 AM EDT   SUNSET   742 PM EDT


-  INDICATES NEGATIVE NUMBERS.
R  INDICATES RECORD WAS SET OR TIED.
MM INDICATES DATA IS MISSING.
T  INDICATES TRACE AMOUNT.




$$
