000
CDUS41 KLWX 300526
CLIMRB


CLIMATE REPORT
NATIONAL WEATHER SERVICE BALTIMORE MD/WASHINGTON DC
125 AM EDT TUE JUN 30 2015


...................................

...THE MARTINSBURG WV CLIMATE SUMMARY FOR JUNE 29 2015...

CLIMATE NORMAL PERIOD 1981 TO 2010
CLIMATE RECORD PERIOD 1926 TO 2015


WEATHER ITEM   OBSERVED TIME   RECORD YEAR NORMAL DEPARTURE LAST
                VALUE   (LST)  VALUE       VALUE  FROM      YEAR
                                                  NORMAL
..................................................................
TEMPERATURE (F)
 YESTERDAY
  MAXIMUM         81    239 PM 102    2012  85     -4       86
  MINIMUM         55    446 AM  51    1970  62     -7       64
  AVERAGE         68                        74     -6       75

PRECIPITATION (IN)
  YESTERDAY        0.00          0.84 1972   0.12  -0.12     0.00
  MONTH TO DATE    4.26                      3.64   0.62     2.66
  SINCE JUN 1      4.26                      3.64   0.62     2.66
  SINCE JAN 1     15.20                     19.37  -4.17    17.53

DEGREE DAYS
 HEATING
  YESTERDAY        0                         0      0        0
  MONTH TO DATE   15                        22     -7        2
  SINCE JUN 1     15                        22     -7        2
  SINCE JUL 1   5030                      5247   -217     5388

 COOLING
  YESTERDAY        3                         9     -6       10
  MONTH TO DATE  239                       174     65      223
  SINCE JUN 1    239                       174     65      223
  SINCE JAN 1    387                       231    156      304
..................................................................


WIND (MPH)
  HIGHEST WIND SPEED    13   HIGHEST WIND DIRECTION    SE (140)
  HIGHEST GUST SPEED    18   HIGHEST GUST DIRECTION     W (270)
  AVERAGE WIND SPEED     4.7


SKY COVER
  POSSIBLE SUNSHINE  MM
  AVERAGE SKY COVER 0.1


WEATHER CONDITIONS
 THE FOLLOWING WEATHER WAS RECORDED YESTERDAY.
  NO SIGNIFICANT WEATHER WAS OBSERVED.


RELATIVE HUMIDITY (PERCENT)
 HIGHEST    81          1100 PM
 LOWEST     36           300 PM
 AVERAGE    59

..........................................................


THE MARTINSBURG WV CLIMATE NORMALS FOR TODAY
                         NORMAL    RECORD    YEAR
 MAXIMUM TEMPERATURE (F)   85       106      1934
 MINIMUM TEMPERATURE (F)   63        49      1929


SUNRISE AND SUNSET
JUNE 30 2015..........SUNRISE   548 AM EDT   SUNSET   843 PM EDT
JULY  1 2015..........SUNRISE   549 AM EDT   SUNSET   843 PM EDT


-  INDICATES NEGATIVE NUMBERS.
R  INDICATES RECORD WAS SET OR TIED.
MM INDICATES DATA IS MISSING.
T  INDICATES TRACE AMOUNT.




$$
