000
CDUS41 KLWX 010523
CLIMRB


CLIMATE REPORT
NATIONAL WEATHER SERVICE BALTIMORE MD/WASHINGTON DC
123 AM EDT SUN MAY 1 2016


...................................

...THE MARTINSBURG WV CLIMATE SUMMARY FOR APRIL 30 2016...

CLIMATE NORMAL PERIOD 1981 TO 2010
CLIMATE RECORD PERIOD 1926 TO 2016


WEATHER ITEM   OBSERVED TIME   RECORD YEAR NORMAL DEPARTURE LAST
                VALUE   (LST)  VALUE       VALUE  FROM      YEAR
                                                  NORMAL
..................................................................
TEMPERATURE (F)
 YESTERDAY
  MAXIMUM         53    619 PM  91    1974  69    -16       72
  MINIMUM         50   1043 PM  30    1944  45      5       45
  AVERAGE         52                        57     -5       59

PRECIPITATION (IN)
  YESTERDAY        0.08          0.57 2014   0.11  -0.03     0.56
  MONTH TO DATE    1.09                      3.34  -2.25     3.32
  SINCE MAR 1      2.84                      6.86  -4.02     5.62
  SINCE JAN 1      6.93                     11.64  -4.71     7.91

DEGREE DAYS
 HEATING
  YESTERDAY       13                         9      4        6
  MONTH TO DATE  383                       385     -2      285
  SINCE MAR 1    876                      1101   -225     1027
  SINCE JUL 1   4291                      5057   -766     4950

 COOLING
  YESTERDAY        0                         0      0        0
  MONTH TO DATE   10                         8      2        1
  SINCE MAR 1     12                         9      3        1
  SINCE JAN 1     12                         9      3        1
..................................................................


WIND (MPH)
  HIGHEST WIND SPEED     9   HIGHEST WIND DIRECTION    SE (140)
  HIGHEST GUST SPEED    13   HIGHEST GUST DIRECTION    SE (150)
  AVERAGE WIND SPEED     3.6


SKY COVER
  POSSIBLE SUNSHINE  MM
  AVERAGE SKY COVER 1.0


WEATHER CONDITIONS
 THE FOLLOWING WEATHER WAS RECORDED YESTERDAY.
  LIGHT RAIN
  FOG
  HAZE


RELATIVE HUMIDITY (PERCENT)
 HIGHEST    96          1200 PM
 LOWEST     77           300 PM
 AVERAGE    87

..........................................................


THE MARTINSBURG WV CLIMATE NORMALS FOR TODAY
                         NORMAL    RECORD    YEAR
 MAXIMUM TEMPERATURE (F)   69        94      1942
 MINIMUM TEMPERATURE (F)   45        30      1945


SUNRISE AND SUNSET
MAY  1 2016...........SUNRISE   613 AM EDT   SUNSET   806 PM EDT
MAY  2 2016...........SUNRISE   611 AM EDT   SUNSET   807 PM EDT


-  INDICATES NEGATIVE NUMBERS.
R  INDICATES RECORD WAS SET OR TIED.
MM INDICATES DATA IS MISSING.
T  INDICATES TRACE AMOUNT.




$$
