000
CDUS41 KLWX 020545
CLIMRB


CLIMATE REPORT
NATIONAL WEATHER SERVICE BALTIMORE MD/WASHINGTON DC
1244 AM EST MON MAR 2 2015


...................................

...THE MARTINSBURG WV CLIMATE SUMMARY FOR MARCH 1 2015...

CLIMATE NORMAL PERIOD 1981 TO 2010
CLIMATE RECORD PERIOD 1926 TO 2015


WEATHER ITEM   OBSERVED TIME   RECORD YEAR NORMAL DEPARTURE LAST
                VALUE   (LST)  VALUE       VALUE  FROM      YEAR
                                                  NORMAL
..................................................................
TEMPERATURE (F)
 YESTERDAY
  MAXIMUM         32   1159 PM  79    1972  47    -15       43
  MINIMUM         19   1249 AM   4    1934  27     -8       15
  AVERAGE         26                        37    -11       29

PRECIPITATION (IN)
  YESTERDAY        0.13          1.34 1954   0.09   0.04     0.00
  MONTH TO DATE    0.13                      0.09   0.04     0.00
  SINCE MAR 1      0.13                      0.09   0.04     0.00
  SINCE JAN 1      2.42                      4.87  -2.45     3.75

DEGREE DAYS
 HEATING
  YESTERDAY       39                        28     11       36
  MONTH TO DATE   39                        28     11       36
  SINCE MAR 1     39                        28     11       36
  SINCE JUL 1   3962                      3984    -22     4129

 COOLING
  YESTERDAY        0                         0      0        0
  MONTH TO DATE    0                         0      0        0
  SINCE MAR 1      0                         0      0        0
  SINCE JAN 1      0                         0      0        0
..................................................................


WIND (MPH)
  HIGHEST WIND SPEED     9   HIGHEST WIND DIRECTION     S (170)
  HIGHEST GUST SPEED    13   HIGHEST GUST DIRECTION    SE (150)
  AVERAGE WIND SPEED     2.4


SKY COVER
  POSSIBLE SUNSHINE  MM
  AVERAGE SKY COVER 0.9


WEATHER CONDITIONS
 THE FOLLOWING WEATHER WAS RECORDED YESTERDAY.
  LT FREEZING RAIN
  SNOW
  LIGHT SNOW
  FOG
  HAZE


RELATIVE HUMIDITY (PERCENT)
 HIGHEST    85           200 PM
 LOWEST     50           300 AM
 AVERAGE    68

..........................................................


THE MARTINSBURG WV CLIMATE NORMALS FOR TODAY
                         NORMAL    RECORD    YEAR
 MAXIMUM TEMPERATURE (F)   47        75      1992
 MINIMUM TEMPERATURE (F)   27        10      1980


SUNRISE AND SUNSET
MARCH  2 2015.........SUNRISE   644 AM EST   SUNSET   605 PM EST
MARCH  3 2015.........SUNRISE   642 AM EST   SUNSET   606 PM EST


-  INDICATES NEGATIVE NUMBERS.
R  INDICATES RECORD WAS SET OR TIED.
MM INDICATES DATA IS MISSING.
T  INDICATES TRACE AMOUNT.




$$
