000
CDUS44 KHUN 262128
CLIMSL


CLIMATE REPORT
NATIONAL WEATHER SERVICE HUNTSVILLE AL
428 PM CDT THU MAR 26 2015


...................................

...THE MUSCLE SHOALS CLIMATE SUMMARY FOR MARCH 26 2015...
VALID TODAY AS OF 0400 PM LOCAL TIME.

CLIMATE NORMAL PERIOD 1981 TO 2010
CLIMATE RECORD PERIOD 1893 TO 2015


WEATHER ITEM   OBSERVED TIME   RECORD YEAR NORMAL DEPARTURE LAST
                VALUE   (LST)  VALUE       VALUE  FROM      YEAR
                                                  NORMAL
..................................................................
TEMPERATURE (F)
 TODAY
  MAXIMUM         72    125 PM  87    2007  68      4       53
                                      1908
  MINIMUM         58    317 PM  17    1955  44     14       26
  AVERAGE         65                        56      9       40

PRECIPITATION (IN)
  TODAY            0.00          2.36 2011   0.15  -0.15     0.00
  MONTH TO DATE    4.88                      3.99   0.89     1.88
  SINCE MAR 1      4.88                      3.99   0.89     1.88
  SINCE JAN 1     12.16                     13.26  -1.10     7.57

SNOWFALL (IN)
  TODAY            0.0
  MONTH TO DATE    0.7
  SINCE MAR 1      0.7
  SINCE JUL 1      4.2
  SNOW DEPTH       0

DEGREE DAYS
 HEATING
  TODAY            0                        10    -10       25
  MONTH TO DATE  266                       333    -67      403
  SINCE MAR 1    266                       333    -67      403
  SINCE JUL 1   3037                      2868    169     3174

 COOLING
  TODAY            0                         1     -1        0
  MONTH TO DATE    2                         3     -1        0
  SINCE MAR 1      2                         3     -1        0
  SINCE JAN 1      2                         4     -2        0
..................................................................


WIND (MPH)
  HIGHEST WIND SPEED    21   HIGHEST WIND DIRECTION    NW (320)
  HIGHEST GUST SPEED    27   HIGHEST GUST DIRECTION    NW (310)
  AVERAGE WIND SPEED     8.6


SKY COVER
  POSSIBLE SUNSHINE  MM
  AVERAGE SKY COVER 0.6


WEATHER CONDITIONS
 THE FOLLOWING WEATHER WAS RECORDED TODAY.
  NO SIGNIFICANT WEATHER WAS OBSERVED.


RELATIVE HUMIDITY (PERCENT)
 HIGHEST    84           600 AM
 LOWEST     61          1100 AM
 AVERAGE    73

..........................................................


THE MUSCLE SHOALS CLIMATE NORMALS FOR TOMORROW
                         NORMAL    RECORD    YEAR
 MAXIMUM TEMPERATURE (F)   68        87      1910
 MINIMUM TEMPERATURE (F)   44        17      1955


SUNRISE AND SUNSET
MARCH 26 2015.........SUNRISE   646 AM CDT   SUNSET   707 PM CDT
MARCH 27 2015.........SUNRISE   645 AM CDT   SUNSET   708 PM CDT


-  INDICATES NEGATIVE NUMBERS.
R  INDICATES RECORD WAS SET OR TIED.
MM INDICATES DATA IS MISSING.
T  INDICATES TRACE AMOUNT.


$$
