000
CDUS44 KHUN 280721
CLIMSL


CLIMATE REPORT
NATIONAL WEATHER SERVICE HUNTSVILLE AL
221 AM CDT THU AUG 28 2014


...................................

...THE MUSCLE SHOALS CLIMATE SUMMARY FOR AUGUST 27 2014...

CLIMATE NORMAL PERIOD 1981 TO 2010
CLIMATE RECORD PERIOD 1893 TO 2014


WEATHER ITEM   OBSERVED TIME   RECORD YEAR NORMAL DEPARTURE LAST
                VALUE   (LST)  VALUE       VALUE  FROM      YEAR
                                                  NORMAL
..................................................................
TEMPERATURE (F)
 YESTERDAY
  MAXIMUM         92    425 PM 105    1943  90      2       90
  MINIMUM         63    506 AM  52    1927  68     -5       62
                                      1917
  AVERAGE         78                        79     -1       76

PRECIPITATION (IN)
  YESTERDAY        0.00          2.15 1932   0.10  -0.10     0.00
  MONTH TO DATE    3.62                      2.75   0.87     5.70
  SINCE JUN 1     16.11                     11.81   4.30    17.98
  SINCE JAN 1     32.90                     35.31  -2.41    42.89

SNOWFALL (IN)
  YESTERDAY        0.0
  MONTH TO DATE    0.0
  SINCE JUN 1      0.0
  SINCE JUL 1      0.0
  SNOW DEPTH       0

DEGREE DAYS
 HEATING
  YESTERDAY        0                         0      0        0
  MONTH TO DATE    0                         0      0        0
  SINCE JUN 1      0                         1     -1        0
  SINCE JUL 1      0                         0      0        0

 COOLING
  YESTERDAY       13                        14     -1       11
  MONTH TO DATE  371                       407    -36      349
  SINCE JUN 1   1139                      1246   -107     1175
  SINCE JAN 1   1396                      1490    -94     1415
..................................................................


WIND (MPH)
  HIGHEST WIND SPEED     8   HIGHEST WIND DIRECTION    NE (60)
  HIGHEST GUST SPEED    13   HIGHEST GUST DIRECTION     N (20)
  AVERAGE WIND SPEED     1.6


SKY COVER
  POSSIBLE SUNSHINE  MM
  AVERAGE SKY COVER 0.3


WEATHER CONDITIONS
 THE FOLLOWING WEATHER WAS RECORDED YESTERDAY.
  FOG
  FOG W/VISIBILITY <= 1/4 MILE


RELATIVE HUMIDITY (PERCENT)
 HIGHEST    93           100 AM
 LOWEST     38           300 PM
 AVERAGE    66

..........................................................


THE MUSCLE SHOALS CLIMATE NORMALS FOR TODAY
                         NORMAL    RECORD    YEAR
 MAXIMUM TEMPERATURE (F)   90       104      1909
 MINIMUM TEMPERATURE (F)   67        54      1967
                                             1927
                                             1917


SUNRISE AND SUNSET
AUGUST 28 2014........SUNRISE   620 AM CDT   SUNSET   722 PM CDT
AUGUST 29 2014........SUNRISE   621 AM CDT   SUNSET   721 PM CDT


-  INDICATES NEGATIVE NUMBERS.
R  INDICATES RECORD WAS SET OR TIED.
MM INDICATES DATA IS MISSING.
T  INDICATES TRACE AMOUNT.


$$
