000
CDUS44 KHUN 290702
CLIMSL


CLIMATE REPORT
NATIONAL WEATHER SERVICE HUNTSVILLE AL
202 AM CDT MON MAY 29 2017


...................................

...THE MUSCLE SHOALS CLIMATE SUMMARY FOR MAY 28 2017...

CLIMATE NORMAL PERIOD 1981 TO 2010
CLIMATE RECORD PERIOD 1893 TO 2017


WEATHER ITEM   OBSERVED TIME   RECORD YEAR NORMAL DEPARTURE LAST
                VALUE   (LST)  VALUE       VALUE  FROM      YEAR
                                                  NORMAL
..................................................................
TEMPERATURE (F)
 YESTERDAY
  MAXIMUM         87    310 PM  97    1962  84      3       88
  MINIMUM         64   1241 AM  39    1961  62      2       67
  AVERAGE         76                        73      3       78

PRECIPITATION (IN)
  YESTERDAY        1.21          2.53 1893   0.17   1.04     0.00
  MONTH TO DATE    4.59                      4.61  -0.02     1.16
  SINCE MAR 1     13.36                     13.72  -0.36     9.35
  SINCE JAN 1     20.60                     22.99  -2.39    16.48

SNOWFALL (IN)
  YESTERDAY        0.0
  MONTH TO DATE    0.0
  SINCE MAR 1      T
  SINCE JUL 1      T
  SNOW DEPTH       0

DEGREE DAYS
 HEATING
  YESTERDAY        0                         0      0        0
  MONTH TO DATE   34                        29      5       26
  SINCE MAR 1    414                       567   -153      359
  SINCE JUL 1   2094                      3102  -1008     2360

 COOLING
  YESTERDAY       11                         8      3       13
  MONTH TO DATE  153                       154     -1      142
  SINCE MAR 1    293                       218     75      226
  SINCE JAN 1    301                       219     82      226
..................................................................


WIND (MPH)
  HIGHEST WIND SPEED    24   HIGHEST WIND DIRECTION    NW (330)
  HIGHEST GUST SPEED    35   HIGHEST GUST DIRECTION    NW (310)
  AVERAGE WIND SPEED     8.0


SKY COVER
  POSSIBLE SUNSHINE  MM
  AVERAGE SKY COVER 0.3


WEATHER CONDITIONS
 THE FOLLOWING WEATHER WAS RECORDED YESTERDAY.
  THUNDERSTORM
  HEAVY RAIN
  RAIN
  LIGHT RAIN
  FOG


RELATIVE HUMIDITY (PERCENT)
 HIGHEST    93           300 AM
 LOWEST     45           300 PM
 AVERAGE    69

..........................................................


THE MUSCLE SHOALS CLIMATE NORMALS FOR TODAY
                         NORMAL    RECORD    YEAR
 MAXIMUM TEMPERATURE (F)   84        99      1941
 MINIMUM TEMPERATURE (F)   62        34      1893


SUNRISE AND SUNSET
MAY 29 2017...........SUNRISE   539 AM CDT   SUNSET   757 PM CDT
MAY 30 2017...........SUNRISE   539 AM CDT   SUNSET   757 PM CDT


-  INDICATES NEGATIVE NUMBERS.
R  INDICATES RECORD WAS SET OR TIED.
MM INDICATES DATA IS MISSING.
T  INDICATES TRACE AMOUNT.




$$
