700
CDUS44 KHUN 200717
CLIMSL


CLIMATE REPORT
NATIONAL WEATHER SERVICE HUNTSVILLE AL
217 AM CDT THU JUL 20 2017


...................................

...THE MUSCLE SHOALS CLIMATE SUMMARY FOR JULY 19 2017...

CLIMATE NORMAL PERIOD 1981 TO 2010
CLIMATE RECORD PERIOD 1893 TO 2017


WEATHER ITEM   OBSERVED TIME   RECORD YEAR NORMAL DEPARTURE LAST
                VALUE   (LST)  VALUE       VALUE  FROM      YEAR
                                                  NORMAL
..................................................................
TEMPERATURE (F)
 YESTERDAY
  MAXIMUM         98    300 PM 102    1980  91      7       96
  MINIMUM         71    437 AM  57    2009  70      1       73
  AVERAGE         85                        81      4       85

PRECIPITATION (IN)
  YESTERDAY        0.00          2.05 1956   0.14  -0.14     0.00
                                      1906
  MONTH TO DATE    3.07                      2.82   0.25     2.63
  SINCE JUN 1      5.69                      7.58  -1.89     7.32
  SINCE JAN 1     26.66                     31.08  -4.42    23.80

SNOWFALL (IN)
  YESTERDAY        0.0
  MONTH TO DATE    0.0
  SINCE JUN 1      0.0
  SINCE JUL 1      0.0
  SNOW DEPTH       0

DEGREE DAYS
 HEATING
  YESTERDAY        0                         0      0        0
  MONTH TO DATE    0                         0      0        0
  SINCE JUN 1      0                         1     -1        0
  SINCE JUL 1      0                         0      0        0

 COOLING
  YESTERDAY       20                        16      4       20
  MONTH TO DATE  324                       290     34      341
  SINCE JUN 1    673                       652     21      793
  SINCE JAN 1   1002                       896    106     1060
..................................................................


WIND (MPH)
  HIGHEST WIND SPEED    10   HIGHEST WIND DIRECTION    NW (310)
  HIGHEST GUST SPEED    13   HIGHEST GUST DIRECTION    NW (310)
  AVERAGE WIND SPEED     2.1


SKY COVER
  POSSIBLE SUNSHINE  MM
  AVERAGE SKY COVER 0.1


WEATHER CONDITIONS
 THE FOLLOWING WEATHER WAS RECORDED YESTERDAY.
  NO SIGNIFICANT WEATHER WAS OBSERVED.


RELATIVE HUMIDITY (PERCENT)
 HIGHEST    93           200 AM
 LOWEST     35           300 PM
 AVERAGE    64

..........................................................


THE MUSCLE SHOALS CLIMATE NORMALS FOR TODAY
                         NORMAL    RECORD    YEAR
 MAXIMUM TEMPERATURE (F)   91       101      2008
                                             2006
 MINIMUM TEMPERATURE (F)   70        56      2009


SUNRISE AND SUNSET
JULY 20 2017..........SUNRISE   552 AM CDT   SUNSET   801 PM CDT
JULY 21 2017..........SUNRISE   553 AM CDT   SUNSET   801 PM CDT


-  INDICATES NEGATIVE NUMBERS.
R  INDICATES RECORD WAS SET OR TIED.
MM INDICATES DATA IS MISSING.
T  INDICATES TRACE AMOUNT.




$$
