000
CDUS44 KHUN 270705
CLIMSL


CLIMATE REPORT
NATIONAL WEATHER SERVICE HUNTSVILLE AL
204 AM CDT MON MAR 27 2017


...................................

...THE MUSCLE SHOALS CLIMATE SUMMARY FOR MARCH 26 2017...

CLIMATE NORMAL PERIOD 1981 TO 2010
CLIMATE RECORD PERIOD 1893 TO 2017


WEATHER ITEM   OBSERVED TIME   RECORD YEAR NORMAL DEPARTURE LAST
                VALUE   (LST)  VALUE       VALUE  FROM      YEAR
                                                  NORMAL
..................................................................
TEMPERATURE (F)
 YESTERDAY
  MAXIMUM         76    347 PM  87    2007  68      8       77
                                      1908
  MINIMUM         58    231 AM  17    1955  44     14       37
  AVERAGE         67                        56     11       57

PRECIPITATION (IN)
  YESTERDAY        T             2.36 2011   0.15  -0.15     0.00
  MONTH TO DATE    3.50                      3.99  -0.49     2.66
  SINCE MAR 1      3.50                      3.99  -0.49     2.66
  SINCE JAN 1     10.74                     13.26  -2.52     9.79

SNOWFALL (IN)
  YESTERDAY        0.0
  MONTH TO DATE    T
  SINCE MAR 1      T
  SINCE JUL 1      T
  SNOW DEPTH       0

DEGREE DAYS
 HEATING
  YESTERDAY        0                        10    -10        8
  MONTH TO DATE  315                       333    -18      214
  SINCE MAR 1    315                       333    -18      214
  SINCE JUL 1   1995                      2868   -873     2215

 COOLING
  YESTERDAY        2                         1      1        0
  MONTH TO DATE   13                         3     10       21
  SINCE MAR 1     13                         3     10       21
  SINCE JAN 1     21                         4     17       21
..................................................................


WIND (MPH)
  HIGHEST WIND SPEED    17   HIGHEST WIND DIRECTION    SW (210)
  HIGHEST GUST SPEED    23   HIGHEST GUST DIRECTION    SW (210)
  AVERAGE WIND SPEED     7.7


SKY COVER
  POSSIBLE SUNSHINE  MM
  AVERAGE SKY COVER 0.6


WEATHER CONDITIONS
 THE FOLLOWING WEATHER WAS RECORDED YESTERDAY.
  LIGHT RAIN
  FOG


RELATIVE HUMIDITY (PERCENT)
 HIGHEST    93           100 AM
 LOWEST     46           300 PM
 AVERAGE    70

..........................................................


THE MUSCLE SHOALS CLIMATE NORMALS FOR TODAY
                         NORMAL    RECORD    YEAR
 MAXIMUM TEMPERATURE (F)   68        87      1910
 MINIMUM TEMPERATURE (F)   44        17      1955


SUNRISE AND SUNSET
MARCH 27 2017.........SUNRISE   644 AM CDT   SUNSET   708 PM CDT
MARCH 28 2017.........SUNRISE   643 AM CDT   SUNSET   709 PM CDT


-  INDICATES NEGATIVE NUMBERS.
R  INDICATES RECORD WAS SET OR TIED.
MM INDICATES DATA IS MISSING.
T  INDICATES TRACE AMOUNT.




$$
