000
CDUS44 KHUN 300806
CLIMSL


CLIMATE REPORT
NATIONAL WEATHER SERVICE HUNTSVILLE AL
206 AM CST FRI JAN 30 2015


...................................

...THE MUSCLE SHOALS CLIMATE SUMMARY FOR JANUARY 29 2015...

CLIMATE NORMAL PERIOD 1981 TO 2010
CLIMATE RECORD PERIOD 1893 TO 2015


WEATHER ITEM   OBSERVED TIME   RECORD YEAR NORMAL DEPARTURE LAST
                VALUE   (LST)  VALUE       VALUE  FROM      YEAR
                                                  NORMAL
..................................................................
TEMPERATURE (F)
 YESTERDAY
  MAXIMUM         66    242 PM  76    1903  52     14       32
  MINIMUM         38   1221 AM  -3    1966  32      6        5
  AVERAGE         52                        42     10       19

PRECIPITATION (IN)
  YESTERDAY        0.01          1.98 1912   0.16  -0.15     0.00
  MONTH TO DATE    4.17                      4.29  -0.12     1.70
  SINCE DEC 1      9.30                      9.97  -0.67     6.47
  SINCE JAN 1      4.17                      4.29  -0.12     1.70

SNOWFALL (IN)
  YESTERDAY        0.0
  MONTH TO DATE    T
  SINCE DEC 1      T
  SINCE JUL 1      T
  SNOW DEPTH       0

DEGREE DAYS
 HEATING
  YESTERDAY       13                        23    -10       46
  MONTH TO DATE  712                       693     19      855
  SINCE DEC 1   1276                      1367    -91     1497
  SINCE JUL 1   1928                      1929     -1     2114

 COOLING
  YESTERDAY        0                         0      0        0
  MONTH TO DATE    0                         0      0        0
  SINCE DEC 1      0                         1     -1        8
  SINCE JAN 1      0                         0      0        0
..................................................................


WIND (MPH)
  HIGHEST WIND SPEED    22   HIGHEST WIND DIRECTION    NW (320)
  HIGHEST GUST SPEED    32   HIGHEST GUST DIRECTION    NW (320)
  AVERAGE WIND SPEED    11.9


SKY COVER
  POSSIBLE SUNSHINE  MM
  AVERAGE SKY COVER 0.5


WEATHER CONDITIONS
 THE FOLLOWING WEATHER WAS RECORDED YESTERDAY.
  LIGHT RAIN


RELATIVE HUMIDITY (PERCENT)
 HIGHEST    64          1200 AM
 LOWEST     41           900 AM
 AVERAGE    53

..........................................................


THE MUSCLE SHOALS CLIMATE NORMALS FOR TODAY
                         NORMAL    RECORD    YEAR
 MAXIMUM TEMPERATURE (F)   52        77      1917
 MINIMUM TEMPERATURE (F)   32        -6      1966


SUNRISE AND SUNSET
JANUARY 30 2015.......SUNRISE   650 AM CST   SUNSET   517 PM CST
JANUARY 31 2015.......SUNRISE   650 AM CST   SUNSET   518 PM CST


-  INDICATES NEGATIVE NUMBERS.
R  INDICATES RECORD WAS SET OR TIED.
MM INDICATES DATA IS MISSING.
T  INDICATES TRACE AMOUNT.




$$
