000
CDUS44 KHUN 312124
CLIMSL


CLIMATE REPORT
NATIONAL WEATHER SERVICE HUNTSVILLE AL
423 PM CDT THU JUL 31 2014


...................................

...THE MUSCLE SHOALS CLIMATE SUMMARY FOR JULY 31 2014...
VALID TODAY AS OF 0400 PM LOCAL TIME.

CLIMATE NORMAL PERIOD 1981 TO 2010
CLIMATE RECORD PERIOD 1893 TO 2014


WEATHER ITEM   OBSERVED TIME   RECORD YEAR NORMAL DEPARTURE LAST
                VALUE   (LST)  VALUE       VALUE  FROM      YEAR
                                                  NORMAL
..................................................................
TEMPERATURE (F)
 TODAY
  MAXIMUM         86    227 PM 104    1986  91     -5       87
  MINIMUM         68    435 AM  55    1965  70     -2       73
  AVERAGE         77                        81     -4       80

PRECIPITATION (IN)
  TODAY            0.00          2.88 2004   0.11  -0.11     0.11
  MONTH TO DATE    5.02                      4.30   0.72     7.60
  SINCE JUN 1     12.49                      9.06   3.43    12.28
  SINCE JAN 1     29.28                     32.56  -3.28    37.19

SNOWFALL (IN)
  TODAY            0.0
  MONTH TO DATE    0.0
  SINCE JUN 1      0.0
  SINCE JUL 1      0.0
  SNOW DEPTH       0

DEGREE DAYS
 HEATING
  TODAY            0                         0      0        0
  MONTH TO DATE    0                         0      0        0
  SINCE JUN 1      0                         1     -1        0
  SINCE JUL 1      0                         0      0        0

 COOLING
  TODAY           12                        16     -4       15
  MONTH TO DATE  369                       477   -108      420
  SINCE JUN 1    770                       839    -69      826
  SINCE JAN 1   1027                      1083    -56     1066
..................................................................


WIND (MPH)
  HIGHEST WIND SPEED     9   HIGHEST WIND DIRECTION     N (340)
  HIGHEST GUST SPEED    15   HIGHEST GUST DIRECTION     N (10)
  AVERAGE WIND SPEED     2.5


SKY COVER
  POSSIBLE SUNSHINE  MM
  AVERAGE SKY COVER 0.4


WEATHER CONDITIONS
 THE FOLLOWING WEATHER WAS RECORDED TODAY.
  NO SIGNIFICANT WEATHER WAS OBSERVED.


RELATIVE HUMIDITY (PERCENT)
 HIGHEST    84           200 AM
 LOWEST     40           200 PM
 AVERAGE    62

..........................................................


THE MUSCLE SHOALS CLIMATE NORMALS FOR TOMORROW
                         NORMAL    RECORD    YEAR
 MAXIMUM TEMPERATURE (F)   91       102      2012
                                             1935
                                             1921
 MINIMUM TEMPERATURE (F)   70        59      1936
                                             1925


SUNRISE AND SUNSET
JULY 31 2014..........SUNRISE   600 AM CDT   SUNSET   754 PM CDT
AUGUST  1 2014........SUNRISE   600 AM CDT   SUNSET   753 PM CDT


-  INDICATES NEGATIVE NUMBERS.
R  INDICATES RECORD WAS SET OR TIED.
MM INDICATES DATA IS MISSING.
T  INDICATES TRACE AMOUNT.




$$
