000
CDUS44 KHUN 280713
CLIMSL


CLIMATE REPORT
NATIONAL WEATHER SERVICE HUNTSVILLE AL
212 AM CDT SAT MAY 28 2016


...................................

...THE MUSCLE SHOALS CLIMATE SUMMARY FOR MAY 27 2016...

CLIMATE NORMAL PERIOD 1981 TO 2010
CLIMATE RECORD PERIOD 1893 TO 2016


WEATHER ITEM   OBSERVED TIME   RECORD YEAR NORMAL DEPARTURE LAST
                VALUE   (LST)  VALUE       VALUE  FROM      YEAR
                                                  NORMAL
..................................................................
TEMPERATURE (F)
 YESTERDAY
  MAXIMUM         87    140 PM  97    2012  84      3       82
  MINIMUM         69   1149 PM  39    1961  62      7       67
  AVERAGE         78                        73      5       75

PRECIPITATION (IN)
  YESTERDAY        0.00          2.32 1924   0.16  -0.16     1.16
  MONTH TO DATE    1.16                      4.44  -3.28     4.18
  SINCE MAR 1      9.35                     13.55  -4.20    15.78
  SINCE JAN 1     16.48                     22.82  -6.34    23.06

SNOWFALL (IN)
  YESTERDAY        0.0
  MONTH TO DATE    0.0
  SINCE MAR 1      0.0
  SINCE JUL 1      T
  SNOW DEPTH       0

DEGREE DAYS
 HEATING
  YESTERDAY        0                         0      0        0
  MONTH TO DATE   26                        29     -3       19
  SINCE MAR 1    359                       567   -208      462
  SINCE JUL 1   2360                      3102   -742     3233

 COOLING
  YESTERDAY       13                         8      5       10
  MONTH TO DATE  129                       146    -17      158
  SINCE MAR 1    213                       210      3      214
  SINCE JAN 1    213                       211      2      214
..................................................................


WIND (MPH)
  HIGHEST WIND SPEED    22   HIGHEST WIND DIRECTION     S (190)
  HIGHEST GUST SPEED    29   HIGHEST GUST DIRECTION     S (200)
  AVERAGE WIND SPEED     7.6


SKY COVER
  POSSIBLE SUNSHINE  MM
  AVERAGE SKY COVER 0.0


WEATHER CONDITIONS
 THE FOLLOWING WEATHER WAS RECORDED YESTERDAY.
  NO SIGNIFICANT WEATHER WAS OBSERVED.


RELATIVE HUMIDITY (PERCENT)
 HIGHEST    79          1100 PM
 LOWEST     40          1100 AM
 AVERAGE    60

..........................................................


THE MUSCLE SHOALS CLIMATE NORMALS FOR TODAY
                         NORMAL    RECORD    YEAR
 MAXIMUM TEMPERATURE (F)   84        97      1962
 MINIMUM TEMPERATURE (F)   62        39      1961


SUNRISE AND SUNSET
MAY 28 2016...........SUNRISE   540 AM CDT   SUNSET   756 PM CDT
MAY 29 2016...........SUNRISE   539 AM CDT   SUNSET   757 PM CDT


-  INDICATES NEGATIVE NUMBERS.
R  INDICATES RECORD WAS SET OR TIED.
MM INDICATES DATA IS MISSING.
T  INDICATES TRACE AMOUNT.




$$
