000
CDUS44 KHUN 300704
CLIMSL


CLIMATE REPORT
NATIONAL WEATHER SERVICE HUNTSVILLE AL
204 AM CDT TUE JUN 30 2015


...................................

...THE MUSCLE SHOALS CLIMATE SUMMARY FOR JUNE 29 2015...

CLIMATE NORMAL PERIOD 1981 TO 2010
CLIMATE RECORD PERIOD 1893 TO 2015


WEATHER ITEM   OBSERVED TIME   RECORD YEAR NORMAL DEPARTURE LAST
                VALUE   (LST)  VALUE       VALUE  FROM      YEAR
                                                  NORMAL
..................................................................
TEMPERATURE (F)
 YESTERDAY
  MAXIMUM         91    340 PM 107    2012  90      1       88
  MINIMUM         65    233 AM  54    1974  69     -4       70
                                      1938
  AVERAGE         78                        79     -1       79

PRECIPITATION (IN)
  YESTERDAY        T             1.94 1932   0.15  -0.15     0.77
  MONTH TO DATE    2.33                      4.61  -2.28     7.47
  SINCE JUN 1      2.33                      4.61  -2.28     7.47
  SINCE JAN 1     26.22                     28.11  -1.89    24.26

SNOWFALL (IN)
  YESTERDAY        0.0
  MONTH TO DATE    0.0
  SINCE JUN 1      0.0
  SINCE JUL 1      4.2
  SNOW DEPTH       0

DEGREE DAYS
 HEATING
  YESTERDAY        0                         0      0        0
  MONTH TO DATE    0                         0      0        0
  SINCE JUN 1      0                         0      0        0
  SINCE JUL 1   3233                      3103    130     3395

 COOLING
  YESTERDAY       13                        14     -1       14
  MONTH TO DATE  445                       348     97      382
  SINCE JUN 1    445                       348     97      382
  SINCE JAN 1    699                       592    107      639
..................................................................


WIND (MPH)
  HIGHEST WIND SPEED    20   HIGHEST WIND DIRECTION     W (260)
  HIGHEST GUST SPEED    24   HIGHEST GUST DIRECTION    SW (230)
  AVERAGE WIND SPEED     7.5


SKY COVER
  POSSIBLE SUNSHINE  MM
  AVERAGE SKY COVER 0.2


WEATHER CONDITIONS
 THE FOLLOWING WEATHER WAS RECORDED YESTERDAY.
  LIGHT RAIN


RELATIVE HUMIDITY (PERCENT)
 HIGHEST    87           100 AM
 LOWEST     44           100 PM
 AVERAGE    66

..........................................................


THE MUSCLE SHOALS CLIMATE NORMALS FOR TODAY
                         NORMAL    RECORD    YEAR
 MAXIMUM TEMPERATURE (F)   90       107      2012
 MINIMUM TEMPERATURE (F)   69        49      1923


SUNRISE AND SUNSET
JUNE 30 2015..........SUNRISE   540 AM CDT   SUNSET   808 PM CDT
JULY  1 2015..........SUNRISE   541 AM CDT   SUNSET   808 PM CDT


-  INDICATES NEGATIVE NUMBERS.
R  INDICATES RECORD WAS SET OR TIED.
MM INDICATES DATA IS MISSING.
T  INDICATES TRACE AMOUNT.




$$
