000
CDUS43 KMKX 220657
CLIMSN


CLIMATE REPORT
NATIONAL WEATHER SERVICE IN MILWAUKEE
157 AM CDT MON SEP 22 2014


...................................

...THE MADISON WI CLIMATE SUMMARY FOR SEPTEMBER 21 2014...

CLIMATE NORMAL PERIOD 1981 TO 2010
CLIMATE RECORD PERIOD 1871 TO 2014


WEATHER ITEM   OBSERVED TIME   RECORD YEAR NORMAL DEPARTURE LAST
                VALUE   (LST)  VALUE       VALUE  FROM      YEAR
                                                  NORMAL
..................................................................
TEMPERATURE (F)
 YESTERDAY
  MAXIMUM         66    236 PM  90    1908  70     -4       61
                                      1891
  MINIMUM         46   1159 PM  33    1991  48     -2       44
                                      1982
                                      1974
  AVERAGE         56                        59     -3       53

PRECIPITATION (IN)
  YESTERDAY        T             2.71 1947   0.10  -0.10     0.00
  MONTH TO DATE    1.79                      2.26  -0.47     3.02
  SINCE SEP 1      1.79                      2.26  -0.47     3.02
  SINCE JAN 1     29.60                     27.08   2.52    39.50

SNOWFALL (IN)
  YESTERDAY        0.0           0.0    MM   0.0    0.0      0.0
  MONTH TO DATE    0.0                       0.0    0.0      0.0
  SINCE SEP 1      0.0                       0.0    0.0      0.0
  SINCE JUL 1      0.0                       0.0    0.0      0.0
  SNOW DEPTH       0

DEGREE DAYS
 HEATING
  YESTERDAY        9                         7      2       12
  MONTH TO DATE  127                        90     37       67
  SINCE SEP 1    127                        90     37       67
  SINCE JUL 1    144                       127     17       97

 COOLING
  YESTERDAY        0                         1     -1        0
  MONTH TO DATE   39                        45     -6       92
  SINCE SEP 1     39                        45     -6       92
  SINCE JAN 1    615                       558     57      705
..................................................................


WIND (MPH)
  HIGHEST WIND SPEED    21   HIGHEST WIND DIRECTION     N (350)
  HIGHEST GUST SPEED    28   HIGHEST GUST DIRECTION    NW (330)
  AVERAGE WIND SPEED     9.2


SKY COVER
  POSSIBLE SUNSHINE  MM
  AVERAGE SKY COVER 0.5


WEATHER CONDITIONS
 THE FOLLOWING WEATHER WAS RECORDED YESTERDAY.
  LIGHT RAIN
  HAZE


RELATIVE HUMIDITY (PERCENT)
 HIGHEST    86           300 AM
 LOWEST     48           200 PM
 AVERAGE    67

..........................................................


THE MADISON WI CLIMATE NORMALS FOR TODAY
                         NORMAL    RECORD    YEAR
 MAXIMUM TEMPERATURE (F)   69        89      1937
 MINIMUM TEMPERATURE (F)   47        25      1974


SUNRISE AND SUNSET
SEPTEMBER 22 2014.....SUNRISE   645 AM CDT   SUNSET   655 PM CDT
SEPTEMBER 23 2014.....SUNRISE   646 AM CDT   SUNSET   653 PM CDT


-  INDICATES NEGATIVE NUMBERS.
R  INDICATES RECORD WAS SET OR TIED.
MM INDICATES DATA IS MISSING.
T  INDICATES TRACE AMOUNT.




$$
