733
CDUS43 KMKX 300654
CLIMSN


CLIMATE REPORT
NATIONAL WEATHER SERVICE IN MILWAUKEE
154 AM CDT TUE MAY 30 2017


...................................

...THE MADISON WI CLIMATE SUMMARY FOR MAY 29 2017...

CLIMATE NORMAL PERIOD 1981 TO 2010
CLIMATE RECORD PERIOD 1871 TO 2017


WEATHER ITEM   OBSERVED TIME   RECORD YEAR NORMAL DEPARTURE LAST
                VALUE   (LST)  VALUE       VALUE  FROM      YEAR
                                                  NORMAL
..................................................................
TEMPERATURE (F)
 YESTERDAY
  MAXIMUM         68    510 PM  91    1991  73     -5       79
  MINIMUM         52    822 PM  30    1965  50      2       61
  AVERAGE         60                        61     -1       70

PRECIPITATION (IN)
  YESTERDAY        0.06          0.92 1885   0.13  -0.07     0.21
  MONTH TO DATE    2.83                      3.29  -0.46     2.15
  SINCE MAR 1     10.96                      8.89   2.07     8.22
  SINCE JAN 1     15.66                     11.57   4.09     9.72

SNOWFALL (IN)
  YESTERDAY        0.0           T    1947   0.0    0.0      0.0
  MONTH TO DATE    0.0                       0.2   -0.2      0.0
  SINCE MAR 1      8.3                       9.8   -1.5      8.2
  SINCE JUL 1     44.0                      50.9   -6.9     32.7
  SNOW DEPTH       0

DEGREE DAYS
 HEATING
  YESTERDAY        5                         5      0        0
  MONTH TO DATE  274                       256     18      246
  SINCE MAR 1   1666                      1777   -111     1584
  SINCE JUL 1   6178                      7263  -1085     6184

 COOLING
  YESTERDAY        0                         2     -2        5
  MONTH TO DATE   15                        20     -5       42
  SINCE MAR 1     15                        24     -9       42
  SINCE JAN 1     15                        24     -9       42
..................................................................


WIND (MPH)
  HIGHEST WIND SPEED    17   HIGHEST WIND DIRECTION     W (280)
  HIGHEST GUST SPEED    30   HIGHEST GUST DIRECTION     W (290)
  AVERAGE WIND SPEED     6.4


SKY COVER
  POSSIBLE SUNSHINE  MM
  AVERAGE SKY COVER 0.4


WEATHER CONDITIONS
 THE FOLLOWING WEATHER WAS RECORDED YESTERDAY.
  THUNDERSTORM
  LIGHT RAIN


RELATIVE HUMIDITY (PERCENT)
 HIGHEST   100           800 PM
 LOWEST     45           300 PM
 AVERAGE    73

..........................................................


THE MADISON WI CLIMATE NORMALS FOR TODAY
                         NORMAL    RECORD    YEAR
 MAXIMUM TEMPERATURE (F)   73        92      1953
 MINIMUM TEMPERATURE (F)   51        30      1965


SUNRISE AND SUNSET
MAY 30 2017...........SUNRISE   521 AM CDT   SUNSET   829 PM CDT
MAY 31 2017...........SUNRISE   521 AM CDT   SUNSET   830 PM CDT


-  INDICATES NEGATIVE NUMBERS.
R  INDICATES RECORD WAS SET OR TIED.
MM INDICATES DATA IS MISSING.
T  INDICATES TRACE AMOUNT.




$$
