000
CDUS43 KMKX 200709
CLIMSN


CLIMATE REPORT
NATIONAL WEATHER SERVICE IN MILWAUKEE
107 AM CST SAT DEC 20 2014


...................................

...THE MADISON WI CLIMATE SUMMARY FOR DECEMBER 19 2014...

CLIMATE NORMAL PERIOD 1981 TO 2010
CLIMATE RECORD PERIOD 1871 TO 2014


WEATHER ITEM   OBSERVED TIME   RECORD YEAR NORMAL DEPARTURE LAST
                VALUE   (LST)  VALUE       VALUE  FROM      YEAR
                                                  NORMAL
..................................................................
TEMPERATURE (F)
 YESTERDAY
  MAXIMUM         27   1144 PM  53    1918  29     -2       34
  MINIMUM         23    931 PM -25    1983  15      8       18
  AVERAGE         25                        22      3       26

PRECIPITATION (IN)
  YESTERDAY        T             0.76 1987   0.06  -0.06     0.04
  MONTH TO DATE    0.50                      1.20  -0.70     0.80
  SINCE DEC 1      0.50                      1.20  -0.70     0.80
  SINCE JAN 1     34.78                     33.94   0.84    44.56

SNOWFALL (IN)
  YESTERDAY        T            10.3  2008   0.5   -0.5       T
  MONTH TO DATE    0.1                       8.4   -8.3      9.9
  SINCE DEC 1      0.1                       8.4   -8.3      9.9
  SINCE JUL 1      8.6                      12.5   -3.9     13.4
  SNOW DEPTH       0

DEGREE DAYS
 HEATING
  YESTERDAY       40                        43     -3       39
  MONTH TO DATE  693                       765    -72      869
  SINCE DEC 1    693                       765    -72      869
  SINCE JUL 1   2377                      2344     33     2388

 COOLING
  YESTERDAY        0                         0      0        0
  MONTH TO DATE    0                         0      0        0
  SINCE DEC 1      0                         0      0        0
  SINCE JAN 1    620                       568     52      709
..................................................................


WIND (MPH)
  HIGHEST WIND SPEED     7   HIGHEST WIND DIRECTION    SE (130)
  HIGHEST GUST SPEED     9   HIGHEST GUST DIRECTION     S (190)
  AVERAGE WIND SPEED     2.0


SKY COVER
  POSSIBLE SUNSHINE  MM
  AVERAGE SKY COVER 1.0


WEATHER CONDITIONS
 THE FOLLOWING WEATHER WAS RECORDED YESTERDAY.
  LIGHT SNOW
  FOG
  HAZE


RELATIVE HUMIDITY (PERCENT)
 HIGHEST    81           700 AM
 LOWEST     75          1200 AM
 AVERAGE    78

..........................................................


THE MADISON WI CLIMATE NORMALS FOR TODAY
                         NORMAL    RECORD    YEAR
 MAXIMUM TEMPERATURE (F)   29        62      1877
 MINIMUM TEMPERATURE (F)   14       -17      1963


SUNRISE AND SUNSET
DECEMBER 20 2014......SUNRISE   725 AM CST   SUNSET   425 PM CST
DECEMBER 21 2014......SUNRISE   726 AM CST   SUNSET   425 PM CST


-  INDICATES NEGATIVE NUMBERS.
R  INDICATES RECORD WAS SET OR TIED.
MM INDICATES DATA IS MISSING.
T  INDICATES TRACE AMOUNT.




$$
