000
CDUS43 KMKX 230652
CLIMSN


CLIMATE REPORT
NATIONAL WEATHER SERVICE IN MILWAUKEE
1250 AM CST FRI FEB 23 2018


...................................

...THE MADISON WI CLIMATE SUMMARY FOR FEBRUARY 22 2018...

CLIMATE NORMAL PERIOD 1981 TO 2010
CLIMATE RECORD PERIOD 1871 TO 2018


WEATHER ITEM   OBSERVED TIME   RECORD YEAR NORMAL DEPARTURE LAST
                VALUE   (LST)  VALUE       VALUE  FROM      YEAR
                                                  NORMAL
..................................................................
TEMPERATURE (F)
 YESTERDAY
  MAXIMUM         34    436 PM  68    2017  33      1       68
  MINIMUM         21    103 AM -15    1873  17      4       38
  AVERAGE         28                        25      3       53

PRECIPITATION (IN)
  YESTERDAY        0.02          1.64 1922   0.06  -0.04     0.00
  MONTH TO DATE    1.96                      1.09   0.87     0.71
  SINCE DEC 1      4.37                      4.06   0.31     5.50
  SINCE JAN 1      3.64                      2.32   1.32     3.47

SNOWFALL (IN)
  YESTERDAY        T             3.8  1994   0.3   -0.3      0.0
  MONTH TO DATE   13.3                       8.5    4.8       T
  SINCE DEC 1     27.2                      34.9   -7.7     33.8
  SINCE JUL 1     27.5                      39.0  -11.5     33.8
  SNOW DEPTH       0

DEGREE DAYS
 HEATING
  YESTERDAY       37                        40     -3       12
  MONTH TO DATE 1035                       942     93      719
  SINCE DEC 1   3741                      3676     65     3301
  SINCE JUL 1   5100                      5255   -155     4323

 COOLING
  YESTERDAY        0                         0      0        0
  MONTH TO DATE    0                         0      0        0
  SINCE DEC 1      0                         0      0        0
  SINCE JAN 1      0                         0      0        0
..................................................................


WIND (MPH)
  HIGHEST WIND SPEED    17   HIGHEST WIND DIRECTION     E (100)
  HIGHEST GUST SPEED    22   HIGHEST GUST DIRECTION     E (80)
  AVERAGE WIND SPEED     9.7


SKY COVER
  POSSIBLE SUNSHINE  MM
  AVERAGE SKY COVER 0.9


WEATHER CONDITIONS
 THE FOLLOWING WEATHER WAS RECORDED YESTERDAY.
  LT FREEZING RAIN
  LIGHT SNOW
  SLEET
  FOG


RELATIVE HUMIDITY (PERCENT)
 HIGHEST   100          1100 PM
 LOWEST     66           100 PM
 AVERAGE    83

..........................................................


THE MADISON WI CLIMATE NORMALS FOR TODAY
                         NORMAL    RECORD    YEAR
 MAXIMUM TEMPERATURE (F)   34        58      1984
 MINIMUM TEMPERATURE (F)   18       -20      1889
                                             1873


SUNRISE AND SUNSET
FEBRUARY 23 2018......SUNRISE   643 AM CST   SUNSET   539 PM CST
FEBRUARY 24 2018......SUNRISE   641 AM CST   SUNSET   540 PM CST


-  INDICATES NEGATIVE NUMBERS.
R  INDICATES RECORD WAS SET OR TIED.
MM INDICATES DATA IS MISSING.
T  INDICATES TRACE AMOUNT.




$$
