000
CDUS45 KMSO 290742
CLIMSO


CLIMATE REPORT
NATIONAL WEATHER SERVICE MISSOULA, MT
142 AM MDT TUE JUL 29 2014


...................................

...THE MISSOULA MT CLIMATE SUMMARY FOR JULY 28 2014...

CLIMATE NORMAL PERIOD 1981 TO 2010
CLIMATE RECORD PERIOD 1893 TO 2014


WEATHER ITEM   OBSERVED TIME   RECORD YEAR NORMAL DEPARTURE LAST
                VALUE   (LST)  VALUE       VALUE  FROM      YEAR
                                                  NORMAL
..................................................................
TEMPERATURE (F)
 YESTERDAY
  MAXIMUM         95    403 PM 101    1968  89      6       89
  MINIMUM         55    538 AM  37    1949  53      2       51
  AVERAGE         75                        70      5       70

PRECIPITATION (IN)
  YESTERDAY        0.00          0.68 1905   0.03  -0.03     0.00
  MONTH TO DATE    0.24                      0.90  -0.66     0.09
  SINCE OCT 1     10.79                     11.68  -0.89    10.69
  SINCE JAN 1      9.08                      8.75   0.33     5.90

SNOWFALL (IN)
  YESTERDAY        0.0
  MONTH TO DATE    0.0
  SINCE JAN 1     51.9
  SINCE JUL 1      0.0
  SNOW DEPTH       0

DEGREE DAYS
 HEATING
  YESTERDAY        0                         1     -1        0
  MONTH TO DATE    6                        39    -33        0
  SINCE JUN 1    183                       199    -16      141
  SINCE JUL 1      6                        39    -33        0

 COOLING
  YESTERDAY       10                         6      4        5
  MONTH TO DATE  200                       134     66      235
  SINCE JUN 1    208                       171     37      278
  SINCE JAN 1    208                       177     31      282
..................................................................


WIND (MPH)
  HIGHEST WIND SPEED    18   HIGHEST WIND DIRECTION     N (360)
  HIGHEST GUST SPEED    25   HIGHEST GUST DIRECTION     N (10)
  AVERAGE WIND SPEED     5.6


SKY COVER
  POSSIBLE SUNSHINE  MM
  AVERAGE SKY COVER 0.0


WEATHER CONDITIONS
 THE FOLLOWING WEATHER WAS RECORDED YESTERDAY.
  NO SIGNIFICANT WEATHER WAS OBSERVED.


RELATIVE HUMIDITY (PERCENT)
 HIGHEST    57           500 AM
 LOWEST     13           500 PM
 AVERAGE    35

..........................................................


THE MISSOULA MT CLIMATE NORMALS FOR TODAY
                         NORMAL    RECORD    YEAR
 MAXIMUM TEMPERATURE (F)   89       101      2007
 MINIMUM TEMPERATURE (F)   53        37      1894


SUNRISE AND SUNSET
JULY 29 2014..........SUNRISE   612 AM MDT   SUNSET   912 PM MDT
JULY 30 2014..........SUNRISE   614 AM MDT   SUNSET   911 PM MDT


-  INDICATES NEGATIVE NUMBERS.
R  INDICATES RECORD WAS SET OR TIED.
MM INDICATES DATA IS MISSING.
T  INDICATES TRACE AMOUNT.




$$
