000
CDUS45 KMSO 190806
CLIMSO


CLIMATE REPORT
NATIONAL WEATHER SERVICE MISSOULA, MT
106 AM MST FRI DEC 19 2014


...................................

...THE MISSOULA MT CLIMATE SUMMARY FOR DECEMBER 18 2014...

CLIMATE NORMAL PERIOD 1981 TO 2010
CLIMATE RECORD PERIOD 1893 TO 2014


WEATHER ITEM   OBSERVED TIME   RECORD YEAR NORMAL DEPARTURE LAST
                VALUE   (LST)  VALUE       VALUE  FROM      YEAR
                                                  NORMAL
..................................................................
TEMPERATURE (F)
 YESTERDAY
  MAXIMUM         34    331 PM  50    1917  30      4       43
  MINIMUM         27    631 AM -18    1964  16     11       28
                                      1924
  AVERAGE         31                        23      8       36

PRECIPITATION (IN)
  YESTERDAY        T             0.27 1897   0.04  -0.04     0.01
  MONTH TO DATE    0.36                      0.61  -0.25     0.55
  SINCE OCT 1      4.41                      2.50   1.91     1.14
  SINCE JAN 1     14.71                     13.70   1.01     8.87

SNOWFALL (IN)
  YESTERDAY        T
  MONTH TO DATE    2.5
  SINCE JAN 1     64.4
  SINCE JUL 1     12.5
  SNOW DEPTH       0

DEGREE DAYS
 HEATING
  YESTERDAY       34                        42     -8       29
  MONTH TO DATE  652                       730    -78      839
  SINCE DEC 1    652                       730    -78      839
  SINCE JUL 1   2408                      2626   -218     2694

 COOLING
  YESTERDAY        0                         0      0        0
  MONTH TO DATE    0                         0      0        0
  SINCE DEC 1      0                         0      0        0
  SINCE JAN 1    390                       332     58      579
..................................................................


WIND (MPH)
  HIGHEST WIND SPEED     5   HIGHEST WIND DIRECTION     W (290)
  HIGHEST GUST SPEED     5   HIGHEST GUST DIRECTION    NW (300)
  AVERAGE WIND SPEED     1.0


SKY COVER
  POSSIBLE SUNSHINE  MM
  AVERAGE SKY COVER 1.0


WEATHER CONDITIONS
 THE FOLLOWING WEATHER WAS RECORDED YESTERDAY.
  LIGHT SNOW
  FOG


RELATIVE HUMIDITY (PERCENT)
 HIGHEST   100          1000 PM
 LOWEST     75           100 PM
 AVERAGE    88

..........................................................


THE MISSOULA MT CLIMATE NORMALS FOR TODAY
                         NORMAL    RECORD    YEAR
 MAXIMUM TEMPERATURE (F)   30        56      1936
                                             1917
 MINIMUM TEMPERATURE (F)   16       -19      1924


SUNRISE AND SUNSET
DECEMBER 19 2014......SUNRISE   818 AM MST   SUNSET   449 PM MST
DECEMBER 20 2014......SUNRISE   818 AM MST   SUNSET   450 PM MST


-  INDICATES NEGATIVE NUMBERS.
R  INDICATES RECORD WAS SET OR TIED.
MM INDICATES DATA IS MISSING.
T  INDICATES TRACE AMOUNT.




$$
