000
CDUS45 KMSO 042335
CLIMSO


CLIMATE REPORT
NATIONAL WEATHER SERVICE MISSOULA, MT
435 PM MST SUN DEC 4 2016


...................................

...THE MISSOULA MT CLIMATE SUMMARY FOR DECEMBER 4 2016...
VALID TODAY AS OF 0400 PM LOCAL TIME.

CLIMATE NORMAL PERIOD 1981 TO 2010
CLIMATE RECORD PERIOD 1893 TO 2016


WEATHER ITEM   OBSERVED TIME   RECORD YEAR NORMAL DEPARTURE LAST
                VALUE   (LST)  VALUE       VALUE  FROM      YEAR
                                                  NORMAL
..................................................................
TEMPERATURE (F)
 TODAY
  MAXIMUM         38    253 PM  58    1918  33      5       36
  MINIMUM         29    348 AM -15    1972  19     10       22
                                      1919
  AVERAGE         34                        26      8       29

PRECIPITATION (IN)
  TODAY            T             0.73 1943   0.03  -0.03     0.01
  MONTH TO DATE    0.10                      0.14  -0.04     0.01
  SINCE OCT 1      3.27                      2.03   1.24     2.02
  SINCE JAN 1     12.60                     13.23  -0.63     8.69

SNOWFALL (IN)
  TODAY            T
  MONTH TO DATE    1.7
  SINCE JAN 1     16.1
  SINCE JUL 1      3.0
  SNOW DEPTH       T

DEGREE DAYS
 HEATING
  TODAY           31                        39     -8       36
  MONTH TO DATE  130                       155    -25      190
  SINCE DEC 1    130                       155    -25      190
  SINCE JUL 1   1884                      2051   -167     2043

 COOLING
  TODAY            0                         0      0        0
  MONTH TO DATE    0                         0      0        0
  SINCE DEC 1      0                         0      0        0
  SINCE JAN 1    287                       332    -45      401
..................................................................


WIND (MPH)
  HIGHEST WIND SPEED    15   HIGHEST WIND DIRECTION     S (160)
  HIGHEST GUST SPEED    19   HIGHEST GUST DIRECTION    SE (140)
  AVERAGE WIND SPEED     7.3


SKY COVER
  POSSIBLE SUNSHINE  MM
  AVERAGE SKY COVER 0.9


WEATHER CONDITIONS
 THE FOLLOWING WEATHER WAS RECORDED TODAY.
  LIGHT RAIN
  LIGHT SNOW
  FOG


RELATIVE HUMIDITY (PERCENT)
 HIGHEST   100           300 AM
 LOWEST     75           400 PM
 AVERAGE    88

..........................................................


THE MISSOULA MT CLIMATE NORMALS FOR TOMORROW
                         NORMAL    RECORD    YEAR
 MAXIMUM TEMPERATURE (F)   32        50      1896
 MINIMUM TEMPERATURE (F)   19       -18      1972


SUNRISE AND SUNSET
DECEMBER  4 2016......SUNRISE   805 AM MST   SUNSET   448 PM MST
DECEMBER  5 2016......SUNRISE   806 AM MST   SUNSET   448 PM MST


-  INDICATES NEGATIVE NUMBERS.
R  INDICATES RECORD WAS SET OR TIED.
MM INDICATES DATA IS MISSING.
T  INDICATES TRACE AMOUNT.




$$
