000
CDUS45 KMSO 282237
CLIMSO


CLIMATE REPORT
NATIONAL WEATHER SERVICE MISSOULA, MT
436 PM MDT THU APR 28 2016


...................................

...THE MISSOULA MT CLIMATE SUMMARY FOR APRIL 28 2016...
VALID TODAY AS OF 0400 PM LOCAL TIME.

CLIMATE NORMAL PERIOD 1981 TO 2010
CLIMATE RECORD PERIOD 1893 TO 2016


WEATHER ITEM   OBSERVED TIME   RECORD YEAR NORMAL DEPARTURE LAST
                VALUE   (LST)  VALUE       VALUE  FROM      YEAR
                                                  NORMAL
..................................................................
TEMPERATURE (F)
 TODAY
  MAXIMUM         52    132 PM  87    1987  62    -10       78
  MINIMUM         42    617 AM  20    1955  35      7       32
                                      1907
  AVERAGE         47                        48     -1       55

PRECIPITATION (IN)
  TODAY            T             0.64 1943   0.04  -0.04     0.00
  MONTH TO DATE    1.16                      1.14   0.02     0.46
  SINCE OCT 1      6.49                      6.62  -0.13     8.47
  SINCE JAN 1      3.10                      3.69  -0.59     3.16

SNOWFALL (IN)
  TODAY            0.0
  MONTH TO DATE    0.0
  SINCE JAN 1     13.1
  SINCE JUL 1     30.2
  SNOW DEPTH       0

DEGREE DAYS
 HEATING
  TODAY           18                        17      1       10
  MONTH TO DATE  396                       549   -153      589
  SINCE MAR 1   1174                      1363   -189     1309
  SINCE JUL 1   6358                      6732   -374     6301

 COOLING
  TODAY            0                         0      0        0
  MONTH TO DATE    0                         0      0        0
  SINCE MAR 1      0                         0      0        0
  SINCE JAN 1      0                         0      0        0
..................................................................


WIND (MPH)
  HIGHEST WIND SPEED    21   HIGHEST WIND DIRECTION    SE (120)
  HIGHEST GUST SPEED    23   HIGHEST GUST DIRECTION    SE (120)
  AVERAGE WIND SPEED    12.9


SKY COVER
  POSSIBLE SUNSHINE  MM
  AVERAGE SKY COVER 1.0


WEATHER CONDITIONS
 THE FOLLOWING WEATHER WAS RECORDED TODAY.
  NO SIGNIFICANT WEATHER WAS OBSERVED.


RELATIVE HUMIDITY (PERCENT)
 HIGHEST    62           400 AM
 LOWEST     39           100 PM
 AVERAGE    51

..........................................................


THE MISSOULA MT CLIMATE NORMALS FOR TOMORROW
                         NORMAL    RECORD    YEAR
 MAXIMUM TEMPERATURE (F)   62        86      1926
 MINIMUM TEMPERATURE (F)   35        23      1950


SUNRISE AND SUNSET
APRIL 28 2016.........SUNRISE   625 AM MDT   SUNSET   843 PM MDT
APRIL 29 2016.........SUNRISE   623 AM MDT   SUNSET   845 PM MDT


-  INDICATES NEGATIVE NUMBERS.
R  INDICATES RECORD WAS SET OR TIED.
MM INDICATES DATA IS MISSING.
T  INDICATES TRACE AMOUNT.




$$
