000
CDUS45 KMSO 032330
CLIMSO


CLIMATE REPORT
NATIONAL WEATHER SERVICE MISSOULA, MT
430 PM MST TUE MAR 3 2015


...................................

...THE MISSOULA MT CLIMATE SUMMARY FOR MARCH 3 2015...
VALID TODAY AS OF 0400 PM LOCAL TIME.

CLIMATE NORMAL PERIOD 1981 TO 2010
CLIMATE RECORD PERIOD 1893 TO 2015


WEATHER ITEM   OBSERVED TIME   RECORD YEAR NORMAL DEPARTURE LAST
                VALUE   (LST)  VALUE       VALUE  FROM      YEAR
                                                  NORMAL
..................................................................
TEMPERATURE (F)
 TODAY
  MAXIMUM         29    249 PM  65    1905  45    -16       41
  MINIMUM         13    739 AM  -8    1917  24    -11       14
  AVERAGE         21                        34    -13       28

PRECIPITATION (IN)
  TODAY            0.00          0.21 1991   0.02  -0.02     0.06
  MONTH TO DATE    0.02                      0.08  -0.06     0.22
  SINCE OCT 1      7.54                      4.56   2.98     5.28
  SINCE JAN 1      2.23                      1.63   0.60     3.57

SNOWFALL (IN)
  TODAY            0.0
  MONTH TO DATE    T
  SINCE JAN 1     12.7
  SINCE JUL 1     33.3
  SNOW DEPTH       0

DEGREE DAYS
 HEATING
  TODAY           44                        30     14       37
  MONTH TO DATE  123                        92     31      153
  SINCE MAR 1    123                        92     31      153
  SINCE JUL 1   5115                      5461   -346     5663

 COOLING
  TODAY            0                         0      0        0
  MONTH TO DATE    0                         0      0        0
  SINCE MAR 1      0                         0      0        0
  SINCE JAN 1      0                         0      0        0
..................................................................


WIND (MPH)
  HIGHEST WIND SPEED    20   HIGHEST WIND DIRECTION     E (110)
  HIGHEST GUST SPEED    24   HIGHEST GUST DIRECTION     E (110)
  AVERAGE WIND SPEED    11.6


SKY COVER
  POSSIBLE SUNSHINE  MM
  AVERAGE SKY COVER 0.2


WEATHER CONDITIONS
 THE FOLLOWING WEATHER WAS RECORDED TODAY.
  NO SIGNIFICANT WEATHER WAS OBSERVED.


RELATIVE HUMIDITY (PERCENT)
 HIGHEST    62          1200 AM
 LOWEST     34           300 PM
 AVERAGE    48

..........................................................


THE MISSOULA MT CLIMATE NORMALS FOR TOMORROW
                         NORMAL    RECORD    YEAR
 MAXIMUM TEMPERATURE (F)   45        65      1968
                                             1905
 MINIMUM TEMPERATURE (F)   25        -9      1989


SUNRISE AND SUNSET
MARCH  3 2015.........SUNRISE   713 AM MST   SUNSET   625 PM MST
MARCH  4 2015.........SUNRISE   711 AM MST   SUNSET   626 PM MST


-  INDICATES NEGATIVE NUMBERS.
R  INDICATES RECORD WAS SET OR TIED.
MM INDICATES DATA IS MISSING.
T  INDICATES TRACE AMOUNT.




$$
