000
CDUS45 KMSO 172231
CLIMSO


CLIMATE REPORT
NATIONAL WEATHER SERVICE MISSOULA, MT
431 PM MDT THU APR 17 2014


...................................

...THE MISSOULA MT CLIMATE SUMMARY FOR APRIL 17 2014...
VALID TODAY AS OF 0400 PM LOCAL TIME.

CLIMATE NORMAL PERIOD 1981 TO 2010
CLIMATE RECORD PERIOD 1893 TO 2014


WEATHER ITEM   OBSERVED TIME   RECORD YEAR NORMAL DEPARTURE LAST
                VALUE   (LST)  VALUE       VALUE  FROM      YEAR
                                                  NORMAL
..................................................................
TEMPERATURE (F)
 TODAY
  MAXIMUM         56    259 PM  86    1936  59     -3       48
  MINIMUM         40    504 AM  16    2013  33      7       16
  AVERAGE         48                        46      2       32

PRECIPITATION (IN)
  TODAY            T             0.35 1956   0.04  -0.04     0.00
  MONTH TO DATE    0.14                      0.68  -0.54     0.22
  SINCE OCT 1      6.96                      6.16   0.80     7.07
  SINCE JAN 1      5.25                      3.23   2.02     2.28

SNOWFALL (IN)
  TODAY            0.0
  MONTH TO DATE    T
  SINCE JAN 1     51.8
  SINCE JUL 1     65.7
  SNOW DEPTH       0

DEGREE DAYS
 HEATING
  TODAY           17                        19     -2       33
  MONTH TO DATE  362                       352     10      390
  SINCE MAR 1   1230                      1166     64     1215
  SINCE JUL 1   6740                      6535    205     6206

 COOLING
  TODAY            0                         0      0        0
  MONTH TO DATE    0                         0      0        0
  SINCE MAR 1      0                         0      0        0
  SINCE JAN 1      0                         0      0        0
..................................................................


WIND (MPH)
  HIGHEST WIND SPEED     9   HIGHEST WIND DIRECTION     E (80)
  HIGHEST GUST SPEED    12   HIGHEST GUST DIRECTION    SE (150)
  AVERAGE WIND SPEED     2.5


SKY COVER
  POSSIBLE SUNSHINE  MM
  AVERAGE SKY COVER 1.0


WEATHER CONDITIONS
 THE FOLLOWING WEATHER WAS RECORDED TODAY.
  LIGHT RAIN


RELATIVE HUMIDITY (PERCENT)
 HIGHEST    79           300 AM
 LOWEST     46          1200 PM
 AVERAGE    63

..........................................................


THE MISSOULA MT CLIMATE NORMALS FOR TOMORROW
                         NORMAL    RECORD    YEAR
 MAXIMUM TEMPERATURE (F)   59        88      1936
 MINIMUM TEMPERATURE (F)   33        18      1977


SUNRISE AND SUNSET
APRIL 17 2014.........SUNRISE   645 AM MDT   SUNSET   828 PM MDT
APRIL 18 2014.........SUNRISE   643 AM MDT   SUNSET   829 PM MDT


-  INDICATES NEGATIVE NUMBERS.
R  INDICATES RECORD WAS SET OR TIED.
MM INDICATES DATA IS MISSING.
T  INDICATES TRACE AMOUNT.




$$
