721
CDUS45 KMSO 302231
CLIMSO


CLIMATE REPORT
NATIONAL WEATHER SERVICE MISSOULA, MT
430 PM MDT FRI SEP 30 2016


...................................

...THE MISSOULA MT CLIMATE SUMMARY FOR SEPTEMBER 30 2016...
VALID TODAY AS OF 0400 PM LOCAL TIME.

CLIMATE NORMAL PERIOD 1981 TO 2010
CLIMATE RECORD PERIOD 1893 TO 2016


WEATHER ITEM   OBSERVED TIME   RECORD YEAR NORMAL DEPARTURE LAST
                VALUE   (LST)  VALUE       VALUE  FROM      YEAR
                                                  NORMAL
..................................................................
TEMPERATURE (F)
 TODAY
  MAXIMUM         83    204 PM  85    1963  66     17       81
  MINIMUM         47    706 AM  20    1985  37     10       36
  AVERAGE         65                        52     13       59

PRECIPITATION (IN)
  TODAY            0.00          0.59 2000   0.03  -0.03     0.00
  MONTH TO DATE    1.13                      1.17  -0.04     0.52
  SINCE OCT 1     12.72                     14.13  -1.41    11.98
  SINCE JAN 1      9.33                     11.20  -1.87     6.67

SNOWFALL (IN)
  TODAY            0.0
  MONTH TO DATE    0.0
  SINCE JAN 1     13.1
  SINCE JUL 1      0.0
  SNOW DEPTH       0

DEGREE DAYS
 HEATING
  TODAY            0                        14    -14        6
  MONTH TO DATE  259                       243     16      234
  SINCE SEP 1    259                       241     18      234
  SINCE JUL 1    357                       325     32      294

 COOLING
  TODAY            0                         0      0        0
  MONTH TO DATE    5                        15    -10        1
  SINCE SEP 1      5                        15    -10        1
  SINCE JAN 1    287                       332    -45      401
..................................................................


WIND (MPH)
  HIGHEST WIND SPEED    17   HIGHEST WIND DIRECTION    SE (150)
  HIGHEST GUST SPEED    22   HIGHEST GUST DIRECTION    SE (130)
  AVERAGE WIND SPEED     5.6


SKY COVER
  POSSIBLE SUNSHINE  MM
  AVERAGE SKY COVER 0.1


WEATHER CONDITIONS
 THE FOLLOWING WEATHER WAS RECORDED TODAY.
  NO SIGNIFICANT WEATHER WAS OBSERVED.


RELATIVE HUMIDITY (PERCENT)
 HIGHEST    93           700 AM
 LOWEST     20           200 PM
 AVERAGE    57

..........................................................


THE MISSOULA MT CLIMATE NORMALS FOR TOMORROW
                         NORMAL    RECORD    YEAR
 MAXIMUM TEMPERATURE (F)   66        83      2010
                                             1992
 MINIMUM TEMPERATURE (F)   37        21      1971


SUNRISE AND SUNSET
SEPTEMBER 30 2016.....SUNRISE   734 AM MDT   SUNSET   717 PM MDT
OCTOBER  1 2016.......SUNRISE   736 AM MDT   SUNSET   715 PM MDT


-  INDICATES NEGATIVE NUMBERS.
R  INDICATES RECORD WAS SET OR TIED.
MM INDICATES DATA IS MISSING.
T  INDICATES TRACE AMOUNT.




$$
