000
CDUS45 KMSO 300738
CLIMSO


CLIMATE REPORT
NATIONAL WEATHER SERVICE MISSOULA, MT
138 AM MDT TUE JUN 30 2015


...................................

...THE MISSOULA MT CLIMATE SUMMARY FOR JUNE 29 2015...

CLIMATE NORMAL PERIOD 1981 TO 2010
CLIMATE RECORD PERIOD 1893 TO 2015


WEATHER ITEM   OBSERVED TIME   RECORD YEAR NORMAL DEPARTURE LAST
                VALUE   (LST)  VALUE       VALUE  FROM      YEAR
                                                  NORMAL
..................................................................
TEMPERATURE (F)
 YESTERDAY
  MAXIMUM         97    551 PM 100    1937  80     17       69
  MINIMUM         64    517 AM  34    1975  49     15       44
                                      1964
                                      1893
  AVERAGE         81                        64     17       57

PRECIPITATION (IN)
  YESTERDAY        0.04          0.89 1982   0.05  -0.01     0.04
  MONTH TO DATE    0.51                      2.02  -1.51     2.00
  SINCE OCT 1      9.74                     10.73  -0.99    10.55
  SINCE JAN 1      4.43                      7.80  -3.37     8.84

SNOWFALL (IN)
  YESTERDAY        0.0
  MONTH TO DATE    0.0
  SINCE JAN 1     13.3
  SINCE JUL 1     33.9
  SNOW DEPTH       0

DEGREE DAYS
 HEATING
  YESTERDAY        0                         3     -3        8
  MONTH TO DATE   47                       158   -111      172
  SINCE JUN 1     47                       158   -111      172
  SINCE JUL 1   6696                      7282   -586     7490

 COOLING
  YESTERDAY       16                         2     14        0
  MONTH TO DATE  129                        38     91        8
  SINCE JUN 1    129                        38     91        8
  SINCE JAN 1    129                        44     85        8
..................................................................


WIND (MPH)
  HIGHEST WIND SPEED    20   HIGHEST WIND DIRECTION     N (360)
  HIGHEST GUST SPEED    27   HIGHEST GUST DIRECTION     N (360)
  AVERAGE WIND SPEED     7.0


SKY COVER
  POSSIBLE SUNSHINE  MM
  AVERAGE SKY COVER 0.1


WEATHER CONDITIONS
 THE FOLLOWING WEATHER WAS RECORDED YESTERDAY.
  THUNDERSTORM


RELATIVE HUMIDITY (PERCENT)
 HIGHEST    64          1100 PM
 LOWEST     18           600 PM
 AVERAGE    41

..........................................................


THE MISSOULA MT CLIMATE NORMALS FOR TODAY
                         NORMAL    RECORD    YEAR
 MAXIMUM TEMPERATURE (F)   81        96      2008
                                             1990
                                             1896
 MINIMUM TEMPERATURE (F)   49        31      1949


SUNRISE AND SUNSET
JUNE 30 2015..........SUNRISE   545 AM MDT   SUNSET   935 PM MDT
JULY  1 2015..........SUNRISE   546 AM MDT   SUNSET   935 PM MDT


-  INDICATES NEGATIVE NUMBERS.
R  INDICATES RECORD WAS SET OR TIED.
MM INDICATES DATA IS MISSING.
T  INDICATES TRACE AMOUNT.




$$
