000
CDUS45 KMSO 280739
CLIMSO


CLIMATE REPORT
NATIONAL WEATHER SERVICE MISSOULA, MT
138 AM MDT TUE MAR 28 2017


...................................

...THE MISSOULA MT CLIMATE SUMMARY FOR MARCH 27 2017...

CLIMATE NORMAL PERIOD 1981 TO 2010
CLIMATE RECORD PERIOD 1893 TO 2017


WEATHER ITEM   OBSERVED TIME   RECORD YEAR NORMAL DEPARTURE LAST
                VALUE   (LST)  VALUE       VALUE  FROM      YEAR
                                                  NORMAL
..................................................................
TEMPERATURE (F)
 YESTERDAY
  MAXIMUM         49    336 PM  74    2015  54     -5       42
  MINIMUM         36   1159 PM   4    1898  30      6       24
  AVERAGE         43                        42      1       33

PRECIPITATION (IN)
  YESTERDAY        0.21          0.53 1979   0.04   0.17     0.02
  MONTH TO DATE    2.01                      0.85   1.16     0.85
  SINCE OCT 1      9.93                      5.33   4.60     5.32
  SINCE JAN 1      5.27                      2.40   2.87     1.93

SNOWFALL (IN)
  YESTERDAY        0.0
  MONTH TO DATE    9.5
  SINCE JAN 1     34.6
  SINCE JUL 1     63.7
  SNOW DEPTH       0

DEGREE DAYS
 HEATING
  YESTERDAY       22                        23     -1       32
  MONTH TO DATE  677                       722    -45      684
  SINCE MAR 1    677                       722    -45      684
  SINCE JUL 1   6453                      6091    362     5868

 COOLING
  YESTERDAY        0                         0      0        0
  MONTH TO DATE    0                         0      0        0
  SINCE MAR 1      0                         0      0        0
  SINCE JAN 1      0                         0      0        0
..................................................................


WIND (MPH)
  HIGHEST WIND SPEED    23   HIGHEST WIND DIRECTION    NW (330)
  HIGHEST GUST SPEED    30   HIGHEST GUST DIRECTION     N (340)
  AVERAGE WIND SPEED     3.9


SKY COVER
  POSSIBLE SUNSHINE  MM
  AVERAGE SKY COVER 0.9


WEATHER CONDITIONS
 THE FOLLOWING WEATHER WAS RECORDED YESTERDAY.
  RAIN
  LIGHT RAIN
  FOG


RELATIVE HUMIDITY (PERCENT)
 HIGHEST   100           500 AM
 LOWEST     60           400 PM
 AVERAGE    80

..........................................................


THE MISSOULA MT CLIMATE NORMALS FOR TODAY
                         NORMAL    RECORD    YEAR
 MAXIMUM TEMPERATURE (F)   54        72      1986
 MINIMUM TEMPERATURE (F)   31         5      1975


SUNRISE AND SUNSET
MARCH 28 2017.........SUNRISE   723 AM MDT   SUNSET   801 PM MDT
MARCH 29 2017.........SUNRISE   721 AM MDT   SUNSET   802 PM MDT


-  INDICATES NEGATIVE NUMBERS.
R  INDICATES RECORD WAS SET OR TIED.
MM INDICATES DATA IS MISSING.
T  INDICATES TRACE AMOUNT.




$$
