000
CDUS45 KMSO 190839
CLIMSO


CLIMATE REPORT
NATIONAL WEATHER SERVICE MISSOULA, MT
139 AM MST THU JAN 19 2017


...................................

...THE MISSOULA MT CLIMATE SUMMARY FOR JANUARY 18 2017...

CLIMATE NORMAL PERIOD 1981 TO 2010
CLIMATE RECORD PERIOD 1893 TO 2017


WEATHER ITEM   OBSERVED TIME   RECORD YEAR NORMAL DEPARTURE LAST
                VALUE   (LST)  VALUE       VALUE  FROM      YEAR
                                                  NORMAL
..................................................................
TEMPERATURE (F)
 YESTERDAY
  MAXIMUM         31    327 PM  56    1994  34     -3       38
  MINIMUM         12   1255 AM -26    1963  19     -7       29
  AVERAGE         22                        26     -4       34

PRECIPITATION (IN)
  YESTERDAY        0.01          0.67 2012   0.02  -0.01     0.08
  MONTH TO DATE    0.81                      0.52   0.29     0.35
  SINCE OCT 1      5.47                      3.45   2.02     3.74
  SINCE JAN 1      0.81                      0.52   0.29     0.35

SNOWFALL (IN)
  YESTERDAY        T
  MONTH TO DATE   10.8
  SINCE JAN 1     10.8
  SINCE JUL 1     39.9
  SNOW DEPTH      13

DEGREE DAYS
 HEATING
  YESTERDAY       43                        39      4       31
  MONTH TO DATE 1049                       722    327      802
  SINCE DEC 1   2467                      1998    469     2025
  SINCE JUL 1   4221                      3894    327     3878

 COOLING
  YESTERDAY        0                         0      0        0
  MONTH TO DATE    0                         0      0        0
  SINCE DEC 1      0                         0      0        0
  SINCE JAN 1      0                         0      0        0
..................................................................


WIND (MPH)
  HIGHEST WIND SPEED    14   HIGHEST WIND DIRECTION     W (280)
  HIGHEST GUST SPEED    16   HIGHEST GUST DIRECTION     W (270)
  AVERAGE WIND SPEED     2.6


SKY COVER
  POSSIBLE SUNSHINE  MM
  AVERAGE SKY COVER 0.8


WEATHER CONDITIONS
 THE FOLLOWING WEATHER WAS RECORDED YESTERDAY.
  LIGHT RAIN
  LT FREEZING RAIN
  LIGHT SNOW
  FOG
  HAZE


RELATIVE HUMIDITY (PERCENT)
 HIGHEST    92           900 PM
 LOWEST     75           100 PM
 AVERAGE    84

..........................................................


THE MISSOULA MT CLIMATE NORMALS FOR TODAY
                         NORMAL    RECORD    YEAR
 MAXIMUM TEMPERATURE (F)   34        54      1919
 MINIMUM TEMPERATURE (F)   19       -25      1963


SUNRISE AND SUNSET
JANUARY 19 2017.......SUNRISE   814 AM MST   SUNSET   521 PM MST
JANUARY 20 2017.......SUNRISE   813 AM MST   SUNSET   522 PM MST


-  INDICATES NEGATIVE NUMBERS.
R  INDICATES RECORD WAS SET OR TIED.
MM INDICATES DATA IS MISSING.
T  INDICATES TRACE AMOUNT.




$$
