000
CDUS45 KMSO 280740
CLIMSO


CLIMATE REPORT
NATIONAL WEATHER SERVICE MISSOULA, MT
140 AM MDT SUN AUG 28 2016


...................................

...THE MISSOULA MT CLIMATE SUMMARY FOR AUGUST 27 2016...

CLIMATE NORMAL PERIOD 1981 TO 2010
CLIMATE RECORD PERIOD 1893 TO 2016


WEATHER ITEM   OBSERVED TIME   RECORD YEAR NORMAL DEPARTURE LAST
                VALUE   (LST)  VALUE       VALUE  FROM      YEAR
                                                  NORMAL
..................................................................
TEMPERATURE (F)
 YESTERDAY
  MAXIMUM         88    408 PM  99    1971  82      6       88
                                      1924
  MINIMUM         49    627 AM  33    1976  48      1       54
  AVERAGE         69                        65      4       71

PRECIPITATION (IN)
  YESTERDAY        0.00          0.44 1989   0.04  -0.04     0.00
                                      1968
  MONTH TO DATE    0.28                      1.02  -0.74     0.17
  SINCE OCT 1     11.59                     12.79  -1.20    11.43
  SINCE JAN 1      8.20                      9.86  -1.66     6.12

SNOWFALL (IN)
  YESTERDAY        0.0
  MONTH TO DATE    0.0
  SINCE JAN 1     13.1
  SINCE JUL 1      0.0
  SNOW DEPTH       0

DEGREE DAYS
 HEATING
  YESTERDAY        0                         2     -2        0
  MONTH TO DATE   41                        35      6       24
  SINCE JUN 1    217                       233    -16       92
  SINCE JUL 1     98                        73     25       45

 COOLING
  YESTERDAY        4                         2      2        6
  MONTH TO DATE   74                       116    -42      114
  SINCE JUN 1    262                       304    -42      397
  SINCE JAN 1    262                       310    -48      397
..................................................................


WIND (MPH)
  HIGHEST WIND SPEED    23   HIGHEST WIND DIRECTION    SW (210)
  HIGHEST GUST SPEED    28   HIGHEST GUST DIRECTION    SW (210)
  AVERAGE WIND SPEED     7.1


SKY COVER
  POSSIBLE SUNSHINE  MM
  AVERAGE SKY COVER 0.0


WEATHER CONDITIONS
 THE FOLLOWING WEATHER WAS RECORDED YESTERDAY.
  NO SIGNIFICANT WEATHER WAS OBSERVED.


RELATIVE HUMIDITY (PERCENT)
 HIGHEST    64           700 AM
 LOWEST     16           300 PM
 AVERAGE    40

..........................................................


THE MISSOULA MT CLIMATE NORMALS FOR TODAY
                         NORMAL    RECORD    YEAR
 MAXIMUM TEMPERATURE (F)   81        97      1986
 MINIMUM TEMPERATURE (F)   48        32      1960


SUNRISE AND SUNSET
AUGUST 28 2016........SUNRISE   651 AM MDT   SUNSET   822 PM MDT
AUGUST 29 2016........SUNRISE   653 AM MDT   SUNSET   820 PM MDT


-  INDICATES NEGATIVE NUMBERS.
R  INDICATES RECORD WAS SET OR TIED.
MM INDICATES DATA IS MISSING.
T  INDICATES TRACE AMOUNT.




$$
