538
CDUS43 KMPX 240637
CLIMSP


CLIMATE REPORT
NATIONAL WEATHER SERVICE CHANHASSEN MN
1236 AM CST FRI FEB 24 2017


...................................

...THE TWIN CITIES MN CLIMATE SUMMARY FOR FEBRUARY 23 2017...

CLIMATE NORMAL PERIOD 1981 TO 2010
CLIMATE RECORD PERIOD 1871 TO 2017


WEATHER ITEM   OBSERVED TIME   RECORD YEAR NORMAL DEPARTURE LAST
                VALUE   (LST)  VALUE       VALUE  FROM      YEAR
                                                  NORMAL
..................................................................
TEMPERATURE (F)
 YESTERDAY
  MAXIMUM         39   1252 PM  59    1958  32      7       40
  MINIMUM         29   1159 PM -25    1889  16     13       33
  AVERAGE         34                        24     10       37

PRECIPITATION (IN)
  YESTERDAY        0.00          0.63 1977   0.03  -0.03     0.04
                                      1909
  MONTH TO DATE    0.64                      0.58   0.06     1.06
  SINCE DEC 1      3.76                      2.64   1.12     3.69
  SINCE JAN 1      1.62                      1.48   0.14     1.37

SNOWFALL (IN)
  YESTERDAY        0.0           6.3  1909   0.4   -0.4      0.3
  MONTH TO DATE    0.3                       6.2   -5.9     12.0
  SINCE DEC 1     24.5                      30.3   -5.8     25.6
  SINCE JUL 1     26.8                      40.2  -13.4     30.7
  SNOW DEPTH       0

DEGREE DAYS
 HEATING
  YESTERDAY       31                        41    -10       28
  MONTH TO DATE  768                      1037   -269      975
  SINCE DEC 1   3486                      3972   -486     3509
  SINCE JUL 1   4530                      5591  -1061     4684

 COOLING
  YESTERDAY        0                         0      0        0
  MONTH TO DATE    0                         0      0        0
  SINCE DEC 1      0                         0      0        0
  SINCE JAN 1      0                         0      0        0
..................................................................


WIND (MPH)
  HIGHEST WIND SPEED    22   HIGHEST WIND DIRECTION    NE (30)
  HIGHEST GUST SPEED    29   HIGHEST GUST DIRECTION    NE (30)
  AVERAGE WIND SPEED    13.9


SKY COVER
  POSSIBLE SUNSHINE  MM
  AVERAGE SKY COVER 1.0


WEATHER CONDITIONS
 THE FOLLOWING WEATHER WAS RECORDED YESTERDAY.
  NO SIGNIFICANT WEATHER WAS OBSERVED.


RELATIVE HUMIDITY (PERCENT)
 HIGHEST    76          1200 AM
 LOWEST     54          1200 PM
 AVERAGE    65

..........................................................


THE TWIN CITIES MN CLIMATE NORMALS FOR TODAY
                         NORMAL    RECORD    YEAR
 MAXIMUM TEMPERATURE (F)   32        59      1880
 MINIMUM TEMPERATURE (F)   16       -20      1967


SUNRISE AND SUNSET
FEBRUARY 24 2017......SUNRISE   659 AM CST   SUNSET   554 PM CST
FEBRUARY 25 2017......SUNRISE   657 AM CST   SUNSET   555 PM CST


-  INDICATES NEGATIVE NUMBERS.
R  INDICATES RECORD WAS SET OR TIED.
MM INDICATES DATA IS MISSING.
T  INDICATES TRACE AMOUNT.




$$
