000
CDUS41 KBTV 310536
CLIMSS


CLIMATE REPORT
NATIONAL WEATHER SERVICE BURLINGTON VT
134 AM EDT MON AUG 31 2015


...................................

...THE MASSENA NY CLIMATE SUMMARY FOR AUGUST 30 2015...

CLIMATE NORMAL PERIOD 1981 TO 2010
CLIMATE RECORD PERIOD 1948 TO 2015


WEATHER ITEM   OBSERVED TIME   RECORD YEAR NORMAL DEPARTURE LAST
                VALUE   (LST)  VALUE       VALUE  FROM      YEAR
                                                  NORMAL
..................................................................
TEMPERATURE (F)
 YESTERDAY
  MAXIMUM         80    203 PM  93    1991  75      5       82
  MINIMUM         58    528 AM  35    2000  53      5       55
  AVERAGE         69                        64      5       69

PRECIPITATION (IN)
  YESTERDAY        0.00          1.14        0.11  -0.11     0.00
  MONTH TO DATE    3.24                      3.41  -0.17     3.35
  SINCE JUN 1     11.78                     10.50   1.28    13.75
  SINCE JAN 1     17.77                     22.43  -4.66    23.68

DEGREE DAYS
 HEATING
  YESTERDAY        0                         3     -3        0
  MONTH TO DATE   12                        48    -36       38
  SINCE JUN 1    135                       167    -32       98
  SINCE JUL 1     34                        71    -37       60

 COOLING
  YESTERDAY        4                         2      2        4
  MONTH TO DATE  122                        98     24       76
  SINCE JUN 1    325                       318      7      267
  SINCE JAN 1    370                       332     38      282
..................................................................


WIND (MPH)
  HIGHEST WIND SPEED    13   HIGHEST WIND DIRECTION     W (270)
  HIGHEST GUST SPEED    15   HIGHEST GUST DIRECTION     W (270)
  AVERAGE WIND SPEED     5.7


SKY COVER
  AVERAGE SKY COVER 0.3


WEATHER CONDITIONS
 THE FOLLOWING WEATHER WAS RECORDED YESTERDAY.
  FOG


RELATIVE HUMIDITY (PERCENT)
 HIGHEST    93          1200 AM
 LOWEST     54           100 PM
 AVERAGE    74

..........................................................


THE MASSENA NY CLIMATE NORMALS FOR TODAY
                         NORMAL    RECORD    YEAR
 MAXIMUM TEMPERATURE (F)   75        91      1993
 MINIMUM TEMPERATURE (F)   53        35      2000
                                             1965


SUNRISE AND SUNSET
AUGUST 31 2015........SUNRISE   620 AM EDT   SUNSET   739 PM EDT
SEPTEMBER  1 2015.....SUNRISE   621 AM EDT   SUNSET   737 PM EDT


-  INDICATES NEGATIVE NUMBERS.
R  INDICATES RECORD WAS SET OR TIED.
MM INDICATES DATA IS MISSING.
T  INDICATES TRACE AMOUNT.




$$
