000
CDUS41 KBTV 180532
CLIMSS


CLIMATE REPORT
NATIONAL WEATHER SERVICE BURLINGTON VT
1230 AM EST MON DEC 18 2017


...................................

...THE MASSENA NY CLIMATE SUMMARY FOR DECEMBER 17 2017...

CLIMATE NORMAL PERIOD 1981 TO 2010
CLIMATE RECORD PERIOD 1948 TO 2017


WEATHER ITEM   OBSERVED TIME   RECORD YEAR NORMAL DEPARTURE LAST
                VALUE   (LST)  VALUE       VALUE  FROM      YEAR
                                                  NORMAL
..................................................................
TEMPERATURE (F)
 YESTERDAY
  MAXIMUM         13    248 PM  54    1996  30    -17       22
  MINIMUM        -11    720 AM -25    2013  13    -24        4
  AVERAGE          1                        21    -20       13

PRECIPITATION (IN)
  YESTERDAY        0.00          0.75        0.08  -0.08     0.10
  MONTH TO DATE    0.30                      1.42  -1.12     0.86
  SINCE DEC 1      0.30                      1.42  -1.12     0.86
  SINCE JAN 1     38.35                     33.95   4.40    28.74

DEGREE DAYS
 HEATING
  YESTERDAY       64                        44     20       52
  MONTH TO DATE  690                       680     10      668
  SINCE DEC 1    690                       680     10      668
  SINCE JUL 1   2089                      2449   -360     2074

 COOLING
  YESTERDAY        0                         0      0        0
  MONTH TO DATE    0                         0      0        0
  SINCE DEC 1      0                         0      0        0
  SINCE JAN 1    399                       363     36      527
..................................................................


WIND (MPH)
  HIGHEST WIND SPEED     8   HIGHEST WIND DIRECTION    SW (220)
  HIGHEST GUST SPEED     9   HIGHEST GUST DIRECTION    SW (220)
  AVERAGE WIND SPEED     1.9


SKY COVER
  AVERAGE SKY COVER 0.1


WEATHER CONDITIONS
 THE FOLLOWING WEATHER WAS RECORDED YESTERDAY.
  NO SIGNIFICANT WEATHER WAS OBSERVED.


RELATIVE HUMIDITY (PERCENT)
 HIGHEST    95           900 PM
 LOWEST     73           100 PM
 AVERAGE    84

..........................................................


THE MASSENA NY CLIMATE NORMALS FOR TODAY
                         NORMAL    RECORD    YEAR
 MAXIMUM TEMPERATURE (F)   29        44      1949
 MINIMUM TEMPERATURE (F)   13       -16      1985


SUNRISE AND SUNSET
DECEMBER 18 2017......SUNRISE   733 AM EST   SUNSET   420 PM EST
DECEMBER 19 2017......SUNRISE   733 AM EST   SUNSET   420 PM EST


-  INDICATES NEGATIVE NUMBERS.
R  INDICATES RECORD WAS SET OR TIED.
MM INDICATES DATA IS MISSING.
T  INDICATES TRACE AMOUNT.




$$
