000
CDUS41 KBTV 060600
CLIMSS


CLIMATE REPORT
NATIONAL WEATHER SERVICE BURLINGTON VT
158 AM EDT MON JUL 6 2015


...................................

...THE MASSENA NY CLIMATE SUMMARY FOR JULY 5 2015...

CLIMATE NORMAL PERIOD 1981 TO 2010
CLIMATE RECORD PERIOD 1948 TO 2015


WEATHER ITEM   OBSERVED TIME   RECORD YEAR NORMAL DEPARTURE LAST
                VALUE   (LST)  VALUE       VALUE  FROM      YEAR
                                                  NORMAL
..................................................................
TEMPERATURE (F)
 YESTERDAY
  MAXIMUM         81    409 PM  94    1993  80      1       83
  MINIMUM         59    506 AM  43    1982  57      2       53
  AVERAGE         70                        69      1       68

PRECIPITATION (IN)
  YESTERDAY        0.00          0.89        0.12  -0.12     0.00
  MONTH TO DATE    0.39                      0.58  -0.19     0.04
  SINCE JUN 1      5.51                      4.10   1.41     4.97
  SINCE JAN 1     11.50                     16.03  -4.53    14.90

DEGREE DAYS
 HEATING
  YESTERDAY        0                         1     -1        0
  MONTH TO DATE    6                         5      1        0
  SINCE JUN 1    107                       101      6       38
  SINCE JUL 1      6                         5      1        0

 COOLING
  YESTERDAY        5                         5      0        3
  MONTH TO DATE    6                        22    -16       33
  SINCE JUN 1     53                        97    -44      117
  SINCE JAN 1     98                       111    -13      132
..................................................................


WIND (MPH)
  HIGHEST WIND SPEED    14   HIGHEST WIND DIRECTION     W (270)
  HIGHEST GUST SPEED    18   HIGHEST GUST DIRECTION     W (270)
  AVERAGE WIND SPEED     5.9


SKY COVER
  AVERAGE SKY COVER 0.2


WEATHER CONDITIONS
 THE FOLLOWING WEATHER WAS RECORDED YESTERDAY.
  FOG


RELATIVE HUMIDITY (PERCENT)
 HIGHEST    90          1200 AM
 LOWEST     48           500 PM
 AVERAGE    69

..........................................................


THE MASSENA NY CLIMATE NORMALS FOR TODAY
                         NORMAL    RECORD    YEAR
 MAXIMUM TEMPERATURE (F)   80        95      1993
 MINIMUM TEMPERATURE (F)   58        41      1962


SUNRISE AND SUNSET
JULY  6 2015..........SUNRISE   520 AM EDT   SUNSET   848 PM EDT
JULY  7 2015..........SUNRISE   520 AM EDT   SUNSET   848 PM EDT


-  INDICATES NEGATIVE NUMBERS.
R  INDICATES RECORD WAS SET OR TIED.
MM INDICATES DATA IS MISSING.
T  INDICATES TRACE AMOUNT.




$$
