000
CDUS41 KBTV 220526
CLIMSS


CLIMATE REPORT
NATIONAL WEATHER SERVICE BURLINGTON VT
124 AM EDT MON MAY 22 2017


...................................

...THE MASSENA NY CLIMATE SUMMARY FOR MAY 21 2017...

CLIMATE NORMAL PERIOD 1981 TO 2010
CLIMATE RECORD PERIOD 1948 TO 2017


WEATHER ITEM   OBSERVED TIME   RECORD YEAR NORMAL DEPARTURE LAST
                VALUE   (LST)  VALUE       VALUE  FROM      YEAR
                                                  NORMAL
..................................................................
TEMPERATURE (F)
 YESTERDAY
  MAXIMUM         66   1230 PM  89    1975  68     -2       77
  MINIMUM         40   1218 AM  31    1964  45     -5       45
  AVERAGE         53                        57     -4       61

PRECIPITATION (IN)
  YESTERDAY        0.23          0.57        0.11   0.12     0.00
  MONTH TO DATE    3.63                      2.04   1.59     0.79
  SINCE MAR 1      9.41                      6.95   2.46     4.68
  SINCE JAN 1     12.84                     10.90   1.94     9.34

DEGREE DAYS
 HEATING
  YESTERDAY       12                         9      3        4
  MONTH TO DATE  271                       245     26      281
  SINCE MAR 1   2042                      2040      2     2047
  SINCE JUL 1   6968                      8027  -1059     7093

 COOLING
  YESTERDAY        0                         1     -1        0
  MONTH TO DATE   14                         2     12        0
  SINCE MAR 1     16                         3     13        0
  SINCE JAN 1     16                         3     13        0
..................................................................


WIND (MPH)
  HIGHEST WIND SPEED    16   HIGHEST WIND DIRECTION    NE (60)
  HIGHEST GUST SPEED    20   HIGHEST GUST DIRECTION     E (70)
  AVERAGE WIND SPEED     7.8


SKY COVER
  AVERAGE SKY COVER 0.5


WEATHER CONDITIONS
 THE FOLLOWING WEATHER WAS RECORDED YESTERDAY.
  RAIN
  LIGHT RAIN
  FOG


RELATIVE HUMIDITY (PERCENT)
 HIGHEST    93          1000 PM
 LOWEST     37           400 PM
 AVERAGE    65

..........................................................


THE MASSENA NY CLIMATE NORMALS FOR TODAY
                         NORMAL    RECORD    YEAR
 MAXIMUM TEMPERATURE (F)   69        89      1977
 MINIMUM TEMPERATURE (F)   46        30      1967


SUNRISE AND SUNSET
MAY 22 2017...........SUNRISE   523 AM EDT   SUNSET   829 PM EDT
MAY 23 2017...........SUNRISE   522 AM EDT   SUNSET   831 PM EDT


-  INDICATES NEGATIVE NUMBERS.
R  INDICATES RECORD WAS SET OR TIED.
MM INDICATES DATA IS MISSING.
T  INDICATES TRACE AMOUNT.




$$
