000
CDUS41 KBTV 030612
CLIMSS


CLIMATE REPORT
NATIONAL WEATHER SERVICE BURLINGTON VT
112 AM EST TUE MAR 3 2015


...................................

...THE MASSENA NY CLIMATE SUMMARY FOR MARCH 2 2015...

CLIMATE NORMAL PERIOD 1981 TO 2010
CLIMATE RECORD PERIOD 1948 TO 2015


WEATHER ITEM   OBSERVED TIME   RECORD YEAR NORMAL DEPARTURE LAST
                VALUE   (LST)  VALUE       VALUE  FROM      YEAR
                                                  NORMAL
..................................................................
TEMPERATURE (F)
 YESTERDAY
  MAXIMUM         29    224 PM  59    1991  32     -3       22
  MINIMUM          0   1158 PM -26    1980  12    -12      -11
  AVERAGE         15                        22     -7        6

PRECIPITATION (IN)
  YESTERDAY        T             0.81        0.06  -0.06     0.01
  MONTH TO DATE    T                         0.13  -0.13     0.01
  SINCE MAR 1      T                         0.13  -0.13     0.01
  SINCE JAN 1      1.42                      4.08  -2.66     2.75

DEGREE DAYS
 HEATING
  YESTERDAY       50                        43      7       59
  MONTH TO DATE  104                        86     18      111
  SINCE MAR 1    104                        86     18      111
  SINCE JUL 1   6270                      6073    197     6280

 COOLING
  YESTERDAY        0                         0      0        0
  MONTH TO DATE    0                         0      0        0
  SINCE MAR 1      0                         0      0        0
  SINCE JAN 1      0                         0      0        0
..................................................................


WIND (MPH)
  HIGHEST WIND SPEED    28   HIGHEST WIND DIRECTION    NW (300)
  HIGHEST GUST SPEED    38   HIGHEST GUST DIRECTION    NW (310)
  AVERAGE WIND SPEED    11.6


SKY COVER
  AVERAGE SKY COVER 0.7


WEATHER CONDITIONS
 THE FOLLOWING WEATHER WAS RECORDED YESTERDAY.
  LIGHT SNOW
  FOG
  HAZE


RELATIVE HUMIDITY (PERCENT)
 HIGHEST    91           700 AM
 LOWEST     45           600 PM
 AVERAGE    68

..........................................................


THE MASSENA NY CLIMATE NORMALS FOR TODAY
                         NORMAL    RECORD    YEAR
 MAXIMUM TEMPERATURE (F)   33        59      2008
 MINIMUM TEMPERATURE (F)   12       -18      1950


SUNRISE AND SUNSET
MARCH  3 2015.........SUNRISE   634 AM EST   SUNSET   549 PM EST
MARCH  4 2015.........SUNRISE   632 AM EST   SUNSET   551 PM EST


-  INDICATES NEGATIVE NUMBERS.
R  INDICATES RECORD WAS SET OR TIED.
MM INDICATES DATA IS MISSING.
T  INDICATES TRACE AMOUNT.




$$
