000
CDUS41 KBTV 300546
CLIMSS


CLIMATE REPORT
NATIONAL WEATHER SERVICE BURLINGTON VT
144 AM EDT MON MAY 30 2016


...................................

...THE MASSENA NY CLIMATE SUMMARY FOR MAY 29 2016...

CLIMATE NORMAL PERIOD 1981 TO 2010
CLIMATE RECORD PERIOD 1948 TO 2016


WEATHER ITEM   OBSERVED TIME   RECORD YEAR NORMAL DEPARTURE LAST
                VALUE   (LST)  VALUE       VALUE  FROM      YEAR
                                                  NORMAL
..................................................................
TEMPERATURE (F)
 YESTERDAY
  MAXIMUM         88    338 PM  90    1978  71     17       80
  MINIMUM         62    429 AM  33    1977  48     14       45
  AVERAGE         75                        59     16       63

PRECIPITATION (IN)
  YESTERDAY        T             0.72        0.10  -0.10     0.00
  MONTH TO DATE    0.79                      2.86  -2.07     0.96
  SINCE MAR 1      4.68                      7.77  -3.09     3.98
  SINCE JAN 1      9.34                     11.72  -2.38     5.40

DEGREE DAYS
 HEATING
  YESTERDAY        0                         7     -7        2
  MONTH TO DATE  286                       306    -20      166
  SINCE MAR 1   2052                      2101    -49     2101
  SINCE JUL 1   7098                      8088   -990     8267

 COOLING
  YESTERDAY       10                         1      9        0
  MONTH TO DATE   35                        10     25       40
  SINCE MAR 1     35                        11     24       40
  SINCE JAN 1     35                        11     24       40
..................................................................


WIND (MPH)
  HIGHEST WIND SPEED    21   HIGHEST WIND DIRECTION    SE (130)
  HIGHEST GUST SPEED    31   HIGHEST GUST DIRECTION     E (100)
  AVERAGE WIND SPEED     7.5


SKY COVER
  AVERAGE SKY COVER 0.3


WEATHER CONDITIONS
 THE FOLLOWING WEATHER WAS RECORDED YESTERDAY.
  THUNDERSTORM
  LIGHT RAIN


RELATIVE HUMIDITY (PERCENT)
 HIGHEST    87          1200 AM
 LOWEST     48           400 PM
 AVERAGE    68

..........................................................


THE MASSENA NY CLIMATE NORMALS FOR TODAY
                         NORMAL    RECORD    YEAR
 MAXIMUM TEMPERATURE (F)   71        91      1987
 MINIMUM TEMPERATURE (F)   48        32      1967


SUNRISE AND SUNSET
MAY 30 2016...........SUNRISE   517 AM EDT   SUNSET   837 PM EDT
MAY 31 2016...........SUNRISE   517 AM EDT   SUNSET   838 PM EDT


-  INDICATES NEGATIVE NUMBERS.
R  INDICATES RECORD WAS SET OR TIED.
MM INDICATES DATA IS MISSING.
T  INDICATES TRACE AMOUNT.




$$
