000
CDUS41 KBTV 260530
CLIMSS


CLIMATE REPORT
NATIONAL WEATHER SERVICE BURLINGTON VT
129 AM EDT THU MAR 26 2015


...................................

...THE MASSENA NY CLIMATE SUMMARY FOR MARCH 25 2015...

CLIMATE NORMAL PERIOD 1981 TO 2010
CLIMATE RECORD PERIOD 1948 TO 2015


WEATHER ITEM   OBSERVED TIME   RECORD YEAR NORMAL DEPARTURE LAST
                VALUE   (LST)  VALUE       VALUE  FROM      YEAR
                                                  NORMAL
..................................................................
TEMPERATURE (F)
 YESTERDAY
  MAXIMUM         43    401 PM  73    1996  42      1       32
  MINIMUM         13    557 AM  -2    2014  23    -10       -2
  AVERAGE         28                        32     -4       15

PRECIPITATION (IN)
  YESTERDAY        0.04          0.60        0.07  -0.03      T
  MONTH TO DATE    0.40                      1.65  -1.25     0.40
  SINCE MAR 1      0.40                      1.65  -1.25     0.40
  SINCE JAN 1      1.82                      5.60  -3.78     3.14

DEGREE DAYS
 HEATING
  YESTERDAY       37                        33      4       50
  MONTH TO DATE 1084                       959    125     1205
  SINCE MAR 1   1084                       959    125     1205
  SINCE JUL 1   7250                      6946    304     7374

 COOLING
  YESTERDAY        0                         0      0        0
  MONTH TO DATE    0                         0      0        0
  SINCE MAR 1      0                         0      0        0
  SINCE JAN 1      0                         0      0        0
..................................................................


WIND (MPH)
  HIGHEST WIND SPEED    26   HIGHEST WIND DIRECTION    SW (210)
  HIGHEST GUST SPEED    36   HIGHEST GUST DIRECTION    SW (210)
  AVERAGE WIND SPEED     8.1


SKY COVER
  AVERAGE SKY COVER 0.3


WEATHER CONDITIONS
 THE FOLLOWING WEATHER WAS RECORDED YESTERDAY.
  LIGHT RAIN
  FOG


RELATIVE HUMIDITY (PERCENT)
 HIGHEST   100           600 PM
 LOWEST     38           100 PM
 AVERAGE    69

..........................................................


THE MASSENA NY CLIMATE NORMALS FOR TODAY
                         NORMAL    RECORD    YEAR
 MAXIMUM TEMPERATURE (F)   42        73      1986
 MINIMUM TEMPERATURE (F)   23         0      1971


SUNRISE AND SUNSET
MARCH 26 2015.........SUNRISE   652 AM EDT   SUNSET   719 PM EDT
MARCH 27 2015.........SUNRISE   650 AM EDT   SUNSET   720 PM EDT


-  INDICATES NEGATIVE NUMBERS.
R  INDICATES RECORD WAS SET OR TIED.
MM INDICATES DATA IS MISSING.
T  INDICATES TRACE AMOUNT.




$$
