000
CDUS41 KBTV 010544
CLIMSS


CLIMATE REPORT
NATIONAL WEATHER SERVICE BURLINGTON VT
142 AM EDT MON SEP 1 2014


...................................

...THE MASSENA NY CLIMATE SUMMARY FOR AUGUST 31 2014...

CLIMATE NORMAL PERIOD 1981 TO 2010
CLIMATE RECORD PERIOD 1948 TO 2014


WEATHER ITEM   OBSERVED TIME   RECORD YEAR NORMAL DEPARTURE LAST
                VALUE   (LST)  VALUE       VALUE  FROM      YEAR
                                                  NORMAL
..................................................................
TEMPERATURE (F)
 YESTERDAY
  MAXIMUM         76    415 PM  91    1993  75      1       76
  MINIMUM         65    850 PM  35    2000  53     12       63
                                      1965
  AVERAGE         71                        64      7       70

PRECIPITATION (IN)
  YESTERDAY        1.78          3.61        0.11   1.67     0.01
  MONTH TO DATE    5.13                      3.52   1.61     3.61
  SINCE JUN 1     15.53                     10.61   4.92    14.82
  SINCE JAN 1     25.46                     22.54   2.92    23.12

DEGREE DAYS
 HEATING
  YESTERDAY        0                         3     -3        0
  MONTH TO DATE   38                        51    -13       34
  SINCE JUN 1     98                       171    -73      172
  SINCE JUL 1     60                        75    -15       56

 COOLING
  YESTERDAY        6                         2      4        5
  MONTH TO DATE   82                       102    -20       92
  SINCE JUN 1    273                       322    -49      364
  SINCE JAN 1    288                       336    -48      387
..................................................................


WIND (MPH)
  HIGHEST WIND SPEED    20   HIGHEST WIND DIRECTION    SW (220)
  HIGHEST GUST SPEED    29   HIGHEST GUST DIRECTION    SW (210)
  AVERAGE WIND SPEED     9.6


SKY COVER
  AVERAGE SKY COVER 0.7


WEATHER CONDITIONS
 THE FOLLOWING WEATHER WAS RECORDED YESTERDAY.
  THUNDERSTORM
  HEAVY RAIN
  RAIN
  LIGHT RAIN
  FOG


RELATIVE HUMIDITY (PERCENT)
 HIGHEST   100          1200 PM
 LOWEST     73          1200 AM
 AVERAGE    87

..........................................................


THE MASSENA NY CLIMATE NORMALS FOR TODAY
                         NORMAL    RECORD    YEAR
 MAXIMUM TEMPERATURE (F)   75        90      2010
                                             1973
 MINIMUM TEMPERATURE (F)   52        38      1985


SUNRISE AND SUNSET
SEPTEMBER  1 2014.....SUNRISE   621 AM EDT   SUNSET   736 PM EDT
SEPTEMBER  2 2014.....SUNRISE   623 AM EDT   SUNSET   735 PM EDT


-  INDICATES NEGATIVE NUMBERS.
R  INDICATES RECORD WAS SET OR TIED.
MM INDICATES DATA IS MISSING.
T  INDICATES TRACE AMOUNT.




$$
