000
CDUS41 KBTV 270545
CLIMSS


CLIMATE REPORT
NATIONAL WEATHER SERVICE BURLINGTON VT
1243 AM EST SAT DEC 27 2014


...................................

...THE MASSENA NY CLIMATE SUMMARY FOR DECEMBER 26 2014...

CLIMATE NORMAL PERIOD 1981 TO 2010
CLIMATE RECORD PERIOD 1948 TO 2014


WEATHER ITEM   OBSERVED TIME   RECORD YEAR NORMAL DEPARTURE LAST
                VALUE   (LST)  VALUE       VALUE  FROM      YEAR
                                                  NORMAL
..................................................................
TEMPERATURE (F)
 YESTERDAY
  MAXIMUM         43    150 PM  61    1982  27     16       24
  MINIMUM         37    340 AM -27    1968   9     28        5
  AVERAGE         40                        18     22       15

PRECIPITATION (IN)
  YESTERDAY        0.00          1.06        0.08  -0.08     0.01
  MONTH TO DATE    0.90                      2.07  -1.17     1.62
  SINCE DEC 1      0.90                      2.07  -1.17     1.62
  SINCE JAN 1     31.06                     34.60  -3.54    35.50

DEGREE DAYS
 HEATING
  YESTERDAY       25                        47    -22       50
  MONTH TO DATE  987                      1090   -103     1221
  SINCE DEC 1    987                      1090   -103     1221
  SINCE JUL 1   2548                      2859   -311     2972

 COOLING
  YESTERDAY        0                         0      0        0
  MONTH TO DATE    0                         0      0        0
  SINCE DEC 1      0                         0      0        0
  SINCE JAN 1    336                       363    -27      418
..................................................................


WIND (MPH)
  HIGHEST WIND SPEED    22   HIGHEST WIND DIRECTION    SW (220)
  HIGHEST GUST SPEED    30   HIGHEST GUST DIRECTION    SW (220)
  AVERAGE WIND SPEED    12.2


SKY COVER
  AVERAGE SKY COVER 0.8


WEATHER CONDITIONS
 THE FOLLOWING WEATHER WAS RECORDED YESTERDAY.
  NO SIGNIFICANT WEATHER WAS OBSERVED.


RELATIVE HUMIDITY (PERCENT)
 HIGHEST    79           800 PM
 LOWEST     60          1100 AM
 AVERAGE    70

..........................................................


THE MASSENA NY CLIMATE NORMALS FOR TODAY
                         NORMAL    RECORD    YEAR
 MAXIMUM TEMPERATURE (F)   27        54      2008
 MINIMUM TEMPERATURE (F)    9       -25      1989


SUNRISE AND SUNSET
DECEMBER 27 2014......SUNRISE   737 AM EST   SUNSET   424 PM EST
DECEMBER 28 2014......SUNRISE   737 AM EST   SUNSET   425 PM EST


-  INDICATES NEGATIVE NUMBERS.
R  INDICATES RECORD WAS SET OR TIED.
MM INDICATES DATA IS MISSING.
T  INDICATES TRACE AMOUNT.




$$
