000
CDUS42 KKEY 080535
CLIMTH


CLIMATE REPORT
NATIONAL WEATHER SERVICE KEY WEST, FL
1235 AM EST THU DEC 8 2016


...................................

...THE MARATHON CLIMATE SUMMARY FOR DECEMBER 7 2016...

CLIMATE NORMAL PERIOD 1981 TO 2010


WEATHER ITEM   OBSERVED TIME   NORMAL DEPARTURE LAST
                VALUE   (LST)  VALUE  FROM      YEAR
                                      NORMAL
......................................................
TEMPERATURE (F)
 YESTERDAY
  MAXIMUM         85   1201 PM  78      7       76
  MINIMUM         77    519 AM  68      9       71
  AVERAGE         81            73      8       74

PRECIPITATION (IN)
  YESTERDAY        0.18          0.07   0.11     0.52
  MONTH TO DATE    0.71          0.47   0.24     7.34
  SINCE DEC 1      0.71          0.47   0.24     7.34
  SINCE JAN 1     36.71         44.62  -7.91    33.91

SNOWFALL (IN)
  YESTERDAY        0.0
  MONTH TO DATE    0.0
  SINCE DEC 1      0.0
  SINCE JUL 1      0.0
  SNOW DEPTH       0

DEGREE DAYS
 HEATING
  YESTERDAY        0             0      0        0
  MONTH TO DATE    0             0      0        0
  SINCE DEC 1      0             0      0        0
  SINCE JUL 1      0             1     -1        0

 COOLING
  YESTERDAY       16             9      7        9
  MONTH TO DATE  118            63     55       80
  SINCE DEC 1    118            63     55       80
  SINCE JAN 1   5083          4827    256     5506
......................................................


WIND (MPH)
  HIGHEST WIND SPEED     9   HIGHEST WIND DIRECTION    SW (210)
  HIGHEST GUST SPEED    13   HIGHEST GUST DIRECTION    SW (210)
  AVERAGE WIND SPEED     2.5


SKY COVER
  POSSIBLE SUNSHINE  MM
  AVERAGE SKY COVER 0.4


WEATHER CONDITIONS
 THE FOLLOWING WEATHER WAS RECORDED YESTERDAY.
  THUNDERSTORM
  HEAVY RAIN
  LIGHT RAIN
  FOG
  HAZE


RELATIVE HUMIDITY (PERCENT)
 HIGHEST    91
 LOWEST     79
 AVERAGE    85

..........................................................


THE MARATHON CLIMATE NORMALS FOR TODAY
                         NORMAL
 MAXIMUM TEMPERATURE (F)   78
 MINIMUM TEMPERATURE (F)   68


SUNRISE AND SUNSET
DECEMBER  8 2016......SUNRISE   657 AM EST   SUNSET   536 PM EST
DECEMBER  9 2016......SUNRISE   658 AM EST   SUNSET   536 PM EST


-  INDICATES NEGATIVE NUMBERS.
R  INDICATES RECORD WAS SET OR TIED.
MM INDICATES DATA IS MISSING.
T  INDICATES TRACE AMOUNT.




$$
