000
CDUS42 KKEY 160530
CLIMTH

CLIMATE REPORT
NATIONAL WEATHER SERVICE KEY WEST, FL
126 AM EDT TUE SEP 16 2014


...................................

...THE MARATHON CLIMATE SUMMARY FOR SEPTEMBER 15 2014...

CLIMATE NORMAL PERIOD 1981 TO 2010


WEATHER ITEM   OBSERVED TIME   NORMAL DEPARTURE LAST
                VALUE   (LST)  VALUE  FROM      YEAR
                                      NORMAL
......................................................
TEMPERATURE (F)
 YESTERDAY
  MAXIMUM         90    109 PM  90      0       90
  MINIMUM         80    636 AM  79      1       78
  AVERAGE         85            84      1       84

PRECIPITATION (IN)
  YESTERDAY        0.00          0.29  -0.29     0.06
  MONTH TO DATE    3.22          4.05  -0.83     0.86
  SINCE SEP 1      3.22          4.05  -0.83     0.86
  SINCE JAN 1     23.16         32.87  -9.71    40.09

SNOWFALL (IN)
  YESTERDAY        0.0
  MONTH TO DATE    0.0
  SINCE SEP 1      0.0
  SINCE JUL 1      0.0
  SNOW DEPTH       0

DEGREE DAYS
 HEATING
  YESTERDAY        0             0      0        0
  MONTH TO DATE    0             0      0        0
  SINCE SEP 1      0             0      0        0
  SINCE JUL 1      0             0      0        0

 COOLING
  YESTERDAY       20            19      1       19
  MONTH TO DATE  282           288     -6      300
  SINCE SEP 1    282           288     -6      300
  SINCE JAN 1   3966          3674    292     4021
......................................................


WIND (MPH)
  HIGHEST WIND SPEED    13   HIGHEST WIND DIRECTION     E (80)
  HIGHEST GUST SPEED    17   HIGHEST GUST DIRECTION     E (80)
  AVERAGE WIND SPEED     7.0


SKY COVER
  POSSIBLE SUNSHINE  MM
  AVERAGE SKY COVER 0.0


WEATHER CONDITIONS
 THE FOLLOWING WEATHER WAS RECORDED YESTERDAY.
  NO SIGNIFICANT WEATHER WAS OBSERVED.


RELATIVE HUMIDITY (PERCENT)
 HIGHEST    88
 LOWEST     64
 AVERAGE    76

..........................................................


THE MARATHON CLIMATE NORMALS FOR TODAY
                         NORMAL
 MAXIMUM TEMPERATURE (F)   89
 MINIMUM TEMPERATURE (F)   79


SUNRISE AND SUNSET
SEPTEMBER 16 2014.....SUNRISE   711 AM EDT   SUNSET   727 PM EDT
SEPTEMBER 17 2014.....SUNRISE   711 AM EDT   SUNSET   726 PM EDT


-  INDICATES NEGATIVE NUMBERS.
R  INDICATES RECORD WAS SET OR TIED.
MM INDICATES DATA IS MISSING.
T  INDICATES TRACE AMOUNT.

$$

CLR
