000
CDUS42 KKEY 280529
CLIMTH

CLIMATE REPORT
NATIONAL WEATHER SERVICE KEY WEST, FL
127 AM EDT TUE JUL 28 2015


...................................

...THE MARATHON CLIMATE SUMMARY FOR JULY 27 2015...

CLIMATE NORMAL PERIOD 1981 TO 2010


WEATHER ITEM   OBSERVED TIME   NORMAL DEPARTURE LAST
                VALUE   (LST)  VALUE  FROM      YEAR
                                      NORMAL
......................................................
TEMPERATURE (F)
 YESTERDAY
  MAXIMUM         94    208 PM  91      3       93
  MINIMUM         82   1159 PM  80      2       82
  AVERAGE         88            85      3       88

PRECIPITATION (IN)
  YESTERDAY        0.00          0.16  -0.16     0.00
  MONTH TO DATE    1.27          3.65  -2.38     1.99
  SINCE JUN 1      3.78          9.26  -5.48     5.86
  SINCE JAN 1     10.74         21.20 -10.46    12.44

SNOWFALL (IN)
  YESTERDAY        0.0
  MONTH TO DATE    0.0
  SINCE JUN 1      0.0
  SINCE JUL 1      0.0
  SNOW DEPTH       0

DEGREE DAYS
 HEATING
  YESTERDAY        0             0      0        0
  MONTH TO DATE    0             0      0        0
  SINCE JUN 1      0             0      0        0
  SINCE JUL 1      0             0      0        0

 COOLING
  YESTERDAY       23            20      3       23
  MONTH TO DATE  596           540     56      581
  SINCE JUN 1   1189          1134     55     1144
  SINCE JAN 1   3045          2677    368     2929
......................................................


WIND (MPH)
  HIGHEST WIND SPEED    10   HIGHEST WIND DIRECTION     S (190)
  HIGHEST GUST SPEED    17   HIGHEST GUST DIRECTION     S (200)
  AVERAGE WIND SPEED     4.7


SKY COVER
  POSSIBLE SUNSHINE  MM
  AVERAGE SKY COVER 0.1


WEATHER CONDITIONS
 THE FOLLOWING WEATHER WAS RECORDED YESTERDAY.
  NO SIGNIFICANT WEATHER WAS OBSERVED.


RELATIVE HUMIDITY (PERCENT)
 HIGHEST    85
 LOWEST     56
 AVERAGE    71

..........................................................


THE MARATHON CLIMATE NORMALS FOR TODAY
                         NORMAL
 MAXIMUM TEMPERATURE (F)   91
 MINIMUM TEMPERATURE (F)   80


SUNRISE AND SUNSET
JULY 28 2015..........SUNRISE   650 AM EDT   SUNSET   811 PM EDT
JULY 29 2015..........SUNRISE   651 AM EDT   SUNSET   810 PM EDT


-  INDICATES NEGATIVE NUMBERS.
R  INDICATES RECORD WAS SET OR TIED.
MM INDICATES DATA IS MISSING.
T  INDICATES TRACE AMOUNT.

$$

CLR
