986
CDUS42 KKEY 260529
CLIMTH


CLIMATE REPORT
NATIONAL WEATHER SERVICE KEY WEST, FL
127 AM EDT SUN MAR 26 2017


...................................

...THE MARATHON CLIMATE SUMMARY FOR MARCH 25 2017...

CLIMATE NORMAL PERIOD 1981 TO 2010


WEATHER ITEM   OBSERVED TIME   NORMAL DEPARTURE LAST
                VALUE   (LST)  VALUE  FROM      YEAR
                                      NORMAL
......................................................
TEMPERATURE (F)
 YESTERDAY
  MAXIMUM         84    233 PM  81      3       84
  MINIMUM         74    644 AM  69      5       73
  AVERAGE         79            75      4       79

PRECIPITATION (IN)
  YESTERDAY        0.00          0.07  -0.07     0.07
  MONTH TO DATE    0.38          1.87  -1.49     0.66
  SINCE MAR 1      0.38          1.87  -1.49     0.66
  SINCE JAN 1      1.90          5.69  -3.79     9.02

SNOWFALL (IN)
  YESTERDAY        0.0
  MONTH TO DATE    0.0
  SINCE MAR 1      0.0
  SINCE JUL 1      0.0
  SNOW DEPTH       0

DEGREE DAYS
 HEATING
  YESTERDAY        0             0      0        0
  MONTH TO DATE    0             0      0        0
  SINCE MAR 1      0             0      0        0
  SINCE JUL 1      3            75    -72       49

 COOLING
  YESTERDAY       14            10      4       14
  MONTH TO DATE  256           220     36      277
  SINCE MAR 1    256           220     36      277
  SINCE JAN 1    892           602    290      573
......................................................


WIND (MPH)
  HIGHEST WIND SPEED    17   HIGHEST WIND DIRECTION    NE (50)
  HIGHEST GUST SPEED    24   HIGHEST GUST DIRECTION     E (110)
  AVERAGE WIND SPEED    10.7


SKY COVER
  POSSIBLE SUNSHINE  MM
  AVERAGE SKY COVER 0.1


WEATHER CONDITIONS
 THE FOLLOWING WEATHER WAS RECORDED YESTERDAY.
  NO SIGNIFICANT WEATHER WAS OBSERVED.


RELATIVE HUMIDITY (PERCENT)
 HIGHEST    74
 LOWEST     51
 AVERAGE    63

..........................................................


THE MARATHON CLIMATE NORMALS FOR TODAY
                         NORMAL
 MAXIMUM TEMPERATURE (F)   81
 MINIMUM TEMPERATURE (F)   70


SUNRISE AND SUNSET
MARCH 26 2017.........SUNRISE   722 AM EDT   SUNSET   738 PM EDT
MARCH 27 2017.........SUNRISE   721 AM EDT   SUNSET   739 PM EDT


-  INDICATES NEGATIVE NUMBERS.
R  INDICATES RECORD WAS SET OR TIED.
MM INDICATES DATA IS MISSING.
T  INDICATES TRACE AMOUNT.




$$
