000
CDUS45 KGJT 140730
CLIMTJ


CLIMATE REPORT
NATIONAL WEATHER SERVICE GRAND JUNCTION CO
128 AM MDT MON JUL 14 2014


...................................

...THE MONTROSE CO CLIMATE SUMMARY FOR JULY 13 2014...

CLIMATE NORMAL PERIOD 1981 TO 2010
CLIMATE RECORD PERIOD 9999 TO 9999


WEATHER ITEM   OBSERVED TIME   RECORD YEAR NORMAL DEPARTURE LAST
                VALUE   (LST)  VALUE       VALUE  FROM      YEAR
                                                  NORMAL
..................................................................
TEMPERATURE (F)
 YESTERDAY
  MAXIMUM         95    421 PM  MM      MM  90      5       87
  MINIMUM         63    601 AM  MM      MM  58      5       60
  AVERAGE         79                        74      5       74

PRECIPITATION (IN)
  YESTERDAY        0.00         MM      MM   0.03  -0.03     0.22
  MONTH TO DATE    0.08                      0.33  -0.25     0.74
  SINCE JUN 1      0.09                      1.10  -1.01     0.74
  SINCE JAN 1      3.36                      5.40  -2.04     3.39

SNOWFALL (IN)
  YESTERDAY       MM            MM      MM  MM     MM       MM
  MONTH TO DATE   MM                        MM     MM       MM
  SINCE JUN 1     MM                        MM     MM       MM
  SINCE JUL 1     MM                        MM     MM       MM
  SNOW DEPTH      MM

DEGREE DAYS
 HEATING
  YESTERDAY        0                         0      0        0
  MONTH TO DATE    0                         0      0        0
  SINCE JUN 1     18                        39    -21        9
  SINCE JUL 1      0                         0      0        0

 COOLING
  YESTERDAY       14                         9      5        9
  MONTH TO DATE  152                       109     43      167
  SINCE JUN 1    292                       244     48      406
  SINCE JAN 1    333                       261     72      431
..................................................................


WIND (MPH)
  HIGHEST WIND SPEED    23   HIGHEST WIND DIRECTION     E (100)
  HIGHEST GUST SPEED    29   HIGHEST GUST DIRECTION     E (100)
  AVERAGE WIND SPEED     8.8


SKY COVER
  POSSIBLE SUNSHINE  MM
  AVERAGE SKY COVER 0.0


WEATHER CONDITIONS
 THE FOLLOWING WEATHER WAS RECORDED YESTERDAY.
  NO SIGNIFICANT WEATHER WAS OBSERVED.


RELATIVE HUMIDITY (PERCENT)
 HIGHEST    60           400 AM
 LOWEST     15           600 PM
 AVERAGE    38

..........................................................


THE MONTROSE CO CLIMATE NORMALS FOR TODAY
                         NORMAL    RECORD    YEAR
 MAXIMUM TEMPERATURE (F)   90        MM        MM
 MINIMUM TEMPERATURE (F)   58        MM        MM


SUNRISE AND SUNSET
JULY 14 2014..........SUNRISE   559 AM MDT   SUNSET   836 PM MDT
JULY 15 2014..........SUNRISE   600 AM MDT   SUNSET   835 PM MDT


-  INDICATES NEGATIVE NUMBERS.
R  INDICATES RECORD WAS SET OR TIED.
MM INDICATES DATA IS MISSING.
T  INDICATES TRACE AMOUNT.




$$
