000
CDUS43 KILX 290630
CLIMTO


CLIMATE REPORT
NATIONAL WEATHER SERVICE LINCOLN IL
130 AM CDT FRI APR 29 2016


...................................

...THE MATTOON IL AIRPORT CLIMATE SUMMARY FOR APRIL 28 2016...

CLIMATE NORMAL PERIOD 1981 TO 2010
CLIMATE RECORD PERIOD 9999 TO 9999


WEATHER ITEM   OBSERVED TIME   RECORD YEAR NORMAL DEPARTURE LAST
                VALUE   (LST)  VALUE       VALUE  FROM      YEAR
                                                  NORMAL
..................................................................
TEMPERATURE (F)
 YESTERDAY
  MAXIMUM         70        MM  MM      MM  68      2       65
  MINIMUM         51        MM  MM      MM  48      3       34
  AVERAGE         61                        58      3       50

PRECIPITATION (IN)
  YESTERDAY        0.56         MM      MM   0.15   0.41     0.00
  MONTH TO DATE    4.02                      3.09   0.93     3.73
  SINCE MAR 1      7.83                      5.66   2.17     6.24
  SINCE JAN 1      8.56                      9.64  -1.08     7.59

DEGREE DAYS
 HEATING
  YESTERDAY        4                         8     -4       15
  MONTH TO DATE  333                       346    -13      284
  SINCE MAR 1    841                      1045   -204     1094
  SINCE JUL 1   4363                      5249   -886     5787

 COOLING
  YESTERDAY        0                         1     -1        0
  MONTH TO DATE    7                         9     -2        2
  SINCE MAR 1      7                        10     -3        2
  SINCE JAN 1      7                        10     -3        2
..................................................................


WIND (MPH)
  HIGHEST WIND SPEED    16   HIGHEST WIND DIRECTION     W (270)
  HIGHEST GUST SPEED    24   HIGHEST GUST DIRECTION     W (270)
  AVERAGE WIND SPEED     9.0


SKY COVER
  POSSIBLE SUNSHINE  MM
  AVERAGE SKY COVER 0.4


WEATHER CONDITIONS
 THE FOLLOWING WEATHER WAS RECORDED YESTERDAY.
  THUNDERSTORM
  HEAVY RAIN
  LIGHT RAIN
  FOG


RELATIVE HUMIDITY (PERCENT)
 HIGHEST   100           600 AM
 LOWEST     51           100 PM
 AVERAGE    76

..........................................................


THE MATTOON IL AIRPORT CLIMATE NORMALS FOR TODAY
                         NORMAL    RECORD    YEAR
 MAXIMUM TEMPERATURE (F)   68        MM        MM
 MINIMUM TEMPERATURE (F)   48        MM        MM


SUNRISE AND SUNSET
APRIL 29 2016.........SUNRISE   556 AM CDT   SUNSET   745 PM CDT
APRIL 30 2016.........SUNRISE   555 AM CDT   SUNSET   746 PM CDT


-  INDICATES NEGATIVE NUMBERS.
R  INDICATES RECORD WAS SET OR TIED.
MM INDICATES DATA IS MISSING.
T  INDICATES TRACE AMOUNT.




$$
