972
CDUS43 KILX 260637
CLIMTO


CLIMATE REPORT
NATIONAL WEATHER SERVICE LINCOLN IL
137 AM CDT WED APR 26 2017


...................................

...THE MATTOON IL AIRPORT CLIMATE SUMMARY FOR APRIL 25 2017...

CLIMATE NORMAL PERIOD 1981 TO 2010
CLIMATE RECORD PERIOD 9999 TO 9999


WEATHER ITEM   OBSERVED TIME   RECORD YEAR NORMAL DEPARTURE LAST
                VALUE   (LST)  VALUE       VALUE  FROM      YEAR
                                                  NORMAL
..................................................................
TEMPERATURE (F)
 YESTERDAY
  MAXIMUM         77    256 PM  MM      MM  67     10       79
  MINIMUM         49    419 AM  MM      MM  47      2       60
  AVERAGE         63                        57      6       70

PRECIPITATION (IN)
  YESTERDAY        0.00         MM      MM   0.14  -0.14     0.00
  MONTH TO DATE    1.50                      2.66  -1.16     2.85
  SINCE MAR 1      2.91                      5.23  -2.32     6.66
  SINCE JAN 1      4.74                      9.21  -4.47     7.39

DEGREE DAYS
 HEATING
  YESTERDAY        2                         9     -7        0
  MONTH TO DATE  206                       322   -116      322
  SINCE MAR 1    854                      1021   -167      830
  SINCE JUL 1   4235                      5225   -990     4352

 COOLING
  YESTERDAY        0                         1     -1        5
  MONTH TO DATE   17                         6     11        6
  SINCE MAR 1     17                         7     10        6
  SINCE JAN 1     17                         7     10        6
..................................................................


WIND (MPH)
  HIGHEST WIND SPEED    25   HIGHEST WIND DIRECTION     S (170)
  HIGHEST GUST SPEED    33   HIGHEST GUST DIRECTION     S (170)
  AVERAGE WIND SPEED    11.4


SKY COVER
  POSSIBLE SUNSHINE  MM
  AVERAGE SKY COVER 0.0


WEATHER CONDITIONS
 THE FOLLOWING WEATHER WAS RECORDED YESTERDAY.
  NO SIGNIFICANT WEATHER WAS OBSERVED.


RELATIVE HUMIDITY (PERCENT)
 HIGHEST    89           600 AM
 LOWEST     47           300 PM
 AVERAGE    68

..........................................................


THE MATTOON IL AIRPORT CLIMATE NORMALS FOR TODAY
                         NORMAL    RECORD    YEAR
 MAXIMUM TEMPERATURE (F)   67        MM        MM
 MINIMUM TEMPERATURE (F)   47        MM        MM


SUNRISE AND SUNSET
APRIL 26 2017.........SUNRISE   600 AM CDT   SUNSET   742 PM CDT
APRIL 27 2017.........SUNRISE   559 AM CDT   SUNSET   743 PM CDT


-  INDICATES NEGATIVE NUMBERS.
R  INDICATES RECORD WAS SET OR TIED.
MM INDICATES DATA IS MISSING.
T  INDICATES TRACE AMOUNT.




$$
