896
CDUS43 KILX 240629
CLIMTO


CLIMATE REPORT
NATIONAL WEATHER SERVICE LINCOLN IL
129 AM CDT WED AUG 24 2016


...................................

...THE MATTOON IL AIRPORT CLIMATE SUMMARY FOR AUGUST 23 2016...

CLIMATE NORMAL PERIOD 1981 TO 2010
CLIMATE RECORD PERIOD 9999 TO 9999


WEATHER ITEM   OBSERVED TIME   RECORD YEAR NORMAL DEPARTURE LAST
                VALUE   (LST)  VALUE       VALUE  FROM      YEAR
                                                  NORMAL
..................................................................
TEMPERATURE (F)
 YESTERDAY
  MAXIMUM         80    100 PM  MM      MM  85     -5       79
  MINIMUM         58    508 AM  MM      MM  62     -4       59
  AVERAGE         69                        73     -4       69

PRECIPITATION (IN)
  YESTERDAY        0.00         MM      MM   0.11  -0.11      T
  MONTH TO DATE    3.78                      2.23   1.55     1.28
  SINCE JUN 1     11.00                     10.72   0.28    13.60
  SINCE JAN 1     22.74                     25.07  -2.33    24.15

DEGREE DAYS
 HEATING
  YESTERDAY        0                         0      0        0
  MONTH TO DATE    0                         0      0        0
  SINCE JUN 1      5                        18    -13        8
  SINCE JUL 1      5                         1      4        0

 COOLING
  YESTERDAY        4                         8     -4        4
  MONTH TO DATE  240                       218     22      203
  SINCE JUN 1    886                       771    115      736
  SINCE JAN 1    961                       859    102      863
..................................................................


WIND (MPH)
  HIGHEST WIND SPEED    16   HIGHEST WIND DIRECTION    SE (140)
  HIGHEST GUST SPEED    20   HIGHEST GUST DIRECTION    SE (140)
  AVERAGE WIND SPEED     7.8


SKY COVER
  POSSIBLE SUNSHINE  MM
  AVERAGE SKY COVER 0.2


WEATHER CONDITIONS
 THE FOLLOWING WEATHER WAS RECORDED YESTERDAY.
  NO SIGNIFICANT WEATHER WAS OBSERVED.


RELATIVE HUMIDITY (PERCENT)
 HIGHEST    93           400 AM
 LOWEST     54          1100 AM
 AVERAGE    74

..........................................................


THE MATTOON IL AIRPORT CLIMATE NORMALS FOR TODAY
                         NORMAL    RECORD    YEAR
 MAXIMUM TEMPERATURE (F)   85        MM        MM
 MINIMUM TEMPERATURE (F)   62        MM        MM


SUNRISE AND SUNSET
AUGUST 24 2016........SUNRISE   615 AM CDT   SUNSET   735 PM CDT
AUGUST 25 2016........SUNRISE   615 AM CDT   SUNSET   734 PM CDT


-  INDICATES NEGATIVE NUMBERS.
R  INDICATES RECORD WAS SET OR TIED.
MM INDICATES DATA IS MISSING.
T  INDICATES TRACE AMOUNT.




$$
