000
CDUS43 KILX 032128
CLIMTO


CLIMATE REPORT
NATIONAL WEATHER SERVICE LINCOLN IL
428 PM CDT FRI JUL 3 2015


...................................

...THE MATTOON IL AIRPORT CLIMATE SUMMARY FOR JULY 3 2015...
VALID TODAY AS OF 0400 PM LOCAL TIME.

CLIMATE NORMAL PERIOD 1981 TO 2010
CLIMATE RECORD PERIOD 9999 TO 9999


WEATHER ITEM   OBSERVED TIME   RECORD YEAR NORMAL DEPARTURE LAST
                VALUE   (LST)  VALUE       VALUE  FROM      YEAR
                                                  NORMAL
..................................................................
TEMPERATURE (F)
 TODAY
  MAXIMUM         78    225 PM  MM      MM  85     -7       75
  MINIMUM         63    426 AM  MM      MM  66     -3       57
  AVERAGE         71                        76     -5       66

PRECIPITATION (IN)
  TODAY            0.00         MM      MM   0.13  -0.13     0.01
  MONTH TO DATE    0.60                      0.36   0.24     0.48
  SINCE JUN 1      9.90                      4.60   5.30     5.92
  SINCE JAN 1     20.45                     18.95   1.50    16.09

DEGREE DAYS
 HEATING
  TODAY            0                         0      0        0
  MONTH TO DATE    0                         0      0        0
  SINCE JUN 1      8                        17     -9        3
  SINCE JUL 1      0                         0      0        0

 COOLING
  TODAY            6                        11     -5        1
  MONTH TO DATE   16                        31    -15       16
  SINCE JUN 1    254                       254      0      280
  SINCE JAN 1    381                       342     39      410
..................................................................


WIND (MPH)
  HIGHEST WIND SPEED    16   HIGHEST WIND DIRECTION     N (10)
  HIGHEST GUST SPEED    19   HIGHEST GUST DIRECTION     N (10)
  AVERAGE WIND SPEED     7.2


SKY COVER
  POSSIBLE SUNSHINE  MM
  AVERAGE SKY COVER 0.5


WEATHER CONDITIONS
 THE FOLLOWING WEATHER WAS RECORDED TODAY.
  FOG


RELATIVE HUMIDITY (PERCENT)
 HIGHEST    93           100 AM
 LOWEST     69           100 PM
 AVERAGE    81

..........................................................


THE MATTOON IL AIRPORT CLIMATE NORMALS FOR TOMORROW
                         NORMAL    RECORD    YEAR
 MAXIMUM TEMPERATURE (F)   86        MM        MM
 MINIMUM TEMPERATURE (F)   66        MM        MM


SUNRISE AND SUNSET
JULY  3 2015..........SUNRISE   531 AM CDT   SUNSET   824 PM CDT
JULY  4 2015..........SUNRISE   531 AM CDT   SUNSET   824 PM CDT


-  INDICATES NEGATIVE NUMBERS.
R  INDICATES RECORD WAS SET OR TIED.
MM INDICATES DATA IS MISSING.
T  INDICATES TRACE AMOUNT.




$$
