000
CDUS43 KILX 260637
CLIMTO


CLIMATE REPORT
NATIONAL WEATHER SERVICE LINCOLN IL
136 AM CDT THU MAY 26 2016


...................................

...THE MATTOON IL AIRPORT CLIMATE SUMMARY FOR MAY 25 2016...

CLIMATE NORMAL PERIOD 1981 TO 2010
CLIMATE RECORD PERIOD 9999 TO 9999


WEATHER ITEM   OBSERVED TIME   RECORD YEAR NORMAL DEPARTURE LAST
                VALUE   (LST)  VALUE       VALUE  FROM      YEAR
                                                  NORMAL
..................................................................
TEMPERATURE (F)
 YESTERDAY
  MAXIMUM         79    240 PM  MM      MM  76      3       78
  MINIMUM         63    401 AM  MM      MM  56      7       67
  AVERAGE         71                        66      5       73

PRECIPITATION (IN)
  YESTERDAY        0.00         MM      MM   0.12  -0.12     0.12
  MONTH TO DATE    1.57                      3.70  -2.13     1.70
  SINCE MAR 1     10.05                      9.70   0.35     8.01
  SINCE JAN 1     10.78                     13.68  -2.90     9.36

DEGREE DAYS
 HEATING
  YESTERDAY        0                         3     -3        0
  MONTH TO DATE  156                       117     39       80
  SINCE MAR 1   1012                      1175   -163     1200
  SINCE JUL 1   4534                      5379   -845     5893

 COOLING
  YESTERDAY        6                         3      3        8
  MONTH TO DATE   19                        51    -32       95
  SINCE MAR 1     26                        65    -39       97
  SINCE JAN 1     26                        65    -39       97
..................................................................


WIND (MPH)
  HIGHEST WIND SPEED    22   HIGHEST WIND DIRECTION     S (190)
  HIGHEST GUST SPEED    31   HIGHEST GUST DIRECTION     S (180)
  AVERAGE WIND SPEED    10.3


SKY COVER
  POSSIBLE SUNSHINE  MM
  AVERAGE SKY COVER 0.1


WEATHER CONDITIONS
 THE FOLLOWING WEATHER WAS RECORDED YESTERDAY.
  FOG


RELATIVE HUMIDITY (PERCENT)
 HIGHEST    93           400 AM
 LOWEST     56           200 PM
 AVERAGE    75

..........................................................


THE MATTOON IL AIRPORT CLIMATE NORMALS FOR TODAY
                         NORMAL    RECORD    YEAR
 MAXIMUM TEMPERATURE (F)   76        MM        MM
 MINIMUM TEMPERATURE (F)   56        MM        MM


SUNRISE AND SUNSET
MAY 26 2016...........SUNRISE   531 AM CDT   SUNSET   810 PM CDT
MAY 27 2016...........SUNRISE   530 AM CDT   SUNSET   811 PM CDT


-  INDICATES NEGATIVE NUMBERS.
R  INDICATES RECORD WAS SET OR TIED.
MM INDICATES DATA IS MISSING.
T  INDICATES TRACE AMOUNT.




$$
