000
CDUS43 KILX 212232
CLIMTO


CLIMATE REPORT
NATIONAL WEATHER SERVICE LINCOLN IL
432 PM CST WED FEB 21 2018


...................................

...THE MATTOON IL AIRPORT CLIMATE SUMMARY FOR FEBRUARY 21 2018...
VALID TODAY AS OF 0400 PM LOCAL TIME.

CLIMATE NORMAL PERIOD 1981 TO 2010
CLIMATE RECORD PERIOD 9999 TO 9999


WEATHER ITEM   OBSERVED TIME   RECORD YEAR NORMAL DEPARTURE LAST
                VALUE   (LST)  VALUE       VALUE  FROM      YEAR
                                                  NORMAL
..................................................................
TEMPERATURE (F)
 TODAY
  MAXIMUM         37   1215 AM  MM      MM  42     -5       62
  MINIMUM         31    738 AM  MM      MM  26      5       48
  AVERAGE         34                        34      0       55

PRECIPITATION (IN)
  TODAY            0.50         MM      MM   0.06   0.44      T
  MONTH TO DATE    1.97                      1.38   0.59     0.04
  SINCE DEC 1      2.86                      6.36  -3.50     2.29
  SINCE JAN 1      2.57                      3.59  -1.02     1.76

DEGREE DAYS
 HEATING
  TODAY           31                        31      0       10
  MONTH TO DATE  712                       721     -9      509
  SINCE DEC 1   3021                      2938     83     2557
  SINCE JUL 1   3951                      3997    -46     3268

 COOLING
  TODAY            0                         0      0        0
  MONTH TO DATE    0                         0      0        0
  SINCE DEC 1      0                         0      0        0
  SINCE JAN 1      0                         0      0        0
..................................................................


WIND (MPH)
  HIGHEST WIND SPEED    24   HIGHEST WIND DIRECTION     N (340)
  HIGHEST GUST SPEED    30   HIGHEST GUST DIRECTION     N (360)
  AVERAGE WIND SPEED    15.9


SKY COVER
  POSSIBLE SUNSHINE  MM
  AVERAGE SKY COVER 1.0


WEATHER CONDITIONS
 THE FOLLOWING WEATHER WAS RECORDED TODAY.
  RAIN
  LIGHT RAIN
  FREEZING RAIN
  LT FREEZING RAIN
  FOG


RELATIVE HUMIDITY (PERCENT)
 HIGHEST   100          1200 AM
 LOWEST     89          1100 AM
 AVERAGE    95

..........................................................


THE MATTOON IL AIRPORT CLIMATE NORMALS FOR TOMORROW
                         NORMAL    RECORD    YEAR
 MAXIMUM TEMPERATURE (F)   42        MM        MM
 MINIMUM TEMPERATURE (F)   26        MM        MM


SUNRISE AND SUNSET
FEBRUARY 21 2018......SUNRISE   637 AM CST   SUNSET   537 PM CST
FEBRUARY 22 2018......SUNRISE   636 AM CST   SUNSET   538 PM CST


-  INDICATES NEGATIVE NUMBERS.
R  INDICATES RECORD WAS SET OR TIED.
MM INDICATES DATA IS MISSING.
T  INDICATES TRACE AMOUNT.




$$
