000
CDUS41 KBTV 040535
CLIMVL


CLIMATE REPORT
NATIONAL WEATHER SERVICE BURLINGTON VT
1231 AM EST SUN DEC 4 2016


...................................

...THE MORRISVILLE VT CLIMATE SUMMARY FOR DECEMBER 3 2016...

CLIMATE NORMAL PERIOD 1981 TO 2010
CLIMATE RECORD PERIOD 9999 TO 9999


WEATHER ITEM   OBSERVED TIME   NORMAL DEPARTURE LAST
                VALUE   (LST)  VALUE  FROM      YEAR
                                      NORMAL
......................................................
TEMPERATURE (F)
 YESTERDAY
  MAXIMUM         34    206 PM  37     -3       41
  MINIMUM         29   1159 PM  19     10       35
  AVERAGE         32            28      4       38

PRECIPITATION (IN)
  YESTERDAY        0.02          0.10  -0.08     0.01
  MONTH TO DATE    0.72          0.29   0.43     0.49
  SINCE DEC 1      0.72          0.29   0.43     0.49
  SINCE JAN 1     19.15         33.65 -14.50    20.99

DEGREE DAYS
 HEATING
  YESTERDAY       33            37     -4       27
  MONTH TO DATE   80           110    -30       66
  SINCE DEC 1     80           110    -30       66
  SINCE JUL 1   1671          1938   -267     1481

 COOLING
  YESTERDAY        0             0      0        0
  MONTH TO DATE    0             0      0        0
  SINCE DEC 1      0             0      0        0
  SINCE JAN 1    322           265     57      503
......................................................


WIND (MPH)
  HIGHEST WIND SPEED    13   HIGHEST WIND DIRECTION    NW (310)
  HIGHEST GUST SPEED    20   HIGHEST GUST DIRECTION     W (280)
  AVERAGE WIND SPEED     5.9


SKY COVER
  AVERAGE SKY COVER 1.0


WEATHER CONDITIONS
 THE FOLLOWING WEATHER WAS RECORDED YESTERDAY.
  LIGHT SNOW
  FOG
  HAZE


RELATIVE HUMIDITY (PERCENT)
 HIGHEST    82          1200 AM
 LOWEST     69           900 PM
 AVERAGE    76

..........................................................


THE MORRISVILLE VT CLIMATE NORMALS FOR TODAY
                         NORMAL    RECORD    YEAR
 MAXIMUM TEMPERATURE (F)   36        58      1998
 MINIMUM TEMPERATURE (F)   19        -2      2002


SUNRISE AND SUNSET
DECEMBER  4 2016......SUNRISE   711 AM EST   SUNSET   411 PM EST
DECEMBER  5 2016......SUNRISE   712 AM EST   SUNSET   411 PM EST


-  INDICATES NEGATIVE NUMBERS.
R  INDICATES RECORD WAS SET OR TIED.
MM INDICATES DATA IS MISSING.
T  INDICATES TRACE AMOUNT.




$$
