000
CDUS41 KBTV 280538
CLIMVL


CLIMATE REPORT
NATIONAL WEATHER SERVICE BURLINGTON VT
138 AM EDT THU APR 28 2016


...................................

...THE MORRISVILLE VT CLIMATE SUMMARY FOR APRIL 27 2016...

CLIMATE NORMAL PERIOD 1981 TO 2010
CLIMATE RECORD PERIOD 9999 TO 9999


WEATHER ITEM   OBSERVED TIME   NORMAL DEPARTURE LAST
                VALUE   (LST)  VALUE  FROM      YEAR
                                      NORMAL
......................................................
TEMPERATURE (F)
 YESTERDAY
  MAXIMUM         49    445 PM  60    -11       47
  MINIMUM         21    503 AM  35    -14       40
  AVERAGE         35            47    -12       44

PRECIPITATION (IN)
  YESTERDAY        0.00          0.08  -0.08      T
  MONTH TO DATE    1.69          2.17  -0.48     1.15
  SINCE MAR 1      2.82          3.84  -1.02     1.50
  SINCE JAN 1      5.97          8.12  -2.15     2.62

DEGREE DAYS
 HEATING
  YESTERDAY       30            18     12       21
  MONTH TO DATE  741           642     99      663
  SINCE MAR 1   1697          1769    -72     1959
  SINCE JUL 1   6270          7729  -1459     7641

 COOLING
  YESTERDAY        0             0      0        0
  MONTH TO DATE    0             0      0        0
  SINCE MAR 1      0             0      0        0
  SINCE JAN 1      0             0      0        0
......................................................


WIND (MPH)
  HIGHEST WIND SPEED    17   HIGHEST WIND DIRECTION     N (360)
  HIGHEST GUST SPEED    23   HIGHEST GUST DIRECTION     N (340)
  AVERAGE WIND SPEED     5.0


SKY COVER
  AVERAGE SKY COVER 0.4


WEATHER CONDITIONS
 THE FOLLOWING WEATHER WAS RECORDED YESTERDAY.
  FOG
  FOG W/VISIBILITY <= 1/4 MILE
  HAZE


RELATIVE HUMIDITY (PERCENT)
 HIGHEST   100           100 AM
 LOWEST     19           400 PM
 AVERAGE    60

..........................................................


THE MORRISVILLE VT CLIMATE NORMALS FOR TODAY
                         NORMAL    RECORD    YEAR
 MAXIMUM TEMPERATURE (F)   61        85      2009
 MINIMUM TEMPERATURE (F)   35        22      2006


SUNRISE AND SUNSET
APRIL 28 2016.........SUNRISE   545 AM EDT   SUNSET   752 PM EDT
APRIL 29 2016.........SUNRISE   543 AM EDT   SUNSET   753 PM EDT


-  INDICATES NEGATIVE NUMBERS.
R  INDICATES RECORD WAS SET OR TIED.
MM INDICATES DATA IS MISSING.
T  INDICATES TRACE AMOUNT.




$$
