000
CDUS41 KBTV 050548
CLIMVL


CLIMATE REPORT
NATIONAL WEATHER SERVICE BURLINGTON VT
1244 AM EST FRI FEB 5 2016


...................................

...THE MORRISVILLE VT CLIMATE SUMMARY FOR FEBRUARY 4 2016...

CLIMATE NORMAL PERIOD 1981 TO 2010
CLIMATE RECORD PERIOD 9999 TO 9999


WEATHER ITEM   OBSERVED TIME   NORMAL DEPARTURE LAST
                VALUE   (LST)  VALUE  FROM      YEAR
                                      NORMAL
......................................................
TEMPERATURE (F)
 YESTERDAY
  MAXIMUM         52    234 AM  28     24       30
  MINIMUM         32   1159 PM   4     28       13
  AVERAGE         42            16     26       22

PRECIPITATION (IN)
  YESTERDAY        0.00          0.06  -0.06      T
  MONTH TO DATE    0.36          0.23   0.13     0.12
  SINCE DEC 1      2.99          5.41  -2.42     1.75
  SINCE JAN 1      1.05          2.77  -1.72     0.96

DEGREE DAYS
 HEATING
  YESTERDAY       23            49    -26       43
  MONTH TO DATE  110           196    -86      241
  SINCE DEC 1   2300          3030   -730     2897
  SINCE JUL 1   3715          4858  -1143     4240

 COOLING
  YESTERDAY        0             0      0        0
  MONTH TO DATE    0             0      0        0
  SINCE DEC 1      0             0      0        0
  SINCE JAN 1      0             0      0        0
......................................................


WIND (MPH)
  HIGHEST WIND SPEED    15   HIGHEST WIND DIRECTION     S (200)
  HIGHEST GUST SPEED    20   HIGHEST GUST DIRECTION     S (190)
  AVERAGE WIND SPEED     4.9


SKY COVER
  AVERAGE SKY COVER 0.9


WEATHER CONDITIONS
 THE FOLLOWING WEATHER WAS RECORDED YESTERDAY.
  FOG
  HAZE


RELATIVE HUMIDITY (PERCENT)
 HIGHEST    79           700 AM
 LOWEST     49           500 PM
 AVERAGE    64

..........................................................


THE MORRISVILLE VT CLIMATE NORMALS FOR TODAY
                         NORMAL    RECORD    YEAR
 MAXIMUM TEMPERATURE (F)   28        46      2006
 MINIMUM TEMPERATURE (F)    4       -18      2000


SUNRISE AND SUNSET
FEBRUARY  5 2016......SUNRISE   705 AM EST   SUNSET   504 PM EST
FEBRUARY  6 2016......SUNRISE   704 AM EST   SUNSET   506 PM EST


-  INDICATES NEGATIVE NUMBERS.
R  INDICATES RECORD WAS SET OR TIED.
MM INDICATES DATA IS MISSING.
T  INDICATES TRACE AMOUNT.




$$
