825
CDUS41 KBTV 280717
CLIMVL


CLIMATE REPORT
NATIONAL WEATHER SERVICE BURLINGTON VT
316 AM EDT FRI JUL 28 2017


...................................

...THE MORRISVILLE VT CLIMATE SUMMARY FOR JULY 27 2017...

CLIMATE NORMAL PERIOD 1981 TO 2010
CLIMATE RECORD PERIOD 9999 TO 9999


WEATHER ITEM   OBSERVED TIME   NORMAL DEPARTURE LAST
                VALUE   (LST)  VALUE  FROM      YEAR
                                      NORMAL
......................................................
TEMPERATURE (F)
 YESTERDAY
  MAXIMUM         75    413 PM  80     -5       86
  MINIMUM         59    908 PM  56      3       57
  AVERAGE         67            68     -1       72

PRECIPITATION (IN)
  YESTERDAY        0.11          0.12  -0.01     0.00
  MONTH TO DATE    3.48          3.64  -0.16     3.14
  SINCE JUN 1     10.80          7.62   3.18     5.03
  SINCE JAN 1     23.55         19.24   4.31    12.08

DEGREE DAYS
 HEATING
  YESTERDAY        0             1     -1        0
  MONTH TO DATE   38            28     10       31
  SINCE JUN 1    189           151     38      162
  SINCE JUL 1     38            28     10       31

 COOLING
  YESTERDAY        2             4     -2        7
  MONTH TO DATE   51           101    -50       97
  SINCE JUN 1     98           149    -51      130
  SINCE JAN 1    107           157    -50      159
......................................................


WIND (MPH)
  HIGHEST WIND SPEED    15   HIGHEST WIND DIRECTION    SW (210)
  HIGHEST GUST SPEED    18   HIGHEST GUST DIRECTION     S (200)
  AVERAGE WIND SPEED     4.7


SKY COVER
  AVERAGE SKY COVER 0.8


WEATHER CONDITIONS
 THE FOLLOWING WEATHER WAS RECORDED YESTERDAY.
  HEAVY RAIN
  LIGHT RAIN
  FOG


RELATIVE HUMIDITY (PERCENT)
 HIGHEST   100           700 AM
 LOWEST     64           400 PM
 AVERAGE    82

..........................................................


THE MORRISVILLE VT CLIMATE NORMALS FOR TODAY
                         NORMAL    RECORD    YEAR
 MAXIMUM TEMPERATURE (F)   80        90      1989
 MINIMUM TEMPERATURE (F)   56        37      2001


SUNRISE AND SUNSET
JULY 28 2017..........SUNRISE   533 AM EDT   SUNSET   820 PM EDT
JULY 29 2017..........SUNRISE   534 AM EDT   SUNSET   819 PM EDT


-  INDICATES NEGATIVE NUMBERS.
R  INDICATES RECORD WAS SET OR TIED.
MM INDICATES DATA IS MISSING.
T  INDICATES TRACE AMOUNT.




$$
