000
CDUS41 KBTV 300605
CLIMVL


CLIMATE REPORT
NATIONAL WEATHER SERVICE BURLINGTON VT
203 AM EDT TUE MAY 30 2017


...................................

...THE MORRISVILLE VT CLIMATE SUMMARY FOR MAY 29 2017...

CLIMATE NORMAL PERIOD 1981 TO 2010
CLIMATE RECORD PERIOD 9999 TO 9999


WEATHER ITEM   OBSERVED TIME   NORMAL DEPARTURE LAST
                VALUE   (LST)  VALUE  FROM      YEAR
                                      NORMAL
......................................................
TEMPERATURE (F)
 YESTERDAY
  MAXIMUM         61    934 AM  70     -9       79
  MINIMUM         49   1146 PM  45      4       56
  AVERAGE         55            58     -3       68

PRECIPITATION (IN)
  YESTERDAY        0.28          0.14   0.14     0.07
  MONTH TO DATE    4.23          2.99   1.24     1.04
  SINCE MAR 1      8.97          7.06   1.91     3.86
  SINCE JAN 1     12.04         11.34   0.70     7.01

DEGREE DAYS
 HEATING
  YESTERDAY       10             8      2        0
  MONTH TO DATE  404           337     67      352
  SINCE MAR 1   2294          2157    137     2129
  SINCE JUL 1   7517          8117   -600     6702

 COOLING
  YESTERDAY        0             0      0        3
  MONTH TO DATE    9             0      9       20
  SINCE MAR 1      9             1      8       20
  SINCE JAN 1      9             1      8       20
......................................................


WIND (MPH)
  HIGHEST WIND SPEED    17   HIGHEST WIND DIRECTION     S (160)
  HIGHEST GUST SPEED    23   HIGHEST GUST DIRECTION    SE (150)
  AVERAGE WIND SPEED     6.6


SKY COVER
  AVERAGE SKY COVER 0.9


WEATHER CONDITIONS
 THE FOLLOWING WEATHER WAS RECORDED YESTERDAY.
  LIGHT RAIN
  FOG


RELATIVE HUMIDITY (PERCENT)
 HIGHEST    93           100 AM
 LOWEST     67           800 AM
 AVERAGE    80

..........................................................


THE MORRISVILLE VT CLIMATE NORMALS FOR TODAY
                         NORMAL    RECORD    YEAR
 MAXIMUM TEMPERATURE (F)   70        88      2015
 MINIMUM TEMPERATURE (F)   45        35      2001


SUNRISE AND SUNSET
MAY 30 2017...........SUNRISE   510 AM EDT   SUNSET   827 PM EDT
MAY 31 2017...........SUNRISE   509 AM EDT   SUNSET   828 PM EDT


-  INDICATES NEGATIVE NUMBERS.
R  INDICATES RECORD WAS SET OR TIED.
MM INDICATES DATA IS MISSING.
T  INDICATES TRACE AMOUNT.




$$
