000
CDUS41 KBTV 230532
CLIMVL


CLIMATE REPORT
NATIONAL WEATHER SERVICE BURLINGTON VT
125 AM EDT SAT SEP 23 2017


...................................

...THE MORRISVILLE VT CLIMATE SUMMARY FOR SEPTEMBER 22 2017...

CLIMATE NORMAL PERIOD 1981 TO 2010
CLIMATE RECORD PERIOD 9999 TO 9999


WEATHER ITEM   OBSERVED TIME   NORMAL DEPARTURE LAST
                VALUE   (LST)  VALUE  FROM      YEAR
                                      NORMAL
......................................................
TEMPERATURE (F)
 YESTERDAY
  MAXIMUM         79    320 PM  67     12       81
  MINIMUM         40    500 AM  43     -3       48
  AVERAGE         60            55      5       65

PRECIPITATION (IN)
  YESTERDAY        0.00          0.13  -0.13      T
  MONTH TO DATE    2.71          2.42   0.29     0.62
  SINCE SEP 1      2.71          2.42   0.29     0.62
  SINCE JAN 1     29.67         26.18   3.49    16.26

DEGREE DAYS
 HEATING
  YESTERDAY        5            10     -5        0
  MONTH TO DATE  127           143    -16       70
  SINCE SEP 1    127           143    -16       70
  SINCE JUL 1    289           238     51      129

 COOLING
  YESTERDAY        0             0      0        0
  MONTH TO DATE   14            13      1       34
  SINCE SEP 1     14            13      1       34
  SINCE JAN 1    158           260   -102      322
......................................................


WIND (MPH)
  HIGHEST WIND SPEED     9   HIGHEST WIND DIRECTION     N (20)
  HIGHEST GUST SPEED    12   HIGHEST GUST DIRECTION     N (20)
  AVERAGE WIND SPEED     1.5


SKY COVER
  AVERAGE SKY COVER 0.2


WEATHER CONDITIONS
 THE FOLLOWING WEATHER WAS RECORDED YESTERDAY.
  FOG
  FOG W/VISIBILITY <= 1/4 MILE


RELATIVE HUMIDITY (PERCENT)
 HIGHEST   100          1200 AM
 LOWEST     25           300 PM
 AVERAGE    63

..........................................................


THE MORRISVILLE VT CLIMATE NORMALS FOR TODAY
                         NORMAL    RECORD    YEAR
 MAXIMUM TEMPERATURE (F)   67        86      1989
 MINIMUM TEMPERATURE (F)   43        31      2008


SUNRISE AND SUNSET
SEPTEMBER 23 2017.....SUNRISE   639 AM EDT   SUNSET   646 PM EDT
SEPTEMBER 24 2017.....SUNRISE   640 AM EDT   SUNSET   644 PM EDT


-  INDICATES NEGATIVE NUMBERS.
R  INDICATES RECORD WAS SET OR TIED.
MM INDICATES DATA IS MISSING.
T  INDICATES TRACE AMOUNT.




$$
