000
CDUS41 KBTV 270521
CLIMVL


CLIMATE REPORT
NATIONAL WEATHER SERVICE BURLINGTON VT
119 AM EDT SAT AUG 27 2016


...................................

...THE MORRISVILLE VT CLIMATE SUMMARY FOR AUGUST 26 2016...

CLIMATE NORMAL PERIOD 1981 TO 2010
CLIMATE RECORD PERIOD 9999 TO 9999


WEATHER ITEM   OBSERVED TIME   NORMAL DEPARTURE LAST
                VALUE   (LST)  VALUE  FROM      YEAR
                                      NORMAL
......................................................
TEMPERATURE (F)
 YESTERDAY
  MAXIMUM         83    207 PM  76      7       76
  MINIMUM         58   1110 PM  52      6       58
  AVERAGE         71            64      7       67

PRECIPITATION (IN)
  YESTERDAY        T             0.12  -0.12     0.02
  MONTH TO DATE    2.58          3.50  -0.92     1.15
  SINCE JUN 1      8.16         11.61  -3.45    10.68
  SINCE JAN 1     15.21         23.23  -8.02    15.93

DEGREE DAYS
 HEATING
  YESTERDAY        0             3     -3        0
  MONTH TO DATE   21            50    -29        5
  SINCE JUN 1    185           203    -18      133
  SINCE JUL 1     54            80    -26       28

 COOLING
  YESTERDAY        6             2      4        2
  MONTH TO DATE  105            68     37      152
  SINCE JUN 1    245           228     17      349
  SINCE JAN 1    274           236     38      402
......................................................


WIND (MPH)
  HIGHEST WIND SPEED    13   HIGHEST WIND DIRECTION    NW (310)
  HIGHEST GUST SPEED    20   HIGHEST GUST DIRECTION    NW (330)
  AVERAGE WIND SPEED     3.2


SKY COVER
  AVERAGE SKY COVER 0.4


WEATHER CONDITIONS
 THE FOLLOWING WEATHER WAS RECORDED YESTERDAY.
  LIGHT RAIN
  FOG


RELATIVE HUMIDITY (PERCENT)
 HIGHEST    93           100 AM
 LOWEST     37           300 PM
 AVERAGE    65

..........................................................


THE MORRISVILLE VT CLIMATE NORMALS FOR TODAY
                         NORMAL    RECORD    YEAR
 MAXIMUM TEMPERATURE (F)   76        84      2012
 MINIMUM TEMPERATURE (F)   52        35      1989


SUNRISE AND SUNSET
AUGUST 27 2016........SUNRISE   608 AM EDT   SUNSET   735 PM EDT
AUGUST 28 2016........SUNRISE   609 AM EDT   SUNSET   733 PM EDT


-  INDICATES NEGATIVE NUMBERS.
R  INDICATES RECORD WAS SET OR TIED.
MM INDICATES DATA IS MISSING.
T  INDICATES TRACE AMOUNT.




$$
