000
CDUS41 KBTV 250546
CLIMVL


CLIMATE REPORT
NATIONAL WEATHER SERVICE BURLINGTON VT
1242 AM EST SAT FEB 25 2017


...................................

...THE MORRISVILLE VT CLIMATE SUMMARY FOR FEBRUARY 24 2017...

CLIMATE NORMAL PERIOD 1981 TO 2010
CLIMATE RECORD PERIOD 9999 TO 9999


WEATHER ITEM   OBSERVED TIME   NORMAL DEPARTURE LAST
                VALUE   (LST)  VALUE  FROM      YEAR
                                      NORMAL
......................................................
TEMPERATURE (F)
 YESTERDAY
  MAXIMUM         48   1159 AM  33     15       MM
  MINIMUM         27    705 AM  10     17       MM
  AVERAGE         38            21     17       MM

PRECIPITATION (IN)
  YESTERDAY        0.04          0.07  -0.03     0.50
  MONTH TO DATE    0.50          1.50  -1.00     1.59
  SINCE DEC 1      5.64          6.68  -1.04     4.22
  SINCE JAN 1      2.43          4.04  -1.61     2.28

DEGREE DAYS
 HEATING
  YESTERDAY       27            44    -17       MM
  MONTH TO DATE 1003          1126   -123      822
  SINCE DEC 1   3515          3960   -445     3012
  SINCE JUL 1   5106          5788   -682     4427

 COOLING
  YESTERDAY        0             0      0       MM
  MONTH TO DATE    0             0      0        0
  SINCE DEC 1      0             0      0        0
  SINCE JAN 1      0             0      0        0
......................................................


WIND (MPH)
  HIGHEST WIND SPEED    12   HIGHEST WIND DIRECTION     N (340)
  HIGHEST GUST SPEED    17   HIGHEST GUST DIRECTION     N (340)
  AVERAGE WIND SPEED     2.0


SKY COVER
  AVERAGE SKY COVER 0.5


WEATHER CONDITIONS
 THE FOLLOWING WEATHER WAS RECORDED YESTERDAY.
  LIGHT RAIN
  FOG
  FOG W/VISIBILITY <= 1/4 MILE


RELATIVE HUMIDITY (PERCENT)
 HIGHEST   100           400 AM
 LOWEST     66          1200 PM
 AVERAGE    83

..........................................................


THE MORRISVILLE VT CLIMATE NORMALS FOR TODAY
                         NORMAL    RECORD    YEAR
 MAXIMUM TEMPERATURE (F)   33        48      2002
 MINIMUM TEMPERATURE (F)   10       -12      2003


SUNRISE AND SUNSET
FEBRUARY 25 2017......SUNRISE   634 AM EST   SUNSET   533 PM EST
FEBRUARY 26 2017......SUNRISE   633 AM EST   SUNSET   535 PM EST


-  INDICATES NEGATIVE NUMBERS.
R  INDICATES RECORD WAS SET OR TIED.
MM INDICATES DATA IS MISSING.
T  INDICATES TRACE AMOUNT.




$$
