946
CDUS46 KOTX 170830
CLIMWH


CLIMATE REPORT
NATIONAL WEATHER SERVICE SPOKANE, WA
1230 AM PST WED JAN 17 2018


...................................

...THE MOSES LAKE WA AIRPORT CLIMATE SUMMARY FOR JANUARY 16 2018...

CLIMATE NORMAL PERIOD 1981 TO 2010
CLIMATE RECORD PERIOD 9999 TO 9999


WEATHER ITEM   OBSERVED TIME   RECORD YEAR NORMAL DEPARTURE LAST
                VALUE   (LST)  VALUE       VALUE  FROM      YEAR
                                                  NORMAL
..................................................................
TEMPERATURE (F)
 YESTERDAY
  MAXIMUM         44    333 PM  MM      MM  36      8       14
  MINIMUM         31    805 PM  MM      MM  24      7        5
  AVERAGE         38                        30      8       10

PRECIPITATION (IN)
  YESTERDAY        0.19         MM      MM   0.03   0.16      T
  MONTH TO DATE    0.88                      0.75   0.13     0.35
  SINCE OCT 1      4.05                      4.04   0.01     4.24
  SINCE JAN 1      0.88                      0.75   0.13     0.35

SNOWFALL (IN)
  YESTERDAY       MM

DEGREE DAYS
 HEATING
  YESTERDAY       27                        35     -8       55
  MONTH TO DATE  505                       579    -74      839
  SINCE DEC 1   1636                      1705    -69     2148
  SINCE JUL 1   3055                      3166   -111     3261

 COOLING
  YESTERDAY        0                         0      0        0
  MONTH TO DATE    0                         0      0        0
  SINCE DEC 1      0                         0      0        0
  SINCE JAN 1      0                         0      0        0
..................................................................


WIND (MPH)
  HIGHEST WIND SPEED    13   HIGHEST WIND DIRECTION     S (180)
  HIGHEST GUST SPEED    15   HIGHEST GUST DIRECTION     S (180)
  AVERAGE WIND SPEED     6.6


SKY COVER
  POSSIBLE SUNSHINE  MM
  AVERAGE SKY COVER 0.8


WEATHER CONDITIONS
 THE FOLLOWING WEATHER WAS RECORDED YESTERDAY.
  LIGHT RAIN
  FOG


RELATIVE HUMIDITY (PERCENT)
 HIGHEST   100           100 AM
 LOWEST     83           300 PM
 AVERAGE    92

..........................................................


THE MOSES LAKE WA AIRPORT CLIMATE NORMALS FOR TODAY
                         NORMAL    RECORD    YEAR
 MAXIMUM TEMPERATURE (F)   36        MM        MM
 MINIMUM TEMPERATURE (F)   24        MM        MM


SUNRISE AND SUNSET
JANUARY 17 2018.......SUNRISE   738 AM PST   SUNSET   437 PM PST
JANUARY 18 2018.......SUNRISE   737 AM PST   SUNSET   439 PM PST


-  INDICATES NEGATIVE NUMBERS.
R  INDICATES RECORD WAS SET OR TIED.
MM INDICATES DATA IS MISSING.
T  INDICATES TRACE AMOUNT.




$$
