396
CDUS46 KOTX 190822
CLIMWH


CLIMATE REPORT
NATIONAL WEATHER SERVICE SPOKANE, WA
122 AM PDT TUE SEP 19 2017


...................................

...THE MOSES LAKE WA AIRPORT CLIMATE SUMMARY FOR SEPTEMBER 18 2017...

CLIMATE NORMAL PERIOD 1981 TO 2010
CLIMATE RECORD PERIOD 9999 TO 9999


WEATHER ITEM   OBSERVED TIME   RECORD YEAR NORMAL DEPARTURE LAST
                VALUE   (LST)  VALUE       VALUE  FROM      YEAR
                                                  NORMAL
..................................................................
TEMPERATURE (F)
 YESTERDAY
  MAXIMUM         68    201 PM  MM      MM  77     -9       76
  MINIMUM         52   1159 PM  MM      MM  46      6       47
  AVERAGE         60                        61     -1       62

PRECIPITATION (IN)
  YESTERDAY        0.06         MM      MM   0.01   0.05     0.00
  MONTH TO DATE    0.06                      0.16  -0.10     0.08
  SINCE OCT 1      9.65                      8.88   0.77     8.99
  SINCE JAN 1      5.76                      5.59   0.17     5.73

SNOWFALL (IN)
  YESTERDAY       MM

DEGREE DAYS
 HEATING
  YESTERDAY        5                         5      0        3
  MONTH TO DATE   30                        47    -17       55
  SINCE SEP 1     30                        47    -17       55
  SINCE JUL 1     30                        67    -37       57

 COOLING
  YESTERDAY        0                         1     -1        0
  MONTH TO DATE   90                        39     51        3
  SINCE SEP 1     90                        39     51        3
  SINCE JAN 1    885                       609    276      626
..................................................................


WIND (MPH)
  HIGHEST WIND SPEED    21   HIGHEST WIND DIRECTION    SW (220)
  HIGHEST GUST SPEED    28   HIGHEST GUST DIRECTION    SW (210)
  AVERAGE WIND SPEED     9.6


SKY COVER
  POSSIBLE SUNSHINE  MM
  AVERAGE SKY COVER 0.4


WEATHER CONDITIONS
 THE FOLLOWING WEATHER WAS RECORDED YESTERDAY.
  LIGHT RAIN
  HAZE


RELATIVE HUMIDITY (PERCENT)
 HIGHEST    89           400 AM
 LOWEST     29           200 PM
 AVERAGE    59

..........................................................


THE MOSES LAKE WA AIRPORT CLIMATE NORMALS FOR TODAY
                         NORMAL    RECORD    YEAR
 MAXIMUM TEMPERATURE (F)   76        MM        MM
 MINIMUM TEMPERATURE (F)   45        MM        MM


SUNRISE AND SUNSET
SEPTEMBER 19 2017.....SUNRISE   640 AM PDT   SUNSET   700 PM PDT
SEPTEMBER 20 2017.....SUNRISE   642 AM PDT   SUNSET   658 PM PDT


-  INDICATES NEGATIVE NUMBERS.
R  INDICATES RECORD WAS SET OR TIED.
MM INDICATES DATA IS MISSING.
T  INDICATES TRACE AMOUNT.




$$
