000
CDUS45 KBOI 240932
CLIMYL


CLIMATE REPORT
NATIONAL WEATHER SERVICE BOISE ID
331 AM MDT FRI OCT 24 2014


...................................

...THE MCCALL ID CLIMATE SUMMARY FOR OCTOBER 23 2014...

CLIMATE NORMAL PERIOD 1981 TO 2010
CLIMATE RECORD PERIOD 1930 TO 2014


WEATHER ITEM   OBSERVED TIME   RECORD YEAR NORMAL DEPARTURE LAST
                VALUE   (LST)  VALUE       VALUE  FROM      YEAR
                                                  NORMAL
..................................................................
TEMPERATURE (F)
 YESTERDAY
  MAXIMUM         46    603 PM  74    2003  52     -6       64
  MINIMUM         41   1159 PM  11    1935  24     17       28
  AVERAGE         44                        38      6       46

PRECIPITATION (IN)
  YESTERDAY        0.84          0.98 1951   0.06   0.78     0.00
  MONTH TO DATE    1.26                      0.91   0.35     0.17
  SINCE OCT 1      1.26                      0.91   0.35     0.17
  SINCE JAN 1     18.67                     14.83   3.84    15.78

DEGREE DAYS
 HEATING
  YESTERDAY       21                        27     -6       19
  MONTH TO DATE  390                       549   -159      556
  SINCE SEP 1    642                       986   -344      858
  SINCE JUL 1    758                      1314   -556      905

 COOLING
  YESTERDAY        0                         0      0        0
  MONTH TO DATE    0                         0      0        0
  SINCE SEP 1      0                         0      0        6
  SINCE JAN 1    185                        25    160      186
..................................................................


WIND (MPH)
  HIGHEST WIND SPEED    17   HIGHEST WIND DIRECTION     S (160)
  HIGHEST GUST SPEED    23   HIGHEST GUST DIRECTION    SE (150)
  AVERAGE WIND SPEED     8.7


SKY COVER
  AVERAGE SKY COVER 1.0


WEATHER CONDITIONS
 THE FOLLOWING WEATHER WAS RECORDED YESTERDAY.
  RAIN
  LIGHT RAIN
  FOG


RELATIVE HUMIDITY (PERCENT)
 HIGHEST    96           200 AM
 LOWEST     83          1200 AM
 AVERAGE    90

..........................................................


THE MCCALL ID CLIMATE NORMALS FOR TODAY
                         NORMAL    RECORD    YEAR
 MAXIMUM TEMPERATURE (F)   51        69      2005
 MINIMUM TEMPERATURE (F)   24        10      1975


SUNRISE AND SUNSET
OCTOBER 24 2014.......SUNRISE   812 AM MDT   SUNSET   645 PM MDT
OCTOBER 25 2014.......SUNRISE   813 AM MDT   SUNSET   643 PM MDT


-  INDICATES NEGATIVE NUMBERS.
R  INDICATES RECORD WAS SET OR TIED.
MM INDICATES DATA IS MISSING.
T  INDICATES TRACE AMOUNT.




$$
