000
CDUS45 KBOI 170930
CLIMYL


CLIMATE REPORT
NATIONAL WEATHER SERVICE BOISE ID
330 AM MDT THU AUG 17 2017


...................................

...THE MCCALL ID CLIMATE SUMMARY FOR AUGUST 16 2017...

CLIMATE NORMAL PERIOD 1981 TO 2010
CLIMATE RECORD PERIOD 1930 TO 2017


WEATHER ITEM   OBSERVED TIME   RECORD YEAR NORMAL DEPARTURE LAST
                VALUE   (LST)  VALUE       VALUE  FROM      YEAR
                                                  NORMAL
..................................................................
TEMPERATURE (F)
 YESTERDAY
  MAXIMUM         81    444 PM  95    1994  78      3       90
  MINIMUM         44    617 AM  28    1910  42      2       50
  AVERAGE         63                        60      3       70

PRECIPITATION (IN)
  YESTERDAY        0.00          1.38 1995   0.02  -0.02     0.00
  MONTH TO DATE    0.07                      0.31  -0.24      T
  SINCE OCT 1     29.84                     18.85  10.99    25.23
  SINCE JAN 1     21.35                     12.67   8.68    14.66

DEGREE DAYS
 HEATING
  YESTERDAY        2                         5     -3        0
  MONTH TO DATE   19                        70    -51       43
  SINCE JUN 1    258                       587   -329      383
  SINCE JUL 1     22                       220   -198      157

 COOLING
  YESTERDAY        0                         0      0        5
  MONTH TO DATE   42                         7     35       19
  SINCE JUN 1    172                        23    149       91
  SINCE JAN 1    172                        23    149       91
..................................................................


WIND (MPH)
  HIGHEST WIND SPEED    17   HIGHEST WIND DIRECTION    SW (230)
  HIGHEST GUST SPEED    22   HIGHEST GUST DIRECTION    SW (220)
  AVERAGE WIND SPEED     3.5


SKY COVER
  AVERAGE SKY COVER 0.0


WEATHER CONDITIONS
 THE FOLLOWING WEATHER WAS RECORDED YESTERDAY.
  NO SIGNIFICANT WEATHER WAS OBSERVED.


RELATIVE HUMIDITY (PERCENT)
 HIGHEST    71           100 AM
 LOWEST     13           500 PM
 AVERAGE    42

..........................................................


THE MCCALL ID CLIMATE NORMALS FOR TODAY
                         NORMAL    RECORD    YEAR
 MAXIMUM TEMPERATURE (F)   78        93      1967
 MINIMUM TEMPERATURE (F)   41        29      1987


SUNRISE AND SUNSET
AUGUST 17 2017........SUNRISE   649 AM MDT   SUNSET   847 PM MDT
AUGUST 18 2017........SUNRISE   650 AM MDT   SUNSET   845 PM MDT


-  INDICATES NEGATIVE NUMBERS.
R  INDICATES RECORD WAS SET OR TIED.
MM INDICATES DATA IS MISSING.
T  INDICATES TRACE AMOUNT.




$$
