000
CDUS45 KBOI 300930
CLIMYL


CLIMATE REPORT
NATIONAL WEATHER SERVICE BOISE ID
330 AM MDT THU OCT 30 2014


...................................

...THE MCCALL ID CLIMATE SUMMARY FOR OCTOBER 29 2014...

CLIMATE NORMAL PERIOD 1981 TO 2010
CLIMATE RECORD PERIOD 1930 TO 2014


WEATHER ITEM   OBSERVED TIME   RECORD YEAR NORMAL DEPARTURE LAST
                VALUE   (LST)  VALUE       VALUE  FROM      YEAR
                                                  NORMAL
..................................................................
TEMPERATURE (F)
 YESTERDAY
  MAXIMUM         52    350 PM  69    1987  48      4       48
  MINIMUM         35    512 AM   6    1971  24     11       30
  AVERAGE         44                        36      8       39

PRECIPITATION (IN)
  YESTERDAY        0.01          0.66 1950   0.06  -0.05     0.00
  MONTH TO DATE    1.60                      1.27   0.33     0.17
  SINCE OCT 1      1.60                      1.27   0.33     0.17
  SINCE JAN 1     19.01                     15.19   3.82    15.78

DEGREE DAYS
 HEATING
  YESTERDAY       21                        29     -8       26
  MONTH TO DATE  536                       719   -183      691
  SINCE SEP 1    788                      1156   -368      993
  SINCE JUL 1    904                      1484   -580     1040

 COOLING
  YESTERDAY        0                         0      0        0
  MONTH TO DATE    0                         0      0        0
  SINCE SEP 1      0                         0      0        6
  SINCE JAN 1    185                        25    160      186
..................................................................


WIND (MPH)
  HIGHEST WIND SPEED     9   HIGHEST WIND DIRECTION     S (170)
  HIGHEST GUST SPEED    12   HIGHEST GUST DIRECTION     S (180)
  AVERAGE WIND SPEED     3.3


SKY COVER
  AVERAGE SKY COVER 0.4


WEATHER CONDITIONS
 THE FOLLOWING WEATHER WAS RECORDED YESTERDAY.
  LIGHT RAIN
  LIGHT SNOW


RELATIVE HUMIDITY (PERCENT)
 HIGHEST    92           300 AM
 LOWEST     59           400 PM
 AVERAGE    76

..........................................................


THE MCCALL ID CLIMATE NORMALS FOR TODAY
                         NORMAL    RECORD    YEAR
 MAXIMUM TEMPERATURE (F)   48        69      1987
 MINIMUM TEMPERATURE (F)   24         4      1991


SUNRISE AND SUNSET
OCTOBER 30 2014.......SUNRISE   820 AM MDT   SUNSET   635 PM MDT
OCTOBER 31 2014.......SUNRISE   821 AM MDT   SUNSET   634 PM MDT


-  INDICATES NEGATIVE NUMBERS.
R  INDICATES RECORD WAS SET OR TIED.
MM INDICATES DATA IS MISSING.
T  INDICATES TRACE AMOUNT.




$$
