000
CDUS45 KBOI 200931
CLIMYL


CLIMATE REPORT
NATIONAL WEATHER SERVICE BOISE ID
330 AM MDT WED AUG 20 2014


...................................

...THE MCCALL ID CLIMATE SUMMARY FOR AUGUST 19 2014...

CLIMATE NORMAL PERIOD 1981 TO 2010
CLIMATE RECORD PERIOD 1930 TO 2014


WEATHER ITEM   OBSERVED TIME   RECORD YEAR NORMAL DEPARTURE LAST
                VALUE   (LST)  VALUE       VALUE  FROM      YEAR
                                                  NORMAL
..................................................................
TEMPERATURE (F)
 YESTERDAY
  MAXIMUM         83    436 PM  94    1967  77      6       88
  MINIMUM         49    624 AM  28    1995  41      8       47
  AVERAGE         66                        59      7       68

PRECIPITATION (IN)
  YESTERDAY        T             0.51 1968   0.02  -0.02     0.00
  MONTH TO DATE    0.99                      0.39   0.60     0.04
  SINCE OCT 1     20.48                     18.93   1.55    24.78
  SINCE JAN 1     16.41                     12.75   3.66    11.29

DEGREE DAYS
 HEATING
  YESTERDAY        0                         6     -6        0
  MONTH TO DATE   14                        88    -74       22
  SINCE JUN 1    346                       605   -259      302
  SINCE JUL 1     32                       238   -206       39

 COOLING
  YESTERDAY        1                         0      1        3
  MONTH TO DATE   54                         7     47       43
  SINCE JUN 1    185                        23    162      166
  SINCE JAN 1    185                        23    162      166
..................................................................


WIND (MPH)
  HIGHEST WIND SPEED    28   HIGHEST WIND DIRECTION     W (280)
  HIGHEST GUST SPEED    41   HIGHEST GUST DIRECTION    SW (240)
  AVERAGE WIND SPEED     4.6


SKY COVER
  AVERAGE SKY COVER 0.2


WEATHER CONDITIONS
 THE FOLLOWING WEATHER WAS RECORDED YESTERDAY.
  LIGHT RAIN


RELATIVE HUMIDITY (PERCENT)
 HIGHEST    77           400 AM
 LOWEST     17           500 PM
 AVERAGE    47

..........................................................


THE MCCALL ID CLIMATE NORMALS FOR TODAY
                         NORMAL    RECORD    YEAR
 MAXIMUM TEMPERATURE (F)   77        94      1967
 MINIMUM TEMPERATURE (F)   41        31      1948


SUNRISE AND SUNSET
AUGUST 20 2014........SUNRISE   652 AM MDT   SUNSET   842 PM MDT
AUGUST 21 2014........SUNRISE   654 AM MDT   SUNSET   841 PM MDT


-  INDICATES NEGATIVE NUMBERS.
R  INDICATES RECORD WAS SET OR TIED.
MM INDICATES DATA IS MISSING.
T  INDICATES TRACE AMOUNT.




$$
