000
CDUS45 KBOI 290936
CLIMYL


CLIMATE REPORT
NATIONAL WEATHER SERVICE BOISE ID
335 AM MDT THU JUN 29 2017


...................................

...THE MCCALL ID CLIMATE SUMMARY FOR JUNE 28 2017...

CLIMATE NORMAL PERIOD 1981 TO 2010
CLIMATE RECORD PERIOD 1930 TO 2017


WEATHER ITEM   OBSERVED TIME   RECORD YEAR NORMAL DEPARTURE LAST
                VALUE   (LST)  VALUE       VALUE  FROM      YEAR
                                                  NORMAL
..................................................................
TEMPERATURE (F)
 YESTERDAY
  MAXIMUM         73    454 PM  97    2015  73      0       88
  MINIMUM         49    515 AM  27    1908  40      9       51
  AVERAGE         61                        56      5       70

PRECIPITATION (IN)
  YESTERDAY        T             1.27 1970   0.04  -0.04     0.00
  MONTH TO DATE    1.56                      1.78  -0.22     0.83
  SINCE OCT 1     29.77                     17.74  12.03    23.83
  SINCE JAN 1     21.28                     11.56   9.72    13.26

DEGREE DAYS
 HEATING
  YESTERDAY        4                         9     -5        0
  MONTH TO DATE  225                       350   -125      226
  SINCE JUN 1    225                       350   -125      226
  SINCE JUL 1   8691                      9579   -888     8173

 COOLING
  YESTERDAY        0                         0      0        5
  MONTH TO DATE    6                         0      6       22
  SINCE JUN 1      6                         0      6       22
  SINCE JAN 1      6                         0      6       22
..................................................................


WIND (MPH)
  HIGHEST WIND SPEED    16   HIGHEST WIND DIRECTION    NW (300)
  HIGHEST GUST SPEED    22   HIGHEST GUST DIRECTION    SW (210)
  AVERAGE WIND SPEED     5.6


SKY COVER
  AVERAGE SKY COVER 0.2


WEATHER CONDITIONS
 THE FOLLOWING WEATHER WAS RECORDED YESTERDAY.
  NO SIGNIFICANT WEATHER WAS OBSERVED.


RELATIVE HUMIDITY (PERCENT)
 HIGHEST    83           400 AM
 LOWEST     19           500 PM
 AVERAGE    51

..........................................................


THE MCCALL ID CLIMATE NORMALS FOR TODAY
                         NORMAL    RECORD    YEAR
 MAXIMUM TEMPERATURE (F)   73        93      2015
 MINIMUM TEMPERATURE (F)   40        29      1993
                                             1971
                                             1969


SUNRISE AND SUNSET
JUNE 29 2017..........SUNRISE   601 AM MDT   SUNSET   935 PM MDT
JUNE 30 2017..........SUNRISE   602 AM MDT   SUNSET   934 PM MDT


-  INDICATES NEGATIVE NUMBERS.
R  INDICATES RECORD WAS SET OR TIED.
MM INDICATES DATA IS MISSING.
T  INDICATES TRACE AMOUNT.




$$
