000
CDUS45 KBOI 050931
CLIMYL


CLIMATE REPORT
NATIONAL WEATHER SERVICE BOISE ID
231 AM MST THU MAR 5 2015


...................................

...THE MCCALL ID CLIMATE SUMMARY FOR MARCH 4 2015...

CLIMATE NORMAL PERIOD 1981 TO 2010
CLIMATE RECORD PERIOD 1930 TO 2015


WEATHER ITEM   OBSERVED TIME   RECORD YEAR NORMAL DEPARTURE LAST
                VALUE   (LST)  VALUE       VALUE  FROM      YEAR
                                                  NORMAL
..................................................................
TEMPERATURE (F)
 YESTERDAY
  MAXIMUM         39    449 PM  56    1986  37      2       40
  MINIMUM          9    731 AM -11    1976  14     -5       28
  AVERAGE         24                        26     -2       34

PRECIPITATION (IN)
  YESTERDAY        0.00          0.90 1951   0.04  -0.04      T
  MONTH TO DATE    0.01                      0.21  -0.20     1.07
  SINCE OCT 1     12.96                      9.86   3.10     9.95
  SINCE JAN 1      4.20                      3.68   0.52     5.88

DEGREE DAYS
 HEATING
  YESTERDAY       41                        39      2       31
  MONTH TO DATE  156                       158     -2      122
  SINCE MAR 1    156                       158     -2      122
  SINCE JUL 1   5527                      6833  -1306     6116

 COOLING
  YESTERDAY        0                         0      0        0
  MONTH TO DATE    0                         0      0        0
  SINCE MAR 1      0                         0      0        0
  SINCE JAN 1      0                         0      0        0
..................................................................


WIND (MPH)
  HIGHEST WIND SPEED    12   HIGHEST WIND DIRECTION     W (250)
  HIGHEST GUST SPEED    17   HIGHEST GUST DIRECTION     W (290)
  AVERAGE WIND SPEED     3.5


SKY COVER
  AVERAGE SKY COVER 0.0


WEATHER CONDITIONS
 THE FOLLOWING WEATHER WAS RECORDED YESTERDAY.
  NO SIGNIFICANT WEATHER WAS OBSERVED.


RELATIVE HUMIDITY (PERCENT)
 HIGHEST    76           800 AM
 LOWEST     22           100 PM
 AVERAGE    49

..........................................................


THE MCCALL ID CLIMATE NORMALS FOR TODAY
                         NORMAL    RECORD    YEAR
 MAXIMUM TEMPERATURE (F)   38        54      1987
 MINIMUM TEMPERATURE (F)   15       -22      1955


SUNRISE AND SUNSET
MARCH  5 2015.........SUNRISE   715 AM MST   SUNSET   637 PM MST
MARCH  6 2015.........SUNRISE   714 AM MST   SUNSET   638 PM MST


-  INDICATES NEGATIVE NUMBERS.
R  INDICATES RECORD WAS SET OR TIED.
MM INDICATES DATA IS MISSING.
T  INDICATES TRACE AMOUNT.




$$
