000
CDUS44 KLIX 202121
CLINEW


CLIMATE REPORT
NATIONAL WEATHER SERVICE NEW ORLEANS
421 PM CDT SUN APR 20 2014


...................................

...THE NEW ORLEANS CLIMATE SUMMARY FOR APRIL 20 2014...
VALID TODAY AS OF 0400 PM LOCAL TIME.

CLIMATE NORMAL PERIOD 1981 TO 2010
CLIMATE RECORD PERIOD 1946 TO 2014


WEATHER ITEM   OBSERVED TIME   RECORD YEAR NORMAL DEPARTURE LAST
                VALUE   (LST)  VALUE       VALUE  FROM      YEAR
                                                  NORMAL
..................................................................
TEMPERATURE (F)
 TODAY
  MAXIMUM         81    256 PM  90    1987  79      2       67
  MINIMUM         58    423 AM  46    1953  61     -3       52
  AVERAGE         70                        70      0       60

PRECIPITATION (IN)
  TODAY            0.00          3.88 1977   0.16  -0.16     0.00
  MONTH TO DATE    2.17                      3.04  -0.87     6.76
  SINCE MAR 1      7.42                      7.59  -0.17     7.84
  SINCE JAN 1     16.45                     18.04  -1.59    21.64

SNOWFALL (IN)
  TODAY            0.0
  MONTH TO DATE    0.0
  SINCE MAR 1      0.0
  SINCE JUL 1      T
  SNOW DEPTH       0

DEGREE DAYS
 HEATING
  TODAY            0                         1     -1        5
  MONTH TO DATE   41                        30     11       30
  SINCE MAR 1    228                       166     62      239
  SINCE JUL 1   1581                      1275    306     1128

 COOLING
  TODAY            5                         6     -1        0
  MONTH TO DATE   65                        88    -23       90
  SINCE MAR 1     86                       151    -65      126
  SINCE JAN 1    110                       188    -78      158
..................................................................


WIND (MPH)
  HIGHEST WIND SPEED    12   HIGHEST WIND DIRECTION    NE (30)
  HIGHEST GUST SPEED    14   HIGHEST GUST DIRECTION     N (20)
  AVERAGE WIND SPEED     5.0


SKY COVER
  POSSIBLE SUNSHINE  MM
  AVERAGE SKY COVER 0.2


WEATHER CONDITIONS
 THE FOLLOWING WEATHER WAS RECORDED TODAY.
  FOG


RELATIVE HUMIDITY (PERCENT)
 HIGHEST    93           400 AM
 LOWEST     30           200 PM
 AVERAGE    62

..........................................................


THE NEW ORLEANS CLIMATE NORMALS FOR TOMORROW
                         NORMAL    RECORD    YEAR
 MAXIMUM TEMPERATURE (F)   79        92      1987
 MINIMUM TEMPERATURE (F)   61        46      1953
                                             1950


SUNRISE AND SUNSET
APRIL 20 2014.........SUNRISE   629 AM CDT   SUNSET   731 PM CDT
APRIL 21 2014.........SUNRISE   628 AM CDT   SUNSET   732 PM CDT


-  INDICATES NEGATIVE NUMBERS.
R  INDICATES RECORD WAS SET OR TIED.
MM INDICATES DATA IS MISSING.
T  INDICATES TRACE AMOUNT.




$$
