000
CDUS44 KLIX 242120
CLINEW


CLIMATE REPORT
NATIONAL WEATHER SERVICE NEW ORLEANS
419 PM CDT THU JUL 24 2014


...................................

...THE NEW ORLEANS CLIMATE SUMMARY FOR JULY 24 2014...
VALID TODAY AS OF 0400 PM LOCAL TIME.

CLIMATE NORMAL PERIOD 1981 TO 2010
CLIMATE RECORD PERIOD 1946 TO 2014


WEATHER ITEM   OBSERVED TIME   RECORD YEAR NORMAL DEPARTURE LAST
                VALUE   (LST)  VALUE       VALUE  FROM      YEAR
                                                  NORMAL
..................................................................
TEMPERATURE (F)
 TODAY
  MAXIMUM         89    203 PM  98    1981  91     -2       92
  MINIMUM         73    508 AM  67    1947  75     -2       77
  AVERAGE         81                        83     -2       85

PRECIPITATION (IN)
  TODAY            0.00          2.14 1992   0.17  -0.17     0.00
  MONTH TO DATE    4.49                      4.68  -0.19     3.90
  SINCE JUN 1     12.52                     12.74  -0.22     8.29
  SINCE JAN 1     37.46                     36.98   0.48    43.02

SNOWFALL (IN)
  TODAY            0.0
  MONTH TO DATE    0.0
  SINCE JUN 1      0.0
  SINCE JUL 1      0.0
  SNOW DEPTH       0

DEGREE DAYS
 HEATING
  TODAY            0                         0      0        0
  MONTH TO DATE    0                         0      0        0
  SINCE JUN 1      0                         0      0        0
  SINCE JUL 1      0                         0      0        0

 COOLING
  TODAY           16                        18     -2       20
  MONTH TO DATE  415                       432    -17      412
  SINCE JUN 1    919                       927     -8      953
  SINCE JAN 1   1442                      1546   -104     1446
..................................................................


WIND (MPH)
  HIGHEST WIND SPEED    10   HIGHEST WIND DIRECTION     S (180)
  HIGHEST GUST SPEED    13   HIGHEST GUST DIRECTION     N (20)
  AVERAGE WIND SPEED     3.1


SKY COVER
  POSSIBLE SUNSHINE  MM
  AVERAGE SKY COVER 0.6


WEATHER CONDITIONS
 THE FOLLOWING WEATHER WAS RECORDED TODAY.
  FOG
  HAZE


RELATIVE HUMIDITY (PERCENT)
 HIGHEST    94           600 AM
 LOWEST     56           200 PM
 AVERAGE    75

..........................................................


THE NEW ORLEANS CLIMATE NORMALS FOR TOMORROW
                         NORMAL    RECORD    YEAR
 MAXIMUM TEMPERATURE (F)   92        98      2005
 MINIMUM TEMPERATURE (F)   75        70      1984
                                             1974
                                             1966


SUNRISE AND SUNSET
JULY 24 2014..........SUNRISE   615 AM CDT   SUNSET   759 PM CDT
JULY 25 2014..........SUNRISE   616 AM CDT   SUNSET   759 PM CDT


-  INDICATES NEGATIVE NUMBERS.
R  INDICATES RECORD WAS SET OR TIED.
MM INDICATES DATA IS MISSING.
T  INDICATES TRACE AMOUNT.




$$
