746
CDUS44 KLIX 260701
CLINEW


CLIMATE REPORT
NATIONAL WEATHER SERVICE NEW ORLEANS
201 AM CDT TUE JUL 26 2016


...................................

...THE NEW ORLEANS CLIMATE SUMMARY FOR JULY 25 2016...

CLIMATE NORMAL PERIOD 1981 TO 2010
CLIMATE RECORD PERIOD 1946 TO 2016


WEATHER ITEM   OBSERVED TIME   RECORD YEAR NORMAL DEPARTURE LAST
                VALUE   (LST)  VALUE       VALUE  FROM      YEAR
                                                  NORMAL
..................................................................
TEMPERATURE (F)
 YESTERDAY
  MAXIMUM         94    139 PM  98    2005  92      2       97
  MINIMUM         80    541 AM  70    1984  75      5       78
                                      1974
                                      1966
  AVERAGE         87                        83      4       88

PRECIPITATION (IN)
  YESTERDAY        0.02          2.34 2011   0.17  -0.15      T
  MONTH TO DATE    3.64                      4.85  -1.21     3.82
  SINCE JUN 1     13.42                     12.91   0.51     7.57
  SINCE JAN 1     42.75                     37.15   5.60    42.74

SNOWFALL (IN)
  YESTERDAY        0.0
  MONTH TO DATE    0.0
  SINCE JUN 1      0.0
  SINCE JUL 1      0.0
  SNOW DEPTH       0

DEGREE DAYS
 HEATING
  YESTERDAY        0                         0      0        0
  MONTH TO DATE    0                         0      0        0
  SINCE JUN 1      0                         0      0        0
  SINCE JUL 1      0                         0      0        0

 COOLING
  YESTERDAY       22                        18      4       23
  MONTH TO DATE  556                       450    106      514
  SINCE JUN 1   1140                       945    195     1044
  SINCE JAN 1   1920                      1564    356     1873
..................................................................


WIND (MPH)
  HIGHEST WIND SPEED    23   HIGHEST WIND DIRECTION    SE (150)
  HIGHEST GUST SPEED    27   HIGHEST GUST DIRECTION     S (160)
  AVERAGE WIND SPEED     4.9


SKY COVER
  POSSIBLE SUNSHINE  MM
  AVERAGE SKY COVER 0.6


WEATHER CONDITIONS
 THE FOLLOWING WEATHER WAS RECORDED YESTERDAY.
  THUNDERSTORM
  LIGHT RAIN
  FOG
  HAZE


RELATIVE HUMIDITY (PERCENT)
 HIGHEST    91           400 AM
 LOWEST     60           100 PM
 AVERAGE    76

..........................................................


THE NEW ORLEANS CLIMATE NORMALS FOR TODAY
                         NORMAL    RECORD    YEAR
 MAXIMUM TEMPERATURE (F)   92        96      1981
 MINIMUM TEMPERATURE (F)   75        68      1991
                                             1984


SUNRISE AND SUNSET
JULY 26 2016..........SUNRISE   617 AM CDT   SUNSET   758 PM CDT
JULY 27 2016..........SUNRISE   617 AM CDT   SUNSET   757 PM CDT


-  INDICATES NEGATIVE NUMBERS.
R  INDICATES RECORD WAS SET OR TIED.
MM INDICATES DATA IS MISSING.
T  INDICATES TRACE AMOUNT.




$$
