000
CDUS44 KLIX 052235
CLINEW


CLIMATE REPORT
NATIONAL WEATHER SERVICE NEW ORLEANS
433 PM CST THU MAR 5 2015


...................................

...THE NEW ORLEANS CLIMATE SUMMARY FOR MARCH 5 2015...
VALID TODAY AS OF 0400 PM LOCAL TIME.

CLIMATE NORMAL PERIOD 1981 TO 2010
CLIMATE RECORD PERIOD 1946 TO 2015


WEATHER ITEM   OBSERVED TIME   RECORD YEAR NORMAL DEPARTURE LAST
                VALUE   (LST)  VALUE       VALUE  FROM      YEAR
                                                  NORMAL
..................................................................
TEMPERATURE (F)
 TODAY
  MAXIMUM         72   1233 AM  83    1955  69      3       55
  MINIMUM         39    259 PM  29    2002  52    -13       42
  AVERAGE         56                        60     -4       49

PRECIPITATION (IN)
  TODAY            0.01          7.87 1948   0.15  -0.14     0.02
  MONTH TO DATE    1.14                      0.77   0.37     0.49
  SINCE MAR 1      1.14                      0.77   0.37     0.49
  SINCE JAN 1      8.84                     11.22  -2.38     9.52

SNOWFALL (IN)
  TODAY            0.0
  MONTH TO DATE    0.0
  SINCE MAR 1      0.0
  SINCE JUL 1      0.0
  SNOW DEPTH       0

DEGREE DAYS
 HEATING
  TODAY            9                         6      3       16
  MONTH TO DATE   12                        30    -18       55
  SINCE MAR 1     12                        30    -18       55
  SINCE JUL 1   1216                      1139     77     1408

 COOLING
  TODAY            0                         1     -1        0
  MONTH TO DATE   21                         5     16        7
  SINCE MAR 1     21                         5     16        7
  SINCE JAN 1     39                        42     -3       31
..................................................................


WIND (MPH)
  HIGHEST WIND SPEED    29   HIGHEST WIND DIRECTION    NW (330)
  HIGHEST GUST SPEED    37   HIGHEST GUST DIRECTION    NW (330)
  AVERAGE WIND SPEED    16.4


SKY COVER
  POSSIBLE SUNSHINE  MM
  AVERAGE SKY COVER 0.9


WEATHER CONDITIONS
 THE FOLLOWING WEATHER WAS RECORDED TODAY.
  LIGHT RAIN
  FOG


RELATIVE HUMIDITY (PERCENT)
 HIGHEST    90          1200 AM
 LOWEST     76          1200 PM
 AVERAGE    83

..........................................................


THE NEW ORLEANS CLIMATE NORMALS FOR TOMORROW
                         NORMAL    RECORD    YEAR
 MAXIMUM TEMPERATURE (F)   70        84      1955
 MINIMUM TEMPERATURE (F)   52        31      1960


SUNRISE AND SUNSET
MARCH  5 2015.........SUNRISE   623 AM CST   SUNSET   603 PM CST
MARCH  6 2015.........SUNRISE   622 AM CST   SUNSET   603 PM CST


-  INDICATES NEGATIVE NUMBERS.
R  INDICATES RECORD WAS SET OR TIED.
MM INDICATES DATA IS MISSING.
T  INDICATES TRACE AMOUNT.




$$
