000
CDUS44 KLIX 300711
CLINEW


CLIMATE REPORT
NATIONAL WEATHER SERVICE NEW ORLEANS
201 AM CDT SAT MAY 30 2015


...................................

...THE NEW ORLEANS CLIMATE SUMMARY FOR MAY 29 2015...

CLIMATE NORMAL PERIOD 1981 TO 2010
CLIMATE RECORD PERIOD 1946 TO 2015


WEATHER ITEM   OBSERVED TIME   RECORD YEAR NORMAL DEPARTURE LAST
                VALUE   (LST)  VALUE       VALUE  FROM      YEAR
                                                  NORMAL
..................................................................
TEMPERATURE (F)
 YESTERDAY
  MAXIMUM         86   1207 PM  94    2000  88     -2       87
                                      1953
  MINIMUM         75    536 AM  55    1961  71      4       71
  AVERAGE         81                        79      2       79

PRECIPITATION (IN)
  YESTERDAY        T             2.88 2013   0.18  -0.18     0.09
  MONTH TO DATE    8.76                      4.25   4.51     5.63
  SINCE MAR 1     27.09                     13.41  13.68    13.19
  SINCE JAN 1     34.79                     23.86  10.93    22.22

SNOWFALL (IN)
  YESTERDAY        0.0
  MONTH TO DATE    0.0
  SINCE MAR 1      0.0
  SINCE JUL 1      0.0
  SNOW DEPTH       0

DEGREE DAYS
 HEATING
  YESTERDAY        0                         0      0        0
  MONTH TO DATE    0                         0      0        0
  SINCE MAR 1     70                       170   -100      228
  SINCE JUL 1   1274                      1279     -5     1581

 COOLING
  YESTERDAY       16                        14      2       14
  MONTH TO DATE  389                       331     58      298
  SINCE MAR 1    781                       551    230      477
  SINCE JAN 1    799                       588    211      501
..................................................................


WIND (MPH)
  HIGHEST WIND SPEED    18   HIGHEST WIND DIRECTION    SE (150)
  HIGHEST GUST SPEED    23   HIGHEST GUST DIRECTION    SE (150)
  AVERAGE WIND SPEED     8.1


SKY COVER
  POSSIBLE SUNSHINE  MM
  AVERAGE SKY COVER 0.5


WEATHER CONDITIONS
 THE FOLLOWING WEATHER WAS RECORDED YESTERDAY.
  LIGHT RAIN


RELATIVE HUMIDITY (PERCENT)
 HIGHEST    87           200 AM
 LOWEST     59           400 PM
 AVERAGE    73

..........................................................


THE NEW ORLEANS CLIMATE NORMALS FOR TODAY
                         NORMAL    RECORD    YEAR
 MAXIMUM TEMPERATURE (F)   88        95      1977
 MINIMUM TEMPERATURE (F)   71        55      1960


SUNRISE AND SUNSET
MAY 30 2015...........SUNRISE   601 AM CDT   SUNSET   756 PM CDT
MAY 31 2015...........SUNRISE   601 AM CDT   SUNSET   757 PM CDT


-  INDICATES NEGATIVE NUMBERS.
R  INDICATES RECORD WAS SET OR TIED.
MM INDICATES DATA IS MISSING.
T  INDICATES TRACE AMOUNT.




$$
