000
CDUS44 KLIX 250700
CLINEW


CLIMATE REPORT
NATIONAL WEATHER SERVICE NEW ORLEANS
200 AM CDT TUE APR 25 2017


...................................

...THE NEW ORLEANS CLIMATE SUMMARY FOR APRIL 24 2017...

CLIMATE NORMAL PERIOD 1981 TO 2010
CLIMATE RECORD PERIOD 1946 TO 2017


WEATHER ITEM   OBSERVED TIME   RECORD YEAR NORMAL DEPARTURE LAST
                VALUE   (LST)  VALUE       VALUE  FROM      YEAR
                                                  NORMAL
..................................................................
TEMPERATURE (F)
 YESTERDAY
  MAXIMUM         77    455 PM  90    1988  80     -3       82
                                      1958
  MINIMUM         52    450 AM  44    1968  62    -10       62
  AVERAGE         65                        71     -6       72

PRECIPITATION (IN)
  YESTERDAY        0.00          2.71 1982   0.16  -0.16     0.00
  MONTH TO DATE    2.55                      3.64  -1.09     7.26
  SINCE MAR 1      5.43                      8.19  -2.76    13.62
  SINCE JAN 1     13.07                     18.64  -5.57    21.75

SNOWFALL (IN)
  YESTERDAY        0.0
  MONTH TO DATE    0.0
  SINCE MAR 1      0.0
  SINCE JUL 1      0.0
  SNOW DEPTH       0

DEGREE DAYS
 HEATING
  YESTERDAY        0                         0      0        0
  MONTH TO DATE   10                        32    -22        3
  SINCE MAR 1     69                       168    -99       41
  SINCE JUL 1    630                      1277   -647      755

 COOLING
  YESTERDAY        0                         7     -7        7
  MONTH TO DATE  148                       113     35      131
  SINCE MAR 1    287                       176    111      274
  SINCE JAN 1    407                       213    194      310
..................................................................


WIND (MPH)
  HIGHEST WIND SPEED    18   HIGHEST WIND DIRECTION    NW (320)
  HIGHEST GUST SPEED    24   HIGHEST GUST DIRECTION    NW (330)
  AVERAGE WIND SPEED     8.3


SKY COVER
  POSSIBLE SUNSHINE  MM
  AVERAGE SKY COVER 0.2


WEATHER CONDITIONS
 THE FOLLOWING WEATHER WAS RECORDED YESTERDAY.
  NO SIGNIFICANT WEATHER WAS OBSERVED.


RELATIVE HUMIDITY (PERCENT)
 HIGHEST    93          1200 AM
 LOWEST     40           500 PM
 AVERAGE    67

..........................................................


THE NEW ORLEANS CLIMATE NORMALS FOR TODAY
                         NORMAL    RECORD    YEAR
 MAXIMUM TEMPERATURE (F)   80        88      2006
                                             1967
 MINIMUM TEMPERATURE (F)   63        40      1968


SUNRISE AND SUNSET
APRIL 25 2017.........SUNRISE   623 AM CDT   SUNSET   735 PM CDT
APRIL 26 2017.........SUNRISE   623 AM CDT   SUNSET   735 PM CDT


-  INDICATES NEGATIVE NUMBERS.
R  INDICATES RECORD WAS SET OR TIED.
MM INDICATES DATA IS MISSING.
T  INDICATES TRACE AMOUNT.




$$
