740
CDUS44 KLIX 210800
CLINEW


CLIMATE REPORT
NATIONAL WEATHER SERVICE NEW ORLEANS
200 AM CST TUE NOV 21 2017


...................................

...THE NEW ORLEANS CLIMATE SUMMARY FOR NOVEMBER 20 2017...

CLIMATE NORMAL PERIOD 1981 TO 2010
CLIMATE RECORD PERIOD 1946 TO 2017


WEATHER ITEM   OBSERVED TIME   RECORD YEAR NORMAL DEPARTURE LAST
                VALUE   (LST)  VALUE       VALUE  FROM      YEAR
                                                  NORMAL
..................................................................
TEMPERATURE (F)
 YESTERDAY
  MAXIMUM         62    238 PM  84    1986  71     -9       60
  MINIMUM         49    708 AM  30    1968  52     -3       41
  AVERAGE         56                        61     -5       51

PRECIPITATION (IN)
  YESTERDAY        0.00          1.97 1992   0.17  -0.17     0.00
  MONTH TO DATE    0.05                      2.92  -2.87     2.12
  SINCE SEP 1      3.60                     11.43  -7.83     6.80
  SINCE JAN 1     67.25                     55.64  11.61    62.23

SNOWFALL (IN)
  YESTERDAY        0.0
  MONTH TO DATE    0.0
  SINCE SEP 1      0.0
  SINCE JUL 1      0.0
  SNOW DEPTH       0

DEGREE DAYS
 HEATING
  YESTERDAY        9                         5      4       14
  MONTH TO DATE   30                        73    -43       31
  SINCE SEP 1     70                        98    -28       31
  SINCE JUL 1     70                        98    -28       31

 COOLING
  YESTERDAY        0                         2     -2        0
  MONTH TO DATE   87                        54     33       97
  SINCE SEP 1    841                       717    124     1112
  SINCE JAN 1   3194                      2963    231     3814
..................................................................


WIND (MPH)
  HIGHEST WIND SPEED    15   HIGHEST WIND DIRECTION    NE (60)
  HIGHEST GUST SPEED    21   HIGHEST GUST DIRECTION    NE (50)
  AVERAGE WIND SPEED     6.8


SKY COVER
  POSSIBLE SUNSHINE  MM
  AVERAGE SKY COVER 0.6


WEATHER CONDITIONS
 THE FOLLOWING WEATHER WAS RECORDED YESTERDAY.
  NO SIGNIFICANT WEATHER WAS OBSERVED.


RELATIVE HUMIDITY (PERCENT)
 HIGHEST    93          1100 PM
 LOWEST     41           100 AM
 AVERAGE    67

..........................................................


THE NEW ORLEANS CLIMATE NORMALS FOR TODAY
                         NORMAL    RECORD    YEAR
 MAXIMUM TEMPERATURE (F)   70        83      1996
 MINIMUM TEMPERATURE (F)   52        31      1969


SUNRISE AND SUNSET
NOVEMBER 21 2017......SUNRISE   631 AM CST   SUNSET   502 PM CST
NOVEMBER 22 2017......SUNRISE   632 AM CST   SUNSET   502 PM CST


-  INDICATES NEGATIVE NUMBERS.
R  INDICATES RECORD WAS SET OR TIED.
MM INDICATES DATA IS MISSING.
T  INDICATES TRACE AMOUNT.




$$
