892
CDUS44 KLIX 232118
CLINEW


CLIMATE REPORT
NATIONAL WEATHER SERVICE NEW ORLEANS
418 PM CDT SUN JUL 23 2017


...................................

...THE NEW ORLEANS CLIMATE SUMMARY FOR JULY 23 2017...
VALID TODAY AS OF 0400 PM LOCAL TIME.

CLIMATE NORMAL PERIOD 1981 TO 2010
CLIMATE RECORD PERIOD 1946 TO 2017


WEATHER ITEM   OBSERVED TIME   RECORD YEAR NORMAL DEPARTURE LAST
                VALUE   (LST)  VALUE       VALUE  FROM      YEAR
                                                  NORMAL
..................................................................
TEMPERATURE (F)
 TODAY
  MAXIMUM         85    855 AM 101    1981  91     -6       96
  MINIMUM         75    944 AM  67    1947  75      0       80
  AVERAGE         80                        83     -3       88

PRECIPITATION (IN)
  TODAY            0.18          2.73 1985   0.16   0.02      T
  MONTH TO DATE    5.47                      4.51   0.96     3.52
  SINCE JUN 1     20.95                     12.57   8.38    13.30
  SINCE JAN 1     46.85                     36.81  10.04    42.63

SNOWFALL (IN)
  TODAY            0.0
  MONTH TO DATE    0.0
  SINCE JUN 1      0.0
  SINCE JUL 1      0.0
  SNOW DEPTH       0

DEGREE DAYS
 HEATING
  TODAY            0                         0      0        0
  MONTH TO DATE    0                         0      0        0
  SINCE JUN 1      0                         0      0        0
  SINCE JUL 1      0                         0      0        0

 COOLING
  TODAY           15                        18     -3       23
  MONTH TO DATE  422                       414      8      512
  SINCE JUN 1    883                       909    -26     1096
  SINCE JAN 1   1638                      1528    110     1876
..................................................................


WIND (MPH)
  HIGHEST WIND SPEED    18   HIGHEST WIND DIRECTION     W (280)
  HIGHEST GUST SPEED    24   HIGHEST GUST DIRECTION     W (270)
  AVERAGE WIND SPEED     6.2


SKY COVER
  POSSIBLE SUNSHINE  MM
  AVERAGE SKY COVER 0.6


WEATHER CONDITIONS
 THE FOLLOWING WEATHER WAS RECORDED TODAY.
  RAIN
  LIGHT RAIN
  FOG


RELATIVE HUMIDITY (PERCENT)
 HIGHEST    94          1200 AM
 LOWEST     74           900 AM
 AVERAGE    84

..........................................................


THE NEW ORLEANS CLIMATE NORMALS FOR TOMORROW
                         NORMAL    RECORD    YEAR
 MAXIMUM TEMPERATURE (F)   91        98      1981
 MINIMUM TEMPERATURE (F)   75        67      1947


SUNRISE AND SUNSET
JULY 23 2017..........SUNRISE   615 AM CDT   SUNSET   800 PM CDT
JULY 24 2017..........SUNRISE   615 AM CDT   SUNSET   759 PM CDT


-  INDICATES NEGATIVE NUMBERS.
R  INDICATES RECORD WAS SET OR TIED.
MM INDICATES DATA IS MISSING.
T  INDICATES TRACE AMOUNT.




$$
