000
CDUS46 KMTR 280828
CLINUQ


CLIMATE REPORT
NATIONAL WEATHER SERVICE SAN FRANCISCO BAY AREA
127 AM PDT SAT MAY 28 2016


...................................

...THE MOFFETT FIELD CLIMATE SUMMARY FOR MAY 27 2016...

CLIMATE NORMAL PERIOD 1981 TO 2010
CLIMATE RECORD PERIOD 1945 TO 2016


WEATHER ITEM   OBSERVED TIME   RECORD YEAR NORMAL DEPARTURE LAST
                VALUE   (LST)  VALUE       VALUE  FROM      YEAR
                                                  NORMAL
..................................................................
TEMPERATURE (F)
 YESTERDAY
  MAXIMUM         77    319 PM  97    1984  73      4       69
  MINIMUM         52    456 AM  45    1956  55     -3       55
  AVERAGE         65                        64      1       62

PRECIPITATION (IN)
  YESTERDAY        0.00          1.00 1990   0.01  -0.01     0.00
  MONTH TO DATE    0.13                      0.44  -0.31     0.64
  SINCE OCT 1     13.15                     14.34  -1.19    14.12
  SINCE JAN 1      8.75                      9.50  -0.75     4.13

DEGREE DAYS
 HEATING
  YESTERDAY        0                                         3
  MONTH TO DATE   61                                       126
  SINCE MAR 1    395                                       431
  SINCE JUL 1   1780                                      1536

 COOLING
  YESTERDAY        0                                         0
  MONTH TO DATE   18                                         0
  SINCE MAR 1     41                                        18
  SINCE JAN 1     43                                        18
..................................................................


WIND (MPH)
  RESULTANT WIND SPEED   5   RESULTANT WIND DIRECTION   N (350)
  HIGHEST WIND SPEED    20   HIGHEST WIND DIRECTION     N (340)
  HIGHEST GUST SPEED    24   HIGHEST GUST DIRECTION     N (350)
  AVERAGE WIND SPEED     6.6


SKY COVER
  POSSIBLE SUNSHINE  MM
  AVERAGE SKY COVER 0.0


WEATHER CONDITIONS
 THE FOLLOWING WEATHER WAS RECORDED YESTERDAY.
  NO SIGNIFICANT WEATHER WAS OBSERVED.


RELATIVE HUMIDITY (PERCENT)
 HIGHEST    89           500 AM
 LOWEST     46          1200 PM
 AVERAGE    68

..........................................................


THE MOFFETT FIELD CLIMATE NORMALS FOR TODAY
                         NORMAL    RECORD    YEAR
 MAXIMUM TEMPERATURE (F)   74        93      1975
 MINIMUM TEMPERATURE (F)   55        45      1959


SUNRISE AND SUNSET
MAY 28 2016...........SUNRISE   550 AM PDT   SUNSET   821 PM PDT
MAY 29 2016...........SUNRISE   550 AM PDT   SUNSET   822 PM PDT


-  INDICATES NEGATIVE NUMBERS.
R  INDICATES RECORD WAS SET OR TIED.
MM INDICATES DATA IS MISSING.
T  INDICATES TRACE AMOUNT.




$$
