000
CDUS46 KMTR 020834
CLINUQ


CLIMATE REPORT
NATIONAL WEATHER SERVICE SAN FRANCISCO BAY AREA
1233 AM PST MON MAR 2 2015


...................................

...THE MOFFETT FIELD CLIMATE SUMMARY FOR MARCH 1 2015...

CLIMATE NORMAL PERIOD 1981 TO 2010
CLIMATE RECORD PERIOD 1945 TO 2015


WEATHER ITEM   OBSERVED TIME   RECORD YEAR NORMAL DEPARTURE LAST
                VALUE   (LST)  VALUE       VALUE  FROM      YEAR
                                                  NORMAL
..................................................................
TEMPERATURE (F)
 YESTERDAY
  MAXIMUM         64    412 PM  72    2013  64      0       67
                                      1959
  MINIMUM         40    620 AM  33    1955  47     -7       53
  AVERAGE         52                        55     -3       60

PRECIPITATION (IN)
  YESTERDAY        0.00          0.48 1983   0.09  -0.09     0.21
  MONTH TO DATE    0.00                      0.09  -0.09     0.21
  SINCE OCT 1     12.44                     10.75   1.69     3.81
  SINCE JAN 1      2.45                      5.91  -3.46     3.05

DEGREE DAYS
 HEATING
  YESTERDAY       13                                         5
  MONTH TO DATE   13                                         5
  SINCE MAR 1     13                                         5
  SINCE JUL 1   1118                                      1463

 COOLING
  YESTERDAY        0                                         0
  MONTH TO DATE    0                                         0
  SINCE MAR 1      0                                         0
  SINCE JAN 1      0                                         0
..................................................................


WIND (MPH)
  RESULTANT WIND SPEED   1   RESULTANT WIND DIRECTION   N (10)
  HIGHEST WIND SPEED    13   HIGHEST WIND DIRECTION    NW (330)
  HIGHEST GUST SPEED    16   HIGHEST GUST DIRECTION    NW (330)
  AVERAGE WIND SPEED     3.6


SKY COVER
  POSSIBLE SUNSHINE  MM
  AVERAGE SKY COVER 0.0


WEATHER CONDITIONS
 THE FOLLOWING WEATHER WAS RECORDED YESTERDAY.
  FOG


RELATIVE HUMIDITY (PERCENT)
 HIGHEST   100           400 AM
 LOWEST     36           200 PM
 AVERAGE    68

..........................................................


THE MOFFETT FIELD CLIMATE NORMALS FOR TODAY
                         NORMAL    RECORD    YEAR
 MAXIMUM TEMPERATURE (F)   64        76      1994
 MINIMUM TEMPERATURE (F)   47        34      1971


SUNRISE AND SUNSET
MARCH  2 2015.........SUNRISE   638 AM PST   SUNSET   603 PM PST
MARCH  3 2015.........SUNRISE   637 AM PST   SUNSET   604 PM PST


-  INDICATES NEGATIVE NUMBERS.
R  INDICATES RECORD WAS SET OR TIED.
MM INDICATES DATA IS MISSING.
T  INDICATES TRACE AMOUNT.




$$
