000
CDUS46 KMTR 230826
CLINUQ


CLIMATE REPORT
NATIONAL WEATHER SERVICE SAN FRANCISCO BAY AREA
125 AM PDT SAT MAY 23 2015


...................................

...THE MOFFETT FIELD CLIMATE SUMMARY FOR MAY 22 2015...

CLIMATE NORMAL PERIOD 1981 TO 2010
CLIMATE RECORD PERIOD 1945 TO 2015


WEATHER ITEM   OBSERVED TIME   RECORD YEAR NORMAL DEPARTURE LAST
                VALUE   (LST)  VALUE       VALUE  FROM      YEAR
                                                  NORMAL
..................................................................
TEMPERATURE (F)
 YESTERDAY
  MAXIMUM         68    206 PM  87    2000  73     -5       73
  MINIMUM         54    123 AM  44    2002  54      0       57
  AVERAGE         61                        63     -2       65

PRECIPITATION (IN)
  YESTERDAY        T             0.47 1958   0.01  -0.01     0.00
  MONTH TO DATE    0.64                      0.39   0.25      T
  SINCE OCT 1     14.12                     14.29  -0.17     5.94
  SINCE JAN 1      4.13                      9.45  -5.32     5.18

DEGREE DAYS
 HEATING
  YESTERDAY        4                                         0
  MONTH TO DATE  106                                        27
  SINCE MAR 1    411                                       317
  SINCE JUL 1   1516                                      1775

 COOLING
  YESTERDAY        0                                         0
  MONTH TO DATE    0                                        48
  SINCE MAR 1     18                                        74
  SINCE JAN 1     18                                        74
..................................................................


WIND (MPH)
  RESULTANT WIND SPEED   4   RESULTANT WIND DIRECTION  NW (300)
  HIGHEST WIND SPEED    17   HIGHEST WIND DIRECTION     W (250)
  HIGHEST GUST SPEED    22   HIGHEST GUST DIRECTION     W (280)
  AVERAGE WIND SPEED     5.8


SKY COVER
  POSSIBLE SUNSHINE  MM
  AVERAGE SKY COVER 0.8


WEATHER CONDITIONS
 THE FOLLOWING WEATHER WAS RECORDED YESTERDAY.
  LIGHT RAIN
  FOG


RELATIVE HUMIDITY (PERCENT)
 HIGHEST    86           400 AM
 LOWEST     56           300 PM
 AVERAGE    71

..........................................................


THE MOFFETT FIELD CLIMATE NORMALS FOR TODAY
                         NORMAL    RECORD    YEAR
 MAXIMUM TEMPERATURE (F)   73        91      1982
 MINIMUM TEMPERATURE (F)   54        45      1945


SUNRISE AND SUNSET
MAY 23 2015...........SUNRISE   553 AM PDT   SUNSET   817 PM PDT
MAY 24 2015...........SUNRISE   553 AM PDT   SUNSET   818 PM PDT


-  INDICATES NEGATIVE NUMBERS.
R  INDICATES RECORD WAS SET OR TIED.
MM INDICATES DATA IS MISSING.
T  INDICATES TRACE AMOUNT.




$$
