000
CDUS46 KMTR 170033
CLINUQ


CLIMATE REPORT
NATIONAL WEATHER SERVICE SAN FRANCISCO BAY AREA
533 PM PDT MON OCT 16 2017


...................................

...THE MOFFETT FIELD CLIMATE SUMMARY FOR OCTOBER 16 2017...
VALID TODAY AS OF 0500 PM LOCAL TIME.

CLIMATE NORMAL PERIOD 1981 TO 2010
CLIMATE RECORD PERIOD 1945 TO 2017


WEATHER ITEM   OBSERVED TIME   RECORD YEAR NORMAL DEPARTURE LAST
                VALUE   (LST)  VALUE       VALUE  FROM      YEAR
                                                  NORMAL
..................................................................
TEMPERATURE (F)
 TODAY
  MAXIMUM         84    130 PM  92    1988  74     10       MM
  MINIMUM         52    444 AM  44    1946  54     -2       MM
  AVERAGE         68                        64      4       MM

PRECIPITATION (IN)
  TODAY            0.00          0.74 1984   0.02  -0.02     0.45
  MONTH TO DATE    0.00                      0.22  -0.22     0.70
  SINCE OCT 1      0.00                      0.22  -0.22     0.70
  SINCE JAN 1     13.64                     10.06   3.58     9.45

DEGREE DAYS
 HEATING
  TODAY            0                                        MM
  MONTH TO DATE   17                                        28
  SINCE SEP 1     25                                        38
  SINCE JUL 1     27                                        45

 COOLING
  TODAY            3                                        MM
  MONTH TO DATE   24                                        15
  SINCE SEP 1    239                                       119
  SINCE JAN 1    650                                       455
..................................................................


WIND (MPH)
  RESULTANT WIND SPEED   2   RESULTANT WIND DIRECTION   N (340)
  HIGHEST WIND SPEED    10   HIGHEST WIND DIRECTION     N (350)
  HIGHEST GUST SPEED    12   HIGHEST GUST DIRECTION     N (360)
  AVERAGE WIND SPEED     2.3


SKY COVER
  POSSIBLE SUNSHINE  MM
  AVERAGE SKY COVER 0.0


WEATHER CONDITIONS
 THE FOLLOWING WEATHER WAS RECORDED TODAY.
  HAZE


RELATIVE HUMIDITY (PERCENT)
 HIGHEST    59           300 AM
 LOWEST     20           100 PM
 AVERAGE    40

..........................................................


THE MOFFETT FIELD CLIMATE NORMALS FOR TOMORROW
                         NORMAL    RECORD    YEAR
 MAXIMUM TEMPERATURE (F)   73        93      1988
 MINIMUM TEMPERATURE (F)   54        42      1971


SUNRISE AND SUNSET
OCTOBER 16 2017.......SUNRISE   718 AM PDT   SUNSET   629 PM PDT
OCTOBER 17 2017.......SUNRISE   718 AM PDT   SUNSET   628 PM PDT


-  INDICATES NEGATIVE NUMBERS.
R  INDICATES RECORD WAS SET OR TIED.
MM INDICATES DATA IS MISSING.
T  INDICATES TRACE AMOUNT.




$$
