000
CDUS46 KMTR 260828
CLINUQ


CLIMATE REPORT
NATIONAL WEATHER SERVICE SAN FRANCISCO BAY AREA
127 AM PDT MON SEP 26 2016


...................................

...THE MOFFETT FIELD CLIMATE SUMMARY FOR SEPTEMBER 25 2016...

CLIMATE NORMAL PERIOD 1981 TO 2010
CLIMATE RECORD PERIOD 1945 TO 2016


WEATHER ITEM   OBSERVED TIME   RECORD YEAR NORMAL DEPARTURE LAST
                VALUE   (LST)  VALUE       VALUE  FROM      YEAR
                                                  NORMAL
..................................................................
TEMPERATURE (F)
 YESTERDAY
  MAXIMUM         96R   335 PM  91    1978  77     19       82
  MINIMUM         57    444 AM  43    1948  57      0       61
  AVERAGE         77                        67     10       72

PRECIPITATION (IN)
  YESTERDAY        0.00          0.41 2014   0.00   0.00     0.00
  MONTH TO DATE    0.00                      0.13  -0.13     0.00
  SINCE OCT 1     13.15                     14.63  -1.48    14.24
  SINCE JAN 1      8.75                      9.79  -1.04     4.25

DEGREE DAYS
 HEATING
  YESTERDAY        0                                         0
  MONTH TO DATE    5                                         1
  SINCE SEP 1      5                                         1
  SINCE JUL 1     12                                         1

 COOLING
  YESTERDAY       12                                         7
  MONTH TO DATE   77                                       149
  SINCE SEP 1     77                                       149
  SINCE JAN 1    413                                       575
..................................................................


WIND (MPH)
  RESULTANT WIND SPEED   3   RESULTANT WIND DIRECTION   N (350)
  HIGHEST WIND SPEED    10   HIGHEST WIND DIRECTION     N (350)
  HIGHEST GUST SPEED    13   HIGHEST GUST DIRECTION     N (360)
  AVERAGE WIND SPEED     3.4


SKY COVER
  POSSIBLE SUNSHINE  MM
  AVERAGE SKY COVER 0.0


WEATHER CONDITIONS
 THE FOLLOWING WEATHER WAS RECORDED YESTERDAY.
  NO SIGNIFICANT WEATHER WAS OBSERVED.


RELATIVE HUMIDITY (PERCENT)
 HIGHEST    78           600 AM
 LOWEST     18           100 PM
 AVERAGE    48

..........................................................


THE MOFFETT FIELD CLIMATE NORMALS FOR TODAY
                         NORMAL    RECORD    YEAR
 MAXIMUM TEMPERATURE (F)   77        95      1999
 MINIMUM TEMPERATURE (F)   57        42      1948


SUNRISE AND SUNSET
SEPTEMBER 26 2016.....SUNRISE   700 AM PDT   SUNSET   658 PM PDT
SEPTEMBER 27 2016.....SUNRISE   701 AM PDT   SUNSET   656 PM PDT


-  INDICATES NEGATIVE NUMBERS.
R  INDICATES RECORD WAS SET OR TIED.
MM INDICATES DATA IS MISSING.
T  INDICATES TRACE AMOUNT.




$$
