000
CDUS46 KMTR 220826
CLINUQ


CLIMATE REPORT
NATIONAL WEATHER SERVICE SAN FRANCISCO BAY AREA
126 AM PDT WED OCT 22 2014


...................................

...THE MOFFETT FIELD CLIMATE SUMMARY FOR OCTOBER 21 2014...

CLIMATE NORMAL PERIOD 1981 TO 2010
CLIMATE RECORD PERIOD 1945 TO 2014


WEATHER ITEM   OBSERVED TIME   RECORD YEAR NORMAL DEPARTURE LAST
                VALUE   (LST)  VALUE       VALUE  FROM      YEAR
                                                  NORMAL
..................................................................
TEMPERATURE (F)
 YESTERDAY
  MAXIMUM         72    203 PM  84    2006  73     -1       67
  MINIMUM         51    623 AM  37    1949  53     -2       53
  AVERAGE         62                        63     -1       60

PRECIPITATION (IN)
  YESTERDAY        0.00          0.17 1989   0.02  -0.02     0.00
  MONTH TO DATE    0.02                      0.33  -0.31     0.00
  SINCE JUL 1      0.43                      0.54  -0.11     0.50
  SINCE JAN 1      5.62                     10.17  -4.55     2.32

DEGREE DAYS
 HEATING
  YESTERDAY        3                                         5
  MONTH TO DATE    7                                        48
  SINCE SEP 1      9                                        53
  SINCE JUL 1      9                                        57

 COOLING
  YESTERDAY        0                                         0
  MONTH TO DATE   72                                        14
  SINCE SEP 1    196                                       119
  SINCE JAN 1    638                                       478
..................................................................


WIND (MPH)
  RESULTANT WIND SPEED   3   RESULTANT WIND DIRECTION  NW (320)
  HIGHEST WIND SPEED    15   HIGHEST WIND DIRECTION     N (340)
  HIGHEST GUST SPEED    20   HIGHEST GUST DIRECTION     N (340)
  AVERAGE WIND SPEED     4.2


SKY COVER
  POSSIBLE SUNSHINE  MM
  AVERAGE SKY COVER 0.0


WEATHER CONDITIONS
 THE FOLLOWING WEATHER WAS RECORDED YESTERDAY.
  NO SIGNIFICANT WEATHER WAS OBSERVED.


RELATIVE HUMIDITY (PERCENT)
 HIGHEST    93           200 AM
 LOWEST     35           200 PM
 AVERAGE    64

..........................................................


THE MOFFETT FIELD CLIMATE NORMALS FOR TODAY
                         NORMAL    RECORD    YEAR
 MAXIMUM TEMPERATURE (F)   72        86      2011
 MINIMUM TEMPERATURE (F)   53        38      1949


SUNRISE AND SUNSET
OCTOBER 22 2014.......SUNRISE   723 AM PDT   SUNSET   622 PM PDT
OCTOBER 23 2014.......SUNRISE   724 AM PDT   SUNSET   620 PM PDT


-  INDICATES NEGATIVE NUMBERS.
R  INDICATES RECORD WAS SET OR TIED.
MM INDICATES DATA IS MISSING.
T  INDICATES TRACE AMOUNT.




$$
