076
CDUS41 KOKX 240633
CLINYC


CLIMATE REPORT
NATIONAL WEATHER SERVICE NEW YORK NY
233 AM EDT SUN JUL 24 2016


...................................

...THE CENTRAL PARK NY CLIMATE SUMMARY FOR JULY 23 2016...

CLIMATE NORMAL PERIOD 1981 TO 2010
CLIMATE RECORD PERIOD 1869 TO 2016


WEATHER ITEM   OBSERVED TIME   RECORD YEAR NORMAL DEPARTURE LAST
                VALUE   (LST)  VALUE       VALUE  FROM      YEAR
                                                  NORMAL
..................................................................
TEMPERATURE (F)
 YESTERDAY
  MAXIMUM         96    326 PM 100    2011  84     12       86
  MINIMUM         80    541 AM  58    1890  69     11       68
                                      1871
  AVERAGE         88                        77     11       77

PRECIPITATION (IN)
  YESTERDAY        0.00          2.41 1953   0.15  -0.15     0.00
  MONTH TO DATE    3.60                      3.30   0.30     1.67
  SINCE JUN 1      6.20                      7.71  -1.51     6.46
  SINCE JAN 1     21.54                     27.50  -5.96    22.39

SNOWFALL (IN)
  YESTERDAY        0.0           0.0  2002   0.0    0.0      0.0
                                      2001
  MONTH TO DATE    0.0                       0.0    0.0      0.0
  SINCE OCT 1     32.8                      25.8    7.0     50.3
  SINCE JUL 1      0.0                       0.0    0.0      0.0
  SNOW DEPTH       0

DEGREE DAYS
 HEATING
  YESTERDAY        0                         0      0        0
  MONTH TO DATE    0                         0      0        0
  SINCE JUN 1      7                        19    -12       33
  SINCE JUL 1      0                         0      0        0

 COOLING
  YESTERDAY       23                        12     11       12
  MONTH TO DATE  304                       264     40      303
  SINCE JUN 1    536                       476     60      531
  SINCE JAN 1    655                       545    110      690
..................................................................


WIND (MPH)
  HIGHEST WIND SPEED    15   HIGHEST WIND DIRECTION     W (290)
  HIGHEST GUST SPEED    24   HIGHEST GUST DIRECTION     W (280)
  AVERAGE WIND SPEED     5.0


SKY COVER
  AVERAGE SKY COVER 0.1


WEATHER CONDITIONS
 THE FOLLOWING WEATHER WAS RECORDED YESTERDAY.
  NO SIGNIFICANT WEATHER WAS OBSERVED.


RELATIVE HUMIDITY (PERCENT)
 HIGHEST    59          1200 AM
 LOWEST     24           300 PM
 AVERAGE    42

..........................................................


THE CENTRAL PARK NY CLIMATE NORMALS FOR TODAY
                         NORMAL    RECORD    YEAR
 MAXIMUM TEMPERATURE (F)   84        97      2010
                                             1999
 MINIMUM TEMPERATURE (F)   69        56      1893


SUNRISE AND SUNSET
JULY 24 2016..........SUNRISE   545 AM EDT   SUNSET   819 PM EDT
JULY 25 2016..........SUNRISE   546 AM EDT   SUNSET   818 PM EDT


-  INDICATES NEGATIVE NUMBERS.
R  INDICATES RECORD WAS SET OR TIED.
MM INDICATES DATA IS MISSING.
T  INDICATES TRACE AMOUNT.




$$
