000
CDUS41 KOKX 210617
CLINYC


CLIMATE REPORT
NATIONAL WEATHER SERVICE NEW YORK NY
117 AM EST SUN JAN 21 2018


...................................

...THE CENTRAL PARK NY CLIMATE SUMMARY FOR JANUARY 20 2018...

CLIMATE NORMAL PERIOD 1981 TO 2010
CLIMATE RECORD PERIOD 1869 TO 2018


WEATHER ITEM   OBSERVED TIME   RECORD YEAR NORMAL DEPARTURE LAST
                VALUE   (LST)  VALUE       VALUE  FROM      YEAR
                                                  NORMAL
..................................................................
TEMPERATURE (F)
 YESTERDAY
  MAXIMUM         52    205 PM  61    2006  38     14       45
                                      1951
  MINIMUM         38    310 AM   0    1994  27     11       40
  AVERAGE         45                        32     13       43

PRECIPITATION (IN)
  YESTERDAY        0.00          1.41 1995   0.11  -0.11     0.10
  MONTH TO DATE    1.55                      2.41  -0.86     2.36
  SINCE DEC 1      3.76                      6.41  -2.65     5.25
  SINCE JAN 1      1.55                      2.41  -0.86     2.36

SNOWFALL (IN)
  YESTERDAY        0.0          11.1  1978   0.3   -0.3      0.0
  MONTH TO DATE   10.2                       4.4    5.8      6.9
  SINCE OCT 1     17.9                       9.5    8.4     10.1
  SINCE JUL 1     17.9                       9.5    8.4     10.1
  SNOW DEPTH       T

DEGREE DAYS
 HEATING
  YESTERDAY       20                        33    -13       22
  MONTH TO DATE  741                       651     90      556
  SINCE DEC 1   1661                      1503    158     1375
  SINCE JUL 1   2323                      2336    -13     2062

 COOLING
  YESTERDAY        0                         0      0        0
  MONTH TO DATE    0                         0      0        0
  SINCE DEC 1      0                         0      0        0
  SINCE JAN 1      0                         0      0        0
..................................................................


WIND (MPH)
  HIGHEST WIND SPEED    20   HIGHEST WIND DIRECTION     W (290)
  HIGHEST GUST SPEED    29   HIGHEST GUST DIRECTION     W (250)
  AVERAGE WIND SPEED     8.4


SKY COVER
  AVERAGE SKY COVER 0.0


WEATHER CONDITIONS
 THE FOLLOWING WEATHER WAS RECORDED YESTERDAY.
  NO SIGNIFICANT WEATHER WAS OBSERVED.


RELATIVE HUMIDITY (PERCENT)
 HIGHEST    49          1000 PM
 LOWEST     35           100 PM
 AVERAGE    42

..........................................................


THE CENTRAL PARK NY CLIMATE NORMALS FOR TODAY
                         NORMAL    RECORD    YEAR
 MAXIMUM TEMPERATURE (F)   38        63      2006
 MINIMUM TEMPERATURE (F)   27        -2      1985


SUNRISE AND SUNSET
JANUARY 21 2018.......SUNRISE   715 AM EST   SUNSET   500 PM EST
JANUARY 22 2018.......SUNRISE   714 AM EST   SUNSET   501 PM EST


-  INDICATES NEGATIVE NUMBERS.
R  INDICATES RECORD WAS SET OR TIED.
MM INDICATES DATA IS MISSING.
T  INDICATES TRACE AMOUNT.




$$
