000
CDUS41 KOKX 060618
CLINYC


CLIMATE REPORT
NATIONAL WEATHER SERVICE NEW YORK NY
218 AM EDT MON JUL 6 2015


...................................

...THE CENTRAL PARK NY CLIMATE SUMMARY FOR JULY 5 2015...

CLIMATE NORMAL PERIOD 1981 TO 2010
CLIMATE RECORD PERIOD 1869 TO 2015


WEATHER ITEM   OBSERVED TIME   RECORD YEAR NORMAL DEPARTURE LAST
                VALUE   (LST)  VALUE       VALUE  FROM      YEAR
                                                  NORMAL
..................................................................
TEMPERATURE (F)
 YESTERDAY
  MAXIMUM         83    414 PM 101    1999  84     -1       81
  MINIMUM         68    119 AM  53    1979  68      0       63
  AVERAGE         76                        76      0       72

PRECIPITATION (IN)
  YESTERDAY        0.00          3.07 1901   0.12  -0.12     0.00
  MONTH TO DATE    0.39                      0.62  -0.23     2.88
  SINCE JUN 1      5.18                      5.03   0.15     7.14
  SINCE JAN 1     21.11                     24.82  -3.71    31.30

SNOWFALL (IN)
  YESTERDAY        0.0           0.0  2002   0.0    0.0      0.0
                                      2001
  MONTH TO DATE    0.0                       0.0    0.0      0.0
  SINCE OCT 1     50.3                      25.8   24.5     57.4
  SINCE JUL 1      0.0                       0.0    0.0      0.0
  SNOW DEPTH       0

DEGREE DAYS
 HEATING
  YESTERDAY        0                         0      0        0
  MONTH TO DATE    0                         0      0        0
  SINCE JUN 1     33                        19     14        0
  SINCE JUL 1      0                         0      0        0

 COOLING
  YESTERDAY       11                        11      0        7
  MONTH TO DATE   48                        54     -6       58
  SINCE JUN 1    276                       266     10      290
  SINCE JAN 1    435                       335    100      344
..................................................................


WIND (MPH)
  HIGHEST WIND SPEED     7   HIGHEST WIND DIRECTION     S (180)
  HIGHEST GUST SPEED    12   HIGHEST GUST DIRECTION     S (170)
  AVERAGE WIND SPEED     1.5


SKY COVER
  AVERAGE SKY COVER 0.2


WEATHER CONDITIONS
 THE FOLLOWING WEATHER WAS RECORDED YESTERDAY.
  NO SIGNIFICANT WEATHER WAS OBSERVED.


RELATIVE HUMIDITY (PERCENT)
 HIGHEST    73          1100 PM
 LOWEST     46           300 PM
 AVERAGE    60

..........................................................


THE CENTRAL PARK NY CLIMATE NORMALS FOR TODAY
                         NORMAL    RECORD    YEAR
 MAXIMUM TEMPERATURE (F)   84       103      2010
 MINIMUM TEMPERATURE (F)   68        54      1979


SUNRISE AND SUNSET
JULY  6 2015..........SUNRISE   531 AM EDT   SUNSET   830 PM EDT
JULY  7 2015..........SUNRISE   531 AM EDT   SUNSET   830 PM EDT


-  INDICATES NEGATIVE NUMBERS.
R  INDICATES RECORD WAS SET OR TIED.
MM INDICATES DATA IS MISSING.
T  INDICATES TRACE AMOUNT.




$$
