000
CDUS41 KOKX 210616
CLINYC


CLIMATE REPORT
NATIONAL WEATHER SERVICE NEW YORK NY
215 AM EDT MON APR 21 2014


...................................

...THE CENTRAL PARK NY CLIMATE SUMMARY FOR APRIL 20 2014...

CLIMATE NORMAL PERIOD 1981 TO 2010
CLIMATE RECORD PERIOD 1869 TO 2014


WEATHER ITEM   OBSERVED TIME   RECORD YEAR NORMAL DEPARTURE LAST
                VALUE   (LST)  VALUE       VALUE  FROM      YEAR
                                                  NORMAL
..................................................................
TEMPERATURE (F)
 YESTERDAY
  MAXIMUM         60   1201 PM  90    1927  63     -3       60
  MINIMUM         45   1159 PM  24    1897  46     -1       43
  AVERAGE         53                        55     -2       52

PRECIPITATION (IN)
  YESTERDAY        0.00          1.96 1893   0.14  -0.14     0.06
  MONTH TO DATE    1.90                      3.10  -1.20     1.27
  SINCE MAR 1      5.57                      7.46  -1.89     4.17
  SINCE JAN 1     13.84                     14.20  -0.36    11.18

SNOWFALL (IN)
  YESTERDAY        0.0           T    1953   0.0    0.0      0.0
                                      2000
                                      2000
  MONTH TO DATE    T                         0.6   -0.6      0.0
  SINCE OCT 1     57.4                      25.8   31.6     26.1
  SINCE JUL 1     57.4                      25.8   31.6     26.1
  SNOW DEPTH       0

DEGREE DAYS
 HEATING
  YESTERDAY       12                        11      1       13
  MONTH TO DATE  262                       279    -17      252
  SINCE MAR 1   1104                       979    125     1015
  SINCE JUL 1   4774                      4501    273     4388

 COOLING
  YESTERDAY        0                         0      0        0
  MONTH TO DATE    4                         0      4        2
  SINCE MAR 1      4                         1      3        2
  SINCE JAN 1      4                         1      3        2
..................................................................


WIND (MPH)
  HIGHEST WIND SPEED    16   HIGHEST WIND DIRECTION     E (70)
  HIGHEST GUST SPEED    25   HIGHEST GUST DIRECTION    NE (60)
  AVERAGE WIND SPEED     6.3


SKY COVER
  AVERAGE SKY COVER 0.0


WEATHER CONDITIONS
 THE FOLLOWING WEATHER WAS RECORDED YESTERDAY.
  NO SIGNIFICANT WEATHER WAS OBSERVED.


RELATIVE HUMIDITY (PERCENT)
 HIGHEST    60           500 AM
 LOWEST     24          1200 PM
 AVERAGE    42

..........................................................


THE CENTRAL PARK NY CLIMATE NORMALS FOR TODAY
                         NORMAL    RECORD    YEAR
 MAXIMUM TEMPERATURE (F)   63        87      1923
 MINIMUM TEMPERATURE (F)   47        26      1875


SUNRISE AND SUNSET
APRIL 21 2014.........SUNRISE   608 AM EDT   SUNSET   742 PM EDT
APRIL 22 2014.........SUNRISE   607 AM EDT   SUNSET   743 PM EDT


-  INDICATES NEGATIVE NUMBERS.
R  INDICATES RECORD WAS SET OR TIED.
MM INDICATES DATA IS MISSING.
T  INDICATES TRACE AMOUNT.




$$
