000
CDUS45 KPSR 210803
CLINYL

CLIMATE REPORT
NATIONAL WEATHER SERVICE PHOENIX AZ
103 AM MST TUE NOV 21 2017

...................................

...THE YUMA AZ CLIMATE SUMMARY FOR NOVEMBER 20 2017...

CLIMATE NORMAL PERIOD 1981 TO 2010
CLIMATE RECORD PERIOD 1876 TO 2017


WEATHER ITEM   OBSERVED TIME   RECORD YEAR NORMAL DEPARTURE LAST
                VALUE   (LST)  VALUE       VALUE  FROM      YEAR
                                                  NORMAL
..................................................................
TEMPERATURE (F)
 YESTERDAY
  MAXIMUM         78    452 PM  88    2006  76      2       71
  MINIMUM         52    329 AM  32    1886  52      0       53
  AVERAGE         65                        64      1       62

PRECIPITATION (IN)
  YESTERDAY        0.00          0.81 1883   0.01  -0.01     0.01
  MONTH TO DATE    0.07                      0.12  -0.05     0.01
  SINCE OCT 1      0.07                      0.33  -0.26     0.01
  SINCE JAN 1      2.31                      2.95  -0.64     1.88

DEGREE DAYS
 HEATING
  YESTERDAY        0                         3     -3        3
  MONTH TO DATE    0                        25    -25        5
  SINCE SEP 1      0                        27    -27        5
  SINCE JUL 1      0                        27    -27        5

 COOLING
  YESTERDAY        0                         2     -2        0
  MONTH TO DATE  130                        79     51      169
  SINCE SEP 1   1229                      1188     41     1324
  SINCE JAN 1   4997                      4641    356     5071
..................................................................


WIND (MPH)
  HIGHEST WIND SPEED    13   HIGHEST WIND DIRECTION    NE (40)
  HIGHEST GUST SPEED    16   HIGHEST GUST DIRECTION    NE (30)
  AVERAGE WIND SPEED     6.1


SKY COVER
  AVERAGE SKY COVER 0.2


WEATHER CONDITIONS
 THE FOLLOWING WEATHER WAS RECORDED YESTERDAY.
  NO SIGNIFICANT WEATHER WAS OBSERVED.


RELATIVE HUMIDITY (PERCENT)
 HIGHEST    28
 LOWEST      9
 AVERAGE    19

..........................................................


THE YUMA AZ CLIMATE NORMALS FOR TODAY
                         NORMAL    RECORD    YEAR
 MAXIMUM TEMPERATURE (F)   75        90      1950
 MINIMUM TEMPERATURE (F)   52        34      1907


SUNRISE AND SUNSET
NOVEMBER 21 2017......SUNRISE   714 AM MST   SUNSET   535 PM MST
NOVEMBER 22 2017......SUNRISE   715 AM MST   SUNSET   534 PM MST


-  INDICATES NEGATIVE NUMBERS.
R  INDICATES RECORD WAS SET OR TIED.
MM INDICATES DATA IS MISSING.
T  INDICATES TRACE AMOUNT.

$$
