000
CDUS45 KPSR 040824
CLINYL

CDUS45 KPSR DDHHMM
CLINYL

CLIMATE REPORT
NATIONAL WEATHER SERVICE PHOENIX AZ
120 AM MST SAT JUL 4 2015


...................................

...THE YUMA AZ CLIMATE SUMMARY FOR JULY 3 2015...

CLIMATE NORMAL PERIOD 1981 TO 2010
CLIMATE RECORD PERIOD 1876 TO 2015


WEATHER ITEM   OBSERVED TIME   RECORD YEAR NORMAL DEPARTURE LAST
                VALUE   (LST)  VALUE       VALUE  FROM      YEAR
                                                  NORMAL
..................................................................
TEMPERATURE (F)
 YESTERDAY
  MAXIMUM        110    359 PM 117    1889 107      3      107
  MINIMUM         81    610 AM  61    1879  80      1       86
  AVERAGE         96                        93      3       97

PRECIPITATION (IN)
  YESTERDAY        0.00          0.11 1949   0.00   0.00     0.00
  MONTH TO DATE    0.06                      0.01   0.05     0.00
  SINCE OCT 1      1.65                      2.28  -0.63     1.18
  SINCE JAN 1      1.21                      1.34  -0.13     0.07

DEGREE DAYS
 HEATING
  YESTERDAY        0                         0      0        0
  MONTH TO DATE    0                         0      0        0
  SINCE JUN 1      0                         0      0        0
  SINCE JUL 1      0                         0      0        0

 COOLING
  YESTERDAY       31                        28      3       32
  MONTH TO DATE   84                        84      0       95
  SINCE JUN 1    874                       805     69      904
  SINCE JAN 1   1953                      1717    236     2066
..................................................................


WIND (MPH)
  HIGHEST WIND SPEED    12   HIGHEST WIND DIRECTION    SW (210)
  HIGHEST GUST SPEED    14   HIGHEST GUST DIRECTION     W (260)
  AVERAGE WIND SPEED     5.4


SKY COVER
  AVERAGE SKY COVER 0.0


WEATHER CONDITIONS
 THE FOLLOWING WEATHER WAS RECORDED YESTERDAY.
  NO SIGNIFICANT WEATHER WAS OBSERVED.


RELATIVE HUMIDITY (PERCENT)
 HIGHEST    54
 LOWEST     15
 AVERAGE    35

..........................................................


THE YUMA AZ CLIMATE NORMALS FOR TODAY
                         NORMAL    RECORD    YEAR
 MAXIMUM TEMPERATURE (F)  107       117      1957
 MINIMUM TEMPERATURE (F)   80        61      1912
                                             1900


SUNRISE AND SUNSET
JULY  4 2015..........SUNRISE   536 AM MST   SUNSET   750 PM MST
JULY  5 2015..........SUNRISE   536 AM MST   SUNSET   750 PM MST


-  INDICATES NEGATIVE NUMBERS.
R  INDICATES RECORD WAS SET OR TIED.
MM INDICATES DATA IS MISSING.
T  INDICATES TRACE AMOUNT.

$$
