000
CDUS45 KPSR 230845 RRA
CLINYL

CLIMATE REPORT
NATIONAL WEATHER SERVICE PHOENIX AZ
144 AM MST SAT SEP 23 2017


...................................

...THE YUMA AZ CLIMATE SUMMARY FOR SEPTEMBER 22 2017...

CLIMATE NORMAL PERIOD 1981 TO 2010
CLIMATE RECORD PERIOD 1876 TO 2017


WEATHER ITEM   OBSERVED TIME   RECORD YEAR NORMAL DEPARTURE LAST
                VALUE   (LST)  VALUE       VALUE  FROM      YEAR
                                                  NORMAL
..................................................................
TEMPERATURE (F)
 YESTERDAY
  MAXIMUM         85    327 PM 112    1949  99    -14       97
  MINIMUM         65    709 AM  55    1941  75    -10       74
  AVERAGE         75                        87    -12       86

PRECIPITATION (IN)
  YESTERDAY        0.00          0.20 1905   0.01  -0.01     0.00
  MONTH TO DATE    0.45                      0.41   0.04     0.12
  SINCE OCT 1      3.19                      3.44  -0.25     2.01
  SINCE JAN 1      2.24                      2.50  -0.26     1.87

DEGREE DAYS
 HEATING
  YESTERDAY        0                         0      0        0
  MONTH TO DATE    0                         0      0        0
  SINCE SEP 1      0                         0      0        0
  SINCE JUL 1      0                         0      0        0

 COOLING
  YESTERDAY       10                        22    -12       21
  MONTH TO DATE  516                       560    -44      509
  SINCE SEP 1    516                       560    -44      509
  SINCE JAN 1   4284                      4013    271     4256
..................................................................


WIND (MPH)
  HIGHEST WIND SPEED    18   HIGHEST WIND DIRECTION    NW (300)
  HIGHEST GUST SPEED    23   HIGHEST GUST DIRECTION    NW (310)
  AVERAGE WIND SPEED     8.9


SKY COVER
  AVERAGE SKY COVER 0.0


WEATHER CONDITIONS
 THE FOLLOWING WEATHER WAS RECORDED YESTERDAY.
  NO SIGNIFICANT WEATHER WAS OBSERVED.


RELATIVE HUMIDITY (PERCENT)
 HIGHEST    47
 LOWEST     10
 AVERAGE    29

..........................................................


THE YUMA AZ CLIMATE NORMALS FOR TODAY
                         NORMAL    RECORD    YEAR
 MAXIMUM TEMPERATURE (F)   99       110      2002
                                             1992
                                             1966
 MINIMUM TEMPERATURE (F)   74        56      1968


SUNRISE AND SUNSET
SEPTEMBER 23 2017.....SUNRISE   627 AM MST   SUNSET   633 PM MST
SEPTEMBER 24 2017.....SUNRISE   628 AM MST   SUNSET   632 PM MST


-  INDICATES NEGATIVE NUMBERS.
R  INDICATES RECORD WAS SET OR TIED.
MM INDICATES DATA IS MISSING.
T  INDICATES TRACE AMOUNT.

$$
