000
CDUS45 KPSR 240806
CLINYL

CLIMATE REPORT
NATIONAL WEATHER SERVICE PHOENIX AZ
106 AM MST MON APR 24 2017

...................................

...THE YUMA AZ CLIMATE SUMMARY FOR APRIL 23 2017...

CLIMATE NORMAL PERIOD 1981 TO 2010
CLIMATE RECORD PERIOD 1876 TO 2017


WEATHER ITEM   OBSERVED TIME   RECORD YEAR NORMAL DEPARTURE LAST
                VALUE   (LST)  VALUE       VALUE  FROM      YEAR
                                                  NORMAL
..................................................................
TEMPERATURE (F)
 YESTERDAY
  MAXIMUM         98    342 PM 105    1910  88     10       89
  MINIMUM         65    546 AM  44    1923  61      4       62
  AVERAGE         82                        75      7       76

PRECIPITATION (IN)
  YESTERDAY        0.00          0.56 2005   0.00   0.00     0.00
  MONTH TO DATE    0.00                      0.13  -0.13     0.31
  SINCE OCT 1      2.51                      2.16   0.35     0.94
  SINCE JAN 1      1.56                      1.22   0.34     0.80

DEGREE DAYS
 HEATING
  YESTERDAY        0                         0      0        0
  MONTH TO DATE    0                        12    -12        1
  SINCE MAR 1     13                        62    -49       22
  SINCE JUL 1    526                       685   -159      598

 COOLING
  YESTERDAY       17                        10      7       11
  MONTH TO DATE  248                       174     74      230
  SINCE MAR 1    478                       291    187      410
  SINCE JAN 1    519                       327    192      546
..................................................................


WIND (MPH)
  HIGHEST WIND SPEED    15   HIGHEST WIND DIRECTION     W (290)
  HIGHEST GUST SPEED    21   HIGHEST GUST DIRECTION     W (290)
  AVERAGE WIND SPEED     7.2


SKY COVER
  AVERAGE SKY COVER 0.0


WEATHER CONDITIONS
 THE FOLLOWING WEATHER WAS RECORDED YESTERDAY.
  NO SIGNIFICANT WEATHER WAS OBSERVED.


RELATIVE HUMIDITY (PERCENT)
 HIGHEST    32
 LOWEST      7
 AVERAGE    20

..........................................................


THE YUMA AZ CLIMATE NORMALS FOR TODAY
                         NORMAL    RECORD    YEAR
 MAXIMUM TEMPERATURE (F)   89       106      1910
 MINIMUM TEMPERATURE (F)   62        46      1923


SUNRISE AND SUNSET
APRIL 24 2017.........SUNRISE   558 AM MST   SUNSET   715 PM MST
APRIL 25 2017.........SUNRISE   557 AM MST   SUNSET   716 PM MST


-  INDICATES NEGATIVE NUMBERS.
R  INDICATES RECORD WAS SET OR TIED.
MM INDICATES DATA IS MISSING.
T  INDICATES TRACE AMOUNT.

$$
