000
CDUS45 KPSR 250815
CLINYL

CLIMATE REPORT
NATIONAL WEATHER SERVICE PHOENIX AZ
114 AM MST SUN JAN 25 2015


...................................

...THE YUMA AZ CLIMATE SUMMARY FOR JANUARY 24 2015...

CLIMATE NORMAL PERIOD 1981 TO 2010
CLIMATE RECORD PERIOD 1876 TO 2015


WEATHER ITEM   OBSERVED TIME   RECORD YEAR NORMAL DEPARTURE LAST
                VALUE   (LST)  VALUE       VALUE  FROM      YEAR
                                                  NORMAL
..................................................................
TEMPERATURE (F)
 YESTERDAY
  MAXIMUM         77    434 PM  84    1953  71      6       73
  MINIMUM         47    300 AM  22    1937  48     -1       58
  AVERAGE         62                        59      3       66

PRECIPITATION (IN)
  YESTERDAY        0.00          0.77 1949   0.01  -0.01     0.00
  MONTH TO DATE    0.12                      0.30  -0.18     0.00
  SINCE OCT 1      0.56                      1.24  -0.68     1.11
  SINCE JAN 1      0.12                      0.30  -0.18     0.00

DEGREE DAYS
 HEATING
  YESTERDAY        3                         6     -3        0
  MONTH TO DATE   26                       164   -138       62
  SINCE DEC 1     26                       400   -374      264
  SINCE JUL 1     41                       468   -427      303

 COOLING
  YESTERDAY        0                         0      0        1
  MONTH TO DATE    0                         0      0        3
  SINCE DEC 1      0                         2     -2        4
  SINCE JAN 1      0                         0      0        3
..................................................................


WIND (MPH)
  HIGHEST WIND SPEED    23   HIGHEST WIND DIRECTION     N (10)
  HIGHEST GUST SPEED    30   HIGHEST GUST DIRECTION     N (10)
  AVERAGE WIND SPEED    10.1


SKY COVER
  AVERAGE SKY COVER 0.0


WEATHER CONDITIONS
 THE FOLLOWING WEATHER WAS RECORDED YESTERDAY.
  NO SIGNIFICANT WEATHER WAS OBSERVED.


RELATIVE HUMIDITY (PERCENT)
 HIGHEST    31
 LOWEST     10
 AVERAGE    21

..........................................................


THE YUMA AZ CLIMATE NORMALS FOR TODAY
                         NORMAL    RECORD    YEAR
 MAXIMUM TEMPERATURE (F)   71        86      1951
 MINIMUM TEMPERATURE (F)   48        26      1932


SUNRISE AND SUNSET
JANUARY 25 2015.......SUNRISE   737 AM MST   SUNSET   605 PM MST
JANUARY 26 2015.......SUNRISE   737 AM MST   SUNSET   606 PM MST


-  INDICATES NEGATIVE NUMBERS.
R  INDICATES RECORD WAS SET OR TIED.
MM INDICATES DATA IS MISSING.
T  INDICATES TRACE AMOUNT.

$$
