000
CDUS45 KPSR 240854 RRA
CLINYL

CDUS45 KPSR DDHHMM
CLINYL

CLIMATE REPORT
NATIONAL WEATHER SERVICE PHOENIX AZ
152 AM MST MON JUL 24 2017


...................................

...THE YUMA AZ CLIMATE SUMMARY FOR JULY 23 2017...

CLIMATE NORMAL PERIOD 1981 TO 2010
CLIMATE RECORD PERIOD 1876 TO 2017


WEATHER ITEM   OBSERVED TIME   RECORD YEAR NORMAL DEPARTURE LAST
                VALUE   (LST)  VALUE       VALUE  FROM      YEAR
                                                  NORMAL
..................................................................
TEMPERATURE (F)
 YESTERDAY
  MAXIMUM        102    319 PM 117    2014 107     -5      112
  MINIMUM         87    655 AM  69    1928  83      4       88
                                      1913
  AVERAGE         95                        95      0      100

PRECIPITATION (IN)
  YESTERDAY        0.00          0.26 1950   0.01  -0.01     0.00
  MONTH TO DATE    T                         0.16  -0.16     0.00
  SINCE OCT 1      2.65                      2.43   0.22     1.12
  SINCE JAN 1      1.70                      1.49   0.21     0.98

DEGREE DAYS
 HEATING
  YESTERDAY        0                         0      0        0
  MONTH TO DATE    0                         0      0        0
  SINCE JUN 1      0                         0      0        0
  SINCE JUL 1      0                         0      0        0

 COOLING
  YESTERDAY       30                        30      0       35
  MONTH TO DATE  731                       674     57      725
  SINCE JUN 1   1486                      1395     91     1558
  SINCE JAN 1   2554                      2307    247     2559
..................................................................


WIND (MPH)
  HIGHEST WIND SPEED    25   HIGHEST WIND DIRECTION     S (170)
  HIGHEST GUST SPEED    34   HIGHEST GUST DIRECTION     S (200)
  AVERAGE WIND SPEED    15.4


SKY COVER
  AVERAGE SKY COVER 0.0


WEATHER CONDITIONS
 THE FOLLOWING WEATHER WAS RECORDED YESTERDAY.
  NO SIGNIFICANT WEATHER WAS OBSERVED.


RELATIVE HUMIDITY (PERCENT)
 HIGHEST    55
 LOWEST     27
 AVERAGE    41

..........................................................


THE YUMA AZ CLIMATE NORMALS FOR TODAY
                         NORMAL    RECORD    YEAR
 MAXIMUM TEMPERATURE (F)  107       117      2014
                                             1943
 MINIMUM TEMPERATURE (F)   83        65      1913


SUNRISE AND SUNSET
JULY 24 2017..........SUNRISE   547 AM MST   SUNSET   742 PM MST
JULY 25 2017..........SUNRISE   548 AM MST   SUNSET   742 PM MST


-  INDICATES NEGATIVE NUMBERS.
R  INDICATES RECORD WAS SET OR TIED.
MM INDICATES DATA IS MISSING.
T  INDICATES TRACE AMOUNT.

$$
