000
CDUS45 KPSR 220817 RRA
CLINYL

CDUS45 KPSR DDHHMM
CLINYL

CLIMATE REPORT
NATIONAL WEATHER SERVICE PHOENIX AZ
115 AM MST WED FEB 22 2017


...................................

...THE YUMA AZ CLIMATE SUMMARY FOR FEBRUARY 21 2017...

CLIMATE NORMAL PERIOD 1981 TO 2010
CLIMATE RECORD PERIOD 1876 TO 2017


WEATHER ITEM   OBSERVED TIME   RECORD YEAR NORMAL DEPARTURE LAST
                VALUE   (LST)  VALUE       VALUE  FROM      YEAR
                                                  NORMAL
..................................................................
TEMPERATURE (F)
 YESTERDAY
  MAXIMUM         80    442 PM  89    1982  75      5       88
  MINIMUM         55    606 AM  32    1953  51      4       58
  AVERAGE         68                        63      5       73

PRECIPITATION (IN)
  YESTERDAY        0.00          0.71 1888   0.01  -0.01     0.00
  MONTH TO DATE    0.86                      0.29   0.57     0.00
  SINCE OCT 1      2.12                      1.60   0.52     0.63
  SINCE JAN 1      1.17                      0.66   0.51     0.49

DEGREE DAYS
 HEATING
  YESTERDAY        0                         3     -3        0
  MONTH TO DATE   26                        93    -67       54
  SINCE DEC 1    431                       533   -102      506
  SINCE JUL 1    477                       601   -124      576

 COOLING
  YESTERDAY        3                         1      2        8
  MONTH TO DATE   39                        20     19       98
  SINCE DEC 1     48                        28     20      102
  SINCE JAN 1     39                        26     13      100
..................................................................


WIND (MPH)
  HIGHEST WIND SPEED    10   HIGHEST WIND DIRECTION     N (20)
  HIGHEST GUST SPEED    13   HIGHEST GUST DIRECTION     N (20)
  AVERAGE WIND SPEED     4.1


SKY COVER
  AVERAGE SKY COVER 0.2


WEATHER CONDITIONS
 THE FOLLOWING WEATHER WAS RECORDED YESTERDAY.
  NO SIGNIFICANT WEATHER WAS OBSERVED.


RELATIVE HUMIDITY (PERCENT)
 HIGHEST    86
 LOWEST     32
 AVERAGE    59

..........................................................


THE YUMA AZ CLIMATE NORMALS FOR TODAY
                         NORMAL    RECORD    YEAR
 MAXIMUM TEMPERATURE (F)   75        88      1982
 MINIMUM TEMPERATURE (F)   51        32      1955


SUNRISE AND SUNSET
FEBRUARY 22 2017......SUNRISE   714 AM MST   SUNSET   630 PM MST
FEBRUARY 23 2017......SUNRISE   713 AM MST   SUNSET   631 PM MST


-  INDICATES NEGATIVE NUMBERS.
R  INDICATES RECORD WAS SET OR TIED.
MM INDICATES DATA IS MISSING.
T  INDICATES TRACE AMOUNT.

$$
