000
CDUS46 KMTR 230829
CLIOAK


CLIMATE REPORT
NATIONAL WEATHER SERVICE SAN FRANCISCO BAY AREA
129 AM PDT WED APR 23 2014


...................................

...THE OAKLAND AIRPORT CLIMATE SUMMARY FOR APRIL 22 2014...

CLIMATE NORMAL PERIOD 1981 TO 2010
CLIMATE RECORD PERIOD 1948 TO 2014


WEATHER ITEM   OBSERVED TIME   RECORD YEAR NORMAL DEPARTURE LAST
                VALUE   (LST)  VALUE       VALUE  FROM      YEAR
                                                  NORMAL
..................................................................
TEMPERATURE (F)
 YESTERDAY
  MAXIMUM         65    138 PM  85    2013  67     -2       85
  MINIMUM         52    617 AM  41    1960  49      3       52
  AVERAGE         59                        58      1       69

PRECIPITATION (IN)
  YESTERDAY        T             0.38 2007   0.04  -0.04     0.00
  MONTH TO DATE    1.01                      1.05  -0.04     1.33
  SINCE JUL 1      9.43                     19.66 -10.23    13.62
  SINCE JAN 1      7.36                     12.07  -4.71     2.63

SNOWFALL (IN)
  YESTERDAY        0.0                                       0.0
  MONTH TO DATE    0.0                                       0.0
  SINCE MAR 1      0.0                                       0.0
  SINCE JUL 1      0.0                                       0.0

DEGREE DAYS
 HEATING
  YESTERDAY        6                         7     -1        0
  MONTH TO DATE  132                       178    -46       83
  SINCE MAR 1    317                       509   -192      334
  SINCE JUL 1   2138                      2531   -393     2240

 COOLING
  YESTERDAY        0                         0      0        4
  MONTH TO DATE    2                         0      2        9
  SINCE MAR 1      3                         1      2        9
  SINCE JAN 1      3                         1      2        9
..................................................................


WIND (MPH)
  RESULTANT WIND SPEED  19   RESULTANT WIND DIRECTION   W (290)
  HIGHEST WIND SPEED    31   HIGHEST WIND DIRECTION     W (280)
  HIGHEST GUST SPEED    36   HIGHEST GUST DIRECTION     W (280)
  AVERAGE WIND SPEED    18.8


SKY COVER
  POSSIBLE SUNSHINE  MM
  AVERAGE SKY COVER 0.5


WEATHER CONDITIONS
 THE FOLLOWING WEATHER WAS RECORDED YESTERDAY.
  LIGHT RAIN
  HAZE


RELATIVE HUMIDITY (PERCENT)
 HIGHEST    83           100 AM
 LOWEST     37           200 PM
 AVERAGE    60

..........................................................


THE OAKLAND AIRPORT CLIMATE NORMALS FOR TODAY
                         NORMAL    RECORD    YEAR
 MAXIMUM TEMPERATURE (F)   67        88      1966
 MINIMUM TEMPERATURE (F)   49        42      1955


SUNRISE AND SUNSET
APRIL 23 2014.........SUNRISE   623 AM PDT   SUNSET   752 PM PDT
APRIL 24 2014.........SUNRISE   622 AM PDT   SUNSET   753 PM PDT


-  INDICATES NEGATIVE NUMBERS.
R  INDICATES RECORD WAS SET OR TIED.
MM INDICATES DATA IS MISSING.
T  INDICATES TRACE AMOUNT.




$$
