000
CDUS46 KMTR 240826
CLIOAK


CLIMATE REPORT
NATIONAL WEATHER SERVICE SAN FRANCISCO BAY AREA
125 AM PDT THU APR 24 2014


...................................

...THE OAKLAND AIRPORT CLIMATE SUMMARY FOR APRIL 23 2014...

CLIMATE NORMAL PERIOD 1981 TO 2010
CLIMATE RECORD PERIOD 1948 TO 2014


WEATHER ITEM   OBSERVED TIME   RECORD YEAR NORMAL DEPARTURE LAST
                VALUE   (LST)  VALUE       VALUE  FROM      YEAR
                                                  NORMAL
..................................................................
TEMPERATURE (F)
 YESTERDAY
  MAXIMUM         67    413 PM  88    1966  67      0       76
  MINIMUM         45    535 AM  42    1955  49     -4       50
  AVERAGE         56                        58     -2       63

PRECIPITATION (IN)
  YESTERDAY        0.00          0.42 1974   0.04  -0.04     0.00
  MONTH TO DATE    1.01                      1.09  -0.08     1.33
  SINCE JUL 1      9.43                     19.70 -10.27    13.62
  SINCE JAN 1      7.36                     12.11  -4.75     2.63

SNOWFALL (IN)
  YESTERDAY        0.0                                       0.0
  MONTH TO DATE    0.0                                       0.0
  SINCE MAR 1      0.0                                       0.0
  SINCE JUL 1      0.0                                       0.0

DEGREE DAYS
 HEATING
  YESTERDAY        9                         7      2        2
  MONTH TO DATE  141                       185    -44       85
  SINCE MAR 1    326                       516   -190      336
  SINCE JUL 1   2147                      2538   -391     2242

 COOLING
  YESTERDAY        0                         0      0        0
  MONTH TO DATE    2                         0      2        9
  SINCE MAR 1      3                         1      2        9
  SINCE JAN 1      3                         1      2        9
..................................................................


WIND (MPH)
  RESULTANT WIND SPEED   8   RESULTANT WIND DIRECTION   W (290)
  HIGHEST WIND SPEED    24   HIGHEST WIND DIRECTION    NW (330)
  HIGHEST GUST SPEED    33   HIGHEST GUST DIRECTION    NW (330)
  AVERAGE WIND SPEED     9.4


SKY COVER
  POSSIBLE SUNSHINE  MM
  AVERAGE SKY COVER 0.4


WEATHER CONDITIONS
 THE FOLLOWING WEATHER WAS RECORDED YESTERDAY.
  NO SIGNIFICANT WEATHER WAS OBSERVED.


RELATIVE HUMIDITY (PERCENT)
 HIGHEST    72          1000 PM
 LOWEST     39          1000 AM
 AVERAGE    56

..........................................................


THE OAKLAND AIRPORT CLIMATE NORMALS FOR TODAY
                         NORMAL    RECORD    YEAR
 MAXIMUM TEMPERATURE (F)   67        82      2004
 MINIMUM TEMPERATURE (F)   49        39      1964


SUNRISE AND SUNSET
APRIL 24 2014.........SUNRISE   622 AM PDT   SUNSET   753 PM PDT
APRIL 25 2014.........SUNRISE   620 AM PDT   SUNSET   754 PM PDT


-  INDICATES NEGATIVE NUMBERS.
R  INDICATES RECORD WAS SET OR TIED.
MM INDICATES DATA IS MISSING.
T  INDICATES TRACE AMOUNT.




$$
