000
CDUS46 KMTR 250845
CLIOAK


CLIMATE REPORT
NATIONAL WEATHER SERVICE SAN FRANCISCO BAY AREA
1245 AM PST SAT NOV 25 2017


...................................

...THE OAKLAND AIRPORT CLIMATE SUMMARY FOR NOVEMBER 24 2017...

CLIMATE NORMAL PERIOD 1981 TO 2010
CLIMATE RECORD PERIOD 1948 TO 2017


WEATHER ITEM   OBSERVED TIME   RECORD YEAR NORMAL DEPARTURE LAST
                VALUE   (LST)  VALUE       VALUE  FROM      YEAR
                                                  NORMAL
..................................................................
TEMPERATURE (F)
 YESTERDAY
  MAXIMUM         66    303 PM  76    1959  61      5       60
  MINIMUM         52    738 AM  34    2010  44      8       40
                                      1952
  AVERAGE         59                        52      7       50

PRECIPITATION (IN)
  YESTERDAY        0.00          1.38 1985   0.08  -0.08     0.00
  MONTH TO DATE    2.62                      1.96   0.66     0.89
  SINCE OCT 1      2.75                      3.16  -0.41     3.78
  SINCE JAN 1     22.87                     16.66   6.21    15.12

SNOWFALL (IN)
  YESTERDAY        0.0                                       0.0
  MONTH TO DATE    0.0                                       0.0
  SINCE SEP 1      0.0                                       0.0
  SINCE JUL 1      0.0                                       0.0

DEGREE DAYS
 HEATING
  YESTERDAY        6                        13     -7       15
  MONTH TO DATE  206                       241    -35      141
  SINCE SEP 1    347                       453   -106      244
  SINCE JUL 1    399                       593   -194      300

 COOLING
  YESTERDAY        0                         0      0        0
  MONTH TO DATE    0                         0      0        0
  SINCE SEP 1    144                        57     87       70
  SINCE JAN 1    312                       137    175      168
..................................................................


WIND (MPH)
  RESULTANT WIND SPEED   2   RESULTANT WIND DIRECTION   W (280)
  HIGHEST WIND SPEED    10   HIGHEST WIND DIRECTION    NW (300)
  HIGHEST GUST SPEED    11   HIGHEST GUST DIRECTION    NW (300)
  AVERAGE WIND SPEED     3.1


SKY COVER
  POSSIBLE SUNSHINE  MM
  AVERAGE SKY COVER 0.6


WEATHER CONDITIONS
 THE FOLLOWING WEATHER WAS RECORDED YESTERDAY.
  FOG
  FOG W/VISIBILITY <= 1/4 MILE


RELATIVE HUMIDITY (PERCENT)
 HIGHEST   100          1200 AM
 LOWEST     78           100 PM
 AVERAGE    89

..........................................................


THE OAKLAND AIRPORT CLIMATE NORMALS FOR TODAY
                         NORMAL    RECORD    YEAR
 MAXIMUM TEMPERATURE (F)   61        76      1975
 MINIMUM TEMPERATURE (F)   43        32      2010


SUNRISE AND SUNSET
NOVEMBER 25 2017......SUNRISE   700 AM PST   SUNSET   452 PM PST
NOVEMBER 26 2017......SUNRISE   701 AM PST   SUNSET   452 PM PST


-  INDICATES NEGATIVE NUMBERS.
R  INDICATES RECORD WAS SET OR TIED.
MM INDICATES DATA IS MISSING.
T  INDICATES TRACE AMOUNT.




$$
