000
CDUS46 KMTR 230825
CLIOAK


CLIMATE REPORT
NATIONAL WEATHER SERVICE SAN FRANCISCO BAY AREA
125 AM PDT THU OCT 23 2014


...................................

...THE OAKLAND AIRPORT CLIMATE SUMMARY FOR OCTOBER 22 2014...

CLIMATE NORMAL PERIOD 1981 TO 2010
CLIMATE RECORD PERIOD 1948 TO 2014


WEATHER ITEM   OBSERVED TIME   RECORD YEAR NORMAL DEPARTURE LAST
                VALUE   (LST)  VALUE       VALUE  FROM      YEAR
                                                  NORMAL
..................................................................
TEMPERATURE (F)
 YESTERDAY
  MAXIMUM         71    350 PM  84    2011  69      2       65
  MINIMUM         49    334 AM  40    1949  51     -2       47
  AVERAGE         60                        60      0       56

PRECIPITATION (IN)
  YESTERDAY        0.00          0.45 1973   0.03  -0.03     0.00
  MONTH TO DATE    0.01                      0.65  -0.64     0.00
  SINCE JUL 1      0.46                      0.93  -0.47     0.61
  SINCE JAN 1      8.44                     14.15  -5.71     3.43

SNOWFALL (IN)
  YESTERDAY        0.0                                       0.0
  MONTH TO DATE    0.0                                       0.0
  SINCE SEP 1      0.0                                       0.0
  SINCE JUL 1      0.0                                       0.0

DEGREE DAYS
 HEATING
  YESTERDAY        5                         6     -1        9
  MONTH TO DATE   36                        93    -57       87
  SINCE SEP 1     41                       153   -112      104
  SINCE JUL 1     66                       293   -227      191

 COOLING
  YESTERDAY        0                         0      0        0
  MONTH TO DATE   39                        12     27       13
  SINCE SEP 1    109                        57     52       68
  SINCE JAN 1    305                       137    168      212
..................................................................


WIND (MPH)
  RESULTANT WIND SPEED   3   RESULTANT WIND DIRECTION   W (280)
  HIGHEST WIND SPEED    15   HIGHEST WIND DIRECTION     W (280)
  HIGHEST GUST SPEED    17   HIGHEST GUST DIRECTION     W (280)
  AVERAGE WIND SPEED     5.3


SKY COVER
  POSSIBLE SUNSHINE  MM
  AVERAGE SKY COVER 0.5


WEATHER CONDITIONS
 THE FOLLOWING WEATHER WAS RECORDED YESTERDAY.
  NO SIGNIFICANT WEATHER WAS OBSERVED.


RELATIVE HUMIDITY (PERCENT)
 HIGHEST    86           600 AM
 LOWEST     57           100 PM
 AVERAGE    72

..........................................................


THE OAKLAND AIRPORT CLIMATE NORMALS FOR TODAY
                         NORMAL    RECORD    YEAR
 MAXIMUM TEMPERATURE (F)   69        93      1959
 MINIMUM TEMPERATURE (F)   50        40      1949


SUNRISE AND SUNSET
OCTOBER 23 2014.......SUNRISE   725 AM PDT   SUNSET   621 PM PDT
OCTOBER 24 2014.......SUNRISE   726 AM PDT   SUNSET   619 PM PDT


-  INDICATES NEGATIVE NUMBERS.
R  INDICATES RECORD WAS SET OR TIED.
MM INDICATES DATA IS MISSING.
T  INDICATES TRACE AMOUNT.




$$
