000
CDUS46 KMTR 220826
CLIOAK


CLIMATE REPORT
NATIONAL WEATHER SERVICE SAN FRANCISCO BAY AREA
1226 AM PST THU FEB 22 2018


...................................

...THE OAKLAND AIRPORT CLIMATE SUMMARY FOR FEBRUARY 21 2018...

CLIMATE NORMAL PERIOD 1981 TO 2010
CLIMATE RECORD PERIOD 1948 TO 2018


WEATHER ITEM   OBSERVED TIME   RECORD YEAR NORMAL DEPARTURE LAST
                VALUE   (LST)  VALUE       VALUE  FROM      YEAR
                                                  NORMAL
..................................................................
TEMPERATURE (F)
 YESTERDAY
  MAXIMUM         55    341 PM  78    1985  60     -5       62
  MINIMUM         40    740 AM  33    1955  45     -5       52
  AVERAGE         48                        53     -5       57

PRECIPITATION (IN)
  YESTERDAY        0.00          0.55 1957   0.17  -0.17     0.40
  MONTH TO DATE    T                         2.85  -2.85     7.26
  SINCE OCT 1      7.81                     14.15  -6.34    23.22
  SINCE JAN 1      4.59                      6.84  -2.25    14.79

SNOWFALL (IN)
  YESTERDAY        0.0                                       0.0
  MONTH TO DATE    0.0                                       0.0
  SINCE DEC 1      0.0                                       0.0
  SINCE JUL 1      0.0                                       0.0

DEGREE DAYS
 HEATING
  YESTERDAY       17                        12      5        8
  MONTH TO DATE  236                       278    -42      167
  SINCE DEC 1   1153                      1262   -109     1045
  SINCE JUL 1   1615                      1937   -322     1415

 COOLING
  YESTERDAY        0                         0      0        0
  MONTH TO DATE    0                         0      0        0
  SINCE DEC 1      0                         0      0        0
  SINCE JAN 1      0                         0      0        0
..................................................................


WIND (MPH)
  RESULTANT WIND SPEED   3   RESULTANT WIND DIRECTION  NW (300)
  HIGHEST WIND SPEED    18   HIGHEST WIND DIRECTION     W (280)
  HIGHEST GUST SPEED    21   HIGHEST GUST DIRECTION     W (290)
  AVERAGE WIND SPEED     8.1


SKY COVER
  POSSIBLE SUNSHINE  MM
  AVERAGE SKY COVER 0.3


WEATHER CONDITIONS
 THE FOLLOWING WEATHER WAS RECORDED YESTERDAY.
  HAZE


RELATIVE HUMIDITY (PERCENT)
 HIGHEST    83          1100 PM
 LOWEST     35           300 PM
 AVERAGE    59

..........................................................


THE OAKLAND AIRPORT CLIMATE NORMALS FOR TODAY
                         NORMAL    RECORD    YEAR
 MAXIMUM TEMPERATURE (F)   61        78      1985
 MINIMUM TEMPERATURE (F)   45        34      1951


SUNRISE AND SUNSET
FEBRUARY 22 2018......SUNRISE   650 AM PST   SUNSET   556 PM PST
FEBRUARY 23 2018......SUNRISE   648 AM PST   SUNSET   557 PM PST


-  INDICATES NEGATIVE NUMBERS.
R  INDICATES RECORD WAS SET OR TIED.
MM INDICATES DATA IS MISSING.
T  INDICATES TRACE AMOUNT.




$$
