000
CDUS43 KOAX 242238
CLIOAX


CLIMATE REPORT
NATIONAL WEATHER SERVICE OMAHA NEBRASKA
436 PM CST TUE JAN 24 2017


...................................

...THE VALLEY  NWS, NEBRASKA CLIMATE SUMMARY FOR JANUARY 24 2017...
VALID TODAY AS OF 0400 PM LOCAL TIME.

CLIMATE NORMAL PERIOD 1981 TO 2010
CLIMATE RECORD PERIOD 1997 TO 2017


WEATHER ITEM   OBSERVED TIME   NORMAL DEPARTURE LAST
                VALUE   (LST)  VALUE  FROM      YEAR
                                      NORMAL
......................................................
TEMPERATURE (F)
 TODAY
  MAXIMUM         34    325 PM  33      1       36
  MINIMUM         30   1231 AM  14     16       21
  AVERAGE         32            24      8       29

PRECIPITATION (IN)
  TODAY            T             0.03  -0.03     0.00
  MONTH TO DATE    0.84          0.57   0.27     0.70
  SINCE DEC 1      2.15          1.68   0.47     5.81
  SINCE JAN 1      0.84          0.57   0.27     0.70

SNOWFALL (IN)
  TODAY            T                             0.0
  MONTH TO DATE    0.5                           5.7
  SINCE JUL 1      3.1                          18.1
  SNOW DEPTH       0

DEGREE DAYS
 HEATING
  TODAY           33            41     -8       36
  MONTH TO DATE  929          1007    -78     1020
  SINCE DEC 1   2107          2217   -110     1984
  SINCE JUL 1   2896          3487   -591     2869

 COOLING
  TODAY            0             0      0        0
  MONTH TO DATE    0             0      0        0
  SINCE DEC 1      0             0      0        0
  SINCE JAN 1      0             0      0        0
......................................................


WIND (MPH)
  HIGHEST WIND SPEED    MM   HIGHEST WIND DIRECTION    MM
  HIGHEST GUST SPEED    33   HIGHEST GUST DIRECTION    MM



WEATHER CONDITIONS
 THE FOLLOWING WEATHER WAS RECORDED TODAY.
  NO SIGNIFICANT WEATHER WAS OBSERVED.


..........................................................


THE VALLEY  NWS, NEBRASKA CLIMATE NORMALS FOR TOMORROW
                         NORMAL
 MAXIMUM TEMPERATURE (F)   33
 MINIMUM TEMPERATURE (F)   14


SUNRISE AND SUNSET
JANUARY 24 2017.......SUNRISE   743 AM CST   SUNSET   532 PM CST
JANUARY 25 2017.......SUNRISE   743 AM CST   SUNSET   533 PM CST


-  INDICATES NEGATIVE NUMBERS.
R  INDICATES RECORD WAS SET OR TIED.
MM INDICATES DATA IS MISSING.
T  INDICATES TRACE AMOUNT.




$$
