000
CDUS43 KOAX 292136
CLIOAX


CLIMATE REPORT
NATIONAL WEATHER SERVICE OMAHA NEBRASKA
434 PM CDT SUN MAR 29 2015


...................................

...THE VALLEY  NWS, NEBRASKA CLIMATE SUMMARY FOR MARCH 29 2015...
VALID TODAY AS OF 0400 PM LOCAL TIME.

CLIMATE NORMAL PERIOD 1981 TO 2010
CLIMATE RECORD PERIOD 1997 TO 2015


WEATHER ITEM   OBSERVED TIME   NORMAL DEPARTURE LAST
                VALUE   (LST)  VALUE  FROM      YEAR
                                      NORMAL
......................................................
TEMPERATURE (F)
 TODAY
  MAXIMUM         62    327 PM  55      7       57
  MINIMUM         41    600 AM  33      8       24
  AVERAGE         52            44      8       41

PRECIPITATION (IN)
  TODAY            T             0.09  -0.09     0.00
  MONTH TO DATE    0.66          1.81  -1.15     0.36
  SINCE MAR 1      0.66          1.81  -1.15     0.36
  SINCE JAN 1      2.23          3.52  -1.29     1.40

SNOWFALL (IN)
  TODAY            0.0                           0.0
  MONTH TO DATE    0.2                           1.9
  SINCE JUL 1     19.1                          17.3
  SNOW DEPTH       0

DEGREE DAYS
 HEATING
  TODAY           13            21     -8       24
  MONTH TO DATE  635           787   -152      872
  SINCE MAR 1    635           787   -152      872
  SINCE JUL 1   5364          5618   -254     5932

 COOLING
  TODAY            0             0      0        0
  MONTH TO DATE    0             0      0        0
  SINCE MAR 1      0             0      0        0
  SINCE JAN 1      0             0      0        0
......................................................


WIND (MPH)
  HIGHEST WIND SPEED    MM   HIGHEST WIND DIRECTION    MM
  HIGHEST GUST SPEED    46   HIGHEST GUST DIRECTION    MM



WEATHER CONDITIONS
 THE FOLLOWING WEATHER WAS RECORDED TODAY.
  NO SIGNIFICANT WEATHER WAS OBSERVED.


..........................................................


THE VALLEY  NWS, NEBRASKA CLIMATE NORMALS FOR TOMORROW
                         NORMAL
 MAXIMUM TEMPERATURE (F)   55
 MINIMUM TEMPERATURE (F)   33


SUNRISE AND SUNSET
MARCH 29 2015.........SUNRISE   714 AM CDT   SUNSET   747 PM CDT
MARCH 30 2015.........SUNRISE   712 AM CDT   SUNSET   748 PM CDT


-  INDICATES NEGATIVE NUMBERS.
R  INDICATES RECORD WAS SET OR TIED.
MM INDICATES DATA IS MISSING.
T  INDICATES TRACE AMOUNT.




$$
