000
CDUS43 KOAX 232137
CLIOAX


CLIMATE REPORT
NATIONAL WEATHER SERVICE OMAHA NEBRASKA
435 PM CDT TUE SEP 23 2014


...................................

...THE VALLEY  NWS, NEBRASKA CLIMATE SUMMARY FOR SEPTEMBER 23 2014...
VALID TODAY AS OF 0400 PM LOCAL TIME.

CLIMATE NORMAL PERIOD 1981 TO 2010
CLIMATE RECORD PERIOD 1997 TO 2014


WEATHER ITEM   OBSERVED TIME   NORMAL DEPARTURE LAST
                VALUE   (LST)  VALUE  FROM      YEAR
                                      NORMAL
......................................................
TEMPERATURE (F)
 TODAY
  MAXIMUM         69    241 PM  74     -5       77
  MINIMUM         58   1105 AM  51      7       57
  AVERAGE         64            63      1       67

PRECIPITATION (IN)
  TODAY            0.30          0.09   0.21     0.00
  MONTH TO DATE    3.41          2.25   1.16     1.06
  SINCE SEP 1      3.41          2.25   1.16     1.06
  SINCE JAN 1     33.46         27.17   6.29    22.10

SNOWFALL (IN)
  TODAY            0.0                           0.0
  MONTH TO DATE    0.0                           0.0
  SINCE JUL 1      0.0                           0.0
  SNOW DEPTH       0

DEGREE DAYS
 HEATING
  TODAY            1             4     -3        0
  MONTH TO DATE   82            51     31       11
  SINCE SEP 1     82            51     31       11
  SINCE JUL 1     83            57     26       16

 COOLING
  TODAY            0             2     -2        2
  MONTH TO DATE   73            96    -23      177
  SINCE SEP 1     73            96    -23      177
  SINCE JAN 1    998          1047    -49     1189
......................................................


WIND (MPH)
  HIGHEST WIND SPEED    MM   HIGHEST WIND DIRECTION    MM
  HIGHEST GUST SPEED    26   HIGHEST GUST DIRECTION    MM



WEATHER CONDITIONS
 THE FOLLOWING WEATHER WAS RECORDED TODAY.
  RAIN
  LIGHT RAIN


..........................................................


THE VALLEY  NWS, NEBRASKA CLIMATE NORMALS FOR TOMORROW
                         NORMAL
 MAXIMUM TEMPERATURE (F)   74
 MINIMUM TEMPERATURE (F)   51


SUNRISE AND SUNSET
SEPTEMBER 23 2014.....SUNRISE   714 AM CDT   SUNSET   721 PM CDT
SEPTEMBER 24 2014.....SUNRISE   715 AM CDT   SUNSET   719 PM CDT


-  INDICATES NEGATIVE NUMBERS.
R  INDICATES RECORD WAS SET OR TIED.
MM INDICATES DATA IS MISSING.
T  INDICATES TRACE AMOUNT.




$$
