000
CDUS43 KOAX 020626
CLIOAX


CLIMATE REPORT
NATIONAL WEATHER SERVICE OMAHA NEBRASKA
125 AM CDT THU OCT 2 2014


...................................

...THE VALLEY  NWS, NEBRASKA CLIMATE SUMMARY FOR OCTOBER 1 2014...

CLIMATE NORMAL PERIOD 1981 TO 2010
CLIMATE RECORD PERIOD 1997 TO 2014


WEATHER ITEM   OBSERVED TIME   NORMAL DEPARTURE LAST
                VALUE   (LST)  VALUE  FROM      YEAR
                                      NORMAL
......................................................
TEMPERATURE (F)
 YESTERDAY
  MAXIMUM         76    303 PM  71      5       81
  MINIMUM         61    543 AM  48     13       56
  AVERAGE         69            60      9       69

PRECIPITATION (IN)
  YESTERDAY        0.19          0.10   0.09     0.00
  MONTH TO DATE    0.19          0.10   0.09     0.00
  SINCE SEP 1      4.79          2.95   1.84     1.54
  SINCE JAN 1     34.84         27.87   6.97    22.58

SNOWFALL (IN)
  YESTERDAY        0.0                           0.0
  MONTH TO DATE    0.0                           0.0
  SINCE JUL 1      0.0                           0.0
  SNOW DEPTH       0

DEGREE DAYS
 HEATING
  YESTERDAY        0             7     -7        0
  MONTH TO DATE    0             7     -7        0
  SINCE SEP 1     82            97    -15       15
  SINCE JUL 1     83           103    -20       20

 COOLING
  YESTERDAY        4             1      3        4
  MONTH TO DATE    4             1      3        4
  SINCE SEP 1    112           109      3      208
  SINCE JAN 1   1037          1060    -23     1220
......................................................


WIND (MPH)
  HIGHEST WIND SPEED    MM   HIGHEST WIND DIRECTION    MM
  HIGHEST GUST SPEED    20   HIGHEST GUST DIRECTION    MM


SKY COVER
  POSSIBLE SUNSHINE  MM


WEATHER CONDITIONS
 THE FOLLOWING WEATHER WAS RECORDED YESTERDAY.
  THUNDERSTORM
  RAIN
  LIGHT RAIN


..........................................................


THE VALLEY  NWS, NEBRASKA CLIMATE NORMALS FOR TODAY
                         NORMAL
 MAXIMUM TEMPERATURE (F)   71
 MINIMUM TEMPERATURE (F)   47


SUNRISE AND SUNSET
OCTOBER  2 2014.......SUNRISE   723 AM CDT   SUNSET   706 PM CDT
OCTOBER  3 2014.......SUNRISE   724 AM CDT   SUNSET   704 PM CDT


-  INDICATES NEGATIVE NUMBERS.
R  INDICATES RECORD WAS SET OR TIED.
MM INDICATES DATA IS MISSING.
T  INDICATES TRACE AMOUNT.




$$
