000
CDUS43 KOAX 110710
CLIOAX


CLIMATE REPORT
NATIONAL WEATHER SERVICE OMAHA NEBRASKA
110 AM CST MON DEC 11 2017


...................................

...THE VALLEY  NWS, NEBRASKA CLIMATE SUMMARY FOR DECEMBER 10 2017...

CLIMATE NORMAL PERIOD 1981 TO 2010
CLIMATE RECORD PERIOD 1997 TO 2017


WEATHER ITEM   OBSERVED TIME   NORMAL DEPARTURE LAST
                VALUE   (LST)  VALUE  FROM      YEAR
                                      NORMAL
......................................................
TEMPERATURE (F)
 YESTERDAY
  MAXIMUM         55    213 PM  36     19       33
  MINIMUM         31   1154 PM  18     13       21
  AVERAGE         43            27     16       27

PRECIPITATION (IN)
  YESTERDAY        0.00          0.04  -0.04     0.01
  MONTH TO DATE    T             0.43  -0.43     0.29
  SINCE DEC 1      T             0.43  -0.43     0.29
  SINCE JAN 1     36.14         31.96   4.18    43.04

SNOWFALL (IN)
  YESTERDAY        0.0                           0.1
  MONTH TO DATE    T                             1.2
  SINCE JUL 1      T                             1.2
  SNOW DEPTH       0

DEGREE DAYS
 HEATING
  YESTERDAY       22            38    -16       38
  MONTH TO DATE  285           360    -75      366
  SINCE DEC 1    285           360    -75      366
  SINCE JUL 1   1360          1630   -270     1155

 COOLING
  YESTERDAY        0             0      0        0
  MONTH TO DATE    0             0      0        0
  SINCE DEC 1      0             0      0        0
  SINCE JAN 1   1205          1075    130     1284
......................................................


WIND (MPH)
  HIGHEST WIND SPEED    MM   HIGHEST WIND DIRECTION    MM
  HIGHEST GUST SPEED    24   HIGHEST GUST DIRECTION    MM


SKY COVER
  POSSIBLE SUNSHINE  MM


WEATHER CONDITIONS
 THE FOLLOWING WEATHER WAS RECORDED YESTERDAY.
  NO SIGNIFICANT WEATHER WAS OBSERVED.


..........................................................


THE VALLEY  NWS, NEBRASKA CLIMATE NORMALS FOR TODAY
                         NORMAL
 MAXIMUM TEMPERATURE (F)   36
 MINIMUM TEMPERATURE (F)   18


SUNRISE AND SUNSET
DECEMBER 11 2017......SUNRISE   741 AM CST   SUNSET   456 PM CST
DECEMBER 12 2017......SUNRISE   742 AM CST   SUNSET   456 PM CST


-  INDICATES NEGATIVE NUMBERS.
R  INDICATES RECORD WAS SET OR TIED.
MM INDICATES DATA IS MISSING.
T  INDICATES TRACE AMOUNT.




$$
