000
CDUS43 KOAX 281211 CCA
CLIOAX

CLIMATE REPORT...CORRECTION
NATIONAL WEATHER SERVICE OMAHA NEBRASKA
1252 AM CST FRI NOV 28 2014

...CORRECTED HIGHEST GUST SPEED FROM 23 MPH TO 24 MPH...


...................................

...THE VALLEY  NWS, NEBRASKA CLIMATE SUMMARY FOR NOVEMBER 27 2014...

CLIMATE NORMAL PERIOD 1981 TO 2010
CLIMATE RECORD PERIOD 1997 TO 2014


WEATHER ITEM   OBSERVED TIME   NORMAL DEPARTURE LAST
                VALUE   (LST)  VALUE  FROM      YEAR
                                      NORMAL
......................................................
TEMPERATURE (F)
 YESTERDAY
  MAXIMUM         26   1159 PM  42    -16       34
  MINIMUM         13    439 AM  23    -10        9
  AVERAGE         20            33    -13       22

PRECIPITATION (IN)
  YESTERDAY        0.00          0.05  -0.05     0.00
  MONTH TO DATE    0.33          1.34  -1.01     1.51
  SINCE SEP 1      6.43          6.48  -0.05     7.87
  SINCE JAN 1     36.48         31.40   5.08    28.91

SNOWFALL (IN)
  YESTERDAY        0.0                           0.0
  MONTH TO DATE    3.0                           0.7
  SINCE JUL 1      3.0                           0.7
  SNOW DEPTH       0

DEGREE DAYS
 HEATING
  YESTERDAY       45            32     13       43
  MONTH TO DATE  853           688    165      714
  SINCE SEP 1   1230          1163     67     1120
  SINCE JUL 1   1231          1169     62     1125

 COOLING
  YESTERDAY        0             0      0        0
  MONTH TO DATE    0             0      0        0
  SINCE SEP 1    114           124    -10      225
  SINCE JAN 1   1039          1075    -36     1237
......................................................


WIND (MPH)
  HIGHEST WIND SPEED    MM   HIGHEST WIND DIRECTION    MM
  HIGHEST GUST SPEED    24   HIGHEST GUST DIRECTION    MM


SKY COVER
  POSSIBLE SUNSHINE  MM


WEATHER CONDITIONS
 THE FOLLOWING WEATHER WAS RECORDED YESTERDAY.
  NO SIGNIFICANT WEATHER WAS OBSERVED.


..........................................................


THE VALLEY  NWS, NEBRASKA CLIMATE NORMALS FOR TODAY
                         NORMAL
 MAXIMUM TEMPERATURE (F)   42
 MINIMUM TEMPERATURE (F)   23


SUNRISE AND SUNSET
NOVEMBER 28 2014......SUNRISE   729 AM CST   SUNSET   458 PM CST
NOVEMBER 29 2014......SUNRISE   730 AM CST   SUNSET   458 PM CST


-  INDICATES NEGATIVE NUMBERS.
R  INDICATES RECORD WAS SET OR TIED.
MM INDICATES DATA IS MISSING.
T  INDICATES TRACE AMOUNT.




$$

COR BY KLISH
