925
CDUS43 KOAX 260638
CLIOAX


CLIMATE REPORT
NATIONAL WEATHER SERVICE OMAHA NEBRASKA
127 AM CDT SUN MAR 26 2017


...................................

...THE VALLEY  NWS, NEBRASKA CLIMATE SUMMARY FOR MARCH 25 2017...

CLIMATE NORMAL PERIOD 1981 TO 2010
CLIMATE RECORD PERIOD 1997 TO 2017


WEATHER ITEM   OBSERVED TIME   NORMAL DEPARTURE LAST
                VALUE   (LST)  VALUE  FROM      YEAR
                                      NORMAL
......................................................
TEMPERATURE (F)
 YESTERDAY
  MAXIMUM         42      0038  53    -11       58
  MINIMUM         39      0645  32      7       28
  AVERAGE         41            42     -1       43

PRECIPITATION (IN)
  YESTERDAY        0.46          0.08   0.38     0.00
  MONTH TO DATE    1.08          1.47  -0.39     0.46
  SINCE MAR 1      1.08          1.47  -0.39     0.46
  SINCE JAN 1      2.79          3.18  -0.39     2.20

SNOWFALL (IN)
  YESTERDAY        0.0                           0.0
  MONTH TO DATE    0.5                           0.2
  SINCE JUL 1     11.8                          28.7
  SNOW DEPTH      MM

DEGREE DAYS
 HEATING
  YESTERDAY       24            23      1       22
  MONTH TO DATE  536           700   -164      454
  SINCE MAR 1    536           700   -164      454
  SINCE JUL 1   4413          5531  -1118     4442

 COOLING
  YESTERDAY        0             0      0        0
  MONTH TO DATE    0             0      0        0
  SINCE MAR 1      0             0      0        0
  SINCE JAN 1      0             0      0        0
......................................................


WIND (MPH)
  HIGHEST WIND SPEED    30   HIGHEST WIND DIRECTION    MM
  HIGHEST GUST SPEED    MM   HIGHEST GUST DIRECTION    MM


SKY COVER
  POSSIBLE SUNSHINE  MM


WEATHER CONDITIONS
 THE FOLLOWING WEATHER WAS RECORDED YESTERDAY.
  NO SIGNIFICANT WEATHER WAS OBSERVED.


..........................................................


THE VALLEY  NWS, NEBRASKA CLIMATE NORMALS FOR TODAY
                         NORMAL
 MAXIMUM TEMPERATURE (F)   54
 MINIMUM TEMPERATURE (F)   32


SUNRISE AND SUNSET
MARCH 26 2017.........SUNRISE   718 AM CDT   SUNSET   744 PM CDT
MARCH 27 2017.........SUNRISE   717 AM CDT   SUNSET   746 PM CDT


-  INDICATES NEGATIVE NUMBERS.
R  INDICATES RECORD WAS SET OR TIED.
MM INDICATES DATA IS MISSING.
T  INDICATES TRACE AMOUNT.




$$
