000
CDUS43 KGID 090716
CLIODX


CLIMATE REPORT
NATIONAL WEATHER SERVICE HASTINGS NE
116 AM CST TUE FEB 9 2016


...................................

...THE ORD NE CLIMATE SUMMARY FOR FEBRUARY 8 2016...

CLIMATE NORMAL PERIOD 1981 TO 2010
CLIMATE RECORD PERIOD 1895 TO 2016


WEATHER ITEM   OBSERVED TIME   NORMAL DEPARTURE LAST
                VALUE   (LST)  VALUE  FROM      YEAR
                                      NORMAL
......................................................
TEMPERATURE (F)
 YESTERDAY
  MAXIMUM         36    259 PM  39     -3       65
  MINIMUM         25    818 AM  14     11       28
  AVERAGE         31            26      5       47

PRECIPITATION (IN)
  YESTERDAY        0.00          0.02  -0.02     0.00
  MONTH TO DATE    0.85          0.14   0.71     0.49
  SINCE DEC 1      1.84          1.10   0.74     2.22
  SINCE JAN 1      1.15          0.51   0.64     0.66

DEGREE DAYS
 HEATING
  YESTERDAY       34            39     -5       18
  MONTH TO DATE  307           312     -5      316
  SINCE DEC 1   2621          2807   -186     2703
  SINCE JUL 1   3760          4288   -528     4289

 COOLING
  YESTERDAY        0             0      0        0
  MONTH TO DATE    0             0      0        0
  SINCE DEC 1      0             0      0        0
  SINCE JAN 1      0             0      0        0
......................................................


WIND (MPH)
  HIGHEST WIND SPEED    39   HIGHEST WIND DIRECTION    NW (330)
  HIGHEST GUST SPEED    50   HIGHEST GUST DIRECTION    NW (330)
  AVERAGE WIND SPEED    24.2


SKY COVER
  AVERAGE SKY COVER 0.1


WEATHER CONDITIONS
 THE FOLLOWING WEATHER WAS RECORDED YESTERDAY.
  NO SIGNIFICANT WEATHER WAS OBSERVED.


RELATIVE HUMIDITY (PERCENT)
 HIGHEST    68           600 AM
 LOWEST     47           100 PM
 AVERAGE    58

..........................................................


THE ORD NE CLIMATE NORMALS FOR TODAY
                         NORMAL
 MAXIMUM TEMPERATURE (F)   39
 MINIMUM TEMPERATURE (F)   14


SUNRISE AND SUNSET
FEBRUARY  9 2016......SUNRISE   739 AM CST   SUNSET   601 PM CST
FEBRUARY 10 2016......SUNRISE   738 AM CST   SUNSET   602 PM CST


-  INDICATES NEGATIVE NUMBERS.
R  INDICATES RECORD WAS SET OR TIED.
MM INDICATES DATA IS MISSING.
T  INDICATES TRACE AMOUNT.




$$
