000
CDUS43 KGID 040629
CLIODX


CLIMATE REPORT
NATIONAL WEATHER SERVICE HASTINGS NE
129 AM CDT SAT JUL 4 2015


...................................

...THE ORD NE CLIMATE SUMMARY FOR JULY 3 2015...

CLIMATE NORMAL PERIOD 1981 TO 2010
CLIMATE RECORD PERIOD 1895 TO 2015


WEATHER ITEM   OBSERVED TIME   NORMAL DEPARTURE LAST
                VALUE   (LST)  VALUE  FROM      YEAR
                                      NORMAL
......................................................
TEMPERATURE (F)
 YESTERDAY
  MAXIMUM         84    341 PM  86     -2       82
  MINIMUM         55    456 AM  61     -6       47
  AVERAGE         70            73     -3       65

PRECIPITATION (IN)
  YESTERDAY        0.00          0.10  -0.10     0.00
  MONTH TO DATE    T             0.31  -0.31     0.00
  SINCE JUN 1      3.27          4.43  -1.16     8.08
  SINCE JAN 1      9.73         13.09  -3.36    10.30

DEGREE DAYS
 HEATING
  YESTERDAY        0             0      0        0
  MONTH TO DATE    0             0      0        5
  SINCE JUN 1      6            37    -31       37
  SINCE JUL 1      0             0      0        5

 COOLING
  YESTERDAY        5             9     -4        0
  MONTH TO DATE   23            25     -2        0
  SINCE JUN 1    183           187     -4      146
  SINCE JAN 1    192           228    -36      215
......................................................


WIND (MPH)
  HIGHEST WIND SPEED     9   HIGHEST WIND DIRECTION    SE (140)
  HIGHEST GUST SPEED    12   HIGHEST GUST DIRECTION    SE (140)
  AVERAGE WIND SPEED     3.6


SKY COVER
  AVERAGE SKY COVER 0.5


WEATHER CONDITIONS
 THE FOLLOWING WEATHER WAS RECORDED YESTERDAY.
  FOG


RELATIVE HUMIDITY (PERCENT)
 HIGHEST    93           400 AM
 LOWEST     46           400 PM
 AVERAGE    70

..........................................................


THE ORD NE CLIMATE NORMALS FOR TODAY
                         NORMAL
 MAXIMUM TEMPERATURE (F)   86
 MINIMUM TEMPERATURE (F)   61


SUNRISE AND SUNSET
JULY  4 2015..........SUNRISE   607 AM CDT   SUNSET   913 PM CDT
JULY  5 2015..........SUNRISE   607 AM CDT   SUNSET   913 PM CDT


-  INDICATES NEGATIVE NUMBERS.
R  INDICATES RECORD WAS SET OR TIED.
MM INDICATES DATA IS MISSING.
T  INDICATES TRACE AMOUNT.




$$
