000
CDUS43 KGID 250821
CLIODX


CLIMATE REPORT
NATIONAL WEATHER SERVICE HASTINGS NE
221 AM CST SUN JAN 25 2015


...................................

...THE ORD NE CLIMATE SUMMARY FOR JANUARY 24 2015...

CLIMATE NORMAL PERIOD 1981 TO 2010
CLIMATE RECORD PERIOD 1895 TO 2015


WEATHER ITEM   OBSERVED TIME   NORMAL DEPARTURE LAST
                VALUE   (LST)  VALUE  FROM      YEAR
                                      NORMAL
......................................................
TEMPERATURE (F)
 YESTERDAY
  MAXIMUM         54    339 PM  38     16       54
  MINIMUM         23    713 AM  13     10       13
  AVERAGE         39            25     14       34

PRECIPITATION (IN)
  YESTERDAY        0.02          0.02   0.00     0.00
  MONTH TO DATE    0.07          0.27  -0.20     0.06
  SINCE DEC 1      1.63          0.86   0.77     0.06
  SINCE JAN 1      0.07          0.27  -0.20     0.06

DEGREE DAYS
 HEATING
  YESTERDAY       26            40    -14       31
  MONTH TO DATE 1008           973     35      968
  SINCE DEC 1   2189          2216    -27     2141
  SINCE JUL 1   3775          3697     78     3621

 COOLING
  YESTERDAY        0             0      0        0
  MONTH TO DATE    0             0      0        0
  SINCE DEC 1      0             0      0        0
  SINCE JAN 1      0             0      0        0
......................................................


WIND (MPH)
  HIGHEST WIND SPEED    37   HIGHEST WIND DIRECTION    NW (320)
  HIGHEST GUST SPEED    49   HIGHEST GUST DIRECTION    NW (310)
  AVERAGE WIND SPEED    12.1


SKY COVER
  AVERAGE SKY COVER 0.3


WEATHER CONDITIONS
 THE FOLLOWING WEATHER WAS RECORDED YESTERDAY.
  LIGHT RAIN


RELATIVE HUMIDITY (PERCENT)
 HIGHEST    89           700 PM
 LOWEST     35           300 PM
 AVERAGE    62

..........................................................


THE ORD NE CLIMATE NORMALS FOR TODAY
                         NORMAL
 MAXIMUM TEMPERATURE (F)   38
 MINIMUM TEMPERATURE (F)   13


SUNRISE AND SUNSET
JANUARY 25 2015.......SUNRISE   754 AM CST   SUNSET   542 PM CST
JANUARY 26 2015.......SUNRISE   753 AM CST   SUNSET   544 PM CST


-  INDICATES NEGATIVE NUMBERS.
R  INDICATES RECORD WAS SET OR TIED.
MM INDICATES DATA IS MISSING.
T  INDICATES TRACE AMOUNT.




$$
