000
CDUS43 KGID 220636
CLIODX


CLIMATE REPORT
NATIONAL WEATHER SERVICE HASTINGS NE
135 AM CDT MON SEP 22 2014


...................................

...THE ORD NE CLIMATE SUMMARY FOR SEPTEMBER 21 2014...

CLIMATE NORMAL PERIOD 1981 TO 2010
CLIMATE RECORD PERIOD 1895 TO 2014


WEATHER ITEM   OBSERVED TIME   NORMAL DEPARTURE LAST
                VALUE   (LST)  VALUE  FROM      YEAR
                                      NORMAL
......................................................
TEMPERATURE (F)
 YESTERDAY
  MAXIMUM         74    344 PM  76     -2       84
  MINIMUM         42   1150 PM  46     -4       39
  AVERAGE         58            61     -3       62

PRECIPITATION (IN)
  YESTERDAY        0.00          0.08  -0.08     0.00
  MONTH TO DATE    1.20          1.83  -0.63     0.39
  SINCE SEP 1      1.20          1.83  -0.63     0.39
  SINCE JAN 1     18.84         20.74  -1.90    19.82

DEGREE DAYS
 HEATING
  YESTERDAY        7             5      2        3
  MONTH TO DATE  127            56     71       25
  SINCE SEP 1    127            56     71       25
  SINCE JUL 1    146            70     76       32

 COOLING
  YESTERDAY        0             2     -2        0
  MONTH TO DATE   35            73    -38      133
  SINCE SEP 1     35            73    -38      133
  SINCE JAN 1    670           830   -160      893
......................................................


WIND (MPH)
  HIGHEST WIND SPEED    18   HIGHEST WIND DIRECTION     N (340)
  HIGHEST GUST SPEED    22   HIGHEST GUST DIRECTION    NW (330)
  AVERAGE WIND SPEED     5.6


SKY COVER
  AVERAGE SKY COVER 0.0


WEATHER CONDITIONS
 THE FOLLOWING WEATHER WAS RECORDED YESTERDAY.
  NO SIGNIFICANT WEATHER WAS OBSERVED.


RELATIVE HUMIDITY (PERCENT)
 HIGHEST    93          1000 PM
 LOWEST     31           400 PM
 AVERAGE    62

..........................................................


THE ORD NE CLIMATE NORMALS FOR TODAY
                         NORMAL
 MAXIMUM TEMPERATURE (F)   76
 MINIMUM TEMPERATURE (F)   46


SUNRISE AND SUNSET
SEPTEMBER 22 2014.....SUNRISE   723 AM CDT   SUNSET   733 PM CDT
SEPTEMBER 23 2014.....SUNRISE   724 AM CDT   SUNSET   731 PM CDT


-  INDICATES NEGATIVE NUMBERS.
R  INDICATES RECORD WAS SET OR TIED.
MM INDICATES DATA IS MISSING.
T  INDICATES TRACE AMOUNT.




$$
