000
CDUS43 KGID 232222
CLIODX


CLIMATE REPORT
NATIONAL WEATHER SERVICE HASTINGS NE
521 PM CDT SUN APR 23 2017


...................................

...THE ORD NE CLIMATE SUMMARY FOR APRIL 23 2017...
VALID TODAY AS OF 0500 PM LOCAL TIME.

CLIMATE NORMAL PERIOD 1981 TO 2010
CLIMATE RECORD PERIOD 1895 TO 2017


WEATHER ITEM   OBSERVED TIME   NORMAL DEPARTURE LAST
                VALUE   (LST)  VALUE  FROM      YEAR
                                      NORMAL
......................................................
TEMPERATURE (F)
 TODAY
  MAXIMUM         71    331 PM  64      7       80
  MINIMUM         34    530 AM  39     -5       46
  AVERAGE         53            51      2       63

PRECIPITATION (IN)
  TODAY            0.00          0.10  -0.10     0.00
  MONTH TO DATE    1.67          1.85  -0.18     4.23
  SINCE MAR 1      3.50          3.30   0.20     5.58
  SINCE JAN 1      5.44          4.11   1.33     6.73

DEGREE DAYS
 HEATING
  TODAY           12            14     -2        2
  MONTH TO DATE  292           400   -108      329
  SINCE MAR 1   1021          1246   -225     1010
  SINCE JUL 1   5532          6263   -731     5359

 COOLING
  TODAY            0             0      0        0
  MONTH TO DATE    0             0      0        0
  SINCE MAR 1      0             0      0        0
  SINCE JAN 1      0             0      0        0
......................................................


WIND (MPH)
  HIGHEST WIND SPEED    33   HIGHEST WIND DIRECTION     S (190)
  HIGHEST GUST SPEED    43   HIGHEST GUST DIRECTION     S (200)
  AVERAGE WIND SPEED    14.6


SKY COVER
  AVERAGE SKY COVER 0.0


WEATHER CONDITIONS
 THE FOLLOWING WEATHER WAS RECORDED TODAY.
  NO SIGNIFICANT WEATHER WAS OBSERVED.


RELATIVE HUMIDITY (PERCENT)
 HIGHEST    76           200 AM
 LOWEST     17           300 PM
 AVERAGE    47

..........................................................


THE ORD NE CLIMATE NORMALS FOR TOMORROW
                         NORMAL
 MAXIMUM TEMPERATURE (F)   64
 MINIMUM TEMPERATURE (F)   39


SUNRISE AND SUNSET
APRIL 23 2017.........SUNRISE   643 AM CDT   SUNSET   825 PM CDT
APRIL 24 2017.........SUNRISE   642 AM CDT   SUNSET   827 PM CDT


-  INDICATES NEGATIVE NUMBERS.
R  INDICATES RECORD WAS SET OR TIED.
MM INDICATES DATA IS MISSING.
T  INDICATES TRACE AMOUNT.




$$
