000
CDUS43 KGID 270638
CLIODX


CLIMATE REPORT
NATIONAL WEATHER SERVICE HASTINGS NE
137 AM CDT FRI MAY 27 2016


...................................

...THE ORD NE CLIMATE SUMMARY FOR MAY 26 2016...

CLIMATE NORMAL PERIOD 1981 TO 2010
CLIMATE RECORD PERIOD 1895 TO 2016


WEATHER ITEM   OBSERVED TIME   NORMAL DEPARTURE LAST
                VALUE   (LST)  VALUE  FROM      YEAR
                                      NORMAL
......................................................
TEMPERATURE (F)
 YESTERDAY
  MAXIMUM         79    329 PM  75      4       70
  MINIMUM         52    310 AM  51      1       54
  AVERAGE         66            63      3       62

PRECIPITATION (IN)
  YESTERDAY        0.06          0.14  -0.08     0.00
  MONTH TO DATE    3.83          3.07   0.76     2.85
  SINCE MAR 1     14.17          7.11   7.06     5.59
  SINCE JAN 1     15.32          7.92   7.40     6.33

DEGREE DAYS
 HEATING
  YESTERDAY        0             4     -4        3
  MONTH TO DATE  219           199     20      220
  SINCE MAR 1   1337          1535   -198     1369
  SINCE JUL 1   5686          6552   -866     6501

 COOLING
  YESTERDAY        1             2     -1        0
  MONTH TO DATE   14            29    -15        5
  SINCE MAR 1     14            31    -17        9
  SINCE JAN 1     14            31    -17        9
......................................................


WIND (MPH)
  HIGHEST WIND SPEED    21   HIGHEST WIND DIRECTION    SE (150)
  HIGHEST GUST SPEED    29   HIGHEST GUST DIRECTION    SE (140)
  AVERAGE WIND SPEED     7.2


SKY COVER
  AVERAGE SKY COVER 0.2


WEATHER CONDITIONS
 THE FOLLOWING WEATHER WAS RECORDED YESTERDAY.
  THUNDERSTORM
  RAIN
  LIGHT RAIN
  FOG


RELATIVE HUMIDITY (PERCENT)
 HIGHEST    93           300 AM
 LOWEST     32           400 PM
 AVERAGE    63

..........................................................


THE ORD NE CLIMATE NORMALS FOR TODAY
                         NORMAL
 MAXIMUM TEMPERATURE (F)   75
 MINIMUM TEMPERATURE (F)   51


SUNRISE AND SUNSET
MAY 27 2016...........SUNRISE   606 AM CDT   SUNSET   900 PM CDT
MAY 28 2016...........SUNRISE   606 AM CDT   SUNSET   901 PM CDT


-  INDICATES NEGATIVE NUMBERS.
R  INDICATES RECORD WAS SET OR TIED.
MM INDICATES DATA IS MISSING.
T  INDICATES TRACE AMOUNT.




$$
