000
CDUS43 KGID 270633
CLIODX


CLIMATE REPORT
NATIONAL WEATHER SERVICE HASTINGS NE
128 AM CDT SAT MAY 27 2017


...................................

...THE ORD NE CLIMATE SUMMARY FOR MAY 26 2017...

CLIMATE NORMAL PERIOD 1981 TO 2010
CLIMATE RECORD PERIOD 1895 TO 2017


WEATHER ITEM   OBSERVED TIME   NORMAL DEPARTURE LAST
                VALUE   (LST)  VALUE  FROM      YEAR
                                      NORMAL
......................................................
TEMPERATURE (F)
 YESTERDAY
  MAXIMUM         74    548 PM  75     -1       79
  MINIMUM         54    609 AM  51      3       52
  AVERAGE         64            63      1       66

PRECIPITATION (IN)
  YESTERDAY        0.00          0.14  -0.14     0.06
  MONTH TO DATE    2.99          3.07  -0.08     3.83
  SINCE MAR 1      9.07          7.11   1.96    14.17
  SINCE JAN 1     11.01          7.92   3.09    15.32

DEGREE DAYS
 HEATING
  YESTERDAY        1             4     -3        0
  MONTH TO DATE  228           199     29      219
  SINCE MAR 1   1406          1535   -129     1337
  SINCE JUL 1   5917          6552   -635     5686

 COOLING
  YESTERDAY        0             2     -2        1
  MONTH TO DATE   14            29    -15       14
  SINCE MAR 1     14            31    -17       14
  SINCE JAN 1     14            31    -17       14
......................................................


WIND (MPH)
  HIGHEST WIND SPEED    23   HIGHEST WIND DIRECTION     N (350)
  HIGHEST GUST SPEED    30   HIGHEST GUST DIRECTION     N (350)
  AVERAGE WIND SPEED     9.2


SKY COVER
  AVERAGE SKY COVER 0.1


WEATHER CONDITIONS
 THE FOLLOWING WEATHER WAS RECORDED YESTERDAY.
  NO SIGNIFICANT WEATHER WAS OBSERVED.


RELATIVE HUMIDITY (PERCENT)
 HIGHEST    86          1200 AM
 LOWEST     33           400 PM
 AVERAGE    60

..........................................................


THE ORD NE CLIMATE NORMALS FOR TODAY
                         NORMAL
 MAXIMUM TEMPERATURE (F)   75
 MINIMUM TEMPERATURE (F)   51


SUNRISE AND SUNSET
MAY 27 2017...........SUNRISE   607 AM CDT   SUNSET   900 PM CDT
MAY 28 2017...........SUNRISE   606 AM CDT   SUNSET   901 PM CDT


-  INDICATES NEGATIVE NUMBERS.
R  INDICATES RECORD WAS SET OR TIED.
MM INDICATES DATA IS MISSING.
T  INDICATES TRACE AMOUNT.

$$

KELLEY
