000
CDUS43 KOAX 222133
CLIOFK


CLIMATE REPORT
NATIONAL WEATHER SERVICE OMAHA NEBRASKA
432 PM CDT WED MAR 22 2017


...................................

...THE NORFOLK, NEBRASKA CLIMATE SUMMARY FOR MARCH 22 2017...
VALID TODAY AS OF 0400 PM LOCAL TIME.

CLIMATE NORMAL PERIOD 1981 TO 2010
CLIMATE RECORD PERIOD 1888 TO 2017


WEATHER ITEM   OBSERVED TIME   RECORD YEAR NORMAL DEPARTURE LAST
                VALUE   (LST)  VALUE       VALUE  FROM      YEAR
                                                  NORMAL
..................................................................
TEMPERATURE (F)
 TODAY
  MAXIMUM         51    239 PM  92    1910  51      0       68
  MINIMUM         28    748 AM -11    1912  28      0       45
  AVERAGE         40                        40      0       57

PRECIPITATION (IN)
  TODAY            0.04          1.33 1979   0.06  -0.02     0.00
  MONTH TO DATE    0.28                      1.12  -0.84     0.25
  SINCE MAR 1      0.28                      1.12  -0.84     0.25
  SINCE JAN 1      2.52                      2.47   0.05     2.40

SNOWFALL (IN)
  TODAY            T                         0.1   -0.1      0.0
  MONTH TO DATE    2.1                       3.7   -1.6       T
  SINCE JUL 1     30.2                      26.5    3.7     41.0
  SNOW DEPTH       0

DEGREE DAYS
 HEATING
  TODAY           25                        25      0        8
  MONTH TO DATE  581                       647    -66      425
  SINCE MAR 1    581                       647    -66      425
  SINCE JUL 1   5036                      5740   -704     4726

 COOLING
  TODAY            0                         0      0        0
  MONTH TO DATE    0                         0      0        0
  SINCE MAR 1      0                         0      0        0
  SINCE JAN 1      0                         0      0        0
..................................................................


WIND (MPH)
  HIGHEST WIND SPEED    23   HIGHEST WIND DIRECTION    SE (140)
  HIGHEST GUST SPEED    28   HIGHEST GUST DIRECTION    SE (140)
  AVERAGE WIND SPEED    14.2


SKY COVER
  POSSIBLE SUNSHINE  MM
  AVERAGE SKY COVER 1.0


WEATHER CONDITIONS
 THE FOLLOWING WEATHER WAS RECORDED TODAY.
  LIGHT RAIN
  LIGHT SNOW


RELATIVE HUMIDITY (PERCENT)
 HIGHEST    78           800 AM
 LOWEST     27           300 PM
 AVERAGE    53

..........................................................


THE NORFOLK, NEBRASKA CLIMATE NORMALS FOR TOMORROW
                         NORMAL    RECORD    YEAR
 MAXIMUM TEMPERATURE (F)   52        91      1910
 MINIMUM TEMPERATURE (F)   29         1      1965


SUNRISE AND SUNSET
MARCH 22 2017.........SUNRISE   729 AM CDT   SUNSET   745 PM CDT
MARCH 23 2017.........SUNRISE   727 AM CDT   SUNSET   746 PM CDT


-  INDICATES NEGATIVE NUMBERS.
R  INDICATES RECORD WAS SET OR TIED.
MM INDICATES DATA IS MISSING.
T  INDICATES TRACE AMOUNT.




$$
