000
CDUS43 KOAX 210634
CLIOFK


CLIMATE REPORT
NATIONAL WEATHER SERVICE OMAHA NEBRASKA
131 AM CDT SUN SEP 21 2014


...................................

...THE NORFOLK, NEBRASKA CLIMATE SUMMARY FOR SEPTEMBER 20 2014...

CLIMATE NORMAL PERIOD 1981 TO 2010
CLIMATE RECORD PERIOD 1888 TO 2014


WEATHER ITEM   OBSERVED TIME   RECORD YEAR NORMAL DEPARTURE LAST
                VALUE   (LST)  VALUE       VALUE  FROM      YEAR
                                                  NORMAL
..................................................................
TEMPERATURE (F)
 YESTERDAY
  MAXIMUM         85    239 PM 100    1895  75     10       71
  MINIMUM         55   1156 PM  24    1918  49      6       42
  AVERAGE         70                        62      8       57

PRECIPITATION (IN)
  YESTERDAY        0.00          2.07 1902   0.09  -0.09     0.00
  MONTH TO DATE    1.04                      1.79  -0.75     0.20
  SINCE SEP 1      1.04                      1.79  -0.75     0.20
  SINCE JAN 1     26.26                     22.32   3.94    18.61

SNOWFALL (IN)
  YESTERDAY        0.0                       0.0    0.0      0.0
  MONTH TO DATE    0.0                       0.0    0.0      0.0
  SINCE JUL 1      0.0                       0.0    0.0      0.0
  SNOW DEPTH       0

DEGREE DAYS
 HEATING
  YESTERDAY        0                         5     -5        8
  MONTH TO DATE  102                        58     44       15
  SINCE SEP 1    102                        58     44       15
  SINCE JUL 1    114                        74     40       31

 COOLING
  YESTERDAY        5                         2      3        0
  MONTH TO DATE   48                        78    -30      136
  SINCE SEP 1     48                        78    -30      136
  SINCE JAN 1    775                       894   -119      960
..................................................................


WIND (MPH)
  HIGHEST WIND SPEED    21   HIGHEST WIND DIRECTION    NW (310)
  HIGHEST GUST SPEED    26   HIGHEST GUST DIRECTION     W (290)
  AVERAGE WIND SPEED     8.8


SKY COVER
  POSSIBLE SUNSHINE  MM
  AVERAGE SKY COVER 0.1


WEATHER CONDITIONS
 THE FOLLOWING WEATHER WAS RECORDED YESTERDAY.
  THUNDERSTORM


RELATIVE HUMIDITY (PERCENT)
 HIGHEST    93           500 AM
 LOWEST     34           300 PM
 AVERAGE    64

..........................................................


THE NORFOLK, NEBRASKA CLIMATE NORMALS FOR TODAY
                         NORMAL    RECORD    YEAR
 MAXIMUM TEMPERATURE (F)   75        95      2005
                                             1956
 MINIMUM TEMPERATURE (F)   49        29      1999


SUNRISE AND SUNSET
SEPTEMBER 21 2014.....SUNRISE   716 AM CDT   SUNSET   729 PM CDT
SEPTEMBER 22 2014.....SUNRISE   717 AM CDT   SUNSET   727 PM CDT


-  INDICATES NEGATIVE NUMBERS.
R  INDICATES RECORD WAS SET OR TIED.
MM INDICATES DATA IS MISSING.
T  INDICATES TRACE AMOUNT.




$$
