000
CDUS43 KOAX 270637
CLIOFK


CLIMATE REPORT
NATIONAL WEATHER SERVICE OMAHA NEBRASKA
136 AM CDT TUE JUN 27 2017


...................................

...THE NORFOLK, NEBRASKA CLIMATE SUMMARY FOR JUNE 26 2017...

CLIMATE NORMAL PERIOD 1981 TO 2010
CLIMATE RECORD PERIOD 1888 TO 2017


WEATHER ITEM   OBSERVED TIME   RECORD YEAR NORMAL DEPARTURE LAST
                VALUE   (LST)  VALUE       VALUE  FROM      YEAR
                                                  NORMAL
..................................................................
TEMPERATURE (F)
 YESTERDAY
  MAXIMUM         75    435 PM 102    1944  85    -10       88
                                      1913
  MINIMUM         51   1159 PM  42    1926  62    -11       57
  AVERAGE         63                        73    -10       73

PRECIPITATION (IN)
  YESTERDAY        0.00          2.55 1985   0.14  -0.14     0.00
  MONTH TO DATE    1.56                      3.72  -2.16     3.21
  SINCE JUN 1      1.56                      3.72  -2.16     3.21
  SINCE JAN 1     13.17                     13.42  -0.25    19.66

SNOWFALL (IN)
  YESTERDAY        0.0                       0.0    0.0      0.0
  MONTH TO DATE    0.0                       0.0    0.0      0.0
  SINCE JUL 1     32.2                      30.5    1.7     53.0
  SNOW DEPTH       0

DEGREE DAYS
 HEATING
  YESTERDAY        2                         0      2        0
  MONTH TO DATE   12                        28    -16        3
  SINCE JUN 1     12                        28    -16        3
  SINCE JUL 1   5908                      6641   -733     5579

 COOLING
  YESTERDAY        0                         9     -9        8
  MONTH TO DATE  213                       150     63      243
  SINCE JUN 1    213                       150     63      243
  SINCE JAN 1    241                       211     30      281
..................................................................


WIND (MPH)
  HIGHEST WIND SPEED    16   HIGHEST WIND DIRECTION    NE (40)
  HIGHEST GUST SPEED    21   HIGHEST GUST DIRECTION     N (20)
  AVERAGE WIND SPEED     6.9


SKY COVER
  POSSIBLE SUNSHINE  MM
  AVERAGE SKY COVER 0.2


WEATHER CONDITIONS
 THE FOLLOWING WEATHER WAS RECORDED YESTERDAY.
  THUNDERSTORM


RELATIVE HUMIDITY (PERCENT)
 HIGHEST    77           500 AM
 LOWEST     33           400 PM
 AVERAGE    55

..........................................................


THE NORFOLK, NEBRASKA CLIMATE NORMALS FOR TODAY
                         NORMAL    RECORD    YEAR
 MAXIMUM TEMPERATURE (F)   85       106      1934
 MINIMUM TEMPERATURE (F)   62        46      1968


SUNRISE AND SUNSET
JUNE 27 2017..........SUNRISE   556 AM CDT   SUNSET   909 PM CDT
JUNE 28 2017..........SUNRISE   557 AM CDT   SUNSET   909 PM CDT


-  INDICATES NEGATIVE NUMBERS.
R  INDICATES RECORD WAS SET OR TIED.
MM INDICATES DATA IS MISSING.
T  INDICATES TRACE AMOUNT.




$$
