000
CDUS43 KOAX 210626
CLIOFK


CLIMATE REPORT
NATIONAL WEATHER SERVICE OMAHA NEBRASKA
123 AM CDT TUE OCT 21 2014


...................................

...THE NORFOLK, NEBRASKA CLIMATE SUMMARY FOR OCTOBER 20 2014...

CLIMATE NORMAL PERIOD 1981 TO 2010
CLIMATE RECORD PERIOD 1888 TO 2014


WEATHER ITEM   OBSERVED TIME   RECORD YEAR NORMAL DEPARTURE LAST
                VALUE   (LST)  VALUE       VALUE  FROM      YEAR
                                                  NORMAL
..................................................................
TEMPERATURE (F)
 YESTERDAY
  MAXIMUM         73    418 PM  90    1947  62     11       63
  MINIMUM         39    652 AM  15    1989  37      2       33
  AVERAGE         56                        50      6       48

PRECIPITATION (IN)
  YESTERDAY        0.00          0.70 1935   0.06  -0.06     0.00
  MONTH TO DATE    0.39                      1.49  -1.10     4.32
  SINCE SEP 1      2.39                      4.18  -1.79     5.17
  SINCE JAN 1     27.61                     24.71   2.90    23.58

SNOWFALL (IN)
  YESTERDAY        0.0                       0.1   -0.1      0.0
  MONTH TO DATE    0.0                       0.3   -0.3      0.0
  SINCE JUL 1      0.0                       0.3   -0.3      0.0
  SNOW DEPTH       0

DEGREE DAYS
 HEATING
  YESTERDAY        9                        16     -7       17
  MONTH TO DATE  235                       244     -9      223
  SINCE SEP 1    352                       370    -18      252
  SINCE JUL 1    364                       386    -22      268

 COOLING
  YESTERDAY        0                         0      0        0
  MONTH TO DATE    3                         8     -5        9
  SINCE SEP 1     84                        98    -14      181
  SINCE JAN 1    811                       914   -103     1005
..................................................................


WIND (MPH)
  HIGHEST WIND SPEED     9   HIGHEST WIND DIRECTION    NW (320)
  HIGHEST GUST SPEED    16   HIGHEST GUST DIRECTION     W (280)
  AVERAGE WIND SPEED     2.6


SKY COVER
  POSSIBLE SUNSHINE  MM
  AVERAGE SKY COVER 0.0


WEATHER CONDITIONS
 THE FOLLOWING WEATHER WAS RECORDED YESTERDAY.
  NO SIGNIFICANT WEATHER WAS OBSERVED.


RELATIVE HUMIDITY (PERCENT)
 HIGHEST    92           700 AM
 LOWEST     25           300 PM
 AVERAGE    59

..........................................................


THE NORFOLK, NEBRASKA CLIMATE NORMALS FOR TODAY
                         NORMAL    RECORD    YEAR
 MAXIMUM TEMPERATURE (F)   61        88      1947
 MINIMUM TEMPERATURE (F)   37        15      1987
                                             1930
                                             1913


SUNRISE AND SUNSET
OCTOBER 21 2014.......SUNRISE   749 AM CDT   SUNSET   639 PM CDT
OCTOBER 22 2014.......SUNRISE   750 AM CDT   SUNSET   637 PM CDT


-  INDICATES NEGATIVE NUMBERS.
R  INDICATES RECORD WAS SET OR TIED.
MM INDICATES DATA IS MISSING.
T  INDICATES TRACE AMOUNT.


$$

BCM
