000
CDUS42 KCAE 012123
CLIOGB


CLIMATE REPORT
NATIONAL WEATHER SERVICE COLUMBIA SC
522 PM EDT SUN MAY 1 2016


...................................

...THE ORANGEBURG AIRPORT SC CLIMATE SUMMARY FOR MAY 1 2016...
VALID TODAY AS OF 0500 PM LOCAL TIME.

CLIMATE NORMAL PERIOD 1981 TO 2010
CLIMATE RECORD PERIOD 9999 TO 9999


WEATHER ITEM   OBSERVED TIME   NORMAL DEPARTURE LAST
                VALUE   (LST)  VALUE  FROM      YEAR
                                      NORMAL
......................................................
TEMPERATURE (F)
 TODAY
  MAXIMUM         86   1209 PM  80      6       69
  MINIMUM         70    320 PM  54     16       50
  AVERAGE         78            67     11       60

PRECIPITATION (IN)
  TODAY            0.20          0.07   0.13     0.00
  MONTH TO DATE    0.20          0.07   0.13     0.00
  SINCE MAR 1      3.81          6.90  -3.09     6.09
  SINCE JAN 1     10.98         14.47  -3.49    12.94

DEGREE DAYS
 HEATING
  TODAY            0             1     -1        5
  MONTH TO DATE    0             1     -1        5
  SINCE MAR 1    220           386   -166      250
  SINCE JUL 1   1621          2318   -697     2324

 COOLING
  TODAY           13             4      9        0
  MONTH TO DATE   13             4      9        0
  SINCE MAR 1    174            86     88      122
  SINCE JAN 1    180            89     91      122
......................................................


WIND (MPH)
  HIGHEST WIND SPEED    16   HIGHEST WIND DIRECTION    SW (210)
  HIGHEST GUST SPEED    23   HIGHEST GUST DIRECTION    SW (210)
  AVERAGE WIND SPEED     7.2


SKY COVER
  AVERAGE SKY COVER 0.9


WEATHER CONDITIONS
 THE FOLLOWING WEATHER WAS RECORDED TODAY.
  THUNDERSTORM
  HEAVY RAIN
  LIGHT RAIN
  FOG


RELATIVE HUMIDITY (PERCENT)
 HIGHEST    90           400 AM
 LOWEST     55          1200 PM

..........................................................


THE ORANGEBURG AIRPORT SC CLIMATE NORMALS FOR TOMORROW
                         NORMAL
 MAXIMUM TEMPERATURE (F)   81
 MINIMUM TEMPERATURE (F)   55


SUNRISE AND SUNSET
MAY  1 2016...........SUNRISE   635 AM EDT   SUNSET   807 PM EDT
MAY  2 2016...........SUNRISE   634 AM EDT   SUNSET   807 PM EDT


-  INDICATES NEGATIVE NUMBERS.
R  INDICATES RECORD WAS SET OR TIED.
MM INDICATES DATA IS MISSING.
T  INDICATES TRACE AMOUNT.




$$
