000
CDUS42 KCAE 210634
CLIOGB


CLIMATE REPORT
NATIONAL WEATHER SERVICE COLUMBIA SC
133 AM EST WED FEB 21 2018


...................................

...THE ORANGEBURG AIRPORT SC CLIMATE SUMMARY FOR FEBRUARY 20 2018...

CLIMATE NORMAL PERIOD 1981 TO 2010
CLIMATE RECORD PERIOD 9999 TO 9999


WEATHER ITEM   OBSERVED TIME   NORMAL DEPARTURE LAST
                VALUE   (LST)  VALUE  FROM      YEAR
                                      NORMAL
......................................................
TEMPERATURE (F)
 YESTERDAY
  MAXIMUM         82    251 PM  62     20       74
  MINIMUM         57   1230 AM  39     18       45
  AVERAGE         70            50     20       60

PRECIPITATION (IN)
  YESTERDAY        0.00          0.14  -0.14     0.00
  MONTH TO DATE    1.13          2.39  -1.26     1.41
  SINCE DEC 1      4.46          9.69  -5.23    11.05
  SINCE JAN 1      2.72          6.37  -3.65     6.65

DEGREE DAYS
 HEATING
  YESTERDAY        0            15    -15        5
  MONTH TO DATE  166           327   -161      193
  SINCE DEC 1   1313          1455   -142      975
  SINCE JUL 1   1677          1824   -147     1280

 COOLING
  YESTERDAY        5             0      5        0
  MONTH TO DATE   27             0     27        3
  SINCE DEC 1     28             5     23       14
  SINCE JAN 1     28             1     27       10
......................................................


WIND (MPH)
  HIGHEST WIND SPEED    15   HIGHEST WIND DIRECTION    SE (150)
  HIGHEST GUST SPEED    22   HIGHEST GUST DIRECTION     S (170)
  AVERAGE WIND SPEED     4.6


SKY COVER
  AVERAGE SKY COVER 0.7


WEATHER CONDITIONS
 THE FOLLOWING WEATHER WAS RECORDED YESTERDAY.
  FOG
  FOG W/VISIBILITY <= 1/4 MILE


RELATIVE HUMIDITY (PERCENT)
 HIGHEST   100           100 AM
 LOWEST     49           300 PM

..........................................................


THE ORANGEBURG AIRPORT SC CLIMATE NORMALS FOR TODAY
                         NORMAL    RECORD    YEAR
 MAXIMUM TEMPERATURE (F)   62        MM        MM
 MINIMUM TEMPERATURE (F)   39        MM        MM


SUNRISE AND SUNSET
FEBRUARY 21 2018......SUNRISE   701 AM EST   SUNSET   613 PM EST
FEBRUARY 22 2018......SUNRISE   700 AM EST   SUNSET   614 PM EST


-  INDICATES NEGATIVE NUMBERS.
R  INDICATES RECORD WAS SET OR TIED.
MM INDICATES DATA IS MISSING.
T  INDICATES TRACE AMOUNT.




$$
