000
CDUS42 KCAE 240531
CLIOGB


CLIMATE REPORT
NATIONAL WEATHER SERVICE COLUMBIA SC
130 AM EDT FRI OCT 24 2014


...................................

...THE ORANGEBURG AIRPORT SC CLIMATE SUMMARY FOR OCTOBER 23 2014...

CLIMATE NORMAL PERIOD 1981 TO 2010
CLIMATE RECORD PERIOD 9999 TO 9999


WEATHER ITEM   OBSERVED TIME   RECORD YEAR NORMAL DEPARTURE LAST
                VALUE   (LST)  VALUE       VALUE  FROM      YEAR
                                                  NORMAL
..................................................................
TEMPERATURE (F)
 YESTERDAY
  MAXIMUM         71    342 PM  MM      MM  75     -4       73
  MINIMUM         42    657 AM  MM      MM  51     -9       51
  AVERAGE         57                        63     -6       62

PRECIPITATION (IN)
  YESTERDAY        0.00         MM      MM   0.08  -0.08     0.00
  MONTH TO DATE    1.27                      2.81  -1.54     0.41
  SINCE SEP 1      5.13                      6.60  -1.47     2.01
  SINCE JAN 1     40.15                     39.91   0.24    49.32

DEGREE DAYS
 HEATING
  YESTERDAY        8                         4      4        3
  MONTH TO DATE   40                        47     -7        6
  SINCE SEP 1     44                        51     -7        6
  SINCE JUL 1     44                        51     -7        6

 COOLING
  YESTERDAY        0                         2     -2        0
  MONTH TO DATE  105                        81     24      115
  SINCE SEP 1    436                       382     54      429
  SINCE JAN 1   2227                      2075    152     2021
..................................................................


WIND (MPH)
  HIGHEST WIND SPEED    12   HIGHEST WIND DIRECTION    NW (310)
  HIGHEST GUST SPEED    17   HIGHEST GUST DIRECTION    NW (300)
  AVERAGE WIND SPEED     3.9


SKY COVER
  AVERAGE SKY COVER 0.0


WEATHER CONDITIONS
 THE FOLLOWING WEATHER WAS RECORDED YESTERDAY.
  NO SIGNIFICANT WEATHER WAS OBSERVED.


RELATIVE HUMIDITY (PERCENT)
 HIGHEST    93          1000 PM
 LOWEST     31           300 PM

..........................................................


THE ORANGEBURG AIRPORT SC CLIMATE NORMALS FOR TODAY
                         NORMAL    RECORD    YEAR
 MAXIMUM TEMPERATURE (F)   74        MM        MM
 MINIMUM TEMPERATURE (F)   51        MM        MM


SUNRISE AND SUNSET
OCTOBER 24 2014.......SUNRISE   735 AM EDT   SUNSET   639 PM EDT
OCTOBER 25 2014.......SUNRISE   736 AM EDT   SUNSET   638 PM EDT


-  INDICATES NEGATIVE NUMBERS.
R  INDICATES RECORD WAS SET OR TIED.
MM INDICATES DATA IS MISSING.
T  INDICATES TRACE AMOUNT.




$$
