000
CDUS42 KCAE 210616
CLIOGB


CLIMATE REPORT
NATIONAL WEATHER SERVICE COLUMBIA SC
216 AM EDT TUE OCT 21 2014


...................................

...THE ORANGEBURG AIRPORT SC CLIMATE SUMMARY FOR OCTOBER 20 2014...

CLIMATE NORMAL PERIOD 1981 TO 2010
CLIMATE RECORD PERIOD 9999 TO 9999


WEATHER ITEM   OBSERVED TIME   RECORD YEAR NORMAL DEPARTURE LAST
                VALUE   (LST)  VALUE       VALUE  FROM      YEAR
                                                  NORMAL
..................................................................
TEMPERATURE (F)
 YESTERDAY
  MAXIMUM         75    345 PM  MM      MM  75      0       72
  MINIMUM         45    629 AM  MM      MM  52     -7       56
  AVERAGE         60                        64     -4       64

PRECIPITATION (IN)
  YESTERDAY        0.00         MM      MM   0.11  -0.11     0.00
  MONTH TO DATE    1.27                      2.55  -1.28     0.40
  SINCE SEP 1      5.13                      6.34  -1.21     2.00
  SINCE JAN 1     40.15                     39.65   0.50    49.31

DEGREE DAYS
 HEATING
  YESTERDAY        5                         3      2        1
  MONTH TO DATE   26                        35     -9        1
  SINCE SEP 1     30                        39     -9        1
  SINCE JUL 1     30                        39     -9        1

 COOLING
  YESTERDAY        0                         2     -2        0
  MONTH TO DATE  105                        75     30      115
  SINCE SEP 1    436                       376     60      429
  SINCE JAN 1   2227                      2069    158     2021
..................................................................


WIND (MPH)
  HIGHEST WIND SPEED    14   HIGHEST WIND DIRECTION     S (180)
  HIGHEST GUST SPEED    19   HIGHEST GUST DIRECTION    SW (240)
  AVERAGE WIND SPEED     2.5


SKY COVER
  AVERAGE SKY COVER 0.2


WEATHER CONDITIONS
 THE FOLLOWING WEATHER WAS RECORDED YESTERDAY.
  HAZE


RELATIVE HUMIDITY (PERCENT)
 HIGHEST    93           100 AM
 LOWEST     46           300 PM

..........................................................


THE ORANGEBURG AIRPORT SC CLIMATE NORMALS FOR TODAY
                         NORMAL    RECORD    YEAR
 MAXIMUM TEMPERATURE (F)   75        MM        MM
 MINIMUM TEMPERATURE (F)   52        MM        MM


SUNRISE AND SUNSET
OCTOBER 21 2014.......SUNRISE   733 AM EDT   SUNSET   643 PM EDT
OCTOBER 22 2014.......SUNRISE   734 AM EDT   SUNSET   642 PM EDT


-  INDICATES NEGATIVE NUMBERS.
R  INDICATES RECORD WAS SET OR TIED.
MM INDICATES DATA IS MISSING.
T  INDICATES TRACE AMOUNT.




$$
