000
CDUS42 KCAE 042126
CLIOGB


CLIMATE REPORT
NATIONAL WEATHER SERVICE COLUMBIA SC
525 PM EDT SAT JUL 4 2015


...................................

...THE ORANGEBURG AIRPORT SC CLIMATE SUMMARY FOR JULY 4 2015...
VALID TODAY AS OF 0500 PM LOCAL TIME.

CLIMATE NORMAL PERIOD 1981 TO 2010
CLIMATE RECORD PERIOD 9999 TO 9999


WEATHER ITEM   OBSERVED TIME   NORMAL DEPARTURE LAST
                VALUE   (LST)  VALUE  FROM      YEAR
                                      NORMAL
......................................................
TEMPERATURE (F)
 TODAY
  MAXIMUM         89    359 PM  92     -3       89
  MINIMUM         70    606 AM  70      0       72
  AVERAGE         80            81     -1       81

PRECIPITATION (IN)
  TODAY            0.13          0.19  -0.06     0.00
  MONTH TO DATE    1.17          0.76   0.41     0.23
  SINCE JUN 1      5.48          5.88  -0.40     7.14
  SINCE JAN 1     20.74         23.50  -2.76    25.97

DEGREE DAYS
 HEATING
  TODAY            0             0      0        0
  MONTH TO DATE    0             0      0        0
  SINCE JUN 1      0             1     -1        0
  SINCE JUL 1      0             0      0        0

 COOLING
  TODAY           15            16     -1       16
  MONTH TO DATE   58            64     -6       69
  SINCE JUN 1    566           462    104      511
  SINCE JAN 1    942           765    177      866
......................................................


WIND (MPH)
  HIGHEST WIND SPEED    29   HIGHEST WIND DIRECTION     W (270)
  HIGHEST GUST SPEED    39   HIGHEST GUST DIRECTION     W (280)
  AVERAGE WIND SPEED     7.2


SKY COVER
  AVERAGE SKY COVER 0.1


WEATHER CONDITIONS
 THE FOLLOWING WEATHER WAS RECORDED TODAY.
  THUNDERSTORM
  HEAVY RAIN
  RAIN
  LIGHT RAIN
  FOG


RELATIVE HUMIDITY (PERCENT)
 HIGHEST    97           500 AM
 LOWEST     55          1200 PM

..........................................................


THE ORANGEBURG AIRPORT SC CLIMATE NORMALS FOR TOMORROW
                         NORMAL
 MAXIMUM TEMPERATURE (F)   92
 MINIMUM TEMPERATURE (F)   70


SUNRISE AND SUNSET
JULY  4 2015..........SUNRISE   618 AM EDT   SUNSET   837 PM EDT
JULY  5 2015..........SUNRISE   619 AM EDT   SUNSET   837 PM EDT


-  INDICATES NEGATIVE NUMBERS.
R  INDICATES RECORD WAS SET OR TIED.
MM INDICATES DATA IS MISSING.
T  INDICATES TRACE AMOUNT.




$$
