000
CDUS42 KCAE 280655
CLIOGB


CLIMATE REPORT
NATIONAL WEATHER SERVICE COLUMBIA SC
255 AM EDT TUE MAR 28 2017


...................................

...THE ORANGEBURG AIRPORT SC CLIMATE SUMMARY FOR MARCH 27 2017...

CLIMATE NORMAL PERIOD 1981 TO 2010
CLIMATE RECORD PERIOD 9999 TO 9999


WEATHER ITEM   OBSERVED TIME   NORMAL DEPARTURE LAST
                VALUE   (LST)  VALUE  FROM      YEAR
                                      NORMAL
......................................................
TEMPERATURE (F)
 YESTERDAY
  MAXIMUM         82    143 PM  72     10       73
  MINIMUM         56    532 AM  47      9       65
  AVERAGE         69            59     10       69

PRECIPITATION (IN)
  YESTERDAY        0.00          0.13  -0.13     0.95
  MONTH TO DATE    1.21          3.49  -2.28     2.30
  SINCE MAR 1      1.21          3.49  -2.28     2.30
  SINCE JAN 1      7.86         11.06  -3.20     9.47

DEGREE DAYS
 HEATING
  YESTERDAY        0             6     -6        0
  MONTH TO DATE  272           253     19      130
  SINCE MAR 1    272           253     19      130
  SINCE JUL 1   1581          2185   -604     1531

 COOLING
  YESTERDAY        4             1      3        4
  MONTH TO DATE   18            19     -1       60
  SINCE MAR 1     18            19     -1       60
  SINCE JAN 1     44            22     22       66
......................................................


WIND (MPH)
  HIGHEST WIND SPEED    16   HIGHEST WIND DIRECTION    SW (220)
  HIGHEST GUST SPEED    20   HIGHEST GUST DIRECTION    SW (220)
  AVERAGE WIND SPEED     8.3


SKY COVER
  AVERAGE SKY COVER 0.3


WEATHER CONDITIONS
 THE FOLLOWING WEATHER WAS RECORDED YESTERDAY.
  FOG


RELATIVE HUMIDITY (PERCENT)
 HIGHEST   100           300 AM
 LOWEST     45           300 PM

..........................................................


THE ORANGEBURG AIRPORT SC CLIMATE NORMALS FOR TODAY
                         NORMAL    RECORD    YEAR
 MAXIMUM TEMPERATURE (F)   72        MM        MM
 MINIMUM TEMPERATURE (F)   47        MM        MM


SUNRISE AND SUNSET
MARCH 28 2017.........SUNRISE   716 AM EDT   SUNSET   741 PM EDT
MARCH 29 2017.........SUNRISE   715 AM EDT   SUNSET   742 PM EDT


-  INDICATES NEGATIVE NUMBERS.
R  INDICATES RECORD WAS SET OR TIED.
MM INDICATES DATA IS MISSING.
T  INDICATES TRACE AMOUNT.




$$
