000
CDUS42 KCAE 292132
CLIOGB


CLIMATE REPORT
NATIONAL WEATHER SERVICE COLUMBIA SC
531 PM EDT MON MAY 29 2017


...................................

...THE ORANGEBURG AIRPORT SC CLIMATE SUMMARY FOR MAY 29 2017...
VALID TODAY AS OF 0500 PM LOCAL TIME.

CLIMATE NORMAL PERIOD 1981 TO 2010
CLIMATE RECORD PERIOD 9999 TO 9999


WEATHER ITEM   OBSERVED TIME   NORMAL DEPARTURE LAST
                VALUE   (LST)  VALUE  FROM      YEAR
                                      NORMAL
......................................................
TEMPERATURE (F)
 TODAY
  MAXIMUM         93    316 PM  86      7       73
  MINIMUM         69    406 AM  64      5       68
  AVERAGE         81            75      6       71

PRECIPITATION (IN)
  TODAY            0.00          0.16  -0.16     1.73
  MONTH TO DATE    2.59          2.89  -0.30     3.51
  SINCE MAR 1      9.85          9.72   0.13     8.44
  SINCE JAN 1     16.50         17.29  -0.79    15.61

DEGREE DAYS
 HEATING
  TODAY            0             0      0        0
  MONTH TO DATE   12            10      2        8
  SINCE MAR 1    321           395    -74      228
  SINCE JUL 1   1630          2327   -697     1629

 COOLING
  TODAY           16            10      6        6
  MONTH TO DATE  233           198     35      206
  SINCE MAR 1    418           280    138      367
  SINCE JAN 1    444           283    161      373
......................................................


WIND (MPH)
  HIGHEST WIND SPEED    15   HIGHEST WIND DIRECTION     W (260)
  HIGHEST GUST SPEED    19   HIGHEST GUST DIRECTION     W (290)
  AVERAGE WIND SPEED     5.8


SKY COVER
  AVERAGE SKY COVER 0.0


WEATHER CONDITIONS
 THE FOLLOWING WEATHER WAS RECORDED TODAY.
  NO SIGNIFICANT WEATHER WAS OBSERVED.


RELATIVE HUMIDITY (PERCENT)
 HIGHEST    97           200 AM
 LOWEST     41           200 PM

..........................................................


THE ORANGEBURG AIRPORT SC CLIMATE NORMALS FOR TOMORROW
                         NORMAL
 MAXIMUM TEMPERATURE (F)   86
 MINIMUM TEMPERATURE (F)   64


SUNRISE AND SUNSET
MAY 29 2017...........SUNRISE   615 AM EDT   SUNSET   827 PM EDT
MAY 30 2017...........SUNRISE   615 AM EDT   SUNSET   827 PM EDT


-  INDICATES NEGATIVE NUMBERS.
R  INDICATES RECORD WAS SET OR TIED.
MM INDICATES DATA IS MISSING.
T  INDICATES TRACE AMOUNT.




$$
