000
CDHW42 PHFO 240238
CLIOGG


CLIMATE REPORT
NATIONAL WEATHER SERVICE HONOLULU HI
438 PM HST SAT SEP 23 2017


...................................

...THE KAHULUI HI CLIMATE SUMMARY FOR SEPTEMBER 23 2017...
VALID TODAY AS OF 0400 PM LOCAL TIME.

CLIMATE NORMAL PERIOD 1981 TO 2010
CLIMATE RECORD PERIOD 1946 TO 2017


WEATHER ITEM   OBSERVED TIME   RECORD YEAR NORMAL DEPARTURE LAST
                VALUE   (LST)  VALUE       VALUE  FROM      YEAR
                                                  NORMAL
..................................................................
TEMPERATURE (F)
 TODAY
  MAXIMUM         88    129 PM  95    1951  88      0       90
  MINIMUM         73    620 AM  59    1952  70      3       72
  AVERAGE         81                        79      2       81

PRECIPITATION (IN)
  TODAY            0.00          1.16 1965   0.01  -0.01     0.33
  MONTH TO DATE    0.06                      0.26  -0.20     1.21
  SINCE SEP 1      0.06                      0.26  -0.20     1.21
  SINCE JAN 1     15.16                     10.96   4.20    11.02

SNOWFALL (IN)
  TODAY            0.0
  MONTH TO DATE    0.0
  SINCE SEP 1      0.0
  SINCE JUL 1      0.0
  SNOW DEPTH      MM

DEGREE DAYS
 HEATING
  TODAY            0                         0      0        0
  MONTH TO DATE    0                         0      0        0
  SINCE SEP 1      0                         0      0        0
  SINCE JUL 1      0                         0      0        0

 COOLING
  TODAY           16                        14      2       16
  MONTH TO DATE  361                       324     37      369
  SINCE SEP 1    361                       324     37      369
  SINCE JAN 1   3125                      2866    259     3270
..................................................................


WIND (MPH)
  HIGHEST WIND SPEED    24   HIGHEST WIND DIRECTION    NE (30)
  HIGHEST GUST SPEED    29   HIGHEST GUST DIRECTION    NE (30)
  AVERAGE WIND SPEED    MM


SKY COVER
  POSSIBLE SUNSHINE  MM
  AVERAGE SKY COVER  MM


WEATHER CONDITIONS
 THE FOLLOWING WEATHER WAS RECORDED TODAY.
  NO SIGNIFICANT WEATHER WAS OBSERVED.


RELATIVE HUMIDITY (PERCENT)
 HIGHEST    MM
 LOWEST     MM
 AVERAGE    MM

..........................................................


THE KAHULUI HI CLIMATE NORMALS FOR TOMORROW
                         NORMAL    RECORD    YEAR
 MAXIMUM TEMPERATURE (F)   88        95      1953
 MINIMUM TEMPERATURE (F)   70        60      1952


SUNRISE AND SUNSET
SEPTEMBER 23 2017.....SUNRISE   615 AM HST   SUNSET   621 PM HST
SEPTEMBER 24 2017.....SUNRISE   615 AM HST   SUNSET   620 PM HST


-  INDICATES NEGATIVE NUMBERS.
R  INDICATES RECORD WAS SET OR TIED.
MM INDICATES DATA IS MISSING.
T  INDICATES TRACE AMOUNT.




$$
