000
CDHW42 PHFO 241245
CLIOGG


CLIMATE REPORT
NATIONAL WEATHER SERVICE HONOLULU HI
245 AM HST TUE JAN 24 2017


...................................

...THE KAHULUI HI CLIMATE SUMMARY FOR JANUARY 23 2017...

CLIMATE NORMAL PERIOD 1981 TO 2010
CLIMATE RECORD PERIOD 1946 TO 2017


WEATHER ITEM   OBSERVED TIME   RECORD YEAR NORMAL DEPARTURE LAST
                VALUE   (LST)  VALUE       VALUE  FROM      YEAR
                                                  NORMAL
..................................................................
TEMPERATURE (F)
 YESTERDAY
  MAXIMUM         83   1144 AM  88    1996  81      2       85
                                      1981
  MINIMUM         60    405 AM  52    1969  63     -3       61
  AVERAGE         72                        72      0       73

PRECIPITATION (IN)
  YESTERDAY        0.00          0.98 1950   0.09  -0.09     0.00
  MONTH TO DATE    0.15                      2.18  -2.03     0.55
  SINCE DEC 1      6.74                      5.53   1.21     1.28
  SINCE JAN 1      0.15                      2.18  -2.03     0.55

SNOWFALL (IN)
  YESTERDAY        0.0
  MONTH TO DATE    0.0
  SINCE DEC 1      0.0
  SINCE JUL 1      0.0
  SNOW DEPTH       0

DEGREE DAYS
 HEATING
  YESTERDAY        0                         0      0        0
  MONTH TO DATE    0                         0      0        0
  SINCE DEC 1      0                         0      0        0
  SINCE JUL 1      0                         0      0        0

 COOLING
  YESTERDAY        7                         7      0        8
  MONTH TO DATE  167                       161      6      164
  SINCE DEC 1    462                       420     42      479
  SINCE JAN 1    167                       161      6      164
..................................................................


WIND (MPH)
  HIGHEST WIND SPEED    24   HIGHEST WIND DIRECTION     E (70)
  HIGHEST GUST SPEED    35   HIGHEST GUST DIRECTION     E (70)
  AVERAGE WIND SPEED     8.2


SKY COVER
  POSSIBLE SUNSHINE  MM
  AVERAGE SKY COVER 0.3


WEATHER CONDITIONS
 THE FOLLOWING WEATHER WAS RECORDED YESTERDAY.
  NO SIGNIFICANT WEATHER WAS OBSERVED.


RELATIVE HUMIDITY (PERCENT)
 HIGHEST    87          1100 PM
 LOWEST     58          1100 AM
 AVERAGE    73

..........................................................


THE KAHULUI HI CLIMATE NORMALS FOR TODAY
                         NORMAL    RECORD    YEAR
 MAXIMUM TEMPERATURE (F)   81        88      2016
                                             1981
 MINIMUM TEMPERATURE (F)   63        55      2014


SUNRISE AND SUNSET
JANUARY 24 2017.......SUNRISE   704 AM HST   SUNSET   612 PM HST
JANUARY 25 2017.......SUNRISE   704 AM HST   SUNSET   612 PM HST


-  INDICATES NEGATIVE NUMBERS.
R  INDICATES RECORD WAS SET OR TIED.
MM INDICATES DATA IS MISSING.
T  INDICATES TRACE AMOUNT.




$$
