000
CDHW42 PHFO 201245
CLIOGG


CLIMATE REPORT
NATIONAL WEATHER SERVICE HONOLULU HI
245 AM HST MON NOV 20 2017


...................................

...THE KAHULUI HI CLIMATE SUMMARY FOR NOVEMBER 19 2017...

CLIMATE NORMAL PERIOD 1981 TO 2010
CLIMATE RECORD PERIOD 1946 TO 2017


WEATHER ITEM   OBSERVED TIME   RECORD YEAR NORMAL DEPARTURE LAST
                VALUE   (LST)  VALUE       VALUE  FROM      YEAR
                                                  NORMAL
..................................................................
TEMPERATURE (F)
 YESTERDAY
  MAXIMUM         80    158 PM  91    1992  84     -4       83
  MINIMUM         62   1153 PM  58    2004  68     -6       73
  AVERAGE         71                        76     -5       78

PRECIPITATION (IN)
  YESTERDAY        0.01          1.25 2015   0.08  -0.07      T
  MONTH TO DATE    0.14                      1.23  -1.09     0.11
  SINCE SEP 1      2.13                      2.81  -0.68     2.00
  SINCE JAN 1     17.23                     13.51   3.72    11.81

SNOWFALL (IN)
  YESTERDAY        0.0
  MONTH TO DATE    0.0
  SINCE SEP 1      0.0
  SINCE JUL 1      0.0
  SNOW DEPTH      MM

DEGREE DAYS
 HEATING
  YESTERDAY        0                         0      0        0
  MONTH TO DATE    0                         0      0        0
  SINCE SEP 1      0                         0      0        0
  SINCE JUL 1      0                         0      0        0

 COOLING
  YESTERDAY        6                        11     -5       13
  MONTH TO DATE  175                       219    -44      232
  SINCE SEP 1   1021                      1053    -32     1173
  SINCE JAN 1   3785                      3595    190     4074
..................................................................


WIND (MPH)
  HIGHEST WIND SPEED    22   HIGHEST WIND DIRECTION    NW (320)
  HIGHEST GUST SPEED    28   HIGHEST GUST DIRECTION     N (340)
  AVERAGE WIND SPEED     8.4


SKY COVER
  POSSIBLE SUNSHINE  MM
  AVERAGE SKY COVER  MM


WEATHER CONDITIONS
 THE FOLLOWING WEATHER WAS RECORDED YESTERDAY.
  NO SIGNIFICANT WEATHER WAS OBSERVED.


RELATIVE HUMIDITY (PERCENT)
 HIGHEST    MM
 LOWEST     MM
 AVERAGE    MM

..........................................................


THE KAHULUI HI CLIMATE NORMALS FOR TODAY
                         NORMAL    RECORD    YEAR
 MAXIMUM TEMPERATURE (F)   84        90      1957
 MINIMUM TEMPERATURE (F)   68        57      1949


SUNRISE AND SUNSET
NOVEMBER 20 2017......SUNRISE   639 AM HST   SUNSET   544 PM HST
NOVEMBER 21 2017......SUNRISE   640 AM HST   SUNSET   543 PM HST


-  INDICATES NEGATIVE NUMBERS.
R  INDICATES RECORD WAS SET OR TIED.
MM INDICATES DATA IS MISSING.
T  INDICATES TRACE AMOUNT.




$$
