000
CDHW42 PHFO 290234
CLIOGG


CLIMATE REPORT
NATIONAL WEATHER SERVICE HONOLULU HI
434 PM HST SUN DEC 28 2014


...................................

...THE KAHULUI HI CLIMATE SUMMARY FOR DECEMBER 28 2014...
VALID TODAY AS OF 0400 PM LOCAL TIME.

CLIMATE NORMAL PERIOD 1981 TO 2010
CLIMATE RECORD PERIOD 1946 TO 2014


WEATHER ITEM   OBSERVED TIME   RECORD YEAR NORMAL DEPARTURE LAST
                VALUE   (LST)  VALUE       VALUE  FROM      YEAR
                                                  NORMAL
..................................................................
TEMPERATURE (F)
 TODAY
  MAXIMUM         79    200 PM  87    1958  81     -2       82
  MINIMUM         68    603 AM  55    1967  64      4       71
  AVERAGE         74                        73      1       77

PRECIPITATION (IN)
  TODAY            T             2.81 1969   0.10  -0.10     1.24
  MONTH TO DATE    3.99                      3.05   0.94     1.67
  SINCE DEC 1      3.99                      3.05   0.94     1.67
  SINCE JAN 1     22.24                     17.53   4.71    15.26

SNOWFALL (IN)
  TODAY            0.0
  MONTH TO DATE    0.0
  SINCE DEC 1      0.0
  SINCE JUL 1      0.0
  SNOW DEPTH       0

DEGREE DAYS
 HEATING
  TODAY            0                         0      0        0
  MONTH TO DATE    0                         0      0        0
  SINCE DEC 1      0                         0      0        0
  SINCE JUL 1      0                         0      0        0

 COOLING
  TODAY            9                         8      1       12
  MONTH TO DATE  244                       239      5      276
  SINCE DEC 1    244                       239      5      276
  SINCE JAN 1   4438                      3946    492     4254
..................................................................


WIND (MPH)
  HIGHEST WIND SPEED    17   HIGHEST WIND DIRECTION    NE (30)
  HIGHEST GUST SPEED    22   HIGHEST GUST DIRECTION     N (10)
  AVERAGE WIND SPEED    12.8


SKY COVER
  POSSIBLE SUNSHINE  MM
  AVERAGE SKY COVER 0.3


WEATHER CONDITIONS
 THE FOLLOWING WEATHER WAS RECORDED TODAY.
  NO SIGNIFICANT WEATHER WAS OBSERVED.


RELATIVE HUMIDITY (PERCENT)
 HIGHEST    61          1200 AM
 LOWEST     42           100 PM
 AVERAGE    52

..........................................................


THE KAHULUI HI CLIMATE NORMALS FOR TOMORROW
                         NORMAL    RECORD    YEAR
 MAXIMUM TEMPERATURE (F)   81        88      1952
 MINIMUM TEMPERATURE (F)   64        54      1953


SUNRISE AND SUNSET
DECEMBER 28 2014......SUNRISE   701 AM HST   SUNSET   554 PM HST
DECEMBER 29 2014......SUNRISE   702 AM HST   SUNSET   554 PM HST


-  INDICATES NEGATIVE NUMBERS.
R  INDICATES RECORD WAS SET OR TIED.
MM INDICATES DATA IS MISSING.
T  INDICATES TRACE AMOUNT.




$$
