000
CDHW42 PHFO 310344
CLIOGG


CLIMATE REPORT
NATIONAL WEATHER SERVICE HONOLULU HI
534 PM HST SAT AUG 30 2014


...................................

...THE KAHULUI HI CLIMATE SUMMARY FOR AUGUST 30 2014...
VALID TODAY AS OF 0500 PM LOCAL TIME.

CLIMATE NORMAL PERIOD 1981 TO 2010
CLIMATE RECORD PERIOD 1946 TO 2014


WEATHER ITEM   OBSERVED TIME   RECORD YEAR NORMAL DEPARTURE LAST
                VALUE   (LST)  VALUE       VALUE  FROM      YEAR
                                                  NORMAL
..................................................................
TEMPERATURE (F)
 TODAY
  MAXIMUM         88   1255 PM  94    1968  88      0       90
  MINIMUM         66    622 AM  59    1953  71     -5       67
  AVERAGE         77                        80     -3       79

PRECIPITATION (IN)
  TODAY            0.00          0.31 1975   0.02  -0.02     0.00
  MONTH TO DATE    0.47                      0.49  -0.02     0.54
  SINCE JUN 1      1.69                      1.19   0.50     1.67
  SINCE JAN 1     15.65                     10.69   4.96     8.66

SNOWFALL (IN)
  TODAY            0.0
  MONTH TO DATE    0.0
  SINCE JUN 1      0.0
  SINCE JUL 1      0.0
  SNOW DEPTH       0

DEGREE DAYS
 HEATING
  TODAY            0                         0      0        0
  MONTH TO DATE    0                         0      0        0
  SINCE JUN 1      0                         0      0        0
  SINCE JUL 1      0                         0      0        0

 COOLING
  TODAY           12                        15     -3       14
  MONTH TO DATE  480                       450     30      471
  SINCE JUN 1   1378                      1277    101     1389
  SINCE JAN 1   2874                      2536    338     2773
..................................................................


WIND (MPH)
  HIGHEST WIND SPEED    15   HIGHEST WIND DIRECTION    NE (40)
  HIGHEST GUST SPEED    21   HIGHEST GUST DIRECTION    NE (30)
  AVERAGE WIND SPEED     7.0


SKY COVER
  POSSIBLE SUNSHINE  MM
  AVERAGE SKY COVER 0.2


WEATHER CONDITIONS
 THE FOLLOWING WEATHER WAS RECORDED TODAY.
  NO SIGNIFICANT WEATHER WAS OBSERVED.


RELATIVE HUMIDITY (PERCENT)
 HIGHEST    84           600 AM
 LOWEST     53           100 PM
 AVERAGE    69

..........................................................


THE KAHULUI HI CLIMATE NORMALS FOR TOMORROW
                         NORMAL    RECORD    YEAR
 MAXIMUM TEMPERATURE (F)   88        97      1994
 MINIMUM TEMPERATURE (F)   71        61      1971


SUNRISE AND SUNSET
AUGUST 30 2014........SUNRISE   609 AM HST   SUNSET   643 PM HST
AUGUST 31 2014........SUNRISE   609 AM HST   SUNSET   642 PM HST


-  INDICATES NEGATIVE NUMBERS.
R  INDICATES RECORD WAS SET OR TIED.
MM INDICATES DATA IS MISSING.
T  INDICATES TRACE AMOUNT.




$$
