000
CDHW42 PHFO 270229
CLIOGG


CLIMATE REPORT
NATIONAL WEATHER SERVICE HONOLULU HI
429 PM HST THU FEB 26 2015


...................................

...THE KAHULUI HI CLIMATE SUMMARY FOR FEBRUARY 26 2015...
VALID TODAY AS OF 0400 PM LOCAL TIME.

CLIMATE NORMAL PERIOD 1981 TO 2010
CLIMATE RECORD PERIOD 1946 TO 2015


WEATHER ITEM   OBSERVED TIME   RECORD YEAR NORMAL DEPARTURE LAST
                VALUE   (LST)  VALUE       VALUE  FROM      YEAR
                                                  NORMAL
..................................................................
TEMPERATURE (F)
 TODAY
  MAXIMUM         86    247 PM  89    1961  81      5       81
  MINIMUM         65    707 AM  54    2008  63      2       60
  AVERAGE         76                        72      4       71

PRECIPITATION (IN)
  TODAY            0.01          1.01 1990   0.06  -0.05     0.01
  MONTH TO DATE    1.26                      1.75  -0.49     2.58
  SINCE DEC 1      6.62                      7.97  -1.35     8.67
  SINCE JAN 1      2.38                      4.62  -2.24     6.63

SNOWFALL (IN)
  TODAY            0.0
  MONTH TO DATE    0.0
  SINCE DEC 1      0.0
  SINCE JUL 1      0.0
  SNOW DEPTH       0

DEGREE DAYS
 HEATING
  TODAY            0                         0      0        0
  MONTH TO DATE    0                         0      0        0
  SINCE DEC 1      0                         0      0        0
  SINCE JUL 1      0                         0      0        0

 COOLING
  TODAY           11                         7      4        6
  MONTH TO DATE  204                       182     22      261
  SINCE DEC 1    645                       658    -13      804
  SINCE JAN 1    385                       399    -14      496
..................................................................


WIND (MPH)
  HIGHEST WIND SPEED    13   HIGHEST WIND DIRECTION    NE (40)
  HIGHEST GUST SPEED    17   HIGHEST GUST DIRECTION    NE (40)
  AVERAGE WIND SPEED     5.8


SKY COVER
  POSSIBLE SUNSHINE  MM
  AVERAGE SKY COVER 0.5


WEATHER CONDITIONS
 THE FOLLOWING WEATHER WAS RECORDED TODAY.
  FOG


RELATIVE HUMIDITY (PERCENT)
 HIGHEST    93           600 AM
 LOWEST     55          1200 PM
 AVERAGE    74

..........................................................


THE KAHULUI HI CLIMATE NORMALS FOR TOMORROW
                         NORMAL    RECORD    YEAR
 MAXIMUM TEMPERATURE (F)   81        89      1951
 MINIMUM TEMPERATURE (F)   63        54      2008
                                             1953


SUNRISE AND SUNSET
FEBRUARY 26 2015......SUNRISE   648 AM HST   SUNSET   629 PM HST
FEBRUARY 27 2015......SUNRISE   648 AM HST   SUNSET   630 PM HST


-  INDICATES NEGATIVE NUMBERS.
R  INDICATES RECORD WAS SET OR TIED.
MM INDICATES DATA IS MISSING.
T  INDICATES TRACE AMOUNT.




$$
