000
CDHW42 PHFO 011245
CLIOGG


CLIMATE REPORT
NATIONAL WEATHER SERVICE HONOLULU HI
245 AM HST SUN FEB 1 2015


...................................

...THE KAHULUI HI CLIMATE SUMMARY FOR JANUARY 31 2015...

CLIMATE NORMAL PERIOD 1981 TO 2010
CLIMATE RECORD PERIOD 1946 TO 2015


WEATHER ITEM   OBSERVED TIME   RECORD YEAR NORMAL DEPARTURE LAST
                VALUE   (LST)  VALUE       VALUE  FROM      YEAR
                                                  NORMAL
..................................................................
TEMPERATURE (F)
 YESTERDAY
  MAXIMUM         82    152 PM  88    1953  81      1       84
  MINIMUM         65    601 AM  50    1972  63      2       65
  AVERAGE         74                        72      2       75

PRECIPITATION (IN)
  YESTERDAY        T             3.11 1974   0.09  -0.09     0.00
  MONTH TO DATE    1.12                      2.87  -1.75     4.05
  SINCE DEC 1      5.36                      6.22  -0.86     6.09
  SINCE JAN 1      1.12                      2.87  -1.75     4.05

SNOWFALL (IN)
  YESTERDAY        0.0
  MONTH TO DATE    0.0
  SINCE DEC 1      0.0
  SINCE JUL 1      0.0
  SNOW DEPTH       0

DEGREE DAYS
 HEATING
  YESTERDAY        0                         0      0        0
  MONTH TO DATE    0                         0      0        0
  SINCE DEC 1      0                         0      0        0
  SINCE JUL 1      0                         0      0        0

 COOLING
  YESTERDAY        9                         7      2       10
  MONTH TO DATE  181                       217    -36      235
  SINCE DEC 1    441                       476    -35      543
  SINCE JAN 1    181                       217    -36      235
..................................................................


WIND (MPH)
  HIGHEST WIND SPEED    13   HIGHEST WIND DIRECTION    NW (330)
  HIGHEST GUST SPEED    18   HIGHEST GUST DIRECTION     N (340)
  AVERAGE WIND SPEED     6.1


SKY COVER
  POSSIBLE SUNSHINE  MM
  AVERAGE SKY COVER 0.7


WEATHER CONDITIONS
 THE FOLLOWING WEATHER WAS RECORDED YESTERDAY.
  FOG


RELATIVE HUMIDITY (PERCENT)
 HIGHEST    93           600 AM
 LOWEST     69          1200 PM
 AVERAGE    81

..........................................................


THE KAHULUI HI CLIMATE NORMALS FOR TODAY
                         NORMAL    RECORD    YEAR
 MAXIMUM TEMPERATURE (F)   81        88      1951
 MINIMUM TEMPERATURE (F)   63        53      1953


SUNRISE AND SUNSET
FEBRUARY  1 2015......SUNRISE   702 AM HST   SUNSET   616 PM HST
FEBRUARY  2 2015......SUNRISE   702 AM HST   SUNSET   617 PM HST


-  INDICATES NEGATIVE NUMBERS.
R  INDICATES RECORD WAS SET OR TIED.
MM INDICATES DATA IS MISSING.
T  INDICATES TRACE AMOUNT.




$$
