000
CDUS43 KEAX 240636
CLIOJC


CLIMATE REPORT
NATIONAL WEATHER SERVICE KANSAS CITY/PLEASANT HILL MO
135 AM CDT THU APR 24 2014


...................................

...THE JOHNSON COUNTY EXECUTIVE KS CLIMATE SUMMARY FOR APRIL 23 2014...

CLIMATE NORMAL PERIOD 1981 TO 2010
CLIMATE RECORD PERIOD 9999 TO 9999


WEATHER ITEM   OBSERVED TIME   NORMAL DEPARTURE LAST
                VALUE   (LST)  VALUE  FROM      YEAR
                                      NORMAL
......................................................
TEMPERATURE (F)
 YESTERDAY
  MAXIMUM         74    408 PM  67      7       45
  MINIMUM         52    551 AM  48      4       33
  AVERAGE         63            58      5       39

PRECIPITATION (IN)
  YESTERDAY        0.00          0.15  -0.15     0.52
  MONTH TO DATE    1.78          2.76  -0.98     3.15
  SINCE MAR 1      2.57          5.39  -2.82     4.44
  SINCE JAN 1      3.06          8.08  -5.02     8.35

DEGREE DAYS
 HEATING
  YESTERDAY        2             8     -6       26
  MONTH TO DATE  281           265     16      380
  SINCE MAR 1   1037           889    148     1205
  SINCE JUL 1   5518          4782    736     4858

 COOLING
  YESTERDAY        0             1     -1        0
  MONTH TO DATE    4            15    -11        0
  SINCE MAR 1      4            16    -12        0
  SINCE JAN 1      4            16    -12        1
......................................................


WIND (MPH)
  HIGHEST WIND SPEED    29   HIGHEST WIND DIRECTION    SE (150)
  HIGHEST GUST SPEED    42   HIGHEST GUST DIRECTION    SE (150)
  AVERAGE WIND SPEED    14.6


SKY COVER
  AVERAGE SKY COVER 0.4


WEATHER CONDITIONS
 THE FOLLOWING WEATHER WAS RECORDED YESTERDAY.
  NO SIGNIFICANT WEATHER WAS OBSERVED.


RELATIVE HUMIDITY (PERCENT)
 HIGHEST    50          1200 AM
 LOWEST     35           200 PM
 AVERAGE    43

..........................................................


THE JOHNSON COUNTY EXECUTIVE KS CLIMATE NORMALS FOR TODAY
                         NORMAL
 MAXIMUM TEMPERATURE (F)   68
 MINIMUM TEMPERATURE (F)   48


SUNRISE AND SUNSET
APRIL 24 2014.........SUNRISE   630 AM CDT   SUNSET   805 PM CDT
APRIL 25 2014.........SUNRISE   629 AM CDT   SUNSET   806 PM CDT


-  INDICATES NEGATIVE NUMBERS.
R  INDICATES RECORD WAS SET OR TIED.
MM INDICATES DATA IS MISSING.
T  INDICATES TRACE AMOUNT.




$$
