000
CDUS43 KEAX 020636
CLIOJC


CLIMATE REPORT
NATIONAL WEATHER SERVICE KANSAS CITY/PLEASANT HILL MO
1233 AM CST MON MAR 2 2015


...................................

...THE JOHNSON COUNTY EXECUTIVE KS CLIMATE SUMMARY FOR MARCH 1 2015...

CLIMATE NORMAL PERIOD 1981 TO 2010
CLIMATE RECORD PERIOD 9999 TO 9999


WEATHER ITEM   OBSERVED TIME   NORMAL DEPARTURE LAST
                VALUE   (LST)  VALUE  FROM      YEAR
                                      NORMAL
......................................................
TEMPERATURE (F)
 YESTERDAY
  MAXIMUM         34    444 PM  50    -16       35
  MINIMUM         21   1135 PM  29     -8        8
  AVERAGE         28            39    -11       22

PRECIPITATION (IN)
  YESTERDAY        T             0.09  -0.09     0.01
  MONTH TO DATE    T             0.09  -0.09     0.01
  SINCE MAR 1      T             0.09  -0.09     0.01
  SINCE JAN 1      1.59          2.78  -1.19     0.50

DEGREE DAYS
 HEATING
  YESTERDAY       37            26     11       43
  MONTH TO DATE   37            26     11       43
  SINCE MAR 1     37            26     11       43
  SINCE JUL 1   4072          3919    153     4524

 COOLING
  YESTERDAY        0             0      0        0
  MONTH TO DATE    0             0      0        0
  SINCE MAR 1      0             0      0        0
  SINCE JAN 1      0             0      0        0
......................................................


WIND (MPH)
  HIGHEST WIND SPEED     9   HIGHEST WIND DIRECTION    NW (320)
  HIGHEST GUST SPEED    13   HIGHEST GUST DIRECTION     W (280)
  AVERAGE WIND SPEED     3.3


SKY COVER
  AVERAGE SKY COVER 0.7


WEATHER CONDITIONS
 THE FOLLOWING WEATHER WAS RECORDED YESTERDAY.
  LIGHT SNOW
  FOG


RELATIVE HUMIDITY (PERCENT)
 HIGHEST    96           800 AM
 LOWEST     61           500 PM
 AVERAGE    79

..........................................................


THE JOHNSON COUNTY EXECUTIVE KS CLIMATE NORMALS FOR TODAY
                         NORMAL
 MAXIMUM TEMPERATURE (F)   50
 MINIMUM TEMPERATURE (F)   30


SUNRISE AND SUNSET
MARCH  2 2015.........SUNRISE   650 AM CST   SUNSET   613 PM CST
MARCH  3 2015.........SUNRISE   649 AM CST   SUNSET   614 PM CST


-  INDICATES NEGATIVE NUMBERS.
R  INDICATES RECORD WAS SET OR TIED.
MM INDICATES DATA IS MISSING.
T  INDICATES TRACE AMOUNT.




$$
