000
CDUS43 KEAX 050033
CLIOJC


CLIMATE REPORT
NATIONAL WEATHER SERVICE KANSAS CITY/PLEASANT HILL MO
733 PM CDT TUE AUG 4 2015


...................................

...THE JOHNSON COUNTY EXECUTIVE KS CLIMATE SUMMARY FOR AUGUST 4 2015...
VALID TODAY AS OF 0700 PM LOCAL TIME.

CLIMATE NORMAL PERIOD 1981 TO 2010
CLIMATE RECORD PERIOD 9999 TO 9999


WEATHER ITEM   OBSERVED TIME   NORMAL DEPARTURE LAST
                VALUE   (LST)  VALUE  FROM      YEAR
                                      NORMAL
......................................................
TEMPERATURE (F)
 TODAY
  MAXIMUM         87   1150 AM  89     -2       92
  MINIMUM         68    411 PM  70     -2       67
  AVERAGE         78            79     -1       80

PRECIPITATION (IN)
  TODAY            0.41          0.07   0.34     0.00
  MONTH TO DATE    0.41          0.30   0.11     0.67
  SINCE JUN 1     13.67          9.80   3.87    10.27
  SINCE JAN 1     29.89         24.54   5.35    17.85

DEGREE DAYS
 HEATING
  TODAY            0             0      0        0
  MONTH TO DATE    0             0      0        0
  SINCE JUN 1      5             8     -3        2
  SINCE JUL 1      1             0      1        1

 COOLING
  TODAY           13            14     -1       15
  MONTH TO DATE   61            56      5       46
  SINCE JUN 1    800           724     76      578
  SINCE JAN 1    877           828     49      731
......................................................


WIND (MPH)
  HIGHEST WIND SPEED    28   HIGHEST WIND DIRECTION    SW (210)
  HIGHEST GUST SPEED    38   HIGHEST GUST DIRECTION    SW (230)
  AVERAGE WIND SPEED     5.2


SKY COVER
  AVERAGE SKY COVER 0.1


WEATHER CONDITIONS
 THE FOLLOWING WEATHER WAS RECORDED TODAY.
  THUNDERSTORM
  HEAVY RAIN
  RAIN
  LIGHT RAIN
  FOG


RELATIVE HUMIDITY (PERCENT)
 HIGHEST    93           300 AM
 LOWEST     55          1100 AM
 AVERAGE    74

..........................................................


THE JOHNSON COUNTY EXECUTIVE KS CLIMATE NORMALS FOR TOMORROW
                         NORMAL
 MAXIMUM TEMPERATURE (F)   89
 MINIMUM TEMPERATURE (F)   70


SUNRISE AND SUNSET
AUGUST  4 2015........SUNRISE   622 AM CDT   SUNSET   827 PM CDT
AUGUST  5 2015........SUNRISE   623 AM CDT   SUNSET   826 PM CDT


-  INDICATES NEGATIVE NUMBERS.
R  INDICATES RECORD WAS SET OR TIED.
MM INDICATES DATA IS MISSING.
T  INDICATES TRACE AMOUNT.




$$
