000
CDUS46 KSGX 220118
CLIOKB


CLIMATE REPORT
NATIONAL WEATHER SERVICE SAN DIEGO, CA
518 PM PST SUN JAN 21 2018


...................................

...THE OCEANSIDE AIRPORT CA CLIMATE SUMMARY FOR JANUARY 21 2018...
VALID TODAY AS OF 0500 PM LOCAL TIME.

CLIMATE NORMAL PERIOD 1981 TO 2010
CLIMATE RECORD PERIOD 1999 TO 2018


WEATHER ITEM   OBSERVED TIME   RECORD YEAR NORMAL DEPARTURE LAST
                VALUE   (LST)  VALUE       VALUE  FROM      YEAR
                                                  NORMAL
..................................................................
TEMPERATURE (F)
 TODAY
  MAXIMUM         63    110 PM  74    2009  66     -3       61
  MINIMUM         36    651 AM  31    2006  41     -5       48
  AVERAGE         50                        53     -3       55

PRECIPITATION (IN)
  TODAY            0.00          1.22 2010   0.08  -0.08     0.01
  MONTH TO DATE    2.63                      2.08   0.55     3.07
  SINCE OCT 1      2.67                      5.96  -3.29     8.22
  SINCE JAN 1      2.63                      2.08   0.55     3.07

DEGREE DAYS
 HEATING
  TODAY           15                        12      3       10
  MONTH TO DATE  147                       257   -110      200
  SINCE DEC 1    390                       641   -251      480
  SINCE JUL 1    559                       991   -432      666

 COOLING
  TODAY            0                         0      0        0
  MONTH TO DATE    2                         0      2        0
  SINCE DEC 1      4                         0      4        0
  SINCE JAN 1      2                         0      2        0
..................................................................


WIND (MPH)
  RESULTANT WIND SPEED   1   RESULTANT WIND DIRECTION   W (280)
  HIGHEST WIND SPEED    12   HIGHEST WIND DIRECTION     W (260)
  HIGHEST GUST SPEED    13   HIGHEST GUST DIRECTION     W (250)
  AVERAGE WIND SPEED     4.0


SKY COVER
  POSSIBLE SUNSHINE  MM
  AVERAGE SKY COVER 0.0


WEATHER CONDITIONS
 THE FOLLOWING WEATHER WAS RECORDED TODAY.
  NO SIGNIFICANT WEATHER WAS OBSERVED.


RELATIVE HUMIDITY (PERCENT)
 HIGHEST    92           400 AM
 LOWEST     42           300 PM
 AVERAGE    67

..........................................................


THE OCEANSIDE AIRPORT CA CLIMATE NORMALS FOR TOMORROW
                         NORMAL    RECORD    YEAR
 MAXIMUM TEMPERATURE (F)   66        80      2013
 MINIMUM TEMPERATURE (F)   41        29      2007


SUNRISE AND SUNSET
JANUARY 21 2018.......SUNRISE   651 AM PST   SUNSET   511 PM PST
JANUARY 22 2018.......SUNRISE   651 AM PST   SUNSET   512 PM PST


-  INDICATES NEGATIVE NUMBERS.
R  INDICATES RECORD WAS SET OR TIED.
MM INDICATES DATA IS MISSING.
T  INDICATES TRACE AMOUNT.




$$
