000
CDUS46 KSGX 220019
CLIOKB


CLIMATE REPORT
NATIONAL WEATHER SERVICE SAN DIEGO, CA
518 PM PDT FRI JUL 21 2017


...................................

...THE OCEANSIDE AIRPORT CA CLIMATE SUMMARY FOR JULY 21 2017...
VALID TODAY AS OF 0500 PM LOCAL TIME.

CLIMATE NORMAL PERIOD 1981 TO 2010
CLIMATE RECORD PERIOD 1999 TO 2017


WEATHER ITEM   OBSERVED TIME   RECORD YEAR NORMAL DEPARTURE LAST
                VALUE   (LST)  VALUE       VALUE  FROM      YEAR
                                                  NORMAL
..................................................................
TEMPERATURE (F)
 TODAY
  MAXIMUM         79    139 PM  86    2016  76      3       86
  MINIMUM         65   1210 AM  54    2008  62      3       60
  AVERAGE         72                        69      3       73

PRECIPITATION (IN)
  TODAY            0.00          T    2013   0.00   0.00     0.00
  MONTH TO DATE    0.00                      0.10  -0.10     0.00
  SINCE OCT 1     14.97                     13.25   1.72     7.12
  SINCE JAN 1      9.82                      9.37   0.45     4.95

DEGREE DAYS
 HEATING
  TODAY            0                         0      0        0
  MONTH TO DATE    0                         0      0        0
  SINCE JUN 1     14                        27    -13        2
  SINCE JUL 1      0                         0      0        0

 COOLING
  TODAY            7                         4      3        8
  MONTH TO DATE  147                        73     74      103
  SINCE JUN 1    197                       111     86      183
  SINCE JAN 1    214                       121     93      203
..................................................................


WIND (MPH)
  RESULTANT WIND SPEED   4   RESULTANT WIND DIRECTION   W (250)
  HIGHEST WIND SPEED    15   HIGHEST WIND DIRECTION     W (250)
  HIGHEST GUST SPEED    20   HIGHEST GUST DIRECTION    SW (240)
  AVERAGE WIND SPEED     5.5


SKY COVER
  POSSIBLE SUNSHINE  MM
  AVERAGE SKY COVER 0.5


WEATHER CONDITIONS
 THE FOLLOWING WEATHER WAS RECORDED TODAY.
  HAZE


RELATIVE HUMIDITY (PERCENT)
 HIGHEST    87          1200 AM
 LOWEST     62          1200 PM
 AVERAGE    75

..........................................................


THE OCEANSIDE AIRPORT CA CLIMATE NORMALS FOR TOMORROW
                         NORMAL    RECORD    YEAR
 MAXIMUM TEMPERATURE (F)   76        94      2006
 MINIMUM TEMPERATURE (F)   62        58      2014


SUNRISE AND SUNSET
JULY 21 2017..........SUNRISE   555 AM PDT   SUNSET   756 PM PDT
JULY 22 2017..........SUNRISE   556 AM PDT   SUNSET   756 PM PDT


-  INDICATES NEGATIVE NUMBERS.
R  INDICATES RECORD WAS SET OR TIED.
MM INDICATES DATA IS MISSING.
T  INDICATES TRACE AMOUNT.




$$
