000
CDUS46 KSGX 201249
CLIOKB


CLIMATE REPORT
NATIONAL WEATHER SERVICE SAN DIEGO, CA
449 AM PST MON NOV 20 2017


...................................

...THE OCEANSIDE AIRPORT CA CLIMATE SUMMARY FOR NOVEMBER 19 2017...

CLIMATE NORMAL PERIOD 1981 TO 2010
CLIMATE RECORD PERIOD 1999 TO 2017


WEATHER ITEM   OBSERVED TIME   RECORD YEAR NORMAL DEPARTURE LAST
                VALUE   (LST)  VALUE       VALUE  FROM      YEAR
                                                  NORMAL
..................................................................
TEMPERATURE (F)
 YESTERDAY
  MAXIMUM         77   1055 AM  83    2003  69      8       74
  MINIMUM         38    619 AM  34    2000  43     -5       37
  AVERAGE         58                        56      2       56

PRECIPITATION (IN)
  YESTERDAY        0.00          T    2010   0.03  -0.03     0.00
                                      2010
                                      2011
  MONTH TO DATE    0.01                      0.72  -0.71     0.00
  SINCE OCT 1      0.01                      1.42  -1.41     0.33
  SINCE JAN 1      9.85                     11.20  -1.35     5.52

DEGREE DAYS
 HEATING
  YESTERDAY        7                         9     -2        9
  MONTH TO DATE   80                       138    -58       55
  SINCE SEP 1    109                       235   -126       97
  SINCE JUL 1    109                       240   -131       97

 COOLING
  YESTERDAY        0                         0      0        0
  MONTH TO DATE    1                         0      1       28
  SINCE SEP 1    229                       116    113      199
  SINCE JAN 1    748                       416    332      656
..................................................................


WIND (MPH)
  RESULTANT WIND SPEED   1   RESULTANT WIND DIRECTION   W (270)
  HIGHEST WIND SPEED    15   HIGHEST WIND DIRECTION     W (270)
  HIGHEST GUST SPEED    19   HIGHEST GUST DIRECTION     W (260)
  AVERAGE WIND SPEED     3.0


SKY COVER
  POSSIBLE SUNSHINE  MM
  AVERAGE SKY COVER 0.0


WEATHER CONDITIONS
 THE FOLLOWING WEATHER WAS RECORDED YESTERDAY.
  FOG


RELATIVE HUMIDITY (PERCENT)
 HIGHEST   100          1200 AM
 LOWEST     20          1100 AM
 AVERAGE    60

..........................................................


THE OCEANSIDE AIRPORT CA CLIMATE NORMALS FOR TODAY
                         NORMAL    RECORD    YEAR
 MAXIMUM TEMPERATURE (F)   69        91      2002
 MINIMUM TEMPERATURE (F)   43        35      2009


SUNRISE AND SUNSET
NOVEMBER 20 2017......SUNRISE   625 AM PST   SUNSET   445 PM PST
NOVEMBER 21 2017......SUNRISE   626 AM PST   SUNSET   444 PM PST


-  INDICATES NEGATIVE NUMBERS.
R  INDICATES RECORD WAS SET OR TIED.
MM INDICATES DATA IS MISSING.
T  INDICATES TRACE AMOUNT.




$$
