000
CDUS46 KSGX 251137
CLIOKB


CLIMATE REPORT
NATIONAL WEATHER SERVICE SAN DIEGO, CA
437 AM PDT THU MAY 25 2017


...................................

...THE OCEANSIDE AIRPORT CA CLIMATE SUMMARY FOR MAY 24 2017...

CLIMATE NORMAL PERIOD 1981 TO 2010
CLIMATE RECORD PERIOD 1999 TO 2017


WEATHER ITEM   OBSERVED TIME   RECORD YEAR NORMAL DEPARTURE LAST
                VALUE   (LST)  VALUE       VALUE  FROM      YEAR
                                                  NORMAL
..................................................................
TEMPERATURE (F)
 YESTERDAY
  MAXIMUM         70    136 PM  75    2006  70      0       69
  MINIMUM         60    726 PM  46    2010  55      5       59
  AVERAGE         65                        62      3       64

PRECIPITATION (IN)
  YESTERDAY        0.00          T    2008   0.00   0.00     0.01
  MONTH TO DATE    1.27                      0.25   1.02     0.54
  SINCE OCT 1     14.92                     13.03   1.89     7.12
  SINCE JAN 1      9.77                      9.15   0.62     4.95

DEGREE DAYS
 HEATING
  YESTERDAY        0                         3     -3        1
  MONTH TO DATE   64                        92    -28       63
  SINCE MAR 1    385                       578   -193      426
  SINCE JUL 1   1400                      1986   -586     1594

 COOLING
  YESTERDAY        0                         0      0        0
  MONTH TO DATE   11                         0     11        6
  SINCE MAR 1     17                         3     14       10
  SINCE JAN 1     17                         3     14       16
..................................................................


WIND (MPH)
  RESULTANT WIND SPEED   4   RESULTANT WIND DIRECTION  SW (240)
  HIGHEST WIND SPEED    14   HIGHEST WIND DIRECTION    SW (240)
  HIGHEST GUST SPEED    22   HIGHEST GUST DIRECTION     W (250)
  AVERAGE WIND SPEED     5.0


SKY COVER
  POSSIBLE SUNSHINE  MM
  AVERAGE SKY COVER 0.8


WEATHER CONDITIONS
 THE FOLLOWING WEATHER WAS RECORDED YESTERDAY.
  FOG
  HAZE


RELATIVE HUMIDITY (PERCENT)
 HIGHEST    97          1200 AM
 LOWEST     66           100 PM
 AVERAGE    82

..........................................................


THE OCEANSIDE AIRPORT CA CLIMATE NORMALS FOR TODAY
                         NORMAL    RECORD    YEAR
 MAXIMUM TEMPERATURE (F)   70        73      2014
                                             2013
                                             2005
 MINIMUM TEMPERATURE (F)   55        43      2010


SUNRISE AND SUNSET
MAY 25 2017...........SUNRISE   544 AM PDT   SUNSET   749 PM PDT
MAY 26 2017...........SUNRISE   543 AM PDT   SUNSET   750 PM PDT


-  INDICATES NEGATIVE NUMBERS.
R  INDICATES RECORD WAS SET OR TIED.
MM INDICATES DATA IS MISSING.
T  INDICATES TRACE AMOUNT.




$$
