000
CDUS44 KOUN 070639
CLIOKC

CLIMATE REPORT
NATIONAL WEATHER SERVICE NORMAN OK
139 AM CDT TUE JUL 7 2015


...................................

...THE OKLAHOMA CITY CLIMATE SUMMARY FOR JULY 6 2015...

CLIMATE NORMAL PERIOD 1981 TO 2010
CLIMATE RECORD PERIOD 1890 TO 2015


WEATHER ITEM   OBSERVED TIME   RECORD YEAR NORMAL DEPARTURE LAST
                VALUE   (LST)  VALUE       VALUE  FROM      YEAR
                                                  NORMAL
..................................................................
TEMPERATURE (F)
 YESTERDAY
  MAXIMUM         91    257 PM 110    1996  93     -2       95
  MINIMUM         71   1159 PM  55    1972  72     -1       72
  AVERAGE         81                        82     -1       84

PRECIPITATION (IN)
  YESTERDAY        0.51          1.93 2010   0.10   0.41     0.00
  MONTH TO DATE    4.38                      0.65   3.73     0.00
  SINCE JAN 1     38.81                     19.33  19.48    15.73

DEGREE DAYS
 COOLING
  YESTERDAY       16                        17     -1       19
  MONTH TO DATE   95                       101     -6       85
  SINCE JAN 1    699                       741    -42      775
..................................................................


WIND (MPH)
  HIGHEST WIND SPEED    29   HIGHEST WIND DIRECTION     N (20)
  HIGHEST GUST SPEED    41   HIGHEST GUST DIRECTION    NE (30)
  AVERAGE WIND SPEED    14.7


SKY COVER
  AVERAGE SKY COVER 0.7


WEATHER CONDITIONS
 THE FOLLOWING WEATHER WAS RECORDED YESTERDAY.
  THUNDERSTORM
  HEAVY RAIN
  RAIN
  LIGHT RAIN
  FOG


RELATIVE HUMIDITY (PERCENT)
 HIGHEST    87           200 AM
 LOWEST     59           200 PM
 AVERAGE    73

..........................................................


THE OKLAHOMA CITY CLIMATE NORMALS FOR TODAY
                         NORMAL    RECORD    YEAR
 MAXIMUM TEMPERATURE (F)   93       108      2011
 MINIMUM TEMPERATURE (F)   72        60      1952
                                             1908


SUNRISE AND SUNSET
JULY  7 2015..........SUNRISE   622 AM CDT   SUNSET   849 PM CDT
JULY  8 2015..........SUNRISE   622 AM CDT   SUNSET   848 PM CDT


-  INDICATES NEGATIVE NUMBERS.
R  INDICATES RECORD WAS SET OR TIED.
MM INDICATES DATA IS MISSING.
T  INDICATES TRACE AMOUNT.




$$
