000
CDUS44 KOUN 060702
CLIOKC

CLIMATE REPORT
NATIONAL WEATHER SERVICE NORMAN OK
1257 AM CST FRI MAR 6 2015
...................................

...THE OKLAHOMA CITY CLIMATE SUMMARY FOR MARCH 5 2015...

CLIMATE NORMAL PERIOD 1981 TO 2010
CLIMATE RECORD PERIOD 1890 TO 2015


WEATHER ITEM   OBSERVED TIME   RECORD YEAR NORMAL DEPARTURE LAST
                VALUE   (LST)  VALUE       VALUE  FROM      YEAR
                                                  NORMAL
..................................................................
TEMPERATURE (F)
 YESTERDAY
  MAXIMUM         43    438 PM  91    1991  60    -17       49
  MINIMUM         10R   708 AM  10    1960  38    -28       31
  AVERAGE         27                        49    -22       40

PRECIPITATION (IN)
  YESTERDAY        0.00          2.13 1894   0.10  -0.10     0.19
  MONTH TO DATE    0.09                      0.44  -0.35     0.35
  SINCE JAN 1      2.30                      3.41  -1.11     0.78

SNOWFALL (IN)
  YESTERDAY        0.0           4.0  1989   0.1   -0.1       T
  MONTH TO DATE    3.0                       0.2    2.8      1.5
  SINCE JUL 1     13.6                       6.9    6.7     10.2
  SNOW DEPTH       3

DEGREE DAYS
 HEATING
  YESTERDAY       38                        16     22       25
  MONTH TO DATE  154                        84     70      188
  SINCE JUL 1   2929                      2834     95     3276

 COOLING
  YESTERDAY        0                         0      0        0
  MONTH TO DATE    0                         0      0        0
  SINCE JAN 1      0                         1     -1        0
..................................................................


WIND (MPH)
  HIGHEST WIND SPEED    10   HIGHEST WIND DIRECTION     S (190)
  HIGHEST GUST SPEED    15   HIGHEST GUST DIRECTION    SW (220)
  AVERAGE WIND SPEED     6.2


SKY COVER
  AVERAGE SKY COVER 0.1


WEATHER CONDITIONS
 THE FOLLOWING WEATHER WAS RECORDED YESTERDAY.
  NO SIGNIFICANT WEATHER WAS OBSERVED.


RELATIVE HUMIDITY (PERCENT)
 HIGHEST    84           300 AM
 LOWEST     32           100 PM
 AVERAGE    58

..........................................................


THE OKLAHOMA CITY CLIMATE NORMALS FOR TODAY
                         NORMAL    RECORD    YEAR
 MAXIMUM TEMPERATURE (F)   60        83      1974
                                             1929
 MINIMUM TEMPERATURE (F)   38         8      1943


SUNRISE AND SUNSET
MARCH  6 2015.........SUNRISE   654 AM CST   SUNSET   630 PM CST
MARCH  7 2015.........SUNRISE   652 AM CST   SUNSET   631 PM CST


-  INDICATES NEGATIVE NUMBERS.
R  INDICATES RECORD WAS SET OR TIED.
MM INDICATES DATA IS MISSING.
T  INDICATES TRACE AMOUNT.

$$
