000
CDUS44 KOUN 251239 AAA
CLIOKC

CLIMATE REPORT
NATIONAL WEATHER SERVICE NORMAN OK
1237 AM CST THU DEC 25 2014


...................................

...THE OKLAHOMA CITY CLIMATE SUMMARY FOR DECEMBER 24 2014...

CLIMATE NORMAL PERIOD 1981 TO 2010
CLIMATE RECORD PERIOD 1890 TO 2014


WEATHER ITEM   OBSERVED TIME   RECORD YEAR NORMAL DEPARTURE LAST
                VALUE   (LST)  VALUE       VALUE  FROM      YEAR
                                                  NORMAL
..................................................................
TEMPERATURE (F)
 YESTERDAY
  MAXIMUM         50    351 PM  86    1955  49      1       42
  MINIMUM         30   1135 PM   0    1983  29      1       24
  AVERAGE         40                        39      1       33

PRECIPITATION (IN)
  YESTERDAY        T             1.47 1914   0.06  -0.06     0.00
  MONTH TO DATE    0.54                      1.52  -0.98     1.26
  SINCE JAN 1     28.22                     36.16  -7.94    52.78

SNOWFALL (IN)
  YESTERDAY        T            14.1  2009   0.1   -0.1      0.0
  MONTH TO DATE    0.0                       1.5   -1.5      3.5
  SINCE JUL 1      2.5                       1.9    0.6      4.1
  SNOW DEPTH       0

DEGREE DAYS
 HEATING
  YESTERDAY       25                        26     -1       32
  MONTH TO DATE  468                       575   -107      679
  SINCE JUL 1   1095                      1174    -79     1339
..................................................................


WIND (MPH)
  HIGHEST WIND SPEED    24   HIGHEST WIND DIRECTION     N (340)
  HIGHEST GUST SPEED    31   HIGHEST GUST DIRECTION    NW (320)
  AVERAGE WIND SPEED    12.8


SKY COVER
  AVERAGE SKY COVER 0.5


WEATHER CONDITIONS
 THE FOLLOWING WEATHER WAS RECORDED YESTERDAY.
  LIGHT RAIN
  LIGHT SNOW


RELATIVE HUMIDITY (PERCENT)
 HIGHEST    82           100 AM
 LOWEST     42           400 PM
 AVERAGE    62

..........................................................


THE OKLAHOMA CITY CLIMATE NORMALS FOR TODAY
                         NORMAL    RECORD    YEAR
 MAXIMUM TEMPERATURE (F)   49        73      1922
 MINIMUM TEMPERATURE (F)   29        -1      1983


SUNRISE AND SUNSET
DECEMBER 25 2014......SUNRISE   737 AM CST   SUNSET   524 PM CST
DECEMBER 26 2014......SUNRISE   738 AM CST   SUNSET   524 PM CST


-  INDICATES NEGATIVE NUMBERS.
R  INDICATES RECORD WAS SET OR TIED.
MM INDICATES DATA IS MISSING.
T  INDICATES TRACE AMOUNT.

$$
