000
CDUS44 KOUN 230633
CLIOKC

CLIMATE REPORT
NATIONAL WEATHER SERVICE NORMAN OK
1232 AM CST TUE JAN 23 2018


...................................

...THE OKLAHOMA CITY CLIMATE SUMMARY FOR JANUARY 22 2018...

CLIMATE NORMAL PERIOD 1981 TO 2010
CLIMATE RECORD PERIOD 1890 TO 2018


WEATHER ITEM   OBSERVED TIME   RECORD YEAR NORMAL DEPARTURE LAST
                VALUE   (LST)  VALUE       VALUE  FROM      YEAR
                                                  NORMAL
..................................................................
TEMPERATURE (F)
 YESTERDAY
  MAXIMUM         50    201 PM  79    1967  50      0       58
                                      1909
  MINIMUM         31   1159 PM  -8    1930  29      2       37
  AVERAGE         41                        40      1       48

PRECIPITATION (IN)
  YESTERDAY        0.00          0.47 2015   0.05  -0.05     0.02
  MONTH TO DATE    0.19                      0.93  -0.74     1.57
  SINCE DEC 1      0.87                      2.81  -1.94     2.36
  SINCE JAN 1      0.19                      0.93  -0.74     1.57

SNOWFALL (IN)
  YESTERDAY        0.0           4.0  1995   0.0    0.0      0.0
  MONTH TO DATE    0.0                       1.9   -1.9      1.7
  SINCE DEC 1      0.1                       4.0   -3.9      2.1
  SINCE JUL 1      0.1                       4.4   -4.3      2.1
  SNOW DEPTH       0

DEGREE DAYS
 HEATING
  YESTERDAY       24                        26     -2       17
  MONTH TO DATE  677                       572    105      551
  SINCE DEC 1   1450                      1328    122     1334
  SINCE JUL 1   2000                      1927     73     1657

 COOLING
  YESTERDAY        0                         0      0        0
  MONTH TO DATE    0                         0      0        0
  SINCE DEC 1      0                         0      0        0
  SINCE JAN 1      0                         0      0        0
..................................................................


WIND (MPH)
  HIGHEST WIND SPEED    39   HIGHEST WIND DIRECTION    NW (300)
  HIGHEST GUST SPEED    49   HIGHEST GUST DIRECTION    NW (300)
  AVERAGE WIND SPEED    19.8


SKY COVER
  AVERAGE SKY COVER 0.4


WEATHER CONDITIONS
 THE FOLLOWING WEATHER WAS RECORDED YESTERDAY.
  NO SIGNIFICANT WEATHER WAS OBSERVED.


RELATIVE HUMIDITY (PERCENT)
 HIGHEST    64           300 AM
 LOWEST     33           700 PM
 AVERAGE    49

..........................................................


THE OKLAHOMA CITY CLIMATE NORMALS FOR TODAY
                         NORMAL    RECORD    YEAR
 MAXIMUM TEMPERATURE (F)   50        75      1909
 MINIMUM TEMPERATURE (F)   29        -1      1963


SUNRISE AND SUNSET
JANUARY 23 2018.......SUNRISE   736 AM CST   SUNSET   549 PM CST
JANUARY 24 2018.......SUNRISE   735 AM CST   SUNSET   550 PM CST


-  INDICATES NEGATIVE NUMBERS.
R  INDICATES RECORD WAS SET OR TIED.
MM INDICATES DATA IS MISSING.
T  INDICATES TRACE AMOUNT.




$$
