000
CDUS44 KOUN 202216
CLIOKC

CLIMATE REPORT
NATIONAL WEATHER SERVICE NORMAN OK
515 PM CDT WED SEP 20 2017


...................................

...THE OKLAHOMA CITY CLIMATE SUMMARY FOR SEPTEMBER 20 2017...
VALID TODAY AS OF 0500 PM LOCAL TIME.

CLIMATE NORMAL PERIOD 1981 TO 2010
CLIMATE RECORD PERIOD 1890 TO 2017


WEATHER ITEM   OBSERVED TIME   RECORD YEAR NORMAL DEPARTURE LAST
                VALUE   (LST)  VALUE       VALUE  FROM      YEAR
                                                  NORMAL
..................................................................
TEMPERATURE (F)
 TODAY
  MAXIMUM         91    356 PM 100    1954  83      8       94
  MINIMUM         70    521 AM  41    1971  62      8       70
                                      1901
  AVERAGE         81                        72      9       82

PRECIPITATION (IN)
  TODAY            0.00          3.82 1990   0.14  -0.14     0.00
  MONTH TO DATE    0.47                      2.71  -2.24     3.63
  SINCE SEP 1      0.47                      2.71  -2.24     3.63
  SINCE JAN 1     23.68                     27.60  -3.92    23.54

SNOWFALL (IN)
  TODAY            0.0

DEGREE DAYS
 HEATING
  TODAY            0                         1     -1        0
  MONTH TO DATE    0                         5     -5        0
  SINCE SEP 1      0                         5     -5        0
  SINCE JUL 1      0                         5     -5        0

 COOLING
  TODAY           16                         8      8       17
  MONTH TO DATE  172                       223    -51      264
  SINCE SEP 1    172                       223    -51      264
  SINCE JAN 1   1743                      1960   -217     1990
..................................................................


WIND (MPH)
  HIGHEST WIND SPEED    25   HIGHEST WIND DIRECTION     S (200)
  HIGHEST GUST SPEED    33   HIGHEST GUST DIRECTION     S (200)
  AVERAGE WIND SPEED    14.5


SKY COVER
  AVERAGE SKY COVER 0.4


WEATHER CONDITIONS
 THE FOLLOWING WEATHER WAS RECORDED TODAY.
  NO SIGNIFICANT WEATHER WAS OBSERVED.


RELATIVE HUMIDITY (PERCENT)
 HIGHEST    87           700 AM
 LOWEST     52           100 PM
 AVERAGE    70

..........................................................


THE OKLAHOMA CITY CLIMATE NORMALS FOR TOMORROW
                         NORMAL    RECORD    YEAR
 MAXIMUM TEMPERATURE (F)   83        97      1998
                                             1980
                                             1956
 MINIMUM TEMPERATURE (F)   61        39      1983


SUNRISE AND SUNSET
SEPTEMBER 20 2017.....SUNRISE   717 AM CDT   SUNSET   730 PM CDT
SEPTEMBER 21 2017.....SUNRISE   718 AM CDT   SUNSET   728 PM CDT


-  INDICATES NEGATIVE NUMBERS.
R  INDICATES RECORD WAS SET OR TIED.
MM INDICATES DATA IS MISSING.
T  INDICATES TRACE AMOUNT.




$$
