060
CDUS44 KOUN 100627
CLIOKC

CLIMATE REPORT
NATIONAL WEATHER SERVICE NORMAN OK
1225 AM CST WED FEB 10 2016


...................................

...THE OKLAHOMA CITY CLIMATE SUMMARY FOR FEBRUARY 9 2016...

CLIMATE NORMAL PERIOD 1981 TO 2010
CLIMATE RECORD PERIOD 1890 TO 2016


WEATHER ITEM   OBSERVED TIME   RECORD YEAR NORMAL DEPARTURE LAST
                VALUE   (LST)  VALUE       VALUE  FROM      YEAR
                                                  NORMAL
..................................................................
TEMPERATURE (F)
 YESTERDAY
  MAXIMUM         52    219 PM  84    1932  53     -1       70
  MINIMUM         28   1202 AM  -3    1979  31     -3       41
  AVERAGE         40                        42     -2       56

PRECIPITATION (IN)
  YESTERDAY        0.00          2.10 1898   0.06  -0.06     0.00
  MONTH TO DATE    0.26                      0.46  -0.20     0.04
  SINCE JAN 1      0.37                      1.85  -1.48     1.84

SNOWFALL (IN)
  YESTERDAY        0.0           5.9  2011   0.1   -0.1      0.0
  MONTH TO DATE    0.0                       0.6   -0.6      0.0
  SINCE JUL 1      1.2                       5.9   -4.7      6.0
  SNOW DEPTH       0

DEGREE DAYS
 HEATING
  YESTERDAY       25                        23      2        9
  MONTH TO DATE  210                       212     -2      195
  SINCE JUL 1   2098                      2365   -267     2254
..................................................................


WIND (MPH)
  HIGHEST WIND SPEED    28   HIGHEST WIND DIRECTION     N (360)
  HIGHEST GUST SPEED    34   HIGHEST GUST DIRECTION     N (350)
  AVERAGE WIND SPEED    10.6


SKY COVER
  AVERAGE SKY COVER 0.3


WEATHER CONDITIONS
 THE FOLLOWING WEATHER WAS RECORDED YESTERDAY.
  NO SIGNIFICANT WEATHER WAS OBSERVED.


RELATIVE HUMIDITY (PERCENT)
 HIGHEST    58          1200 AM
 LOWEST     22           900 AM
 AVERAGE    40

..........................................................


THE OKLAHOMA CITY CLIMATE NORMALS FOR TODAY
                         NORMAL    RECORD    YEAR
 MAXIMUM TEMPERATURE (F)   53        79      1922
 MINIMUM TEMPERATURE (F)   32        -5      2011


SUNRISE AND SUNSET
FEBRUARY 10 2016......SUNRISE   722 AM CST   SUNSET   607 PM CST
FEBRUARY 11 2016......SUNRISE   721 AM CST   SUNSET   608 PM CST


-  INDICATES NEGATIVE NUMBERS.
R  INDICATES RECORD WAS SET OR TIED.
MM INDICATES DATA IS MISSING.
T  INDICATES TRACE AMOUNT.




$$
