000
CDUS44 KOUN 272211
CLIOKC

CLIMATE REPORT
NATIONAL WEATHER SERVICE NORMAN OK
510 PM CDT MON JUL 27 2015


...................................

...THE OKLAHOMA CITY CLIMATE SUMMARY FOR JULY 27 2015...
VALID TODAY AS OF 0500 PM LOCAL TIME.

CLIMATE NORMAL PERIOD 1981 TO 2010
CLIMATE RECORD PERIOD 1890 TO 2015


WEATHER ITEM   OBSERVED TIME   RECORD YEAR NORMAL DEPARTURE LAST
                VALUE   (LST)  VALUE       VALUE  FROM      YEAR
                                                  NORMAL
..................................................................
TEMPERATURE (F)
 TODAY
  MAXIMUM         95    331 PM 107    2011  95      0       96
  MINIMUM         71    443 AM  59    2004  73     -2       71
                                      1994
  AVERAGE         83                        84     -1       84

PRECIPITATION (IN)
  TODAY            0.00          5.60 1981   0.09  -0.09     0.00
  MONTH TO DATE    7.22                      2.57   4.65     2.44
  SINCE JAN 1     41.65                     21.25  20.40    18.17

DEGREE DAYS
 COOLING
  TODAY           18                        19     -1       19
  MONTH TO DATE  445                       486    -41      403
  SINCE JAN 1   1049                      1126    -77     1093
..................................................................


WIND (MPH)
  HIGHEST WIND SPEED    18   HIGHEST WIND DIRECTION     S (160)
  HIGHEST GUST SPEED    24   HIGHEST GUST DIRECTION    SE (150)
  AVERAGE WIND SPEED     8.6


SKY COVER
  AVERAGE SKY COVER 0.3


WEATHER CONDITIONS
 THE FOLLOWING WEATHER WAS RECORDED TODAY.
  NO SIGNIFICANT WEATHER WAS OBSERVED.


RELATIVE HUMIDITY (PERCENT)
 HIGHEST    93           400 AM
 LOWEST     46          1200 PM
 AVERAGE    70

..........................................................


THE OKLAHOMA CITY CLIMATE NORMALS FOR TOMORROW
                         NORMAL    RECORD    YEAR
 MAXIMUM TEMPERATURE (F)   95       108      1986
 MINIMUM TEMPERATURE (F)   73        58      1994


SUNRISE AND SUNSET
JULY 27 2015..........SUNRISE   635 AM CDT   SUNSET   838 PM CDT
JULY 28 2015..........SUNRISE   636 AM CDT   SUNSET   838 PM CDT


-  INDICATES NEGATIVE NUMBERS.
R  INDICATES RECORD WAS SET OR TIED.
MM INDICATES DATA IS MISSING.
T  INDICATES TRACE AMOUNT.




$$
