000
CDUS45 KGGW 201333
CLIOLF


CLIMATE REPORT
NATIONAL WEATHER SERVICE GLASGOW MT
632 AM MST MON NOV 20 2017


...................................

...THE WOLF POINT MT CLIMATE SUMMARY FOR NOVEMBER 20 2017...
VALID AS OF 0600 AM LOCAL TIME.

CLIMATE NORMAL PERIOD 1981 TO 2010
CLIMATE RECORD PERIOD 9999 TO 9999


WEATHER ITEM   OBSERVED RECORD YEAR NORMAL DEPARTURE
                VALUE   VALUE       VALUE  FROM
                                           NORMAL
........................................................
TEMPERATURE (F)
 TODAY
  MAXIMUM         34     MM      MM  38
  MINIMUM         25     MM      MM  13
  AVERAGE         30

PRECIPITATION (IN)
  TODAY            0.00  MM      MM   0.01  -0.01
  MONTH TO DATE    0.11               0.29  -0.18
  SINCE OCT 1      0.58               1.10  -0.52
  SINCE JAN 1      4.30              11.78  -7.48

SNOWFALL (IN)
  TODAY            0.0   MM      MM  MM
  MONTH TO DATE    0.0               MM
  SINCE SEP 1      0.0               MM
  SINCE JUL 1      0.0               MM

DEGREE DAYS
 HEATING
  TODAY           35

 COOLING
  TODAY            0
........................................................







THE WOLF POINT MT CLIMATE NORMALS FOR TOMORROW
                         NORMAL    RECORD    YEAR
 MAXIMUM TEMPERATURE (F)   37        MM        MM
 MINIMUM TEMPERATURE (F)   12        MM        MM


SUNRISE AND SUNSET
NOVEMBER 20 2017......SUNRISE   717 AM MST   SUNSET   419 PM MST
NOVEMBER 21 2017......SUNRISE   718 AM MST   SUNSET   418 PM MST


-  INDICATES NEGATIVE NUMBERS.
R  INDICATES RECORD WAS SET OR TIED.
MM INDICATES DATA IS MISSING.
T  INDICATES TRACE AMOUNT.




$$
