000
CDUS45 KGGW 300741
CLIOLF


CLIMATE REPORT
NATIONAL WEATHER SERVICE GLASGOW MT
140 AM MDT TUE SEP 30 2014


...................................

...THE WOLF POINT MT CLIMATE SUMMARY FOR SEPTEMBER 29 2014...

CLIMATE NORMAL PERIOD 1981 TO 2010
CLIMATE RECORD PERIOD 9999 TO 9999


WEATHER ITEM   OBSERVED RECORD YEAR NORMAL DEPARTURE
                VALUE   VALUE       VALUE  FROM
                                           NORMAL
........................................................
TEMPERATURE (F)
 YESTERDAY
  MAXIMUM         54     MM      MM  67
  MINIMUM         47     MM      MM  35
  AVERAGE         51

PRECIPITATION (IN)
  YESTERDAY        0.08  MM      MM   0.03   0.05
  MONTH TO DATE    0.27               0.98  -0.71
  SINCE OCT 1     13.26              12.15   1.11
  SINCE JAN 1     12.70              10.65   2.05

SNOWFALL (IN)
  YESTERDAY       MM     MM      MM  MM
  MONTH TO DATE    0.0               MM
  SINCE SEP 1      0.0               MM
  SINCE JUL 1      0.0               MM

DEGREE DAYS
 HEATING
  YESTERDAY       14

 COOLING
  YESTERDAY        0
........................................................







THE WOLF POINT MT CLIMATE NORMALS FOR TODAY
                         NORMAL    RECORD    YEAR
 MAXIMUM TEMPERATURE (F)   67        MM        MM
 MINIMUM TEMPERATURE (F)   35        MM        MM


SUNRISE AND SUNSET
SEPTEMBER 30 2014.....SUNRISE   700 AM MDT   SUNSET   643 PM MDT
OCTOBER  1 2014.......SUNRISE   702 AM MDT   SUNSET   641 PM MDT


-  INDICATES NEGATIVE NUMBERS.
R  INDICATES RECORD WAS SET OR TIED.
MM INDICATES DATA IS MISSING.
T  INDICATES TRACE AMOUNT.




$$
