000
CDUS46 KSEW 030120
CLIOLM


CLIMATE REPORT
NATIONAL WEATHER SERVICE SEATTLE WA
620 PM PDT TUE SEP 2 2014


...................................

...THE OLYMPIA WA AIRPORT CLIMATE SUMMARY FOR SEPTEMBER 2 2014...
VALID TODAY AS OF 0600 PM LOCAL TIME.

CLIMATE NORMAL PERIOD 1981 TO 2010
CLIMATE RECORD PERIOD 1948 TO 2014


WEATHER ITEM   OBSERVED TIME   RECORD YEAR NORMAL DEPARTURE LAST
                VALUE   (LST)  VALUE       VALUE  FROM      YEAR
                                                  NORMAL
..................................................................
TEMPERATURE (F)
 TODAY
  MAXIMUM         72   1203 PM  98    1988  76     -4       80
  MINIMUM         50    142 AM  36    1973  49      1       57
                                      1960
  AVERAGE         61                        62     -1       69

PRECIPITATION (IN)
  TODAY            T             0.52 1979   0.05  -0.05     0.01
  MONTH TO DATE    T                         0.09  -0.09     0.01
  SINCE OCT 1     41.25                     48.38  -7.13    50.23
  SINCE JAN 1     32.41                     27.69   4.72    23.27

DEGREE DAYS
 HEATING
  TODAY            4                         4      0        0
  MONTH TO DATE    6                         7     -1        0
  SINCE SEP 1      6                         7     -1        0
  SINCE JUL 1     59                       157    -98       77

 COOLING
  TODAY            0                         1     -1        4
  MONTH TO DATE    0                         2     -2        7
  SINCE SEP 1      0                         2     -2        7
  SINCE JAN 1    181                       101     80      128
..................................................................


WIND (MPH)
  RESULTANT WIND SPEED   5   RESULTANT WIND DIRECTION  SW (210)
  HIGHEST WIND SPEED    20   HIGHEST WIND DIRECTION    SW (240)
  HIGHEST GUST SPEED    26   HIGHEST GUST DIRECTION    SW (220)
  AVERAGE WIND SPEED     6.0


SKY COVER
  AVERAGE SKY COVER 0.8


WEATHER CONDITIONS
 THE FOLLOWING WEATHER WAS RECORDED TODAY.
  LIGHT RAIN
  FOG


RELATIVE HUMIDITY (PERCENT)
 HIGHEST   100           100 AM
 LOWEST     47          1200 PM
 AVERAGE    74

..........................................................


THE OLYMPIA WA AIRPORT CLIMATE NORMALS FOR TOMORROW
                         NORMAL    RECORD    YEAR
 MAXIMUM TEMPERATURE (F)   75        91      2003
                                             1972
 MINIMUM TEMPERATURE (F)   48        36      1956


SUNRISE AND SUNSET
SEPTEMBER  2 2014.....SUNRISE   632 AM PDT   SUNSET   749 PM PDT
SEPTEMBER  3 2014.....SUNRISE   634 AM PDT   SUNSET   747 PM PDT


-  INDICATES NEGATIVE NUMBERS.
R  INDICATES RECORD WAS SET OR TIED.
MM INDICATES DATA IS MISSING.
T  INDICATES TRACE AMOUNT.




$$
