209
CDUS46 KSEW 050834
CLIOLM


CLIMATE REPORT
NATIONAL WEATHER SERVICE SEATTLE WA
1234 AM PST FRI FEB 5 2016


...................................

...THE OLYMPIA WA AIRPORT CLIMATE SUMMARY FOR FEBRUARY 4 2016...

CLIMATE NORMAL PERIOD 1981 TO 2010
CLIMATE RECORD PERIOD 1948 TO 2016


WEATHER ITEM   OBSERVED TIME   RECORD YEAR NORMAL DEPARTURE LAST
                VALUE   (LST)  VALUE       VALUE  FROM      YEAR
                                                  NORMAL
..................................................................
TEMPERATURE (F)
 YESTERDAY
  MAXIMUM         48    830 PM  60    2009  48      0       49
  MINIMUM         42    457 AM  10    1989  33      9       40
  AVERAGE         45                        40      5       45

PRECIPITATION (IN)
  YESTERDAY        0.32          1.00 1965   0.20   0.12     0.47
  MONTH TO DATE    0.77                      0.80  -0.03     1.02
  SINCE OCT 1     42.24                     29.33  12.91    26.73
  SINCE JAN 1      9.24                      8.64   0.60     7.70

DEGREE DAYS
 HEATING
  YESTERDAY       20                        24     -4       20
  MONTH TO DATE   98                        97      1       80
  SINCE DEC 1   1604                      1703    -99     1489
  SINCE JUL 1   2880                      3148   -268     2588

 COOLING
  YESTERDAY        0                         0      0        0
  MONTH TO DATE    0                         0      0        0
  SINCE DEC 1      0                         0      0        0
  SINCE JAN 1      0                         0      0        0
..................................................................


WIND (MPH)
  RESULTANT WIND SPEED   5   RESULTANT WIND DIRECTION   S (200)
  HIGHEST WIND SPEED    15   HIGHEST WIND DIRECTION     S (200)
  HIGHEST GUST SPEED    18   HIGHEST GUST DIRECTION    SW (210)
  AVERAGE WIND SPEED     5.9


SKY COVER
  AVERAGE SKY COVER 0.8


WEATHER CONDITIONS
 THE FOLLOWING WEATHER WAS RECORDED YESTERDAY.
  LIGHT RAIN
  FOG


RELATIVE HUMIDITY (PERCENT)
 HIGHEST   100           900 PM
 LOWEST     86           700 PM
 AVERAGE    93

..........................................................


THE OLYMPIA WA AIRPORT CLIMATE NORMALS FOR TODAY
                         NORMAL    RECORD    YEAR
 MAXIMUM TEMPERATURE (F)   48        62      1961
 MINIMUM TEMPERATURE (F)   33         2      1989


SUNRISE AND SUNSET
FEBRUARY  5 2016......SUNRISE   732 AM PST   SUNSET   520 PM PST
FEBRUARY  6 2016......SUNRISE   730 AM PST   SUNSET   522 PM PST


-  INDICATES NEGATIVE NUMBERS.
R  INDICATES RECORD WAS SET OR TIED.
MM INDICATES DATA IS MISSING.
T  INDICATES TRACE AMOUNT.




$$
