000
CDUS46 KSEW 220836
CLIOLM


CLIMATE REPORT
NATIONAL WEATHER SERVICE SEATTLE WA
135 AM PDT TUE JUL 22 2014


...................................

...THE OLYMPIA WA AIRPORT CLIMATE SUMMARY FOR JULY 21 2014...

CLIMATE NORMAL PERIOD 1981 TO 2010
CLIMATE RECORD PERIOD 1948 TO 2014


WEATHER ITEM   OBSERVED TIME   RECORD YEAR NORMAL DEPARTURE LAST
                VALUE   (LST)  VALUE       VALUE  FROM      YEAR
                                                  NORMAL
..................................................................
TEMPERATURE (F)
 YESTERDAY
  MAXIMUM         74    529 PM 101    2006  78     -4       77
  MINIMUM         43    408 AM  40    1966  51     -8       52
  AVERAGE         59                        65     -6       65

PRECIPITATION (IN)
  YESTERDAY        0.00          0.45 1963   0.02  -0.02     0.00
  MONTH TO DATE    T                         0.49  -0.49      T
  SINCE OCT 1     39.53                     47.21  -7.68    48.38
  SINCE JAN 1     30.69                     26.52   4.17    21.42

DEGREE DAYS
 HEATING
  YESTERDAY        6                         2      4        0
  MONTH TO DATE   16                        60    -44       44
  SINCE JUN 1    171                       248    -77      180
  SINCE JUL 1     16                        60    -44       44

 COOLING
  YESTERDAY        0                         2     -2        0
  MONTH TO DATE   73                        26     47       21
  SINCE JUN 1     74                        37     37       47
  SINCE JAN 1     75                        40     35       49
..................................................................


WIND (MPH)
  RESULTANT WIND SPEED   1   RESULTANT WIND DIRECTION  NW (300)
  HIGHEST WIND SPEED    13   HIGHEST WIND DIRECTION     W (290)
  HIGHEST GUST SPEED    20   HIGHEST GUST DIRECTION     W (250)
  AVERAGE WIND SPEED     2.9


SKY COVER
  AVERAGE SKY COVER 0.2


WEATHER CONDITIONS
 THE FOLLOWING WEATHER WAS RECORDED YESTERDAY.
  FOG
  FOG W/VISIBILITY <= 1/4 MILE


RELATIVE HUMIDITY (PERCENT)
 HIGHEST   100           200 AM
 LOWEST     41           300 PM
 AVERAGE    71

..........................................................


THE OLYMPIA WA AIRPORT CLIMATE NORMALS FOR TODAY
                         NORMAL    RECORD    YEAR
 MAXIMUM TEMPERATURE (F)   78        99      2006
                                             1978
 MINIMUM TEMPERATURE (F)   51        41      1982


SUNRISE AND SUNSET
JULY 22 2014..........SUNRISE   539 AM PDT   SUNSET   856 PM PDT
JULY 23 2014..........SUNRISE   541 AM PDT   SUNSET   855 PM PDT


-  INDICATES NEGATIVE NUMBERS.
R  INDICATES RECORD WAS SET OR TIED.
MM INDICATES DATA IS MISSING.
T  INDICATES TRACE AMOUNT.




$$
