000
CDUS46 KSEW 080834
CLIOLM


CLIMATE REPORT
NATIONAL WEATHER SERVICE SEATTLE WA
1234 AM PST THU DEC 8 2016


...................................

...THE OLYMPIA WA AIRPORT CLIMATE SUMMARY FOR DECEMBER 7 2016...

CLIMATE NORMAL PERIOD 1981 TO 2010
CLIMATE RECORD PERIOD 1948 TO 2016


WEATHER ITEM   OBSERVED TIME   RECORD YEAR NORMAL DEPARTURE LAST
                VALUE   (LST)  VALUE       VALUE  FROM      YEAR
                                                  NORMAL
..................................................................
TEMPERATURE (F)
 YESTERDAY
  MAXIMUM         39    201 PM  58    1962  45     -6       53
  MINIMUM         19    722 AM   5    1972  33    -14       47
  AVERAGE         29                        39    -10       50

PRECIPITATION (IN)
  YESTERDAY        0.00          1.13 1998   0.27  -0.27     1.00
  MONTH TO DATE    1.09                      1.94  -0.85     3.20
  SINCE OCT 1     22.80                     15.17   7.63    21.70
  SINCE JAN 1     52.17                     44.48   7.69    46.22

DEGREE DAYS
 HEATING
  YESTERDAY       36                        26     10       15
  MONTH TO DATE  191                       180     11      135
  SINCE DEC 1    191                       180     11      135
  SINCE JUL 1   1388                      1625   -237     1411

 COOLING
  YESTERDAY        0                         0      0        0
  MONTH TO DATE    0                         0      0        0
  SINCE DEC 1      0                         0      0        0
  SINCE JAN 1    145                       106     39      264
..................................................................


WIND (MPH)
  RESULTANT WIND SPEED   5   RESULTANT WIND DIRECTION  NE (40)
  HIGHEST WIND SPEED    15   HIGHEST WIND DIRECTION     N (20)
  HIGHEST GUST SPEED    20   HIGHEST GUST DIRECTION     N (20)
  AVERAGE WIND SPEED     5.6


SKY COVER
  AVERAGE SKY COVER 0.0


WEATHER CONDITIONS
 THE FOLLOWING WEATHER WAS RECORDED YESTERDAY.
  FOG


RELATIVE HUMIDITY (PERCENT)
 HIGHEST   100          1200 AM
 LOWEST     54           200 PM
 AVERAGE    77

..........................................................


THE OLYMPIA WA AIRPORT CLIMATE NORMALS FOR TODAY
                         NORMAL    RECORD    YEAR
 MAXIMUM TEMPERATURE (F)   45        60      1957
 MINIMUM TEMPERATURE (F)   33        -3      1972


SUNRISE AND SUNSET
DECEMBER  8 2016......SUNRISE   745 AM PST   SUNSET   423 PM PST
DECEMBER  9 2016......SUNRISE   746 AM PST   SUNSET   423 PM PST


-  INDICATES NEGATIVE NUMBERS.
R  INDICATES RECORD WAS SET OR TIED.
MM INDICATES DATA IS MISSING.
T  INDICATES TRACE AMOUNT.




$$
