000
CDUS46 KSEW 280826
CLIOLM


CLIMATE REPORT
NATIONAL WEATHER SERVICE SEATTLE WA
126 AM PDT TUE JUL 28 2015


...................................

...THE OLYMPIA WA AIRPORT CLIMATE SUMMARY FOR JULY 27 2015...

CLIMATE NORMAL PERIOD 1981 TO 2010
CLIMATE RECORD PERIOD 1948 TO 2015


WEATHER ITEM   OBSERVED TIME   RECORD YEAR NORMAL DEPARTURE LAST
                VALUE   (LST)  VALUE       VALUE  FROM      YEAR
                                                  NORMAL
..................................................................
TEMPERATURE (F)
 YESTERDAY
  MAXIMUM         75    538 PM  99    1998  78     -3       84
                                      1958
  MINIMUM         47    542 AM  41    1986  52     -5       50
  AVERAGE         61                        65     -4       67

PRECIPITATION (IN)
  YESTERDAY        0.00          0.29 1950   0.02  -0.02     0.00
  MONTH TO DATE    0.15                      0.58  -0.43     0.27
  SINCE OCT 1     39.81                     47.30  -7.49    39.80
  SINCE JAN 1     20.78                     26.61  -5.83    30.96

DEGREE DAYS
 HEATING
  YESTERDAY        4                         2      2        0
  MONTH TO DATE   17                        72    -55       33
  SINCE JUN 1     80                       260   -180      188
  SINCE JUL 1     17                        72    -55       33

 COOLING
  YESTERDAY        0                         2     -2        2
  MONTH TO DATE   96                        38     58       75
  SINCE JUN 1    168                        49    119       76
  SINCE JAN 1    169                        52    117       77
..................................................................


WIND (MPH)
  RESULTANT WIND SPEED   0   RESULTANT WIND DIRECTION   W (260)
  HIGHEST WIND SPEED    13   HIGHEST WIND DIRECTION    NW (320)
  HIGHEST GUST SPEED    17   HIGHEST GUST DIRECTION    NW (310)
  AVERAGE WIND SPEED     2.9


SKY COVER
  AVERAGE SKY COVER 0.5


WEATHER CONDITIONS
 THE FOLLOWING WEATHER WAS RECORDED YESTERDAY.
  FOG


RELATIVE HUMIDITY (PERCENT)
 HIGHEST   100           200 AM
 LOWEST     41           200 PM
 AVERAGE    71

..........................................................


THE OLYMPIA WA AIRPORT CLIMATE NORMALS FOR TODAY
                         NORMAL    RECORD    YEAR
 MAXIMUM TEMPERATURE (F)   79       101      2009
 MINIMUM TEMPERATURE (F)   52        40      1976


SUNRISE AND SUNSET
JULY 28 2015..........SUNRISE   546 AM PDT   SUNSET   849 PM PDT
JULY 29 2015..........SUNRISE   547 AM PDT   SUNSET   848 PM PDT


-  INDICATES NEGATIVE NUMBERS.
R  INDICATES RECORD WAS SET OR TIED.
MM INDICATES DATA IS MISSING.
T  INDICATES TRACE AMOUNT.




$$
