000
CDUS46 KSEW 270833
CLIOLM


CLIMATE REPORT
NATIONAL WEATHER SERVICE SEATTLE WA
133 AM PDT MON MAR 27 2017


...................................

...THE OLYMPIA WA AIRPORT CLIMATE SUMMARY FOR MARCH 26 2017...

CLIMATE NORMAL PERIOD 1981 TO 2010
CLIMATE RECORD PERIOD 1948 TO 2017


WEATHER ITEM   OBSERVED TIME   RECORD YEAR NORMAL DEPARTURE LAST
                VALUE   (LST)  VALUE       VALUE  FROM      YEAR
                                                  NORMAL
..................................................................
TEMPERATURE (F)
 YESTERDAY
  MAXIMUM         48    513 PM  76    1969  56     -8       60
  MINIMUM         40    534 AM  24    1975  36      4       37
  AVERAGE         44                        46     -2       49

PRECIPITATION (IN)
  YESTERDAY        0.55          2.01 2005   0.16   0.39     0.18
  MONTH TO DATE    9.92                      4.52   5.40     8.47
  SINCE OCT 1     51.02                     38.32  12.70    56.61
  SINCE JAN 1     22.92                     17.63   5.29    23.61

DEGREE DAYS
 HEATING
  YESTERDAY       21                        19      2       16
  MONTH TO DATE  545                       541      4      492
  SINCE MAR 1    545                       541      4      492
  SINCE JUL 1   4273                      4263     10     3850

 COOLING
  YESTERDAY        0                         0      0        0
  MONTH TO DATE    0                         0      0        0
  SINCE MAR 1      0                         0      0        0
  SINCE JAN 1      0                         0      0        0
..................................................................


WIND (MPH)
  RESULTANT WIND SPEED   3   RESULTANT WIND DIRECTION   S (180)
  HIGHEST WIND SPEED    12   HIGHEST WIND DIRECTION     S (190)
  HIGHEST GUST SPEED    17   HIGHEST GUST DIRECTION    SW (210)
  AVERAGE WIND SPEED     3.9


SKY COVER
  AVERAGE SKY COVER 1.0


WEATHER CONDITIONS
 THE FOLLOWING WEATHER WAS RECORDED YESTERDAY.
  RAIN
  LIGHT RAIN
  FOG


RELATIVE HUMIDITY (PERCENT)
 HIGHEST   100           300 AM
 LOWEST     86           500 PM
 AVERAGE    93

..........................................................


THE OLYMPIA WA AIRPORT CLIMATE NORMALS FOR TODAY
                         NORMAL    RECORD    YEAR
 MAXIMUM TEMPERATURE (F)   56        75      1994
 MINIMUM TEMPERATURE (F)   36        20      1975


SUNRISE AND SUNSET
MARCH 27 2017.........SUNRISE   700 AM PDT   SUNSET   735 PM PDT
MARCH 28 2017.........SUNRISE   658 AM PDT   SUNSET   736 PM PDT


-  INDICATES NEGATIVE NUMBERS.
R  INDICATES RECORD WAS SET OR TIED.
MM INDICATES DATA IS MISSING.
T  INDICATES TRACE AMOUNT.




$$
