000
CDUS46 KSEW 220832
CLIOLM


CLIMATE REPORT
NATIONAL WEATHER SERVICE SEATTLE WA
132 AM PDT FRI MAY 22 2015


...................................

...THE OLYMPIA WA AIRPORT CLIMATE SUMMARY FOR MAY 21 2015...

CLIMATE NORMAL PERIOD 1981 TO 2010
CLIMATE RECORD PERIOD 1948 TO 2015


WEATHER ITEM   OBSERVED TIME   RECORD YEAR NORMAL DEPARTURE LAST
                VALUE   (LST)  VALUE       VALUE  FROM      YEAR
                                                  NORMAL
..................................................................
TEMPERATURE (F)
 YESTERDAY
  MAXIMUM         80    247 PM  89    1963  66     14       71
  MINIMUM         47    317 AM  32    1976  44      3       44
                                      1973
  AVERAGE         64                        55      9       58

PRECIPITATION (IN)
  YESTERDAY        0.00          0.57 1990   0.07  -0.07     0.00
  MONTH TO DATE    0.65                      1.61  -0.96     2.75
  SINCE OCT 1     39.50                     44.24  -4.74    38.06
  SINCE JAN 1     20.47                     23.55  -3.08    29.22

DEGREE DAYS
 HEATING
  YESTERDAY        1                        10     -9        7
  MONTH TO DATE  203                       249    -46      183
  SINCE MAR 1   1215                      1386   -171     1215
  SINCE JUL 1   4250                      5108   -858     4998

 COOLING
  YESTERDAY        0                         0      0        0
  MONTH TO DATE    0                         0      0        1
  SINCE MAR 1      0                         0      0        1
  SINCE JAN 1      0                         0      0        1
..................................................................


WIND (MPH)
  RESULTANT WIND SPEED   3   RESULTANT WIND DIRECTION   S (190)
  HIGHEST WIND SPEED    13   HIGHEST WIND DIRECTION    SW (220)
  HIGHEST GUST SPEED    18   HIGHEST GUST DIRECTION     W (260)
  AVERAGE WIND SPEED     3.8


SKY COVER
  AVERAGE SKY COVER 0.3


WEATHER CONDITIONS
 THE FOLLOWING WEATHER WAS RECORDED YESTERDAY.
  FOG
  FOG W/VISIBILITY <= 1/4 MILE


RELATIVE HUMIDITY (PERCENT)
 HIGHEST    96           200 AM
 LOWEST     42           200 PM
 AVERAGE    69

..........................................................


THE OLYMPIA WA AIRPORT CLIMATE NORMALS FOR TODAY
                         NORMAL    RECORD    YEAR
 MAXIMUM TEMPERATURE (F)   67        91      2001
 MINIMUM TEMPERATURE (F)   44        31      1960


SUNRISE AND SUNSET
MAY 22 2015...........SUNRISE   529 AM PDT   SUNSET   848 PM PDT
MAY 23 2015...........SUNRISE   528 AM PDT   SUNSET   850 PM PDT


-  INDICATES NEGATIVE NUMBERS.
R  INDICATES RECORD WAS SET OR TIED.
MM INDICATES DATA IS MISSING.
T  INDICATES TRACE AMOUNT.




$$
