000
CDUS46 KSEW 310834
CLIOLM


CLIMATE REPORT
NATIONAL WEATHER SERVICE SEATTLE WA
134 AM PDT WED AUG 31 2016


...................................

...THE OLYMPIA WA AIRPORT CLIMATE SUMMARY FOR AUGUST 30 2016...

CLIMATE NORMAL PERIOD 1981 TO 2010
CLIMATE RECORD PERIOD 1948 TO 2016


WEATHER ITEM   OBSERVED TIME   RECORD YEAR NORMAL DEPARTURE LAST
                VALUE   (LST)  VALUE       VALUE  FROM      YEAR
                                                  NORMAL
..................................................................
TEMPERATURE (F)
 YESTERDAY
  MAXIMUM         71        MM  90    1987  76     -5       67
  MINIMUM         52        MM  36    1977  49      3       54
  AVERAGE         62                        63     -1       61

PRECIPITATION (IN)
  YESTERDAY        0.00          0.82 1990   0.05  -0.05     0.49
  MONTH TO DATE    0.21                      0.89  -0.68     2.81
  SINCE OCT 1     60.45                     48.24  12.21    42.62
  SINCE JAN 1     27.45                     27.55  -0.10    23.59

DEGREE DAYS
 HEATING
  YESTERDAY        3                         3      0        4
  MONTH TO DATE   47                        66    -19       27
  SINCE JUN 1    271                       334    -63      107
  SINCE JUL 1    105                       146    -41       44

 COOLING
  YESTERDAY        0                         1     -1        0
  MONTH TO DATE   73                        46     27       71
  SINCE JUN 1    144                       100     44      261
  SINCE JAN 1    145                       103     42      262
..................................................................


WIND (MPH)
  RESULTANT WIND SPEED   4   RESULTANT WIND DIRECTION  SW (210)
  HIGHEST WIND SPEED    16   HIGHEST WIND DIRECTION     S (170)
  HIGHEST GUST SPEED    21   HIGHEST GUST DIRECTION     S (160)
  AVERAGE WIND SPEED     5.8


SKY COVER
  AVERAGE SKY COVER 0.6


WEATHER CONDITIONS
 THE FOLLOWING WEATHER WAS RECORDED YESTERDAY.
  NO SIGNIFICANT WEATHER WAS OBSERVED.


RELATIVE HUMIDITY (PERCENT)
 HIGHEST    93          1100 PM
 LOWEST     53           400 PM
 AVERAGE    73

..........................................................


THE OLYMPIA WA AIRPORT CLIMATE NORMALS FOR TODAY
                         NORMAL    RECORD    YEAR
 MAXIMUM TEMPERATURE (F)   76        94      1987
 MINIMUM TEMPERATURE (F)   49        38      1973
                                             1964


SUNRISE AND SUNSET
AUGUST 31 2016........SUNRISE   631 AM PDT   SUNSET   752 PM PDT
SEPTEMBER  1 2016.....SUNRISE   632 AM PDT   SUNSET   750 PM PDT


-  INDICATES NEGATIVE NUMBERS.
R  INDICATES RECORD WAS SET OR TIED.
MM INDICATES DATA IS MISSING.
T  INDICATES TRACE AMOUNT.




$$
