000
CDUS46 KSEW 020122
CLIOLM


CLIMATE REPORT
NATIONAL WEATHER SERVICE SEATTLE WA
621 PM PDT WED JUL 1 2015


...................................

...THE OLYMPIA WA AIRPORT CLIMATE SUMMARY FOR JULY 1 2015...
VALID TODAY AS OF 0600 PM LOCAL TIME.

CLIMATE NORMAL PERIOD 1981 TO 2010
CLIMATE RECORD PERIOD 1948 TO 2015


WEATHER ITEM   OBSERVED TIME   RECORD YEAR NORMAL DEPARTURE LAST
                VALUE   (LST)  VALUE       VALUE  FROM      YEAR
                                                  NORMAL
..................................................................
TEMPERATURE (F)
 TODAY
  MAXIMUM         92    411 PM  94    2014  74     18       94
  MINIMUM         51    432 AM  38    1971  49      2       49
  AVERAGE         72                        62     10       72

PRECIPITATION (IN)
  TODAY            0.00          1.30 1979   0.03  -0.03     0.00
  MONTH TO DATE    0.00                      0.03  -0.03     0.00
  SINCE OCT 1     39.66                     46.75  -7.09    39.53
  SINCE JAN 1     20.63                     26.06  -5.43    30.69

DEGREE DAYS
 HEATING
  TODAY            0                         4     -4        0
  MONTH TO DATE    0                         4     -4        0
  SINCE JUN 1     63                       192   -129      155
  SINCE JUL 1      0                         4     -4        0

 COOLING
  TODAY            7                         1      6        7
  MONTH TO DATE    7                         1      6        7
  SINCE JUN 1     79                        12     67        8
  SINCE JAN 1     80                        15     65        9
..................................................................


WIND (MPH)
  RESULTANT WIND SPEED   5   RESULTANT WIND DIRECTION  NE (40)
  HIGHEST WIND SPEED    14   HIGHEST WIND DIRECTION     N (10)
  HIGHEST GUST SPEED    18   HIGHEST GUST DIRECTION     N (20)
  AVERAGE WIND SPEED     5.7


SKY COVER
  AVERAGE SKY COVER 0.0


WEATHER CONDITIONS
 THE FOLLOWING WEATHER WAS RECORDED TODAY.
  NO SIGNIFICANT WEATHER WAS OBSERVED.


RELATIVE HUMIDITY (PERCENT)
 HIGHEST    89           300 AM
 LOWEST     23           400 PM
 AVERAGE    56

..........................................................


THE OLYMPIA WA AIRPORT CLIMATE NORMALS FOR TOMORROW
                         NORMAL    RECORD    YEAR
 MAXIMUM TEMPERATURE (F)   74        93      1968
 MINIMUM TEMPERATURE (F)   50        36      1962


SUNRISE AND SUNSET
JULY  1 2015..........SUNRISE   521 AM PDT   SUNSET   910 PM PDT
JULY  2 2015..........SUNRISE   521 AM PDT   SUNSET   910 PM PDT


-  INDICATES NEGATIVE NUMBERS.
R  INDICATES RECORD WAS SET OR TIED.
MM INDICATES DATA IS MISSING.
T  INDICATES TRACE AMOUNT.




$$
