000
CDUS46 KSEW 190121
CLIOLM


CLIMATE REPORT
NATIONAL WEATHER SERVICE SEATTLE WA
520 PM PST SUN FEB 18 2018


...................................

...THE OLYMPIA WA AIRPORT CLIMATE SUMMARY FOR FEBRUARY 18 2018...
VALID TODAY AS OF 0500 PM LOCAL TIME.

CLIMATE NORMAL PERIOD 1981 TO 2010
CLIMATE RECORD PERIOD 1948 TO 2018


WEATHER ITEM   OBSERVED TIME   RECORD YEAR NORMAL DEPARTURE LAST
                VALUE   (LST)  VALUE       VALUE  FROM      YEAR
                                                  NORMAL
..................................................................
TEMPERATURE (F)
 TODAY
  MAXIMUM         37    409 PM  63    1977  50    -13       46
                                      1958
  MINIMUM         32    724 AM  10    1990  33     -1       38
  AVERAGE         35                        41     -6       42

PRECIPITATION (IN)
  TODAY            0.21          2.08 1995   0.18   0.03     0.28
  MONTH TO DATE    2.45                      3.49  -1.04     7.71
  SINCE OCT 1     38.08                     32.02   6.06    39.63
  SINCE JAN 1     12.32                     11.33   0.99    11.53

DEGREE DAYS
 HEATING
  TODAY           30                        24      6       23
  MONTH TO DATE  399                       433    -34      445
  SINCE DEC 1   1947                      2039    -92     2273
  SINCE JUL 1   3249                      3484   -235     3470

 COOLING
  TODAY            0                         0      0        0
  MONTH TO DATE    0                         0      0        0
  SINCE DEC 1      0                         0      0        0
  SINCE JAN 1      0                         0      0        0
..................................................................


WIND (MPH)
  RESULTANT WIND SPEED   2   RESULTANT WIND DIRECTION  SE (130)
  HIGHEST WIND SPEED    22   HIGHEST WIND DIRECTION     N (20)
  HIGHEST GUST SPEED    29   HIGHEST GUST DIRECTION     N (10)
  AVERAGE WIND SPEED    10.1


SKY COVER
  AVERAGE SKY COVER 0.9


WEATHER CONDITIONS
 THE FOLLOWING WEATHER WAS RECORDED TODAY.
  LIGHT SNOW
  FOG


RELATIVE HUMIDITY (PERCENT)
 HIGHEST   100           300 AM
 LOWEST     59           400 PM
 AVERAGE    80

..........................................................


THE OLYMPIA WA AIRPORT CLIMATE NORMALS FOR TOMORROW
                         NORMAL    RECORD    YEAR
 MAXIMUM TEMPERATURE (F)   50        66      1977
 MINIMUM TEMPERATURE (F)   33        13      2006


SUNRISE AND SUNSET
FEBRUARY 18 2018......SUNRISE   711 AM PST   SUNSET   541 PM PST
FEBRUARY 19 2018......SUNRISE   709 AM PST   SUNSET   542 PM PST


-  INDICATES NEGATIVE NUMBERS.
R  INDICATES RECORD WAS SET OR TIED.
MM INDICATES DATA IS MISSING.
T  INDICATES TRACE AMOUNT.




$$
