000
CDUS46 KSEW 140120
CLIOLM


CLIMATE REPORT
NATIONAL WEATHER SERVICE SEATTLE WA
619 PM PDT SUN JUL 13 2014


...................................

...THE OLYMPIA WA AIRPORT CLIMATE SUMMARY FOR JULY 13 2014...
VALID TODAY AS OF 0600 PM LOCAL TIME.

CLIMATE NORMAL PERIOD 1981 TO 2010
CLIMATE RECORD PERIOD 1948 TO 2014


WEATHER ITEM   OBSERVED TIME   RECORD YEAR NORMAL DEPARTURE LAST
                VALUE   (LST)  VALUE       VALUE  FROM      YEAR
                                                  NORMAL
..................................................................
TEMPERATURE (F)
 TODAY
  MAXIMUM         87    146 PM  94    1961  77     10       77
  MINIMUM         55    537 AM  41    2013  51      4       41
  AVERAGE         71                        64      7       59

PRECIPITATION (IN)
  TODAY            0.00          0.37 1983   0.02  -0.02     0.00
  MONTH TO DATE    0.00                      0.35  -0.35      T
  SINCE OCT 1     39.53                     47.07  -7.54    48.38
  SINCE JAN 1     30.69                     26.38   4.31    21.42

DEGREE DAYS
 HEATING
  TODAY            0                         3     -3        6
  MONTH TO DATE    5                        43    -38       33
  SINCE JUN 1    160                       231    -71      169
  SINCE JUL 1      5                        43    -38       33

 COOLING
  TODAY            6                         1      5        0
  MONTH TO DATE   52                        13     39       19
  SINCE JUN 1     53                        24     29       45
  SINCE JAN 1     54                        27     27       47
..................................................................


WIND (MPH)
  RESULTANT WIND SPEED   2   RESULTANT WIND DIRECTION   E (70)
  HIGHEST WIND SPEED    10   HIGHEST WIND DIRECTION     E (70)
  HIGHEST GUST SPEED    15   HIGHEST GUST DIRECTION    NE (60)
  AVERAGE WIND SPEED     4.1


SKY COVER
  AVERAGE SKY COVER 0.0


WEATHER CONDITIONS
 THE FOLLOWING WEATHER WAS RECORDED TODAY.
  NO SIGNIFICANT WEATHER WAS OBSERVED.


RELATIVE HUMIDITY (PERCENT)
 HIGHEST    93           300 AM
 LOWEST     32           300 PM
 AVERAGE    63

..........................................................


THE OLYMPIA WA AIRPORT CLIMATE NORMALS FOR TOMORROW
                         NORMAL    RECORD    YEAR
 MAXIMUM TEMPERATURE (F)   77        95      1996
 MINIMUM TEMPERATURE (F)   51        39      1962


SUNRISE AND SUNSET
JULY 13 2014..........SUNRISE   530 AM PDT   SUNSET   904 PM PDT
JULY 14 2014..........SUNRISE   531 AM PDT   SUNSET   903 PM PDT


-  INDICATES NEGATIVE NUMBERS.
R  INDICATES RECORD WAS SET OR TIED.
MM INDICATES DATA IS MISSING.
T  INDICATES TRACE AMOUNT.




$$
