000
CDUS46 KSEW 220121
CLIOLM


CLIMATE REPORT
NATIONAL WEATHER SERVICE SEATTLE WA
621 PM PDT MON AUG 21 2017


...................................

...THE OLYMPIA WA AIRPORT CLIMATE SUMMARY FOR AUGUST 21 2017...
VALID TODAY AS OF 0600 PM LOCAL TIME.

CLIMATE NORMAL PERIOD 1981 TO 2010
CLIMATE RECORD PERIOD 1948 TO 2017


WEATHER ITEM   OBSERVED TIME   RECORD YEAR NORMAL DEPARTURE LAST
                VALUE   (LST)  VALUE       VALUE  FROM      YEAR
                                                  NORMAL
..................................................................
TEMPERATURE (F)
 TODAY
  MAXIMUM         83    348 PM  95    1958  77      6       71
  MINIMUM         52    556 AM  38    1973  50      2       53
  AVERAGE         68                        64      4       62

PRECIPITATION (IN)
  TODAY            0.00          0.83 2004   0.04  -0.04     0.00
  MONTH TO DATE    0.11                      0.51  -0.40     0.21
  SINCE OCT 1     62.53                     47.86  14.67    60.45
  SINCE JAN 1     34.43                     27.17   7.26    27.45

DEGREE DAYS
 HEATING
  TODAY            0                         2     -2        3
  MONTH TO DATE   13                        42    -29       33
  SINCE JUN 1    200                       310   -110      257
  SINCE JUL 1     49                       122    -73       91

 COOLING
  TODAY            3                         1      2        0
  MONTH TO DATE   75                        37     38       57
  SINCE JUN 1    133                        91     42      128
  SINCE JAN 1    143                        94     49      129
..................................................................


WIND (MPH)
  RESULTANT WIND SPEED   6   RESULTANT WIND DIRECTION  NE (30)
  HIGHEST WIND SPEED   215   HIGHEST WIND DIRECTION     N (10)
  HIGHEST GUST SPEED    19   HIGHEST GUST DIRECTION     N (20)
  AVERAGE WIND SPEED     6.5


SKY COVER
  AVERAGE SKY COVER 0.0


WEATHER CONDITIONS
 THE FOLLOWING WEATHER WAS RECORDED TODAY.
  NO SIGNIFICANT WEATHER WAS OBSERVED.


RELATIVE HUMIDITY (PERCENT)
 HIGHEST   100           600 AM
 LOWEST     37           400 PM
 AVERAGE    69

..........................................................


THE OLYMPIA WA AIRPORT CLIMATE NORMALS FOR TOMORROW
                         NORMAL    RECORD    YEAR
 MAXIMUM TEMPERATURE (F)   77        90      1956
 MINIMUM TEMPERATURE (F)   50        38      1973
                                             1960


SUNRISE AND SUNSET
AUGUST 21 2017........SUNRISE   617 AM PDT   SUNSET   811 PM PDT
AUGUST 22 2017........SUNRISE   619 AM PDT   SUNSET   809 PM PDT


-  INDICATES NEGATIVE NUMBERS.
R  INDICATES RECORD WAS SET OR TIED.
MM INDICATES DATA IS MISSING.
T  INDICATES TRACE AMOUNT.




$$
