000
CDUS46 KSEW 240838
CLIOLM


CLIMATE REPORT
NATIONAL WEATHER SERVICE SEATTLE WA
1237 AM PST TUE JAN 24 2017


...................................

...THE OLYMPIA WA AIRPORT CLIMATE SUMMARY FOR JANUARY 23 2017...

CLIMATE NORMAL PERIOD 1981 TO 2010
CLIMATE RECORD PERIOD 1948 TO 2017


WEATHER ITEM   OBSERVED TIME   RECORD YEAR NORMAL DEPARTURE LAST
                VALUE   (LST)  VALUE       VALUE  FROM      YEAR
                                                  NORMAL
..................................................................
TEMPERATURE (F)
 YESTERDAY
  MAXIMUM         49    332 PM  56    2007  47      2       47
                                      2005
  MINIMUM         26   1158 PM   4    1969  34     -8       39
  AVERAGE         38                        40     -2       43

PRECIPITATION (IN)
  YESTERDAY        0.00          1.83 1982   0.24  -0.24     0.55
  MONTH TO DATE    3.78                      5.97  -2.19     6.28
  SINCE OCT 1     31.88                     26.66   5.22    39.28
  SINCE JAN 1      3.78                      5.97  -2.19     6.28

DEGREE DAYS
 HEATING
  YESTERDAY       27                        25      2       22
  MONTH TO DATE  705                       585    120      597
  SINCE DEC 1   1617                      1410    207     1346
  SINCE JUL 1   2814                      2855    -41     2622

 COOLING
  YESTERDAY        0                         0      0        0
  MONTH TO DATE    0                         0      0        0
  SINCE DEC 1      0                         0      0        0
  SINCE JAN 1      0                         0      0        0
..................................................................


WIND (MPH)
  RESULTANT WIND SPEED   2   RESULTANT WIND DIRECTION  NE (30)
  HIGHEST WIND SPEED    12   HIGHEST WIND DIRECTION    NE (30)
  HIGHEST GUST SPEED    13   HIGHEST GUST DIRECTION    NE (30)
  AVERAGE WIND SPEED     2.9


SKY COVER
  AVERAGE SKY COVER 0.4


WEATHER CONDITIONS
 THE FOLLOWING WEATHER WAS RECORDED YESTERDAY.
  FOG
  FOG W/VISIBILITY <= 1/4 MILE


RELATIVE HUMIDITY (PERCENT)
 HIGHEST   100          1200 AM
 LOWEST     61           300 PM
 AVERAGE    81

..........................................................


THE OLYMPIA WA AIRPORT CLIMATE NORMALS FOR TODAY
                         NORMAL    RECORD    YEAR
 MAXIMUM TEMPERATURE (F)   47        58      2015
 MINIMUM TEMPERATURE (F)   34         1      1949


SUNRISE AND SUNSET
JANUARY 24 2017.......SUNRISE   745 AM PST   SUNSET   503 PM PST
JANUARY 25 2017.......SUNRISE   744 AM PST   SUNSET   505 PM PST


-  INDICATES NEGATIVE NUMBERS.
R  INDICATES RECORD WAS SET OR TIED.
MM INDICATES DATA IS MISSING.
T  INDICATES TRACE AMOUNT.




$$
