000
CDUS46 KSEW 221242 CCA
CLIOLM

CLIMATE REPORT
NATIONAL WEATHER SERVICE SEATTLE WA
145 AM PDT MON MAY 22 2017


...................................

...THE OLYMPIA WA AIRPORT CLIMATE SUMMARY FOR MAY 21 2017...

CLIMATE NORMAL PERIOD 1981 TO 2010
CLIMATE RECORD PERIOD 1948 TO 2017


WEATHER ITEM   OBSERVED TIME   RECORD YEAR NORMAL DEPARTURE LAST
                VALUE   (LST)  VALUE       VALUE  FROM      YEAR
                                                  NORMAL
..................................................................
TEMPERATURE (F)
 YESTERDAY
  MAXIMUM         80    353 PM  89    1963  66     14       57
  MINIMUM         45    515 AM  32    1976  44      1       45
                                      1973
  AVERAGE         63                        55      8       51

PRECIPITATION (IN)
  YESTERDAY        0.00          0.57 1990   0.07  -0.07     0.06
  MONTH TO DATE    2.98                      1.61   1.37     0.10
  SINCE OCT 1     60.95                     44.24  16.71    58.33
  SINCE JAN 1     32.85                     23.55   9.30    25.33

DEGREE DAYS
 HEATING
  YESTERDAY        2                        10     -8       14
  MONTH TO DATE  243                       249     -6      150
  SINCE MAR 1   1391                      1386      5     1077
  SINCE JUL 1   5119                      5108     11     4435

 COOLING
  YESTERDAY        0                         0      0        0
  MONTH TO DATE    3                         0      3        0
  SINCE MAR 1      3                         0      3        1
  SINCE JAN 1      3                         0      3        1
..................................................................


WIND (MPH)
  RESULTANT WIND SPEED   5   RESULTANT WIND DIRECTION  NE (30)
  HIGHEST WIND SPEED    14   HIGHEST WIND DIRECTION     N (10)
  HIGHEST GUST SPEED    17   HIGHEST GUST DIRECTION    NE (30)
  AVERAGE WIND SPEED     5.6


SKY COVER
  AVERAGE SKY COVER 0.0


WEATHER CONDITIONS
 THE FOLLOWING WEATHER WAS RECORDED YESTERDAY.
  NO SIGNIFICANT WEATHER WAS OBSERVED.


RELATIVE HUMIDITY (PERCENT)
 HIGHEST   100           200 AM
 LOWEST     39           200 PM
 AVERAGE    70

..........................................................


THE OLYMPIA WA AIRPORT CLIMATE NORMALS FOR TODAY
                         NORMAL    RECORD    YEAR
 MAXIMUM TEMPERATURE (F)   67        91      2001
 MINIMUM TEMPERATURE (F)   44        31      1960


SUNRISE AND SUNSET
MAY 22 2017...........SUNRISE   528 AM PDT   SUNSET   849 PM PDT
MAY 23 2017...........SUNRISE   527 AM PDT   SUNSET   850 PM PDT


-  INDICATES NEGATIVE NUMBERS.
R  INDICATES RECORD WAS SET OR TIED.
MM INDICATES DATA IS MISSING.
T  INDICATES TRACE AMOUNT.




$$
