000
CDUS43 KOAX 040652
CLIOMA


CLIMATE REPORT
NATIONAL WEATHER SERVICE OMAHA NEBRASKA
1252 AM CST SUN DEC 4 2016


...................................

...THE OMAHA EPPLEY, NEBRASKA CLIMATE SUMMARY FOR DECEMBER 3 2016...

CLIMATE NORMAL PERIOD 1981 TO 2010
CLIMATE RECORD PERIOD 1871 TO 2016


WEATHER ITEM   OBSERVED TIME   RECORD YEAR NORMAL DEPARTURE LAST
                VALUE   (LST)  VALUE       VALUE  FROM      YEAR
                                                  NORMAL
..................................................................
TEMPERATURE (F)
 YESTERDAY
  MAXIMUM         35   1224 PM  64    1959  39     -4       48
  MINIMUM         23    716 AM  -8    1871  20      3       21
  AVERAGE         29                        30     -1       35

PRECIPITATION (IN)
  YESTERDAY        0.43          1.01 1953   0.04   0.39     0.00
  MONTH TO DATE    0.43                      0.12   0.31     0.03
  SINCE DEC 1      0.43                      0.12   0.31     0.03
  SINCE JAN 1     33.60                     29.70   3.90    39.29

SNOWFALL (IN)
  YESTERDAY        1.1                       0.1    1.0      0.0
  MONTH TO DATE    1.1                       0.5    0.6      0.6
  SINCE JUL 1      1.1                       3.3   -2.2      2.5
  SNOW DEPTH       0

DEGREE DAYS
 HEATING
  YESTERDAY       36                        35      1       30
  MONTH TO DATE   95                       104     -9       97
  SINCE DEC 1     95                       104     -9       97
  SINCE JUL 1    846                      1374   -528      975

 COOLING
  YESTERDAY        0                         0      0        0
  MONTH TO DATE    0                         0      0        0
  SINCE DEC 1      0                         0      0        0
  SINCE JAN 1   1476                      1113    363     1215
..................................................................


WIND (MPH)
  HIGHEST WIND SPEED    13   HIGHEST WIND DIRECTION     S (160)
  HIGHEST GUST SPEED    15   HIGHEST GUST DIRECTION     S (160)
  AVERAGE WIND SPEED     4.0


SKY COVER
  POSSIBLE SUNSHINE  MM
  AVERAGE SKY COVER 0.9


WEATHER CONDITIONS
 THE FOLLOWING WEATHER WAS RECORDED YESTERDAY.
  LIGHT RAIN
  SNOW
  LIGHT SNOW
  FOG
  FOG W/VISIBILITY <= 1/4 MILE
  HAZE


RELATIVE HUMIDITY (PERCENT)
 HIGHEST    92           900 AM
 LOWEST     75          1200 AM
 AVERAGE    84

..........................................................


THE OMAHA EPPLEY, NEBRASKA CLIMATE NORMALS FOR TODAY
                         NORMAL    RECORD    YEAR
 MAXIMUM TEMPERATURE (F)   39        66      1998
                                             1888
 MINIMUM TEMPERATURE (F)   20       -11      1871


SUNRISE AND SUNSET
DECEMBER  4 2016......SUNRISE   733 AM CST   SUNSET   454 PM CST
DECEMBER  5 2016......SUNRISE   734 AM CST   SUNSET   454 PM CST


-  INDICATES NEGATIVE NUMBERS.
R  INDICATES RECORD WAS SET OR TIED.
MM INDICATES DATA IS MISSING.
T  INDICATES TRACE AMOUNT.




$$
