000
CDUS43 KOAX 200648
CLIOMA


CLIMATE REPORT
NATIONAL WEATHER SERVICE OMAHA NEBRASKA
1248 AM CST SAT JAN 20 2018


...................................

...THE OMAHA EPPLEY, NEBRASKA CLIMATE SUMMARY FOR JANUARY 19 2018...

CLIMATE NORMAL PERIOD 1981 TO 2010
CLIMATE RECORD PERIOD 1871 TO 2018


WEATHER ITEM   OBSERVED TIME   RECORD YEAR NORMAL DEPARTURE LAST
                VALUE   (LST)  VALUE       VALUE  FROM      YEAR
                                                  NORMAL
..................................................................
TEMPERATURE (F)
 YESTERDAY
  MAXIMUM         46    213 PM  65    2014  33     13       45
  MINIMUM         26    538 AM -26    1892  13     13       30
  AVERAGE         36                        23     13       38

PRECIPITATION (IN)
  YESTERDAY        0.00          0.53 1958   0.02  -0.02      T
  MONTH TO DATE    0.19                      0.42  -0.23     0.69
  SINCE DEC 1      0.61                      1.46  -0.85     2.16
  SINCE JAN 1      0.19                      0.42  -0.23     0.69

SNOWFALL (IN)
  YESTERDAY        0.0                       0.2   -0.2      0.0
  MONTH TO DATE    2.3                       3.7   -1.4      0.6
  SINCE JUL 1      5.9                      12.7   -6.8      3.8
  SNOW DEPTH       0

DEGREE DAYS
 HEATING
  YESTERDAY       29                        42    -13       27
  MONTH TO DATE  895                       798     97      778
  SINCE DEC 1   2054                      2007     47     1951
  SINCE JUL 1   3114                      3277   -163     2702

 COOLING
  YESTERDAY        0                         0      0        0
  MONTH TO DATE    0                         0      0        0
  SINCE DEC 1      0                         0      0        0
  SINCE JAN 1      0                         0      0        0
..................................................................


WIND (MPH)
  HIGHEST WIND SPEED    21   HIGHEST WIND DIRECTION     S (170)
  HIGHEST GUST SPEED    27   HIGHEST GUST DIRECTION     S (170)
  AVERAGE WIND SPEED    11.1


SKY COVER
  POSSIBLE SUNSHINE  MM
  AVERAGE SKY COVER 0.8


WEATHER CONDITIONS
 THE FOLLOWING WEATHER WAS RECORDED YESTERDAY.
  NO SIGNIFICANT WEATHER WAS OBSERVED.


RELATIVE HUMIDITY (PERCENT)
 HIGHEST    81          1200 AM
 LOWEST     49           200 PM
 AVERAGE    65

..........................................................


THE OMAHA EPPLEY, NEBRASKA CLIMATE NORMALS FOR TODAY
                         NORMAL    RECORD    YEAR
 MAXIMUM TEMPERATURE (F)   33        64      1944
 MINIMUM TEMPERATURE (F)   13       -22      1883


SUNRISE AND SUNSET
JANUARY 20 2018.......SUNRISE   744 AM CST   SUNSET   525 PM CST
JANUARY 21 2018.......SUNRISE   744 AM CST   SUNSET   526 PM CST


-  INDICATES NEGATIVE NUMBERS.
R  INDICATES RECORD WAS SET OR TIED.
MM INDICATES DATA IS MISSING.
T  INDICATES TRACE AMOUNT.




$$
