000
CDUS43 KOAX 262138
CLIOMA


CLIMATE REPORT
NATIONAL WEATHER SERVICE OMAHA NEBRASKA
433 PM CDT THU MAY 26 2016


...................................

...THE OMAHA EPPLEY, NEBRASKA CLIMATE SUMMARY FOR MAY 26 2016...
VALID TODAY AS OF 400 PM LOCAL TIME.

CLIMATE NORMAL PERIOD 1981 TO 2010
CLIMATE RECORD PERIOD 1871 TO 2016


WEATHER ITEM   OBSERVED TIME   RECORD YEAR NORMAL DEPARTURE LAST
                VALUE   (LST)  VALUE       VALUE  FROM      YEAR
                                                  NORMAL
..................................................................
TEMPERATURE (F)
 TODAY
  MAXIMUM         84    123 PM  96    1912  77      7       69
  MINIMUM         59    539 AM  41    1992  54      5       57
  AVERAGE         72                        66      6       63

PRECIPITATION (IN)
  TODAY            0.01          3.10 1987   0.16  -0.15     0.24
  MONTH TO DATE    4.31                      3.95   0.36     5.22
  SINCE MAR 1     10.74                      8.90   1.84     9.43
  SINCE JAN 1     12.46                     10.47   1.99    10.57

SNOWFALL (IN)
  TODAY            0.0                       0.0    0.0      0.0
  MONTH TO DATE    0.0                       0.1   -0.1      0.0
  SINCE JUL 1     27.4                      26.5    0.9     13.8
  SNOW DEPTH       0

DEGREE DAYS
 HEATING
  TODAY            0                         3     -3        2
  MONTH TO DATE  121                       137    -16      127
  SINCE MAR 1    961                      1341   -380     1098
  SINCE JUL 1   4927                      6139  -1212     5809

 COOLING
  TODAY            7                         3      4        0
  MONTH TO DATE   39                        47     -8       32
  SINCE MAR 1     52                        63    -11       37
  SINCE JAN 1     52                        63    -11       37
..................................................................


WIND (MPH)
  HIGHEST WIND SPEED    32   HIGHEST WIND DIRECTION     W (290)
  HIGHEST GUST SPEED    40   HIGHEST GUST DIRECTION    NW (300)
  AVERAGE WIND SPEED     4.6


SKY COVER
  POSSIBLE SUNSHINE  MM
  AVERAGE SKY COVER 0.4


WEATHER CONDITIONS
 THE FOLLOWING WEATHER WAS RECORDED TODAY.
  THUNDERSTORM
  LIGHT RAIN


RELATIVE HUMIDITY (PERCENT)
 HIGHEST    84          1200 AM
 LOWEST     43          1200 PM
 AVERAGE    64

..........................................................


THE OMAHA EPPLEY, NEBRASKA CLIMATE NORMALS FOR TOMORROW
                         NORMAL    RECORD    YEAR
 MAXIMUM TEMPERATURE (F)   77        94      2012
 MINIMUM TEMPERATURE (F)   55        38      1907


SUNRISE AND SUNSET
MAY 26 2016...........SUNRISE   556 AM CDT   SUNSET   846 PM CDT
MAY 27 2016...........SUNRISE   555 AM CDT   SUNSET   847 PM CDT


-  INDICATES NEGATIVE NUMBERS.
R  INDICATES RECORD WAS SET OR TIED.
MM INDICATES DATA IS MISSING.
T  INDICATES TRACE AMOUNT.




$$

KLISH
