000
CDUS43 KOAX 040631
CLIOMA


CLIMATE REPORT
NATIONAL WEATHER SERVICE OMAHA NEBRASKA
131 AM CDT SAT JUL 4 2015


...................................

...THE OMAHA EPPLEY, NEBRASKA CLIMATE SUMMARY FOR JULY 3 2015...

CLIMATE NORMAL PERIOD 1981 TO 2010
CLIMATE RECORD PERIOD 1871 TO 2015


WEATHER ITEM   OBSERVED TIME   RECORD YEAR NORMAL DEPARTURE LAST
                VALUE   (LST)  VALUE       VALUE  FROM      YEAR
                                                  NORMAL
..................................................................
TEMPERATURE (F)
 YESTERDAY
  MAXIMUM         80    413 PM 110    1936  87     -7       79
  MINIMUM         56    447 AM  47    1967  66    -10       53
  AVERAGE         68                        76     -8       66

PRECIPITATION (IN)
  YESTERDAY        0.00          1.96 1973   0.12  -0.12     0.00
  MONTH TO DATE    0.33                      0.36  -0.03      T
  SINCE JUN 1      4.94                      4.54   0.40    10.52
  SINCE JAN 1     15.63                     15.82  -0.19    17.34

SNOWFALL (IN)
  YESTERDAY        0.0                       0.0    0.0      0.0
  MONTH TO DATE    0.0                       0.0    0.0      0.0
  SINCE JUL 1      0.0                       0.0    0.0      0.0
  SNOW DEPTH       0

DEGREE DAYS
 HEATING
  YESTERDAY        0                         0      0        0
  MONTH TO DATE    0                         0      0        1
  SINCE JUN 1      0                        17    -17        7
  SINCE JUL 1      0                         0      0        1

 COOLING
  YESTERDAY        3                        11     -8        1
  MONTH TO DATE   17                        33    -16        7
  SINCE JUN 1    279                       263     16      274
  SINCE JAN 1    325                       345    -20      417
..................................................................


WIND (MPH)
  HIGHEST WIND SPEED     9   HIGHEST WIND DIRECTION     N (350)
  HIGHEST GUST SPEED    11   HIGHEST GUST DIRECTION    NE (30)
  AVERAGE WIND SPEED     3.5


SKY COVER
  POSSIBLE SUNSHINE  MM
  AVERAGE SKY COVER 0.3


WEATHER CONDITIONS
 THE FOLLOWING WEATHER WAS RECORDED YESTERDAY.
  NO SIGNIFICANT WEATHER WAS OBSERVED.


RELATIVE HUMIDITY (PERCENT)
 HIGHEST    93           300 AM
 LOWEST     39           500 PM
 AVERAGE    66

..........................................................


THE OMAHA EPPLEY, NEBRASKA CLIMATE NORMALS FOR TODAY
                         NORMAL    RECORD    YEAR
 MAXIMUM TEMPERATURE (F)   87       110      1936
 MINIMUM TEMPERATURE (F)   66        48      1967


SUNRISE AND SUNSET
JULY  4 2015..........SUNRISE   556 AM CDT   SUNSET   900 PM CDT
JULY  5 2015..........SUNRISE   556 AM CDT   SUNSET   900 PM CDT


-  INDICATES NEGATIVE NUMBERS.
R  INDICATES RECORD WAS SET OR TIED.
MM INDICATES DATA IS MISSING.
T  INDICATES TRACE AMOUNT.




$$
