000
CDUS43 KOAX 290625
CLIOMA


CLIMATE REPORT
NATIONAL WEATHER SERVICE OMAHA NEBRASKA
124 AM CDT THU JUN 29 2017


...................................

...THE OMAHA EPPLEY, NEBRASKA CLIMATE SUMMARY FOR JUNE 28 2017...

CLIMATE NORMAL PERIOD 1981 TO 2010
CLIMATE RECORD PERIOD 1871 TO 2017


WEATHER ITEM   OBSERVED TIME   RECORD YEAR NORMAL DEPARTURE LAST
                VALUE   (LST)  VALUE       VALUE  FROM      YEAR
                                                  NORMAL
..................................................................
TEMPERATURE (F)
 YESTERDAY
  MAXIMUM         93    347 PM 103    1934  86      7       86
  MINIMUM         65    453 AM  53    2004  65      0       65
                                      1973
                                      1895
  AVERAGE         79                        76      3       76

PRECIPITATION (IN)
  YESTERDAY        0.18          2.23 1882   0.12   0.06     0.00
  MONTH TO DATE    2.31                      3.94  -1.63     0.87
  SINCE JUN 1      2.31                      3.94  -1.63     0.87
  SINCE JAN 1     13.62                     15.22  -1.60    13.86

SNOWFALL (IN)
  YESTERDAY        0.0                       0.0    0.0      0.0
  MONTH TO DATE    0.0                       0.0    0.0      0.0
  SINCE JUL 1     11.4                      26.4  -15.0     27.4
  SNOW DEPTH       0

DEGREE DAYS
 HEATING
  YESTERDAY        0                         0      0        0
  MONTH TO DATE    0                        15    -15        0
  SINCE JUN 1      0                        15    -15        0
  SINCE JUL 1   4938                      6165  -1227     4927

 COOLING
  YESTERDAY       14                        11      3       11
  MONTH TO DATE  311                       208    103      392
  SINCE JUN 1    311                       208    103      392
  SINCE JAN 1    396                       290    106      475
..................................................................


WIND (MPH)
  HIGHEST WIND SPEED    29   HIGHEST WIND DIRECTION     S (170)
  HIGHEST GUST SPEED    40   HIGHEST GUST DIRECTION     S (170)
  AVERAGE WIND SPEED    12.8


SKY COVER
  POSSIBLE SUNSHINE  MM
  AVERAGE SKY COVER 0.7


WEATHER CONDITIONS
 THE FOLLOWING WEATHER WAS RECORDED YESTERDAY.
  THUNDERSTORM
  LIGHT RAIN
  HAZE


RELATIVE HUMIDITY (PERCENT)
 HIGHEST    81           300 AM
 LOWEST     41           500 PM
 AVERAGE    61

..........................................................


THE OMAHA EPPLEY, NEBRASKA CLIMATE NORMALS FOR TODAY
                         NORMAL    RECORD    YEAR
 MAXIMUM TEMPERATURE (F)   87       101      1911
 MINIMUM TEMPERATURE (F)   65        51      1923


SUNRISE AND SUNSET
JUNE 29 2017..........SUNRISE   553 AM CDT   SUNSET   901 PM CDT
JUNE 30 2017..........SUNRISE   554 AM CDT   SUNSET   901 PM CDT


-  INDICATES NEGATIVE NUMBERS.
R  INDICATES RECORD WAS SET OR TIED.
MM INDICATES DATA IS MISSING.
T  INDICATES TRACE AMOUNT.




$$
