000
CDAK49 PAOM 282326
CLIOME

CLIMATE REPORT
NATIONAL WEATHER SERVICE NOME, AK
226 PM AKST FRI NOV 28 2014

...................................
...THE NOME WSO AP CLIMATE SUMMARY FOR NOVEMBER 28 2014...
VALID TODAY AS OF 2:00 PM LOCAL TIME

CLIMATE NORMAL PERIOD  1981 TO  2010
CLIMATE RECORD PERIOD  1906 TO  2014

WEATHER ITEM   OBSERVED TIME    RECORD YEAR NORMAL DEPARTURE LAST
               VALUE    (LST)   VALUE       VALUE  FROM      YEAR
                                                   NORMAL
...................................................................
TEMPERATURE
TODAY
 MAXIMUM            28  0143 PM    39  1983     20       8     13
 MINIMUM            24  0128 AM   -34  1948      7      17     -7
 AVERAGE            26                          13      13      3

PRECIPITATION
(INCHES)
 TODAY            0.15           0.38  1983   0.03    0.12      T
 MONTH TO DATE    1.16                        1.15    0.01   1.59
 SINCE SEP 1      4.37                        5.21   -0.84   7.12
 SINCE JAN 1     13.39                       15.66   -2.27  20.23

SNOWFALL
(INCHES)
 TODAY             1.6            3.0  1919    0.4     1.2      T
 MONTH TO DATE     9.6                        11.3    -1.7   11.2
 SINCE SEP 1      14.5                        16.5    -2.0   12.8
 SINCE JUL 1      14.5                        16.5    -2.0   12.8
 SNOW DEPTH (IN)     7                                          5

DEGREE DAYS
 HEATING
  TODAY             39                          52     -13     62
  MONTH TO DATE   1084                        1339    -255   1282
  SINCE SEP 1     2771                        3130    -359   2932
  SINCE JUL 1     3474                        3994    -520   3706

 COOLING
  TODAY              0                           0       0      0
  MONTH TO DATE      0                           0       0      0
  SINCE SEP 1        0                           0       0      0
  SINCE JAN 1        3                           0       3      7
...................................................................

WIND (MPH)
 HIGHEST WIND SPEED    22     HIGHEST WIND DIRECTION     90
 HIGHEST GUST SPEED    27     HIGHEST GUST DIRECTION     80
 AVERAGE WIND SPEED    MM

SKY COVER
  POSSIBLE SUNSHINE  MM            AVERAGE SKY COVER MM

WEATHER CONDITIONS
 THE FOLLOWING WEATHER WAS RECORDED TODAY.
FOG
FREEZING FOG
BLOWING SNOW
DRIFTING SNOW
SNOW

RELATIVE HUMIDITY
 HIGHEST RH     MM PERCENT       MM
 LOWEST  RH     MM PERCENT       MM
 AVERAGE RH     MM PERCENT       MM
...................................................................

THE NOME CLIMATE NORMALS FOR TOMORROW
                        NORMAL    RECORD   YEAR
 MAXIMUM TEMPERATURE      20        45     1983
 MINIMUM TEMPERATURE       6       -36     1948

SUNRISE AND SUNSET
 NOV 28 2014..........SUNRISE 11:18 AM      SUNSET  4:23 PM
 NOV 29 2014..........SUNRISE 11:21 AM      SUNSET  4:20 PM

-  INDICATES NEGATIVE NUMBERS.
R  INDICATES RECORD HAS BEEN SET OR TIED.
MM INDICATES DATA IS MISSING.
T  INDICATES TRACE OF PRECIPITATION.

&&
-------------------------------------------------------------------

AMOUNT OF DAYLIGHT TODAY  (HOUR:MIN)........5 HOURS 5 MINUTES
GAIN/LOSS SINCE YESTERDAY (HOUR:MIN:SEC)....-0:05:24

$$
RWM NOV 14
