000
CDAK49 PAOM 132336
CLIOME

CLIMATE REPORT
NATIONAL WEATHER SERVICE NOME, AK
336 PM AKDT SUN JUL 13 2014

...................................
...THE NOME WSO AP CLIMATE SUMMARY FOR JULY 13 2014...
VALID TODAY AS OF 2:00 PM LOCAL TIME

CLIMATE NORMAL PERIOD  1981 TO  2010
CLIMATE RECORD PERIOD  1906 TO  2014

WEATHER ITEM   OBSERVED TIME    RECORD YEAR NORMAL DEPARTURE LAST
               VALUE    (LST)   VALUE       VALUE  FROM      YEAR
                                                   NORMAL
...................................................................
TEMPERATURE
TODAY
 MAXIMUM            58  1215 AM    77  1976     59      -1     72
 MINIMUM            51  0159 PM    31  1973     47       4     48
 AVERAGE            55                          53       2     60

PRECIPITATION
(INCHES)
 TODAY               T           0.77  1990   0.06   -0.06   0.00
 MONTH TO DATE    0.85                        0.69    0.16   1.23
 SINCE JUN 1      1.07                        1.67   -0.60   3.76
 SINCE JAN 1      5.54                        5.81   -0.27   8.01

SNOWFALL
(INCHES)
 TODAY             0.0            0.0  2014    0.0     0.0    0.0
 MONTH TO DATE     0.0                         0.0     0.0    0.0
 SINCE JUN 1       0.0                         0.3    -0.3    0.1
 SINCE JUL 1       0.0                         0.0     0.0    0.0
 SNOW DEPTH (IN)     0                                          0

DEGREE DAYS
 HEATING
  TODAY             10                          12      -2      5
  MONTH TO DATE    128                         166     -38    177
  SINCE JUN 1      696                         682      14    653
  SINCE JUL 1      128                         166     -38    177

 COOLING
  TODAY              0                           0       0      0
  MONTH TO DATE      2                           0       2      0
  SINCE JUN 1        2                           0       2      7
  SINCE JAN 1        2                           0       2      7
...................................................................

WIND (MPH)
 HIGHEST WIND SPEED    13     HIGHEST WIND DIRECTION    200
 HIGHEST GUST SPEED    15     HIGHEST GUST DIRECTION    220
 AVERAGE WIND SPEED    MM

SKY COVER
  POSSIBLE SUNSHINE  MM            AVERAGE SKY COVER MM

WEATHER CONDITIONS
 THE FOLLOWING WEATHER WAS RECORDED TODAY.
RAIN


RELATIVE HUMIDITY
 HIGHEST RH     MM PERCENT       MM
 LOWEST  RH     MM PERCENT       MM
 AVERAGE RH     MM PERCENT       MM
...................................................................

THE NOME CLIMATE NORMALS FOR TOMORROW
                        NORMAL    RECORD   YEAR
 MAXIMUM TEMPERATURE      59        76     1975
 MINIMUM TEMPERATURE      47        35     1959

SUNRISE AND SUNSET
 JUL 13 2014..........SUNRISE  5:04 AM      SUNSET  1:10 AM
 JUL 14 2014..........SUNRISE  5:07 AM      SUNSET  1:07 AM

-  INDICATES NEGATIVE NUMBERS.
R  INDICATES RECORD HAS BEEN SET OR TIED.
MM INDICATES DATA IS MISSING.
T  INDICATES TRACE OF PRECIPITATION.

&&
-------------------------------------------------------------------

AMOUNT OF DAYLIGHT TODAY  (HOUR:MIN)........20 HOURS 6 MINUTES
GAIN/LOSS SINCE YESTERDAY (HOUR:MIN:SEC)....-0:05:53

$$
FONTENOT
