000
CDAK49 PAOM 312248
CLIOME

CLIMATE REPORT
NATIONAL WEATHER SERVICE NOME, AK
248 PM AKDT THU JUL 31 2014

...................................
...THE NOME WSO AP CLIMATE SUMMARY FOR JULY 31 2014...
VALID TODAY AS OF 2:00 PM LOCAL TIME

CLIMATE NORMAL PERIOD  1981 TO  2010
CLIMATE RECORD PERIOD  1906 TO  2014

WEATHER ITEM   OBSERVED TIME    RECORD YEAR NORMAL DEPARTURE LAST
               VALUE    (LST)   VALUE       VALUE  FROM      YEAR
                                                   NORMAL
...................................................................
TEMPERATURE
TODAY
 MAXIMUM            53  0146 PM    86  1977     57      -4     65
 MINIMUM            50  0645 AM    30  1929     46       4     53
 AVERAGE            52                          52       0     59

PRECIPITATION
(INCHES)
 TODAY            0.03           1.00  1911   0.10   -0.07   0.00
 MONTH TO DATE    2.62                        2.11    0.51   2.12
 SINCE JUN 1      2.84                        3.09   -0.25   4.65
 SINCE JAN 1      7.31                        7.23    0.08   8.90

SNOWFALL
(INCHES)
 TODAY             0.0            0.0  2014    0.0     0.0    0.0
 MONTH TO DATE     0.0                         0.0     0.0    0.0
 SINCE JUN 1       0.0                         0.3    -0.3    0.1
 SINCE JUL 1       0.0                         0.0     0.0    0.0
 SNOW DEPTH (IN)     0                                          0

DEGREE DAYS
 HEATING
  TODAY             13                          13       0      6
  MONTH TO DATE    424                         400      24    407
  SINCE JUN 1      992                         916      76    883
  SINCE JUL 1      424                         400      24    407

 COOLING
  TODAY              0                           0       0      0
  MONTH TO DATE      2                           0       2      0
  SINCE JUN 1        2                           0       2      7
  SINCE JAN 1        2                           0       2      7
...................................................................

WIND (MPH)
 HIGHEST WIND SPEED    15     HIGHEST WIND DIRECTION    220
 HIGHEST GUST SPEED    17     HIGHEST GUST DIRECTION    220
 AVERAGE WIND SPEED    MM

SKY COVER
  POSSIBLE SUNSHINE  MM            AVERAGE SKY COVER MM

WEATHER CONDITIONS
 THE FOLLOWING WEATHER WAS RECORDED TODAY.
FOG
DRIZZLE
RAIN


RELATIVE HUMIDITY
 HIGHEST RH     MM PERCENT       MM
 LOWEST  RH     MM PERCENT       MM
 AVERAGE RH     MM PERCENT       MM
...................................................................

THE NOME CLIMATE NORMALS FOR TOMORROW
                        NORMAL    RECORD   YEAR
 MAXIMUM TEMPERATURE      57        77     1972
 MINIMUM TEMPERATURE      46        33     1967

SUNRISE AND SUNSET
 JUL 31 2014..........SUNRISE  6:03 AM      SUNSET 12:12 AM
 AUG 1 2014..........SUNRISE  6:06 AM      SUNSET 12:08 AM

-  INDICATES NEGATIVE NUMBERS.
R  INDICATES RECORD HAS BEEN SET OR TIED.
MM INDICATES DATA IS MISSING.
T  INDICATES TRACE OF PRECIPITATION.

&&
-------------------------------------------------------------------

AMOUNT OF DAYLIGHT TODAY  (HOUR:MIN)........18 HOURS 9 MINUTES
GAIN/LOSS SINCE YESTERDAY (HOUR:MIN:SEC)....-0:06:43

$$
*** JUL 14
