000
CDAK49 PAOM 272215
CLIOME

CLIMATE REPORT
NATIONAL WEATHER SERVICE NOME, AK
215 PM AKDT MON JUL 27 2015

...................................
...THE NOME WSO AP CLIMATE SUMMARY FOR JULY 27 2015...
VALID TODAY AS OF 2:15 PM LOCAL TIME

CLIMATE NORMAL PERIOD  1981 TO  2010
CLIMATE RECORD PERIOD  1906 TO  2015

WEATHER ITEM   OBSERVED TIME    RECORD YEAR NORMAL DEPARTURE LAST
               VALUE    (LST)   VALUE       VALUE  FROM      YEAR
                                                   NORMAL
...................................................................
TEMPERATURE
TODAY
 MAXIMUM            57  1151 AM    80  1968     58      -1     50
 MINIMUM            42  0702 AM    32  2008     46      -4     45
 AVERAGE            50                          52      -2     48

PRECIPITATION
(INCHES)
 TODAY            0.00           1.19  1954   0.09   -0.09   0.11
 MONTH TO DATE    1.44                        1.73   -0.29   2.48
 SINCE JUN 1      2.10                        2.71   -0.61   2.70
 SINCE JAN 1      6.54                        6.85   -0.31   7.17

SNOWFALL
(INCHES)
 TODAY             0.0            0.0  2015    0.0     0.0    0.0
 MONTH TO DATE     0.0                         0.0     0.0    0.0
 SINCE JUN 1       0.0                         0.3    -0.3    0.0
 SINCE JUL 1       0.0                         0.0     0.0    0.0
 SNOW DEPTH (IN)     0                                          0

DEGREE DAYS
 HEATING
  TODAY             15                          13       2     17
  MONTH TO DATE    261                         348     -87    378
  SINCE JUN 1      786                         864     -78    946
  SINCE JUL 1      261                         348     -87    378

 COOLING
  TODAY              0                           0       0      0
  MONTH TO DATE      0                           0       0      2
  SINCE JUN 1        5                           0       5      2
  SINCE JAN 1        5                           0       5      2
...................................................................

WIND (MPH)
 HIGHEST WIND SPEED    18     HIGHEST WIND DIRECTION    250
 HIGHEST GUST SPEED    20     HIGHEST GUST DIRECTION    260
 AVERAGE WIND SPEED    MM

SKY COVER
  POSSIBLE SUNSHINE  MM            AVERAGE SKY COVER MM

WEATHER CONDITIONS
 THE FOLLOWING WEATHER WAS RECORDED TODAY.
NO SIGNIFICANT WEATHER WAS OBSERVED.

RELATIVE HUMIDITY
 HIGHEST RH     MM PERCENT       MM
 LOWEST  RH     MM PERCENT       MM
 AVERAGE RH     MM PERCENT       MM
...................................................................

THE NOME CLIMATE NORMALS FOR TOMORROW
                        NORMAL    RECORD   YEAR
 MAXIMUM TEMPERATURE      58        75     1953
 MINIMUM TEMPERATURE      46        31     1973

SUNRISE AND SUNSET
 JUL 27 2015..........SUNRISE  5:49 AM      SUNSET 12:26 AM
 JUL 28 2015..........SUNRISE  5:52 AM      SUNSET 12:23 AM

-  INDICATES NEGATIVE NUMBERS.
R  INDICATES RECORD HAS BEEN SET OR TIED.
MM INDICATES DATA IS MISSING.
T  INDICATES TRACE OF PRECIPITATION.

&&
-------------------------------------------------------------------

AMOUNT OF DAYLIGHT TODAY  (HOUR:MIN)........18 HOURS 37 MINUTES
GAIN/LOSS SINCE YESTERDAY (HOUR:MIN:SEC)....-0:06:39

$$

CKC JUL 15
