000
CDAK49 PAOM 281230
CLIOME

CLIMATE REPORT
NATIONAL WEATHER SERVICE NOME, AK
430 AM AKDT SUN AUG 28 2016

...................................
...THE NOME WSO AP CLIMATE SUMMARY FOR AUGUST 27 2016...

CLIMATE NORMAL PERIOD  1981 TO  2010
CLIMATE RECORD PERIOD  1906 TO  2016

WEATHER ITEM   OBSERVED TIME    RECORD YEAR NORMAL DEPARTURE LAST
               VALUE    (LST)   VALUE       VALUE  FROM      YEAR
                                                   NORMAL
...................................................................
TEMPERATURE
YESTERDAY
 MAXIMUM            52  0900 PM    70  1995     55      -3     49
 MINIMUM            48  1028 AM    27  1984     43       5     36
 AVERAGE            50                          49       1     43

PRECIPITATION
(INCHES)
 YESTERDAY           T           0.74  1929   0.10   -0.10   0.00
 MONTH TO DATE    3.02                        2.85    0.17   3.70
 SINCE JUN 1      7.18                        5.94    1.24   5.80
 SINCE JAN 1     10.27                       10.08    0.19  10.24

SNOWFALL
(INCHES)
 YESTERDAY         0.0              T  1913    0.0     0.0    0.0
 MONTH TO DATE     0.0                         0.0     0.0    0.0
 SINCE JUN 1       0.0                         0.3    -0.3    0.0
 SINCE JUL 1       0.0                         0.0     0.0    0.0
 SNOW DEPTH (IN)     0                                          0

DEGREE DAYS
 HEATING
  YESTERDAY         15                          16      -1     22
  MONTH TO DATE    315                         398     -83    410
  SINCE JUN 1     1182                        1314    -132   1242
  SINCE JUL 1      718                         798     -80    717

 COOLING
  YESTERDAY          0                           0       0      0
  MONTH TO DATE      0                           0       0      0
  SINCE JUN 1        0                           0       0      5
  SINCE JAN 1        0                           0       0      5
...................................................................

WIND (MPH)
 HIGHEST WIND SPEED    16     HIGHEST WIND DIRECTION    220
 HIGHEST GUST SPEED    18     HIGHEST GUST DIRECTION    220
 AVERAGE WIND SPEED   8.9

SKY COVER
  POSSIBLE SUNSHINE    MM          AVERAGE SKY COVER     MM

WEATHER CONDITIONS
 THE FOLLOWING WEATHER WAS RECORDED YESTERDAY.
  PATCHY FOG
  LIGHT DRIZZLE
  LIGHT RAINFALL

RELATIVE HUMIDITY
 HIGHEST RH     MM PERCENT       MM
 LOWEST  RH     MM PERCENT       MM
 AVERAGE RH     MM PERCENT       MM
...................................................................

THE NOME CLIMATE NORMALS FOR TODAY
                           NORMAL    RECORD   YEAR
 MAXIMUM TEMPERATURE (F)     55        69     1982
 MINIMUM TEMPERATURE (F)     43        26     1994

SUNRISE AND SUNSET
 AUG 28 2016..........SUNRISE  7:34 AM      SUNSET 10:31 PM
 AUG 29 2016..........SUNRISE  7:37 AM      SUNSET 10:27 PM

-  INDICATES NEGATIVE NUMBERS.
R  INDICATES RECORD HAS BEEN SET OR TIED.
MM INDICATES DATA IS MISSING.
T  INDICATES TRACE OF PRECIPITATION.

&&
-------------------------------------------------------------------

AMOUNT OF DAYLIGHT TODAY  (HOUR:MIN)........14 HOURS 57 MINUTES
GAIN/LOSS SINCE YESTERDAY (HOUR:MIN:SEC)....-0:06:38

$$

CKC AUG 16
