000
CDAK49 PAFG 220956
CLIOME

CLIMATE REPORT
NATIONAL WEATHER SERVICE FAIRBANKS AK
156 AM AKDT SUN OCT 22 2017


...................................

...THE NOME AK CLIMATE SUMMARY FOR OCTOBER 21 2017...

CLIMATE NORMAL PERIOD 1981 TO 2010
CLIMATE RECORD PERIOD 1906 TO 2017


WEATHER ITEM   OBSERVED TIME   RECORD YEAR NORMAL DEPARTURE LAST
                VALUE   (LST)  VALUE       VALUE  FROM      YEAR
                                                  NORMAL
..................................................................
TEMPERATURE (F)
 YESTERDAY
  MAXIMUM         25    245 PM  46    1926  32     -7       36
  MINIMUM         17   1159 PM  -1    1996  21     -4       16
  AVERAGE         21                        26     -5       26

PRECIPITATION (IN)
  YESTERDAY        0.03          0.67 1936   0.05  -0.02     0.00
  MONTH TO DATE    2.58                      1.17   1.41     0.48
  SINCE SEP 1      5.31                      3.62   1.69     2.77
  SINCE JAN 1     15.04                     14.07   0.97    13.03

SNOWFALL (IN)
  YESTERDAY        0.5           3.7  1958   0.1    0.4      0.0
  MONTH TO DATE    3.0                       2.3    0.7      0.0
  SINCE SEP 1      3.0                       2.9    0.1      0.0
  SINCE JUL 1      3.0                       2.9    0.1      0.0
  SNOW DEPTH       3

DEGREE DAYS
 HEATING
  YESTERDAY       44                        39      5       39
  MONTH TO DATE  622                       715    -93      558
  SINCE SEP 1   1306                      1381    -75     1188
  SINCE JUL 1   2152                      2241    -89     1873

 COOLING
  YESTERDAY        0                         0      0        0
  MONTH TO DATE    0                         0      0        0
  SINCE SEP 1      0                         0      0        0
  SINCE JAN 1      4                         3      1        0
..................................................................


WIND (MPH)
  HIGHEST GUST SPEED    34   HIGHEST GUST DIRECTION    NE (30)


SKY COVER
  AVERAGE SKY COVER 0.5


WEATHER CONDITIONS
 THE FOLLOWING WEATHER WAS RECORDED YESTERDAY.
  SNOW
  LIGHT SNOW
  FOG


RELATIVE HUMIDITY (PERCENT)
 HIGHEST    88
 LOWEST     68
 AVERAGE    78

..........................................................


THE NOME AK CLIMATE NORMALS FOR TODAY
                         NORMAL    RECORD    YEAR
 MAXIMUM TEMPERATURE (F)   32        48      1926
 MINIMUM TEMPERATURE (F)   20         3      1967


SUNRISE AND SUNSET
OCTOBER 22 2017.......SUNRISE  1017 AM AKDT  SUNSET   715 PM AKDT
OCTOBER 23 2017.......SUNRISE  1020 AM AKDT  SUNSET   711 PM AKDT

-  INDICATES NEGATIVE NUMBERS.
R  INDICATES RECORD WAS SET OR TIED.
MM INDICATES DATA IS MISSING.
T  INDICATES TRACE AMOUNT.

&&

SNOW DEPTH IS MEASURED AT 3AM AKST/4AM AKDT.

----------------------------
AVAILABLE DAYLIGHT

AMOUNT OF DAYLIGHT TODAY  (HOUR:MIN)........8:57
GAIN/LOSS SINCE YESTERDAY (HOUR:MIN:SEC)....-0:06:37

NOME TIDAL INFORMATION FOR 22 OCTOBER 2017
0041  +0.8
0711  +1.6
1331  +0.7
2010  +1.6

$$
OCT 17
