000
CDAK49 PAFG 100948
CLIOME

CLIMATE REPORT
NATIONAL WEATHER SERVICE FAIRBANKS AK
1248 AM AKST SUN DEC 10 2017


...................................

...THE NOME AK CLIMATE SUMMARY FOR DECEMBER 9 2017...

CLIMATE NORMAL PERIOD 1981 TO 2010
CLIMATE RECORD PERIOD 1906 TO 2017


WEATHER ITEM   OBSERVED TIME   RECORD YEAR NORMAL DEPARTURE LAST
                VALUE   (LST)  VALUE       VALUE  FROM      YEAR
                                                  NORMAL
..................................................................
TEMPERATURE (F)
 YESTERDAY
  MAXIMUM         15   1038 PM  42    1985  18     -3       24
  MINIMUM         -3   1008 AM -40    1975   4     -7      -10
  AVERAGE          6                        11     -5        7

PRECIPITATION (IN)
  YESTERDAY        0.00          0.32 1931   0.03  -0.03     0.00
  MONTH TO DATE    0.47                      0.30   0.17     0.01
  SINCE DEC 1      0.47                      0.30   0.17     0.01
  SINCE JAN 1     17.92                     16.03   1.89    14.97

SNOWFALL (IN)
  YESTERDAY        0.0           3.1  2004   0.4   -0.4      0.0
  MONTH TO DATE    6.7                       3.8    2.9      0.4
  SINCE DEC 1      6.7                       3.8    2.9      0.4
  SINCE JUL 1     38.3                      21.1   17.2      9.0
  SNOW DEPTH      16

DEGREE DAYS
 HEATING
  YESTERDAY       59                        54      5       58
  MONTH TO DATE  386                       480    -94      580
  SINCE DEC 1    386                       480    -94      580
  SINCE JUL 1   4174                      4573   -399     4195

 COOLING
  YESTERDAY        0                         0      0        0
  MONTH TO DATE    0                         0      0        0
  SINCE DEC 1      0                         0      0        0
  SINCE JAN 1      4                         3      1        0
..................................................................


WIND (MPH)
  HIGHEST GUST SPEED    19   HIGHEST GUST DIRECTION     N (360)


SKY COVER
  AVERAGE SKY COVER 0.0


WEATHER CONDITIONS
 THE FOLLOWING WEATHER WAS RECORDED YESTERDAY.
  FOG


RELATIVE HUMIDITY (PERCENT)
 HIGHEST   100
 LOWEST     80
 AVERAGE    90

..........................................................


THE NOME AK CLIMATE NORMALS FOR TODAY
                         NORMAL    RECORD    YEAR
 MAXIMUM TEMPERATURE (F)   18        39      1985
 MINIMUM TEMPERATURE (F)    4       -40      1975


SUNRISE AND SUNSET
DECEMBER 10 2017......SUNRISE  1150 AM AKST  SUNSET   401 PM AKST
DECEMBER 11 2017......SUNRISE  1152 AM AKST  SUNSET   400 PM AKST

-  INDICATES NEGATIVE NUMBERS.
R  INDICATES RECORD WAS SET OR TIED.
MM INDICATES DATA IS MISSING.
T  INDICATES TRACE AMOUNT.

&&

SNOW DEPTH IS MEASURED AT 3AM AKST/4AM AKDT.

----------------------------
AVAILABLE DAYLIGHT

AMOUNT OF DAYLIGHT TODAY  (HOUR:MIN)........4:11
GAIN/LOSS SINCE YESTERDAY (HOUR:MIN:SEC)....-0:03:15

NOME TIDAL INFORMATION FOR 10 DECEMBER 2017
0347  +1.1
0951  +1.9
1624  +0.4
2312  +1.9

$$
DEC 17
