000
CDAK49 PAFG 010050
CLIOME

CLIMATE REPORT
NATIONAL WEATHER SERVICE FAIRBANKS AK
450 PM AKDT FRI SEP 30 2016


...................................

...THE NOME AK CLIMATE SUMMARY FOR SEPTEMBER 30 2016...
VALID TODAY AS OF 0400 PM LOCAL TIME.

CLIMATE NORMAL PERIOD 1981 TO 2010
CLIMATE RECORD PERIOD 1906 TO 2016


WEATHER ITEM   OBSERVED TIME   RECORD YEAR NORMAL DEPARTURE LAST
                VALUE   (LST)  VALUE       VALUE  FROM      YEAR
                                                  NORMAL
..................................................................
TEMPERATURE (F)
 TODAY
  MAXIMUM         48   1059 AM  52    1969  42      6       MM
  MINIMUM         46    259 PM  16    1923  31     15       MM
  AVERAGE         47                        36     11       MM

PRECIPITATION (IN)
  TODAY            0.05          0.70 1900   0.07  -0.02    MM
  MONTH TO DATE    2.21                      2.45  -0.24    MM
  SINCE SEP 1      2.21                      2.45  -0.24    MM
  SINCE JAN 1     12.47                     12.90  -0.43    MM

SNOWFALL (IN)
  TODAY            0.0           0.8  1999   0.1   -0.1     MM
  MONTH TO DATE    0.0                       0.6   -0.6     MM
  SINCE SEP 1      0.0                       0.6   -0.6     MM
  SINCE JUL 1      0.0                       0.6   -0.6     MM
  SNOW DEPTH       0

DEGREE DAYS
 HEATING
  TODAY           18                        29    -11       MM
  MONTH TO DATE  630                       666    -36       MM
  SINCE SEP 1    630                       666    -36       MM
  SINCE JUL 1   1315                      1526   -211       MM

 COOLING
  TODAY            0                         0      0       MM
  MONTH TO DATE    0                         0      0       MM
  SINCE SEP 1      0                         0      0       MM
  SINCE JAN 1      0                         3     -3       MM
..................................................................


WIND (MPH)
  HIGHEST GUST SPEED    31   HIGHEST GUST DIRECTION    SE (120)


SKY COVER
  AVERAGE SKY COVER 0.9


WEATHER CONDITIONS
 THE FOLLOWING WEATHER WAS RECORDED TODAY.
  LIGHT RAIN
  FOG


RELATIVE HUMIDITY (PERCENT)
 HIGHEST   100
 LOWEST     80
 AVERAGE    90

..........................................................


THE NOME AK CLIMATE NORMALS FOR TOMORROW
                         NORMAL    RECORD    YEAR
 MAXIMUM TEMPERATURE (F)   42        59      1954
 MINIMUM TEMPERATURE (F)   30        16      1919


SUNRISE AND SUNSET
SEPTEMBER 30 2016.....SUNRISE   911 AM AKDT  SUNSET   831 PM AKDT
OCTOBER 01 2016.......SUNRISE   914 AM AKDT  SUNSET   828 PM AKDT

-  INDICATES NEGATIVE NUMBERS.
R  INDICATES RECORD WAS SET OR TIED.
MM INDICATES DATA IS MISSING.
T  INDICATES TRACE AMOUNT.

&&

SNOW DEPTH IS MEASURED AT 3AM AKST/4AM AKDT.

----------------------------
AVAILABLE DAYLIGHT

AMOUNT OF DAYLIGHT TODAY  (HOUR:MIN)........11:21
GAIN/LOSS SINCE YESTERDAY (HOUR:MIN:SEC)....-0:06:32

NOME TIDAL INFORMATION FOR  1 OCTOBER 2016
0624  +1.3
1124  +0.7
1740  +0.3

$$
SEP 16
