000
CDAK49 PAFG 300956
CLIOME

CLIMATE REPORT
NATIONAL WEATHER SERVICE FAIRBANKS AK
156 AM AKDT SUN APR 30 2017


...................................

...THE NOME AK CLIMATE SUMMARY FOR APRIL 29 2017...

CLIMATE NORMAL PERIOD 1981 TO 2010
CLIMATE RECORD PERIOD 1906 TO 2017


WEATHER ITEM   OBSERVED TIME   RECORD YEAR NORMAL DEPARTURE LAST
                VALUE   (LST)  VALUE       VALUE  FROM      YEAR
                                                  NORMAL
..................................................................
TEMPERATURE (F)
 YESTERDAY
  MAXIMUM         43    805 PM  48    1941  35      8       46
  MINIMUM         33   1159 PM  -7    1982  22     11       35
  AVERAGE         38                        28     10       41

PRECIPITATION (IN)
  YESTERDAY        0.03          0.49 1995   0.03   0.00     0.00
  MONTH TO DATE    0.15                      0.73  -0.58     0.80
  SINCE MAR 1      0.16                      1.38  -1.22     0.84
  SINCE JAN 1      1.91                      3.25  -1.34     1.87

SNOWFALL (IN)
  YESTERDAY        0.0           4.5  1999   0.2   -0.2      0.0
  MONTH TO DATE    1.1                       7.3   -6.2      0.7
  SINCE MAR 1      2.0                      16.2  -14.2      0.7
  SINCE JUL 1     54.2                      72.9  -18.7     16.2
  SNOW DEPTH       0

DEGREE DAYS
 HEATING
  YESTERDAY       27                        37    -10       24
  MONTH TO DATE 1005                      1299   -294      856
  SINCE MAR 1   2993                      2995     -2     2498
  SINCE JUL 1  11788                     12274   -486     5289

 COOLING
  YESTERDAY        0                         0      0        0
  MONTH TO DATE    0                         0      0        0
  SINCE MAR 1      0                         0      0        0
  SINCE JAN 1      0                         0      0        0
..................................................................


WIND (MPH)
  HIGHEST GUST SPEED    23   HIGHEST GUST DIRECTION     E (90)


SKY COVER
  AVERAGE SKY COVER 0.8


WEATHER CONDITIONS
 THE FOLLOWING WEATHER WAS RECORDED YESTERDAY.
  LIGHT RAIN
  FOG


RELATIVE HUMIDITY (PERCENT)
 HIGHEST   100
 LOWEST     70
 AVERAGE    85

..........................................................


THE NOME AK CLIMATE NORMALS FOR TODAY
                         NORMAL    RECORD    YEAR
 MAXIMUM TEMPERATURE (F)   35        51      1953
 MINIMUM TEMPERATURE (F)   23       -10      1964


SUNRISE AND SUNSET
APRIL 30 2017.........SUNRISE   633 AM AKDT  SUNSET  1128 PM AKDT
MAY 01 2017...........SUNRISE   630 AM AKDT  SUNSET  1131 PM AKDT

-  INDICATES NEGATIVE NUMBERS.
R  INDICATES RECORD WAS SET OR TIED.
MM INDICATES DATA IS MISSING.
T  INDICATES TRACE AMOUNT.

&&

SNOW DEPTH IS MEASURED AT 3AM AKST/4AM AKDT.

----------------------------
AVAILABLE DAYLIGHT

AMOUNT OF DAYLIGHT TODAY  (HOUR:MIN)........16:55
GAIN/LOSS SINCE YESTERDAY (HOUR:MIN:SEC)....+0:06:50

NOME TIDAL INFORMATION FOR 30 APRIL 2017
0210  -0.4
0921  +1.3
1422  +0.5
2003  +1.2

$$
APR 17
