000
CDAK49 PAOM 222327
CLIOME

CLIMATE REPORT
NATIONAL WEATHER SERVICE NOME, AK
327 PM AKDT FRI MAY 22 2015

...................................
...THE NOME WSO AP CLIMATE SUMMARY FOR MAY 22 2015...
VALID TODAY AS OF 2:00 PM LOCAL TIME

CLIMATE NORMAL PERIOD  1981 TO  2010
CLIMATE RECORD PERIOD  1906 TO  2015

WEATHER ITEM   OBSERVED TIME    RECORD YEAR NORMAL DEPARTURE LAST
               VALUE    (LST)   VALUE       VALUE  FROM      YEAR
                                                   NORMAL
...................................................................
TEMPERATURE
TODAY
 MAXIMUM            53  0226 PM    72  2002     46       7     55
 MINIMUM            29  0258 AM    15  1966     33      -4     28
 AVERAGE            41                          40       1     42

PRECIPITATION
(INCHES)
 TODAY               T           0.41  1960   0.03   -0.03   0.00
 MONTH TO DATE    1.26                        0.61    0.65   0.54
 SINCE MAR 1      2.57                        2.02    0.55   1.52
 SINCE JAN 1      4.21                        3.89    0.32   3.69

SNOWFALL
(INCHES)
 TODAY             0.0            3.0  1920    0.0     0.0    0.0
 MONTH TO DATE       T                         2.0    -2.0    2.3
 SINCE MAR 1      16.4                        18.4    -2.0   17.7
 SINCE JUL 1      59.7                        75.1   -15.4   72.0
 SNOW DEPTH (IN)     0                                          0

DEGREE DAYS
 HEATING
  TODAY             24                          25      -1     23
  MONTH TO DATE    596                         662     -66    687
  SINCE MAR 1     3703                        3693      10   3407
  SINCE JUL 1    11867                       12975   -1108  11561

 COOLING
  TODAY              0                           0       0      0
  MONTH TO DATE      0                           0       0      0
  SINCE MAR 1        0                           0       0      0
  SINCE JAN 1        0                           0       0      0
...................................................................

WIND (MPH)
 HIGHEST WIND SPEED    23     HIGHEST WIND DIRECTION    110
 HIGHEST GUST SPEED    29     HIGHEST GUST DIRECTION    100

 WEATHER CONDITIONS
 THE FOLLOWING WEATHER WAS RECORDED TODAY...RAIN

...................................................................

THE NOME CLIMATE NORMALS FOR TOMORROW
                        NORMAL    RECORD   YEAR
 MAXIMUM TEMPERATURE      47        63     1925
 MINIMUM TEMPERATURE      33        20     2000

SUNRISE AND SUNSET
 MAY 22 2015..........SUNRISE  5:20 AM      SUNSET 12:40 AM
 MAY 23 2015..........SUNRISE  5:17 AM      SUNSET 12:44 AM

-  INDICATES NEGATIVE NUMBERS.
R  INDICATES RECORD HAS BEEN SET OR TIED.
MM INDICATES DATA IS MISSING.
T  INDICATES TRACE OF PRECIPITATION.

&&
-------------------------------------------------------------------

AMOUNT OF DAYLIGHT TODAY  (HOUR:MIN)........19 HOURS 20 MINUTES
GAIN SINCE YESTERDAY (HOUR:MIN:SEC)....+0:06:34
