087
CDAK49 PAOM 302338
CLIOME

CLIMATE REPORT
NATIONAL WEATHER SERVICE NOME, AK
338 PM AKDT MON MAY 30 2016

...................................
...THE NOME WSO AP CLIMATE SUMMARY FOR MAY 30 2016...
VALID TODAY AS OF 2:00 PM LOCAL TIME

CLIMATE NORMAL PERIOD  1981 TO  2010
CLIMATE RECORD PERIOD  1906 TO  2016

WEATHER ITEM   OBSERVED TIME    RECORD YEAR NORMAL DEPARTURE LAST
               VALUE    (LST)   VALUE       VALUE  FROM      YEAR
                                                   NORMAL
...................................................................
TEMPERATURE
TODAY
 MAXIMUM            67  1024 AM    78  1981     49      18     66
 MINIMUM            57  0103 PM    21  1933     36      21     48
 AVERAGE            62                          43      19     57

PRECIPITATION
(INCHES)
 TODAY            0.00           0.32  1916   0.03   -0.03   0.01
 MONTH TO DATE    1.22                        0.83    0.39   1.49
 SINCE MAR 1      2.06                        2.24   -0.18   2.80
 SINCE JAN 1      3.09                        4.11   -1.02   4.44

SNOWFALL
(INCHES)
 TODAY             0.0            0.6  1982    0.1    -0.1    0.0
 MONTH TO DATE       T                         2.3    -2.3      T
 SINCE MAR 1       6.6                        18.7   -12.1   16.4
 SINCE JUL 1      48.9                        75.4   -26.5   59.7
 SNOW DEPTH (IN)     0                                          0

DEGREE DAYS
 HEATING
  TODAY              3                          23     -20      8
  MONTH TO DATE    672                         853    -181    728
  SINCE MAR 1     3229                        3884    -655   3835
  SINCE JUL 1    11466                       13166   -1700  12013

 COOLING
  TODAY              0                           0       0      0
  MONTH TO DATE      0                           0       0      0
  SINCE MAR 1        0                           0       0      0
  SINCE JAN 1        0                           0       0      0
...................................................................

WIND (MPH)
 HIGHEST WIND SPEED    17     HIGHEST WIND DIRECTION    130
 HIGHEST GUST SPEED    23     HIGHEST GUST DIRECTION     70
 AVERAGE WIND SPEED    MM

SKY COVER
  POSSIBLE SUNSHINE  MM            AVERAGE SKY COVER MM

WEATHER CONDITIONS
 THE FOLLOWING WEATHER WAS RECORDED TODAY.
NO SIGNIFICANT WEATHER WAS OBSERVED.

RELATIVE HUMIDITY
 HIGHEST RH     MM PERCENT       MM
 LOWEST  RH     MM PERCENT       MM
 AVERAGE RH     MM PERCENT       MM
...................................................................

THE NOME CLIMATE NORMALS FOR TOMORROW
                        NORMAL    RECORD   YEAR
 MAXIMUM TEMPERATURE      50        74     1990
 MINIMUM TEMPERATURE      36        19     1933

SUNRISE AND SUNSET
 MAY 30 2016..........SUNRISE  4:54 AM      SUNSET  1:09 AM
 MAY 31 2016..........SUNRISE  4:51 AM      SUNSET  1:12 AM

-  INDICATES NEGATIVE NUMBERS.
R  INDICATES RECORD HAS BEEN SET OR TIED.
MM INDICATES DATA IS MISSING.
T  INDICATES TRACE OF PRECIPITATION.

&&
-------------------------------------------------------------------

AMOUNT OF DAYLIGHT TODAY  (HOUR:MIN)........20 HOURS 15 MINUTES
GAIN/LOSS SINCE YESTERDAY (HOUR:MIN:SEC)....+0:05:58

$$
*** MAY 16
