000
CDUS46 KOTX 030822
CLIOMK


CLIMATE REPORT
NATIONAL WEATHER SERVICE SPOKANE, WA
122 AM PDT MON AUG 3 2015


...................................

...THE OMAK WA AIRPORT CLIMATE SUMMARY FOR AUGUST 2 2015...

CLIMATE NORMAL PERIOD 1981 TO 2010
CLIMATE RECORD PERIOD 9999 TO 9999


WEATHER ITEM   OBSERVED TIME   RECORD YEAR NORMAL DEPARTURE LAST
                VALUE   (LST)  VALUE       VALUE  FROM      YEAR
                                                  NORMAL
..................................................................
TEMPERATURE (F)
 YESTERDAY
  MAXIMUM        100R   230 PM 100    2014  91      9      100
                                      2009
                                      1931
  MINIMUM         62    443 AM  40    1947  59      3       61
  AVERAGE         81                        75      6       81

PRECIPITATION (IN)
  YESTERDAY        0.00          0.42 1970   0.03  -0.03     0.00
  MONTH TO DATE    0.00                      0.05  -0.05     0.00
  SINCE OCT 1     11.45                     13.73  -2.28     6.56
  SINCE JAN 1      4.88                      8.84  -3.96     5.39

SNOWFALL (IN)
  YESTERDAY       MM

DEGREE DAYS
 HEATING
  YESTERDAY        0                         0      0        0
  MONTH TO DATE    0                         0      0        0
  SINCE JUN 1     15                        84    -69       40
  SINCE JUL 1      0                        15    -15        2

 COOLING
  YESTERDAY       16                        10      6       16
  MONTH TO DATE   33                        20     13       35
  SINCE JUN 1    661                       358    303      517
  SINCE JAN 1    707                       381    326      531
..................................................................


WIND (MPH)
  HIGHEST WIND SPEED    17   HIGHEST WIND DIRECTION     N (360)
  HIGHEST GUST SPEED    25   HIGHEST GUST DIRECTION    NW (330)
  AVERAGE WIND SPEED     7.8


SKY COVER
  POSSIBLE SUNSHINE  MM
  AVERAGE SKY COVER 0.2


WEATHER CONDITIONS
 THE FOLLOWING WEATHER WAS RECORDED YESTERDAY.
  HAZE


RELATIVE HUMIDITY (PERCENT)
 HIGHEST    31           300 AM
 LOWEST      8           100 PM
 AVERAGE    20

..........................................................


THE OMAK WA AIRPORT CLIMATE NORMALS FOR TODAY
                         NORMAL    RECORD    YEAR
 MAXIMUM TEMPERATURE (F)   91       101      2009
                                             1994
 MINIMUM TEMPERATURE (F)   59        45      1956


SUNRISE AND SUNSET
AUGUST  3 2015........SUNRISE   535 AM PDT   SUNSET   832 PM PDT
AUGUST  4 2015........SUNRISE   537 AM PDT   SUNSET   831 PM PDT


-  INDICATES NEGATIVE NUMBERS.
R  INDICATES RECORD WAS SET OR TIED.
MM INDICATES DATA IS MISSING.
T  INDICATES TRACE AMOUNT.




$$
