000
CDUS46 KOTX 280824
CLIOMK


CLIMATE REPORT
NATIONAL WEATHER SERVICE SPOKANE, WA
1221 AM PST SUN DEC 28 2014


...................................

...THE OMAK WA AIRPORT CLIMATE SUMMARY FOR DECEMBER 27 2014...

CLIMATE NORMAL PERIOD 1981 TO 2010
CLIMATE RECORD PERIOD 9999 TO 9999


WEATHER ITEM   OBSERVED TIME   RECORD YEAR NORMAL DEPARTURE LAST
                VALUE   (LST)  VALUE       VALUE  FROM      YEAR
                                                  NORMAL
..................................................................
TEMPERATURE (F)
 YESTERDAY
  MAXIMUM         34   1220 PM  44    1936  30      4       30
  MINIMUM         25   1215 AM -21    1948  18      7       16
  AVERAGE         30                        24      6       23

PRECIPITATION (IN)
  YESTERDAY        T           0.80   1965  0.09  -0.09      T
  MONTH TO DATE    2.52                     2.19   0.33     0.11
  SINCE OCT 1      6.56                     5.10   1.46     1.17
  SINCE JAN 1     13.57                    14.70  -1.13    10.00

SNOWFALL (IN)
  YESTERDAY       MM

DEGREE DAYS
 HEATING
  YESTERDAY       35                        41     -6       42
  MONTH TO DATE  888                      1056   -168     1159
  SINCE DEC 1    888                      1056   -168     1159
  SINCE JUL 1   2285                      2589   -304     2756

 COOLING
  YESTERDAY        0                         0      0        0
  MONTH TO DATE    0                         0      0        0
  SINCE DEC 1      0                         0      0        0
  SINCE JAN 1    873                       665    208      814
..................................................................


WIND (MPH)
  HIGHEST WIND SPEED     9   HIGHEST WIND DIRECTION     S (160)
  HIGHEST GUST SPEED    11   HIGHEST GUST DIRECTION    SE (150)
  AVERAGE WIND SPEED     3.1


SKY COVER
  POSSIBLE SUNSHINE  MM
  AVERAGE SKY COVER 0.8


WEATHER CONDITIONS
 THE FOLLOWING WEATHER WAS RECORDED YESTERDAY.
  LIGHT SNOW


RELATIVE HUMIDITY (PERCENT)
 HIGHEST    92           300 AM
 LOWEST     75          1200 PM
 AVERAGE    84

..........................................................


THE OMAK WA AIRPORT CLIMATE NORMALS FOR TODAY
                         NORMAL    RECORD    YEAR
 MAXIMUM TEMPERATURE (F)   30        52      1953
 MINIMUM TEMPERATURE (F)   18       -12      1968


SUNRISE AND SUNSET
DECEMBER 28 2014......SUNRISE   749 AM PST   SUNSET   410 PM PST
DECEMBER 29 2014......SUNRISE   750 AM PST   SUNSET   411 PM PST


-  INDICATES NEGATIVE NUMBERS.
R  INDICATES RECORD WAS SET OR TIED.
MM INDICATES DATA IS MISSING.
T  INDICATES TRACE AMOUNT.

$$
