000
CDUS46 KOTX 280836
CLIOMK


CLIMATE REPORT
NATIONAL WEATHER SERVICE SPOKANE, WA
136 AM PDT FRI JUL 28 2017


...................................

...THE OMAK WA AIRPORT CLIMATE SUMMARY FOR JULY 27 2017...

CLIMATE NORMAL PERIOD 1981 TO 2010
CLIMATE RECORD PERIOD 9999 TO 9999


WEATHER ITEM   OBSERVED TIME   RECORD YEAR NORMAL DEPARTURE LAST
                VALUE   (LST)  VALUE       VALUE  FROM      YEAR
                                                  NORMAL
..................................................................
TEMPERATURE (F)
 YESTERDAY
  MAXIMUM         96    353 PM 109    1939  91      5       95
  MINIMUM         66    506 AM  45    1969  59      7       62
  AVERAGE         81                        75      6       79

PRECIPITATION (IN)
  YESTERDAY        0.00                      0.02  -0.02     0.00
  MONTH TO DATE    0.00                      0.72  -0.72     0.75
  SINCE OCT 1     16.87                     13.59   3.28    14.83
  SINCE JAN 1     10.39                      8.70   1.69     9.47

SNOWFALL (IN)
  YESTERDAY       MM

DEGREE DAYS
 HEATING
  YESTERDAY        0                         0      0        0
  MONTH TO DATE    0                        11    -11        5
  SINCE JUN 1     58                        80    -22       90
  SINCE JUL 1      0                        11    -11        5

 COOLING
  YESTERDAY       16                        10      6       14
  MONTH TO DATE  290                       213     77      147
  SINCE JUN 1    370                       297     73      284
  SINCE JAN 1    401                       320     81      309
..................................................................


WIND (MPH)
  HIGHEST WIND SPEED    16   HIGHEST WIND DIRECTION    SW (220)
  HIGHEST GUST SPEED    22   HIGHEST GUST DIRECTION     N (20)
  AVERAGE WIND SPEED     9.0


SKY COVER
  POSSIBLE SUNSHINE  MM
  AVERAGE SKY COVER 0.0


WEATHER CONDITIONS
 THE FOLLOWING WEATHER WAS RECORDED YESTERDAY.
  NO SIGNIFICANT WEATHER WAS OBSERVED.


RELATIVE HUMIDITY (PERCENT)
 HIGHEST    42           500 AM
 LOWEST     12           200 PM
 AVERAGE    27

..........................................................


THE OMAK WA AIRPORT CLIMATE NORMALS FOR TODAY
                         NORMAL    RECORD    YEAR
 MAXIMUM TEMPERATURE (F)   91       106      1934
 MINIMUM TEMPERATURE (F)   59        40      1959


SUNRISE AND SUNSET
JULY 28 2017..........SUNRISE   528 AM PDT   SUNSET   840 PM PDT
JULY 29 2017..........SUNRISE   529 AM PDT   SUNSET   839 PM PDT


-  INDICATES NEGATIVE NUMBERS.
R  INDICATES RECORD WAS SET OR TIED.
MM INDICATES DATA IS MISSING.
T  INDICATES TRACE AMOUNT.




$$
