000
CDUS46 KOTX 010837
CLIOMK


CLIMATE REPORT
NATIONAL WEATHER SERVICE SPOKANE, WA
137 AM PDT WED JUL 1 2015


...................................

...THE OMAK WA AIRPORT CLIMATE SUMMARY FOR JUNE 30 2015...

CLIMATE NORMAL PERIOD 1981 TO 2010
CLIMATE RECORD PERIOD 9999 TO 9999


WEATHER ITEM   OBSERVED TIME   RECORD YEAR NORMAL DEPARTURE LAST
                VALUE   (LST)  VALUE       VALUE  FROM      YEAR
                                                  NORMAL
..................................................................
TEMPERATURE (F)
 YESTERDAY
  MAXIMUM         97    445 PM 103    2008  84     13       86
  MINIMUM         66    435 AM  33    1949  54     12       48
  AVERAGE         82                        69     13       67

PRECIPITATION (IN)
  YESTERDAY        0.00          0.24 1992   0.03  -0.03     0.00
  MONTH TO DATE    0.45                      1.23  -0.78     0.58
  SINCE OCT 1     11.19                     12.87  -1.68     6.39
  SINCE JAN 1      4.62                      7.98  -3.36     5.22

SNOWFALL (IN)
  YESTERDAY       MM

DEGREE DAYS
 HEATING
  YESTERDAY        0                         1     -1        0
  MONTH TO DATE   15                        70    -55       38
  SINCE JUN 1     15                        69    -54       38
  SINCE JUL 1   5334                      6342  -1008     6418

 COOLING
  YESTERDAY       17                         5     12        2
  MONTH TO DATE  265                        84    181       65
  SINCE JUN 1    265                        84    181       65
  SINCE JAN 1    311                       107    204       79
..................................................................


WIND (MPH)
  HIGHEST WIND SPEED    16   HIGHEST WIND DIRECTION    NW (310)
  HIGHEST GUST SPEED    20   HIGHEST GUST DIRECTION    NW (310)
  AVERAGE WIND SPEED     8.4


SKY COVER
  POSSIBLE SUNSHINE  MM
  AVERAGE SKY COVER 0.0


WEATHER CONDITIONS
 THE FOLLOWING WEATHER WAS RECORDED YESTERDAY.
  NO SIGNIFICANT WEATHER WAS OBSERVED.


RELATIVE HUMIDITY (PERCENT)
 HIGHEST    73           300 AM
 LOWEST     18           400 PM
 AVERAGE    46

..........................................................


THE OMAK WA AIRPORT CLIMATE NORMALS FOR TODAY
                         NORMAL    RECORD    YEAR
 MAXIMUM TEMPERATURE (F)   84       101      1942
 MINIMUM TEMPERATURE (F)   54        35      1973


SUNRISE AND SUNSET
JULY  1 2015..........SUNRISE   500 AM PDT   SUNSET   903 PM PDT
JULY  2 2015..........SUNRISE   501 AM PDT   SUNSET   903 PM PDT


-  INDICATES NEGATIVE NUMBERS.
R  INDICATES RECORD WAS SET OR TIED.
MM INDICATES DATA IS MISSING.
T  INDICATES TRACE AMOUNT.




$$
