000
CDUS46 KOTX 120828
CLIOMK


CLIMATE REPORT
NATIONAL WEATHER SERVICE SPOKANE, WA
1228 AM PST FRI FEB 12 2016


...................................

...THE OMAK WA AIRPORT CLIMATE SUMMARY FOR FEBRUARY 11 2016...

CLIMATE NORMAL PERIOD 1981 TO 2010
CLIMATE RECORD PERIOD 9999 TO 9999


WEATHER ITEM   OBSERVED TIME   RECORD YEAR NORMAL DEPARTURE LAST
                VALUE   (LST)  VALUE       VALUE  FROM      YEAR
                                                  NORMAL
..................................................................
TEMPERATURE (F)
 YESTERDAY
  MAXIMUM         40    144 PM  52    1945  39      1       51
  MINIMUM         30    637 AM  -9    1949  23      7       43
  AVERAGE         35                        31      4       47

PRECIPITATION (IN)
  YESTERDAY        0.01          0.80 1969   0.05  -0.04     0.00
  MONTH TO DATE    0.19                      0.53  -0.34     1.00
  SINCE OCT 1      7.83                      7.31   0.52     8.30
  SINCE JAN 1      2.47                      2.42   0.05     1.73

SNOWFALL (IN)
  YESTERDAY       MM

DEGREE DAYS
 HEATING
  YESTERDAY       30                        34     -4       18
  MONTH TO DATE  370                       383    -13      272
  SINCE DEC 1   2648                      2783   -135     2374
  SINCE JUL 1   3949                      4316   -367     3771

 COOLING
  YESTERDAY        0                         0      0        0
  MONTH TO DATE    0                         0      0        0
  SINCE DEC 1      0                         0      0        0
  SINCE JAN 1      0                         0      0        0
..................................................................


WIND (MPH)
  HIGHEST WIND SPEED    12   HIGHEST WIND DIRECTION     N (10)
  HIGHEST GUST SPEED    13   HIGHEST GUST DIRECTION     N (350)
  AVERAGE WIND SPEED     1.8


SKY COVER
  POSSIBLE SUNSHINE  MM
  AVERAGE SKY COVER 0.8


WEATHER CONDITIONS
 THE FOLLOWING WEATHER WAS RECORDED YESTERDAY.
  LIGHT RAIN
  FOG
  HAZE


RELATIVE HUMIDITY (PERCENT)
 HIGHEST    92           700 AM
 LOWEST     79          1200 PM
 AVERAGE    86

..........................................................


THE OMAK WA AIRPORT CLIMATE NORMALS FOR TODAY
                         NORMAL    RECORD    YEAR
 MAXIMUM TEMPERATURE (F)   39        57      2014
 MINIMUM TEMPERATURE (F)   23        -6      1959


SUNRISE AND SUNSET
FEBRUARY 12 2016......SUNRISE   711 AM PST   SUNSET   514 PM PST
FEBRUARY 13 2016......SUNRISE   709 AM PST   SUNSET   516 PM PST


-  INDICATES NEGATIVE NUMBERS.
R  INDICATES RECORD WAS SET OR TIED.
MM INDICATES DATA IS MISSING.
T  INDICATES TRACE AMOUNT.




$$
