117
CDUS46 KOTX 010825
CLIOMK


CLIMATE REPORT
NATIONAL WEATHER SERVICE SPOKANE, WA
125 AM PDT SUN MAY 1 2016


...................................

...THE OMAK WA AIRPORT CLIMATE SUMMARY FOR APRIL 30 2016...

CLIMATE NORMAL PERIOD 1981 TO 2010
CLIMATE RECORD PERIOD 9999 TO 9999


WEATHER ITEM   OBSERVED TIME   RECORD YEAR NORMAL DEPARTURE LAST
                VALUE   (LST)  VALUE       VALUE  FROM      YEAR
                                                  NORMAL
..................................................................
TEMPERATURE (F)
 YESTERDAY
  MAXIMUM         74    417 PM  85    1957  67      7       69
  MINIMUM         44    505 AM  24    2013  39      5       36
  AVERAGE         59                        53      6       53

PRECIPITATION (IN)
  YESTERDAY        0.00          0.47 1952   0.03  -0.03     0.00
  MONTH TO DATE    0.53                      1.04  -0.51     0.10
  SINCE OCT 1     11.74                     10.42   1.32     9.32
  SINCE JAN 1      6.38                      5.53   0.85     2.75

SNOWFALL (IN)
  YESTERDAY       MM

DEGREE DAYS
 HEATING
  YESTERDAY        6                        12     -6       12
  MONTH TO DATE  249                       450   -201      455
  SINCE MAR 1    869                      1178   -309     1003
  SINCE JUL 1   5275                      6039   -764     5189

 COOLING
  YESTERDAY        0                         0      0        0
  MONTH TO DATE    5                         1      4        0
  SINCE MAR 1      5                         1      4        0
  SINCE JAN 1      5                         1      4        0
..................................................................


WIND (MPH)
  HIGHEST WIND SPEED    23   HIGHEST WIND DIRECTION     N (20)
  HIGHEST GUST SPEED    30   HIGHEST GUST DIRECTION     N (20)
  AVERAGE WIND SPEED    11.8


SKY COVER
  POSSIBLE SUNSHINE  MM
  AVERAGE SKY COVER 0.0


WEATHER CONDITIONS
 THE FOLLOWING WEATHER WAS RECORDED YESTERDAY.
  NO SIGNIFICANT WEATHER WAS OBSERVED.


RELATIVE HUMIDITY (PERCENT)
 HIGHEST    71           300 AM
 LOWEST     17          1200 PM
 AVERAGE    44

..........................................................


THE OMAK WA AIRPORT CLIMATE NORMALS FOR TODAY
                         NORMAL    RECORD    YEAR
 MAXIMUM TEMPERATURE (F)   68        87      1931
 MINIMUM TEMPERATURE (F)   40        19      1954


SUNRISE AND SUNSET
MAY  1 2016...........SUNRISE   538 AM PDT   SUNSET   813 PM PDT
MAY  2 2016...........SUNRISE   536 AM PDT   SUNSET   815 PM PDT


-  INDICATES NEGATIVE NUMBERS.
R  INDICATES RECORD WAS SET OR TIED.
MM INDICATES DATA IS MISSING.
T  INDICATES TRACE AMOUNT.




$$
