000
CDUS46 KOTX 230823
CLIOMK


CLIMATE REPORT
NATIONAL WEATHER SERVICE SPOKANE, WA
122 AM PDT SAT AUG 23 2014


...................................

...THE OMAK WA AIRPORT CLIMATE SUMMARY FOR AUGUST 22 2014...

CLIMATE NORMAL PERIOD 1981 TO 2010
CLIMATE RECORD PERIOD 9999 TO 9999


WEATHER ITEM   OBSERVED TIME   RECORD YEAR NORMAL DEPARTURE LAST
                VALUE   (LST)  VALUE       VALUE  FROM      YEAR
                                                  NORMAL
..................................................................
TEMPERATURE (F)
 YESTERDAY
  MAXIMUM         78    236 PM  98    1956  87     -9       71
  MINIMUM         55    241 AM  41    2008  56     -1       60
                                      1976
  AVERAGE         67                        71     -4       66

PRECIPITATION (IN)
  YESTERDAY        0.01          0.30 1978   0.01   0.00     0.00
  MONTH TO DATE    0.72                      0.35   0.37     1.11
  SINCE OCT 1      7.28                     14.36  -7.08    14.20
  SINCE JAN 1      6.11                      8.91  -2.80     7.21

SNOWFALL (IN)
  YESTERDAY       MM            MM      MM  MM     MM       MM
  MONTH TO DATE   MM                        MM     MM       MM
  SINCE JUN 1     MM                        MM     MM       MM
  SINCE JUL 1     MM                        MM     MM       MM
  SNOW DEPTH      MM

DEGREE DAYS
 HEATING
  YESTERDAY        0                         1     -1        0
  MONTH TO DATE    0                         2     -2        0
  SINCE JUN 1     40                        86    -46       67
  SINCE JUL 1      2                        17    -15        0

 COOLING
  YESTERDAY        2                         7     -5        1
  MONTH TO DATE  284                       195     89      206
  SINCE JUN 1    766                       533    233      619
  SINCE JAN 1    780                       556    224      642
..................................................................


WIND (MPH)
  HIGHEST WIND SPEED    26   HIGHEST WIND DIRECTION     N (360)
  HIGHEST GUST SPEED    34   HIGHEST GUST DIRECTION     N (360)
  AVERAGE WIND SPEED    11.1


SKY COVER
  POSSIBLE SUNSHINE  MM
  AVERAGE SKY COVER 0.4


WEATHER CONDITIONS
 THE FOLLOWING WEATHER WAS RECORDED YESTERDAY.
  LIGHT RAIN


RELATIVE HUMIDITY (PERCENT)
 HIGHEST    86           100 AM
 LOWEST     39           100 PM
 AVERAGE    63

..........................................................


THE OMAK WA AIRPORT CLIMATE NORMALS FOR TODAY
                         NORMAL    RECORD    YEAR
 MAXIMUM TEMPERATURE (F)   86        98      1970
 MINIMUM TEMPERATURE (F)   56        39      1992


SUNRISE AND SUNSET
AUGUST 23 2014........SUNRISE   603 AM PDT   SUNSET   757 PM PDT
AUGUST 24 2014........SUNRISE   604 AM PDT   SUNSET   755 PM PDT


-  INDICATES NEGATIVE NUMBERS.
R  INDICATES RECORD WAS SET OR TIED.
MM INDICATES DATA IS MISSING.
T  INDICATES TRACE AMOUNT.




$$
