000
CDUS46 KOTX 250847
CLIOMK


CLIMATE REPORT
NATIONAL WEATHER SERVICE SPOKANE, WA
146 AM PDT MON MAY 25 2015


...................................

...THE OMAK WA AIRPORT CLIMATE SUMMARY FOR MAY 24 2015...

CLIMATE NORMAL PERIOD 1981 TO 2010
CLIMATE RECORD PERIOD 9999 TO 9999


WEATHER ITEM   OBSERVED TIME   RECORD YEAR NORMAL DEPARTURE LAST
                VALUE   (LST)  VALUE       VALUE  FROM      YEAR
                                                  NORMAL
..................................................................
TEMPERATURE (F)
 YESTERDAY
  MAXIMUM         85    142 PM  94    1958  74     11       78
  MINIMUM         53    340 AM  31    2010  47      6       50
  AVERAGE         69                        61      8       64

PRECIPITATION (IN)
  YESTERDAY        0.06          0.85 1942   0.04   0.02     0.00
  MONTH TO DATE    0.80                      0.97  -0.17     0.38
  SINCE OCT 1     10.12                     11.63  -1.51     5.71
  SINCE JAN 1      3.55                      6.18  -2.63     4.54

SNOWFALL (IN)
  YESTERDAY       MM

DEGREE DAYS
 HEATING
  YESTERDAY        0                         5     -5        1
  MONTH TO DATE  126                       202    -76      143
  SINCE MAR 1   1129                      1380   -251     1356
  SINCE JUL 1   5315                      6241   -926     6346

 COOLING
  YESTERDAY        4                         1      3        0
  MONTH TO DATE   26                        14     12       12
  SINCE MAR 1     26                        15     11       12
  SINCE JAN 1     26                        15     11       12
..................................................................


WIND (MPH)
  HIGHEST WIND SPEED    30   HIGHEST WIND DIRECTION     N (10)
  HIGHEST GUST SPEED    39   HIGHEST GUST DIRECTION     N (10)
  AVERAGE WIND SPEED    11.4


SKY COVER
  POSSIBLE SUNSHINE  MM
  AVERAGE SKY COVER 0.2


WEATHER CONDITIONS
 THE FOLLOWING WEATHER WAS RECORDED YESTERDAY.
  THUNDERSTORM
  LIGHT RAIN
  FOG


RELATIVE HUMIDITY (PERCENT)
 HIGHEST    77          1100 PM
 LOWEST     31          1100 AM
 AVERAGE    54

..........................................................


THE OMAK WA AIRPORT CLIMATE NORMALS FOR TODAY
                         NORMAL    RECORD    YEAR
 MAXIMUM TEMPERATURE (F)   75        92      1999
 MINIMUM TEMPERATURE (F)   47        30      1964


SUNRISE AND SUNSET
MAY 25 2015...........SUNRISE   507 AM PDT   SUNSET   844 PM PDT
MAY 26 2015...........SUNRISE   506 AM PDT   SUNSET   845 PM PDT


-  INDICATES NEGATIVE NUMBERS.
R  INDICATES RECORD WAS SET OR TIED.
MM INDICATES DATA IS MISSING.
T  INDICATES TRACE AMOUNT.




$$
