000
CDUS46 KOTX 240822
CLIOMK


CLIMATE REPORT
NATIONAL WEATHER SERVICE SPOKANE, WA
122 AM PDT TUE MAY 24 2016


...................................

...THE OMAK WA AIRPORT CLIMATE SUMMARY FOR MAY 23 2016...

CLIMATE NORMAL PERIOD 1981 TO 2010
CLIMATE RECORD PERIOD 9999 TO 9999


WEATHER ITEM   OBSERVED TIME   RECORD YEAR NORMAL DEPARTURE LAST
                VALUE   (LST)  VALUE       VALUE  FROM      YEAR
                                                  NORMAL
..................................................................
TEMPERATURE (F)
 YESTERDAY
  MAXIMUM         68    545 PM  96    2001  74     -6       87
  MINIMUM         52    442 AM  29    1964  47      5       52
  AVERAGE         60                        60      0       70

PRECIPITATION (IN)
  YESTERDAY        T                         0.03  -0.03     0.00
  MONTH TO DATE    0.69                      0.91  -0.22     0.74
  SINCE OCT 1     12.43                     11.33   1.10    10.06
  SINCE JAN 1      7.07                      6.44   0.63     3.49

SNOWFALL (IN)
  YESTERDAY       MM

DEGREE DAYS
 HEATING
  YESTERDAY        5                         6     -1        0
  MONTH TO DATE   83                       197   -114      126
  SINCE MAR 1    952                      1375   -423     1129
  SINCE JUL 1   5358                      6236   -878     5315

 COOLING
  YESTERDAY        0                         1     -1        5
  MONTH TO DATE   18                        13      5       22
  SINCE MAR 1     23                        14      9       22
  SINCE JAN 1     23                        14      9       22
..................................................................


WIND (MPH)
  HIGHEST WIND SPEED    12   HIGHEST WIND DIRECTION     S (180)
  HIGHEST GUST SPEED    19   HIGHEST GUST DIRECTION     S (190)
  AVERAGE WIND SPEED     5.0


SKY COVER
  POSSIBLE SUNSHINE  MM
  AVERAGE SKY COVER 0.8


WEATHER CONDITIONS
 THE FOLLOWING WEATHER WAS RECORDED YESTERDAY.
  NO SIGNIFICANT WEATHER WAS OBSERVED.


RELATIVE HUMIDITY (PERCENT)
 HIGHEST    66           400 AM
 LOWEST     37           200 PM
 AVERAGE    52

..........................................................


THE OMAK WA AIRPORT CLIMATE NORMALS FOR TODAY
                         NORMAL    RECORD    YEAR
 MAXIMUM TEMPERATURE (F)   74        94      1958
 MINIMUM TEMPERATURE (F)   47        31      2010


SUNRISE AND SUNSET
MAY 24 2016...........SUNRISE   507 AM PDT   SUNSET   844 PM PDT
MAY 25 2016...........SUNRISE   506 AM PDT   SUNSET   845 PM PDT


-  INDICATES NEGATIVE NUMBERS.
R  INDICATES RECORD WAS SET OR TIED.
MM INDICATES DATA IS MISSING.
T  INDICATES TRACE AMOUNT.




$$
