000
CDUS46 KOTX 040829
CLIOMK


CLIMATE REPORT
NATIONAL WEATHER SERVICE SPOKANE, WA
126 AM PDT FRI SEP 4 2015


...................................

...THE OMAK WA AIRPORT CLIMATE SUMMARY FOR SEPTEMBER 3 2015...

CLIMATE NORMAL PERIOD 1981 TO 2010
CLIMATE RECORD PERIOD 9999 TO 9999


WEATHER ITEM   OBSERVED TIME   RECORD YEAR NORMAL DEPARTURE LAST
                VALUE   (LST)  VALUE       VALUE  FROM      YEAR
                                                  NORMAL
..................................................................
TEMPERATURE (F)
 YESTERDAY
  MAXIMUM         72    406 PM  97    2003  83    -11       71
                                      1998
  MINIMUM         39    501 AM  36    1932  52    -13       46
  AVERAGE         56                        67    -11       59

PRECIPITATION (IN)
  YESTERDAY        0.00          0.30 1940   0.02  -0.02     0.03
  MONTH TO DATE    0.00                      0.05  -0.05     0.40
  SINCE OCT 1     11.62                     14.22  -2.60     7.81
  SINCE JAN 1      5.05                      9.33  -4.28     6.64

SNOWFALL (IN)
  YESTERDAY       MM

DEGREE DAYS
 HEATING
  YESTERDAY        9                         2      7        6
  MONTH TO DATE   12                         6      6        7
  SINCE SEP 1     12                         6      6        7
  SINCE JUL 1     15                        37    -22       12

 COOLING
  YESTERDAY        0                         4     -4        0
  MONTH TO DATE    2                        13    -11        0
  SINCE SEP 1      2                        13    -11        0
  SINCE JAN 1    953                       619    334      824
..................................................................


WIND (MPH)
  HIGHEST WIND SPEED    15   HIGHEST WIND DIRECTION     N (360)
  HIGHEST GUST SPEED    20   HIGHEST GUST DIRECTION     N (360)
  AVERAGE WIND SPEED     6.1


SKY COVER
  POSSIBLE SUNSHINE  MM
  AVERAGE SKY COVER 0.1


WEATHER CONDITIONS
 THE FOLLOWING WEATHER WAS RECORDED YESTERDAY.
  HAZE


RELATIVE HUMIDITY (PERCENT)
 HIGHEST    64           500 AM
 LOWEST     16           400 PM
 AVERAGE    40

..........................................................


THE OMAK WA AIRPORT CLIMATE NORMALS FOR TODAY
                         NORMAL    RECORD    YEAR
 MAXIMUM TEMPERATURE (F)   82        96      1934
 MINIMUM TEMPERATURE (F)   52        33      1948


SUNRISE AND SUNSET
SEPTEMBER  4 2015.....SUNRISE   619 AM PDT   SUNSET   734 PM PDT
SEPTEMBER  5 2015.....SUNRISE   621 AM PDT   SUNSET   732 PM PDT


-  INDICATES NEGATIVE NUMBERS.
R  INDICATES RECORD WAS SET OR TIED.
MM INDICATES DATA IS MISSING.
T  INDICATES TRACE AMOUNT.




$$
