000
CDUS45 KBOI 230931
CLIONO


CLIMATE REPORT
NATIONAL WEATHER SERVICE BOISE ID
331 AM MDT TUE AUG 23 2016


...................................

...THE ONTARIO OR CLIMATE SUMMARY FOR AUGUST 22 2016...

CLIMATE NORMAL PERIOD 1981 TO 2010
CLIMATE RECORD PERIOD 1948 TO 2016


WEATHER ITEM   OBSERVED TIME   RECORD YEAR NORMAL DEPARTURE LAST
                VALUE   (LST)  VALUE       VALUE  FROM      YEAR
                                                  NORMAL
..................................................................
TEMPERATURE (F)
 YESTERDAY
  MAXIMUM         90    433 PM 105    1961  90      0       85
  MINIMUM         63   1117 PM  41    1966  53     10       52
  AVERAGE         77                        72      5       69

PRECIPITATION (IN)
  YESTERDAY        0.00          0.16 1951   0.01  -0.01     0.00
  MONTH TO DATE    0.01                      0.12  -0.11     0.01
  SINCE OCT 1      7.32                      9.59  -2.27     9.24
  SINCE JAN 1      2.57                      6.18  -3.61     4.78

DEGREE DAYS
 HEATING
  YESTERDAY        0                         0      0        0
  MONTH TO DATE    0                         0      0        0
  SINCE JUN 1     35                        57    -22        3
  SINCE JUL 1      9                         5      4        2

 COOLING
  YESTERDAY       12                         7      5        4
  MONTH TO DATE  249                       217     32      277
  SINCE JUN 1    834                       704    130     1007
  SINCE JAN 1    873                       740    133     1040
..................................................................


WIND (MPH)
  HIGHEST WIND SPEED    23   HIGHEST WIND DIRECTION    NW (320)
  HIGHEST GUST SPEED    30   HIGHEST GUST DIRECTION    NW (320)
  AVERAGE WIND SPEED     9.3


SKY COVER
  AVERAGE SKY COVER 0.0


WEATHER CONDITIONS
 THE FOLLOWING WEATHER WAS RECORDED YESTERDAY.
  HAZE


RELATIVE HUMIDITY (PERCENT)
 HIGHEST    34           800 AM
 LOWEST     10           400 PM
 AVERAGE    22

..........................................................


THE ONTARIO OR CLIMATE NORMALS FOR TODAY
                         NORMAL    RECORD    YEAR
 MAXIMUM TEMPERATURE (F)   90       106      1969
 MINIMUM TEMPERATURE (F)   53        37      1960


SUNRISE AND SUNSET
AUGUST 23 2016........SUNRISE   702 AM MDT   SUNSET   838 PM MDT
AUGUST 24 2016........SUNRISE   703 AM MDT   SUNSET   837 PM MDT


-  INDICATES NEGATIVE NUMBERS.
R  INDICATES RECORD WAS SET OR TIED.
MM INDICATES DATA IS MISSING.
T  INDICATES TRACE AMOUNT.




$$
