000
CDUS45 KBOI 020933
CLIONO


CLIMATE REPORT
NATIONAL WEATHER SERVICE BOISE ID
233 AM MST FRI DEC 2 2016


...................................

...THE ONTARIO OR CLIMATE SUMMARY FOR DECEMBER 1 2016...

CLIMATE NORMAL PERIOD 1981 TO 2010
CLIMATE RECORD PERIOD 1948 TO 2016


WEATHER ITEM   OBSERVED TIME   RECORD YEAR NORMAL DEPARTURE LAST
                VALUE   (LST)  VALUE       VALUE  FROM      YEAR
                                                  NORMAL
..................................................................
TEMPERATURE (F)
 YESTERDAY
  MAXIMUM         44    347 PM  59    1998  40      4       24
  MINIMUM         27   1110 PM   9    1969  22      5       16
  AVERAGE         36                        31      5       20

PRECIPITATION (IN)
  YESTERDAY        0.00          0.75 1992   0.05  -0.05     0.00
  MONTH TO DATE    0.00                      0.05  -0.05     0.00
  SINCE OCT 1      1.37                      1.78  -0.41     1.90
  SINCE JAN 1      3.99                      8.43  -4.44     7.14

DEGREE DAYS
 HEATING
  YESTERDAY       29                        34     -5       45
  MONTH TO DATE   29                        34     -5       45
  SINCE DEC 1     29                        34     -5       45
  SINCE JUL 1   1120                      1462   -342     1170

 COOLING
  YESTERDAY        0                         0      0        0
  MONTH TO DATE    0                         0      0        0
  SINCE DEC 1      0                         0      0        0
  SINCE JAN 1    976                       852    124     1171
..................................................................


WIND (MPH)
  HIGHEST WIND SPEED     9   HIGHEST WIND DIRECTION    SW (240)
  HIGHEST GUST SPEED    11   HIGHEST GUST DIRECTION    SW (240)
  AVERAGE WIND SPEED     4.1


SKY COVER
  AVERAGE SKY COVER 0.7


WEATHER CONDITIONS
 THE FOLLOWING WEATHER WAS RECORDED YESTERDAY.
  FOG


RELATIVE HUMIDITY (PERCENT)
 HIGHEST    92           300 AM
 LOWEST     62           200 PM
 AVERAGE    77

..........................................................


THE ONTARIO OR CLIMATE NORMALS FOR TODAY
                         NORMAL    RECORD    YEAR
 MAXIMUM TEMPERATURE (F)   39        62      1995
 MINIMUM TEMPERATURE (F)   22         9      1976


SUNRISE AND SUNSET
DECEMBER  2 2016......SUNRISE   804 AM MST   SUNSET   511 PM MST
DECEMBER  3 2016......SUNRISE   806 AM MST   SUNSET   510 PM MST


-  INDICATES NEGATIVE NUMBERS.
R  INDICATES RECORD WAS SET OR TIED.
MM INDICATES DATA IS MISSING.
T  INDICATES TRACE AMOUNT.




$$
