000
CDUS45 KBOI 190937
CLIONO


CLIMATE REPORT
NATIONAL WEATHER SERVICE BOISE ID
337 AM MDT THU OCT 19 2017


...................................

...THE ONTARIO OR CLIMATE SUMMARY FOR OCTOBER 18 2017...

CLIMATE NORMAL PERIOD 1981 TO 2010
CLIMATE RECORD PERIOD 1948 TO 2017


WEATHER ITEM   OBSERVED TIME   RECORD YEAR NORMAL DEPARTURE LAST
                VALUE   (LST)  VALUE       VALUE  FROM      YEAR
                                                  NORMAL
..................................................................
TEMPERATURE (F)
 YESTERDAY
  MAXIMUM         68    433 PM  80    1973  65      3       59
                                      1958
  MINIMUM         31    534 AM  20    1948  34     -3       44
  AVERAGE         50                        49      1       52

PRECIPITATION (IN)
  YESTERDAY        0.00          0.33 1953   0.02  -0.02     0.05
  MONTH TO DATE    0.20                      0.29  -0.09     0.46
  SINCE OCT 1      0.20                      0.29  -0.09     0.46
  SINCE JAN 1     10.09                      6.94   3.15     3.08

DEGREE DAYS
 HEATING
  YESTERDAY       15                        16     -1       13
  MONTH TO DATE  275                       215     60      199
  SINCE SEP 1    408                       333     75      272
  SINCE JUL 1    408                       349     59      281

 COOLING
  YESTERDAY        0                         0      0        0
  MONTH TO DATE    0                         0      0        0
  SINCE SEP 1    141                        58     83       31
  SINCE JAN 1   1254                       851    403      976
..................................................................


WIND (MPH)
  HIGHEST WIND SPEED     8   HIGHEST WIND DIRECTION    SW (240)
  HIGHEST GUST SPEED    11   HIGHEST GUST DIRECTION    SW (240)
  AVERAGE WIND SPEED     3.0


SKY COVER
  AVERAGE SKY COVER 0.0


WEATHER CONDITIONS
 THE FOLLOWING WEATHER WAS RECORDED YESTERDAY.
  FOG


RELATIVE HUMIDITY (PERCENT)
 HIGHEST    89           800 AM
 LOWEST     32           400 PM
 AVERAGE    61

..........................................................


THE ONTARIO OR CLIMATE NORMALS FOR TODAY
                         NORMAL    RECORD    YEAR
 MAXIMUM TEMPERATURE (F)   65        79      2003
 MINIMUM TEMPERATURE (F)   33        18      1976


SUNRISE AND SUNSET
OCTOBER 19 2017.......SUNRISE   808 AM MDT   SUNSET   657 PM MDT
OCTOBER 20 2017.......SUNRISE   809 AM MDT   SUNSET   655 PM MDT


-  INDICATES NEGATIVE NUMBERS.
R  INDICATES RECORD WAS SET OR TIED.
MM INDICATES DATA IS MISSING.
T  INDICATES TRACE AMOUNT.




$$
