000
CDUS45 KBOI 200930
CLIONO


CLIMATE REPORT
NATIONAL WEATHER SERVICE BOISE ID
330 AM MDT SUN AUG 20 2017


...................................

...THE ONTARIO OR CLIMATE SUMMARY FOR AUGUST 19 2017...

CLIMATE NORMAL PERIOD 1981 TO 2010
CLIMATE RECORD PERIOD 1948 TO 2017


WEATHER ITEM   OBSERVED TIME   RECORD YEAR NORMAL DEPARTURE LAST
                VALUE   (LST)  VALUE       VALUE  FROM      YEAR
                                                  NORMAL
..................................................................
TEMPERATURE (F)
 YESTERDAY
  MAXIMUM         92    415 PM 109    1967  91      1       99
  MINIMUM         67    607 AM  38    1995  54     13       67
  AVERAGE         80                        73      7       83

PRECIPITATION (IN)
  YESTERDAY        0.00          0.31 1968   0.01  -0.01     0.00
  MONTH TO DATE    0.02                      0.10  -0.08     0.01
  SINCE OCT 1     12.81                      9.57   3.24     7.32
  SINCE JAN 1      9.49                      6.16   3.33     2.57

DEGREE DAYS
 HEATING
  YESTERDAY        0                         0      0        0
  MONTH TO DATE    0                         0      0        0
  SINCE JUN 1     28                        57    -29       35
  SINCE JUL 1      0                         5     -5        9

 COOLING
  YESTERDAY       15                         8      7       18
  MONTH TO DATE  243                       195     48      217
  SINCE JUN 1    932                       682    250      802
  SINCE JAN 1    972                       718    254      841
..................................................................


WIND (MPH)
  HIGHEST WIND SPEED    24   HIGHEST WIND DIRECTION    NW (320)
  HIGHEST GUST SPEED    31   HIGHEST GUST DIRECTION    NW (310)
  AVERAGE WIND SPEED    11.9


SKY COVER
  AVERAGE SKY COVER 0.0


WEATHER CONDITIONS
 THE FOLLOWING WEATHER WAS RECORDED YESTERDAY.
  NO SIGNIFICANT WEATHER WAS OBSERVED.


RELATIVE HUMIDITY (PERCENT)
 HIGHEST    40           500 AM
 LOWEST     15           400 PM
 AVERAGE    28

..........................................................


THE ONTARIO OR CLIMATE NORMALS FOR TODAY
                         NORMAL    RECORD    YEAR
 MAXIMUM TEMPERATURE (F)   91       107      1967
 MINIMUM TEMPERATURE (F)   54        41      1964


SUNRISE AND SUNSET
AUGUST 20 2017........SUNRISE   658 AM MDT   SUNSET   844 PM MDT
AUGUST 21 2017........SUNRISE   659 AM MDT   SUNSET   842 PM MDT


-  INDICATES NEGATIVE NUMBERS.
R  INDICATES RECORD WAS SET OR TIED.
MM INDICATES DATA IS MISSING.
T  INDICATES TRACE AMOUNT.




$$
