000
CDUS45 KBOI 300930
CLIONO


CLIMATE REPORT
NATIONAL WEATHER SERVICE BOISE ID
330 AM MDT TUE JUN 30 2015


...................................

...THE ONTARIO OR CLIMATE SUMMARY FOR JUNE 29 2015...

CLIMATE NORMAL PERIOD 1981 TO 2010
CLIMATE RECORD PERIOD 1948 TO 2015


WEATHER ITEM   OBSERVED TIME   RECORD YEAR NORMAL DEPARTURE LAST
                VALUE   (LST)  VALUE       VALUE  FROM      YEAR
                                                  NORMAL
..................................................................
TEMPERATURE (F)
 YESTERDAY
  MAXIMUM        106R   528 PM 104    2013  89     17       83
                                      1976
  MINIMUM         77    627 AM  37    1971  56     21       60
  AVERAGE         92                        72     20       72

PRECIPITATION (IN)
  YESTERDAY        0.00          0.47 1952   0.02  -0.02     0.00
  MONTH TO DATE    0.21                      0.68  -0.47     0.27
  SINCE OCT 1      8.74                      9.16  -0.42     6.51
  SINCE JAN 1      4.28                      5.75  -1.47     5.00

DEGREE DAYS
 HEATING
  YESTERDAY        0                         1     -1        0
  MONTH TO DATE    1                        52    -51       28
  SINCE JUN 1      1                        52    -51       28
  SINCE JUL 1   4793                      6002  -1209     5908

 COOLING
  YESTERDAY       27                         8     19        7
  MONTH TO DATE  337                       132    205      151
  SINCE JUN 1    337                       132    205      151
  SINCE JAN 1    370                       168    202      199
..................................................................


WIND (MPH)
  HIGHEST WIND SPEED    17   HIGHEST WIND DIRECTION     W (280)
  HIGHEST GUST SPEED    22   HIGHEST GUST DIRECTION     W (260)
  AVERAGE WIND SPEED     5.7


SKY COVER
  AVERAGE SKY COVER 0.1


WEATHER CONDITIONS
 THE FOLLOWING WEATHER WAS RECORDED YESTERDAY.
  NO SIGNIFICANT WEATHER WAS OBSERVED.


RELATIVE HUMIDITY (PERCENT)
 HIGHEST    49           700 AM
 LOWEST     16           300 PM
 AVERAGE    33

..........................................................


THE ONTARIO OR CLIMATE NORMALS FOR TODAY
                         NORMAL    RECORD    YEAR
 MAXIMUM TEMPERATURE (F)   89       106      2013
 MINIMUM TEMPERATURE (F)   56        36      1949


SUNRISE AND SUNSET
JUNE 30 2015..........SUNRISE   608 AM MDT   SUNSET   935 PM MDT
JULY  1 2015..........SUNRISE   609 AM MDT   SUNSET   935 PM MDT


-  INDICATES NEGATIVE NUMBERS.
R  INDICATES RECORD WAS SET OR TIED.
MM INDICATES DATA IS MISSING.
T  INDICATES TRACE AMOUNT.




$$
