000
CDUS45 KBOI 260935
CLIONO


CLIMATE REPORT
NATIONAL WEATHER SERVICE BOISE ID
334 AM MDT SUN MAR 26 2017


...................................

...THE ONTARIO OR CLIMATE SUMMARY FOR MARCH 25 2017...

CLIMATE NORMAL PERIOD 1981 TO 2010
CLIMATE RECORD PERIOD 1948 TO 2017


WEATHER ITEM   OBSERVED TIME   RECORD YEAR NORMAL DEPARTURE LAST
                VALUE   (LST)  VALUE       VALUE  FROM      YEAR
                                                  NORMAL
..................................................................
TEMPERATURE (F)
 YESTERDAY
  MAXIMUM         60    525 PM  80    1960  60      0       52
  MINIMUM         34    717 AM  18    1965  32      2       33
  AVERAGE         47                        46      1       43

PRECIPITATION (IN)
  YESTERDAY        0.00          0.42 2006   0.03  -0.03      T
  MONTH TO DATE    0.85                      0.82   0.03     0.43
  SINCE OCT 1      8.99                      6.21   2.78     6.22
  SINCE JAN 1      5.67                      2.80   2.87     1.47

DEGREE DAYS
 HEATING
  YESTERDAY       18                        19     -1       22
  MONTH TO DATE  449                       560   -111      444
  SINCE MAR 1    449                       560   -111      444
  SINCE JUL 1   5323                      5190    133     4434

 COOLING
  YESTERDAY        0                         0      0        0
  MONTH TO DATE    0                         0      0        0
  SINCE MAR 1      0                         0      0        0
  SINCE JAN 1      0                         0      0        0
..................................................................


WIND (MPH)
  HIGHEST WIND SPEED    14   HIGHEST WIND DIRECTION    SW (240)
  HIGHEST GUST SPEED    21   HIGHEST GUST DIRECTION    NW (320)
  AVERAGE WIND SPEED     3.3


SKY COVER
  AVERAGE SKY COVER 0.4


WEATHER CONDITIONS
 THE FOLLOWING WEATHER WAS RECORDED YESTERDAY.
  FOG
  FOG W/VISIBILITY <= 1/4 MILE


RELATIVE HUMIDITY (PERCENT)
 HIGHEST   100           200 AM
 LOWEST     32           500 PM
 AVERAGE    66

..........................................................


THE ONTARIO OR CLIMATE NORMALS FOR TODAY
                         NORMAL    RECORD    YEAR
 MAXIMUM TEMPERATURE (F)   60        79      1988
 MINIMUM TEMPERATURE (F)   33        23      1980


SUNRISE AND SUNSET
MARCH 26 2017.........SUNRISE   740 AM MDT   SUNSET   808 PM MDT
MARCH 27 2017.........SUNRISE   738 AM MDT   SUNSET   809 PM MDT


-  INDICATES NEGATIVE NUMBERS.
R  INDICATES RECORD WAS SET OR TIED.
MM INDICATES DATA IS MISSING.
T  INDICATES TRACE AMOUNT.




$$
