000
CDUS45 KBOI 290930
CLIONO


CLIMATE REPORT
NATIONAL WEATHER SERVICE BOISE ID
330 AM MDT THU SEP 29 2016


...................................

...THE ONTARIO OR CLIMATE SUMMARY FOR SEPTEMBER 28 2016...

CLIMATE NORMAL PERIOD 1981 TO 2010
CLIMATE RECORD PERIOD 1948 TO 2016


WEATHER ITEM   OBSERVED TIME   RECORD YEAR NORMAL DEPARTURE LAST
                VALUE   (LST)  VALUE       VALUE  FROM      YEAR
                                                  NORMAL
..................................................................
TEMPERATURE (F)
 YESTERDAY
  MAXIMUM         88    451 PM  90    2003  76     12       83
  MINIMUM         44    655 AM  28    1999  40      4       46
  AVERAGE         66                        58      8       65

PRECIPITATION (IN)
  YESTERDAY        0.00          0.35 1962   0.01  -0.01     0.00
  MONTH TO DATE    0.05                      0.37  -0.32     0.45
  SINCE OCT 1      7.37                     10.02  -2.65     9.70
  SINCE JAN 1      2.62                      6.61  -3.99     5.24

DEGREE DAYS
 HEATING
  YESTERDAY        0                         7     -7        0
  MONTH TO DATE   73                       101    -28       73
  SINCE SEP 1     73                       101    -28       73
  SINCE JUL 1     82                       117    -35       75

 COOLING
  YESTERDAY        1                         0      1        0
  MONTH TO DATE   22                        56    -34       57
  SINCE SEP 1     22                        56    -34       57
  SINCE JAN 1    967                       849    118     1161
..................................................................


WIND (MPH)
  HIGHEST WIND SPEED     9   HIGHEST WIND DIRECTION    NW (320)
  HIGHEST GUST SPEED    11   HIGHEST GUST DIRECTION    NW (320)
  AVERAGE WIND SPEED     2.5


SKY COVER
  AVERAGE SKY COVER 0.0


WEATHER CONDITIONS
 THE FOLLOWING WEATHER WAS RECORDED YESTERDAY.
  NO SIGNIFICANT WEATHER WAS OBSERVED.


RELATIVE HUMIDITY (PERCENT)
 HIGHEST    83           700 AM
 LOWEST     22           500 PM
 AVERAGE    53

..........................................................


THE ONTARIO OR CLIMATE NORMALS FOR TODAY
                         NORMAL    RECORD    YEAR
 MAXIMUM TEMPERATURE (F)   76        95      1963
 MINIMUM TEMPERATURE (F)   40        26      1999


SUNRISE AND SUNSET
SEPTEMBER 29 2016.....SUNRISE   744 AM MDT   SUNSET   731 PM MDT
SEPTEMBER 30 2016.....SUNRISE   745 AM MDT   SUNSET   730 PM MDT


-  INDICATES NEGATIVE NUMBERS.
R  INDICATES RECORD WAS SET OR TIED.
MM INDICATES DATA IS MISSING.
T  INDICATES TRACE AMOUNT.




$$
