000
CDUS45 KBOI 120931
CLIONO


CLIMATE REPORT
NATIONAL WEATHER SERVICE BOISE ID
331 AM MDT SAT JUL 12 2014


...................................

...THE ONTARIO OR CLIMATE SUMMARY FOR JULY 11 2014...

CLIMATE NORMAL PERIOD 1981 TO 2010
CLIMATE RECORD PERIOD 1948 TO 2014


WEATHER ITEM   OBSERVED TIME   RECORD YEAR NORMAL DEPARTURE LAST
                VALUE   (LST)  VALUE       VALUE  FROM      YEAR
                                                  NORMAL
..................................................................
TEMPERATURE (F)
 YESTERDAY
  MAXIMUM        102    323 PM 110    2002  93      9       93
  MINIMUM         70    609 AM  44    1983  58     12       63
  AVERAGE         86                        76     10       78

PRECIPITATION (IN)
  YESTERDAY        0.00          0.08 1952   0.01  -0.01     0.00
  MONTH TO DATE    T                         0.15  -0.15     0.00
  SINCE OCT 1      6.51                      9.32  -2.81     5.55
  SINCE JAN 1      5.00                      5.91  -0.91     2.61

DEGREE DAYS
 HEATING
  YESTERDAY        0                         0      0        0
  MONTH TO DATE    0                         0      0        0
  SINCE JUN 1     28                        52    -24       39
  SINCE JUL 1      0                         0      0        0

 COOLING
  YESTERDAY       21                        11     10       13
  MONTH TO DATE  186                       105     81      189
  SINCE JUN 1    343                       244     99      393
  SINCE JAN 1    391                       280    111      440
..................................................................


WIND (MPH)
  HIGHEST WIND SPEED    21   HIGHEST WIND DIRECTION    NW (310)
  HIGHEST GUST SPEED    27   HIGHEST GUST DIRECTION    NW (300)
  AVERAGE WIND SPEED     4.6


SKY COVER
  AVERAGE SKY COVER 0.0


WEATHER CONDITIONS
 THE FOLLOWING WEATHER WAS RECORDED YESTERDAY.
  LIGHT RAIN


RELATIVE HUMIDITY (PERCENT)
 HIGHEST    35           100 AM
 LOWEST     10           200 PM
 AVERAGE    23

..........................................................


THE ONTARIO OR CLIMATE NORMALS FOR TODAY
                         NORMAL    RECORD    YEAR
 MAXIMUM TEMPERATURE (F)   93       113      1967
 MINIMUM TEMPERATURE (F)   58        43      1950


SUNRISE AND SUNSET
JULY 12 2014..........SUNRISE   617 AM MDT   SUNSET   930 PM MDT
JULY 13 2014..........SUNRISE   617 AM MDT   SUNSET   930 PM MDT


-  INDICATES NEGATIVE NUMBERS.
R  INDICATES RECORD WAS SET OR TIED.
MM INDICATES DATA IS MISSING.
T  INDICATES TRACE AMOUNT.




$$
