000
CDUS46 KSGX 290019
CLIONT


CLIMATE REPORT
NATIONAL WEATHER SERVICE SAN DIEGO, CA
518 PM PDT TUE MAR 28 2017


...................................

...THE ONTARIO INTL AIRPORT CA CLIMATE SUMMARY FOR MARCH 28 2017...
VALID TODAY AS OF 0500 PM LOCAL TIME.

CLIMATE NORMAL PERIOD 1981 TO 2010
CLIMATE RECORD PERIOD 1998 TO 2017


WEATHER ITEM   OBSERVED TIME   RECORD YEAR NORMAL DEPARTURE LAST
                VALUE   (LST)  VALUE       VALUE  FROM      YEAR
                                                  NORMAL
..................................................................
TEMPERATURE (F)
 TODAY
  MAXIMUM         78    327 PM  90    2004  71      7       67
  MINIMUM         46    318 AM  41    2007  48     -2       50
  AVERAGE         62                        60      2       59

PRECIPITATION (IN)
  TODAY            0.00          1.17 2006   0.05  -0.05      T
  MONTH TO DATE    0.14                      2.21  -2.07     1.37
  SINCE OCT 1     15.02                     13.08   1.94     6.11
  SINCE JAN 1     10.14                      8.91   1.23     3.99

DEGREE DAYS
 HEATING
  TODAY            3                         6     -3        6
  MONTH TO DATE  105                       195    -90       92
  SINCE MAR 1    105                       195    -90       92
  SINCE JUL 1   1202                      1352   -150     1101

 COOLING
  TODAY            0                         0      0        0
  MONTH TO DATE   54                         6     48       21
  SINCE MAR 1     54                         6     48       21
  SINCE JAN 1     55                        12     43       64
..................................................................


WIND (MPH)
  RESULTANT WIND SPEED   4   RESULTANT WIND DIRECTION   W (270)
  HIGHEST WIND SPEED    12   HIGHEST WIND DIRECTION     W (290)
  HIGHEST GUST SPEED    17   HIGHEST GUST DIRECTION    SW (230)
  AVERAGE WIND SPEED     4.8


SKY COVER
  POSSIBLE SUNSHINE  MM
  AVERAGE SKY COVER 0.1


WEATHER CONDITIONS
 THE FOLLOWING WEATHER WAS RECORDED TODAY.
  NO SIGNIFICANT WEATHER WAS OBSERVED.


RELATIVE HUMIDITY (PERCENT)
 HIGHEST    71          1200 AM
 LOWEST     12           100 PM
 AVERAGE    42

..........................................................


THE ONTARIO INTL AIRPORT CA CLIMATE NORMALS FOR TOMORROW
                         NORMAL    RECORD    YEAR
 MAXIMUM TEMPERATURE (F)   72        93      2004
 MINIMUM TEMPERATURE (F)   48        43      2007


SUNRISE AND SUNSET
MARCH 28 2017.........SUNRISE   643 AM PDT   SUNSET   709 PM PDT
MARCH 29 2017.........SUNRISE   641 AM PDT   SUNSET   709 PM PDT


-  INDICATES NEGATIVE NUMBERS.
R  INDICATES RECORD WAS SET OR TIED.
MM INDICATES DATA IS MISSING.
T  INDICATES TRACE AMOUNT.




$$
