000
CDUS46 KSGX 261418
CLIONT


CLIMATE REPORT
NATIONAL WEATHER SERVICE SAN DIEGO, CA
718 AM PDT THU MAR 26 2015


...................................

...THE ONTARIO INTL AIRPORT CA CLIMATE SUMMARY FOR MARCH 25 2015...

CLIMATE NORMAL PERIOD 1981 TO 2010
CLIMATE RECORD PERIOD 1998 TO 2015


WEATHER ITEM   OBSERVED TIME   RECORD YEAR NORMAL DEPARTURE LAST
                VALUE   (LST)  VALUE       VALUE  FROM      YEAR
                                                  NORMAL
..................................................................
TEMPERATURE (F)
 YESTERDAY
  MAXIMUM         88R   341 PM  84    2013  71     17       64
  MINIMUM         52    515 AM  41    2002  48      4       55
  AVERAGE         70                        59     11       60

PRECIPITATION (IN)
  YESTERDAY        0.00          0.77 2012   0.04  -0.04      T
  MONTH TO DATE    0.19                      2.06  -1.87     0.50
  SINCE OCT 1      8.43                     12.93  -4.50     3.55
  SINCE JAN 1      2.79                      8.76  -5.97     2.67

SNOWFALL (IN)
  YESTERDAY        0.0
  MONTH TO DATE    0.0
  SINCE MAR 1      0.0
  SINCE JUL 1      0.0
  SNOW DEPTH       0

DEGREE DAYS
 HEATING
  YESTERDAY        0                         6     -6        5
  MONTH TO DATE   57                       177   -120       50
  SINCE MAR 1     57                       177   -120       50
  SINCE JUL 1    657                      1334   -677      736

 COOLING
  YESTERDAY        5                         0      5        0
  MONTH TO DATE   76                         6     70       31
  SINCE MAR 1     76                         6     70       31
  SINCE JAN 1    106                        12     94       61
..................................................................


WIND (MPH)
  RESULTANT WIND SPEED   2   RESULTANT WIND DIRECTION   W (270)
  HIGHEST WIND SPEED    13   HIGHEST WIND DIRECTION     W (260)
  HIGHEST GUST SPEED    16   HIGHEST GUST DIRECTION     W (260)
  AVERAGE WIND SPEED     3.2


SKY COVER
  POSSIBLE SUNSHINE  MM
  AVERAGE SKY COVER 0.3


WEATHER CONDITIONS
 THE FOLLOWING WEATHER WAS RECORDED YESTERDAY.
  NO SIGNIFICANT WEATHER WAS OBSERVED.


RELATIVE HUMIDITY (PERCENT)
 HIGHEST    72           500 AM
 LOWEST     15           300 PM
 AVERAGE    44

..........................................................


THE ONTARIO INTL AIRPORT CA CLIMATE NORMALS FOR TODAY
                         NORMAL    RECORD    YEAR
 MAXIMUM TEMPERATURE (F)   71        80      2003
 MINIMUM TEMPERATURE (F)   48        41      2005


SUNRISE AND SUNSET
MARCH 26 2015.........SUNRISE   646 AM PDT   SUNSET   707 PM PDT
MARCH 27 2015.........SUNRISE   645 AM PDT   SUNSET   707 PM PDT


-  INDICATES NEGATIVE NUMBERS.
R  INDICATES RECORD WAS SET OR TIED.
MM INDICATES DATA IS MISSING.
T  INDICATES TRACE AMOUNT.




$$
