000
CDUS46 KSGX 051530
CLIONT


CLIMATE REPORT
NATIONAL WEATHER SERVICE SAN DIEGO, CA
730 AM PST MON DEC 5 2016


...................................

...THE ONTARIO INTL AIRPORT CA CLIMATE SUMMARY FOR DECEMBER 4 2016...

CLIMATE NORMAL PERIOD 1981 TO 2010
CLIMATE RECORD PERIOD 1998 TO 2016


WEATHER ITEM   OBSERVED TIME   RECORD YEAR NORMAL DEPARTURE LAST
                VALUE   (LST)  VALUE       VALUE  FROM      YEAR
                                                  NORMAL
..................................................................
TEMPERATURE (F)
 YESTERDAY
  MAXIMUM         74    233 PM  81    2007  67      7       64
  MINIMUM         41    321 AM  34    2011  43     -2       41
  AVERAGE         58                        55      3       53

PRECIPITATION (IN)
  YESTERDAY        0.00          0.09 2014   0.04  -0.04     0.00
  MONTH TO DATE    0.00                      0.15  -0.15     0.00
  SINCE OCT 1      1.45                      2.00  -0.55     1.12
  SINCE JAN 1      7.04                     12.87  -5.83     7.68

DEGREE DAYS
 HEATING
  YESTERDAY        7                        10     -3       12
  MONTH TO DATE   41                        40      1       32
  SINCE DEC 1     41                        40      1       32
  SINCE JUL 1    171                       262    -91      229

 COOLING
  YESTERDAY        0                         0      0        0
  MONTH TO DATE    0                         0      0        0
  SINCE DEC 1      0                         0      0        0
  SINCE JAN 1   2102                      1705    397     2351
..................................................................


WIND (MPH)
  RESULTANT WIND SPEED   1   RESULTANT WIND DIRECTION   W (270)
  HIGHEST WIND SPEED     9   HIGHEST WIND DIRECTION     W (250)
  HIGHEST GUST SPEED    17   HIGHEST GUST DIRECTION     N (340)
  AVERAGE WIND SPEED     3.4


SKY COVER
  POSSIBLE SUNSHINE  MM
  AVERAGE SKY COVER 0.3


WEATHER CONDITIONS
 THE FOLLOWING WEATHER WAS RECORDED YESTERDAY.
  NO SIGNIFICANT WEATHER WAS OBSERVED.


RELATIVE HUMIDITY (PERCENT)
 HIGHEST    51          1000 PM
 LOWEST     14           100 PM
 AVERAGE    33

..........................................................


THE ONTARIO INTL AIRPORT CA CLIMATE NORMALS FOR TODAY
                         NORMAL    RECORD    YEAR
 MAXIMUM TEMPERATURE (F)   67        80      2007
 MINIMUM TEMPERATURE (F)   43        34      2011


SUNRISE AND SUNSET
DECEMBER  5 2016......SUNRISE   642 AM PST   SUNSET   441 PM PST
DECEMBER  6 2016......SUNRISE   642 AM PST   SUNSET   441 PM PST


-  INDICATES NEGATIVE NUMBERS.
R  INDICATES RECORD WAS SET OR TIED.
MM INDICATES DATA IS MISSING.
T  INDICATES TRACE AMOUNT.




$$
