587
CDUS46 KSGX 042318
CLIONT


CLIMATE REPORT
NATIONAL WEATHER SERVICE SAN DIEGO, CA
418 PM PDT WED MAY 4 2016


...................................

...THE ONTARIO INTL AIRPORT CA CLIMATE SUMMARY FOR MAY 4 2016...
VALID TODAY AS OF 0400 PM LOCAL TIME.

CLIMATE NORMAL PERIOD 1981 TO 2010
CLIMATE RECORD PERIOD 1998 TO 2016


WEATHER ITEM   OBSERVED TIME   RECORD YEAR NORMAL DEPARTURE LAST
                VALUE   (LST)  VALUE       VALUE  FROM      YEAR
                                                  NORMAL
..................................................................
TEMPERATURE (F)
 TODAY
  MAXIMUM         80    156 PM  95    2004  77      3       74
  MINIMUM         54    454 AM  46    2001  54      0       54
  AVERAGE         67                        66      1       64

PRECIPITATION (IN)
  TODAY            0.00          0.00   MM   0.02  -0.02     0.00
  MONTH TO DATE    0.00                      0.07  -0.07     0.00
  SINCE OCT 1      6.44                     14.20  -7.76     8.93
  SINCE JAN 1      4.32                     10.03  -5.71     3.29

DEGREE DAYS
 HEATING
  TODAY            0                         2     -2        1
  MONTH TO DATE    1                         8     -7        1
  SINCE MAR 1    166                       344   -178      114
  SINCE JUL 1   1175                      1501   -326      714

 COOLING
  TODAY            2                         3     -1        0
  MONTH TO DATE   17                        11      6       25
  SINCE MAR 1    131                        64     67      221
  SINCE JAN 1    174                        70    104      251
..................................................................


WIND (MPH)
  RESULTANT WIND SPEED   7   RESULTANT WIND DIRECTION   W (250)
  HIGHEST WIND SPEED    23   HIGHEST WIND DIRECTION    SW (240)
  HIGHEST GUST SPEED    29   HIGHEST GUST DIRECTION     W (270)
  AVERAGE WIND SPEED     7.7


SKY COVER
  POSSIBLE SUNSHINE  MM
  AVERAGE SKY COVER 0.4


WEATHER CONDITIONS
 THE FOLLOWING WEATHER WAS RECORDED TODAY.
  FOG
  HAZE


RELATIVE HUMIDITY (PERCENT)
 HIGHEST    93           500 AM
 LOWEST     36           200 PM
 AVERAGE    65

..........................................................


THE ONTARIO INTL AIRPORT CA CLIMATE NORMALS FOR TOMORROW
                         NORMAL    RECORD    YEAR
 MAXIMUM TEMPERATURE (F)   77        91      2011
 MINIMUM TEMPERATURE (F)   54        45      1999


SUNRISE AND SUNSET
MAY  4 2016...........SUNRISE   558 AM PDT   SUNSET   737 PM PDT
MAY  5 2016...........SUNRISE   557 AM PDT   SUNSET   738 PM PDT


-  INDICATES NEGATIVE NUMBERS.
R  INDICATES RECORD WAS SET OR TIED.
MM INDICATES DATA IS MISSING.
T  INDICATES TRACE AMOUNT.




$$
