000
CDUS46 KSGX 230117
CLIONT


CLIMATE REPORT
NATIONAL WEATHER SERVICE SAN DIEGO, CA
517 PM PST MON JAN 22 2018


...................................

...THE ONTARIO INTL AIRPORT CA CLIMATE SUMMARY FOR JANUARY 22 2018...
VALID TODAY AS OF 0500 PM LOCAL TIME.

CLIMATE NORMAL PERIOD 1981 TO 2010
CLIMATE RECORD PERIOD 1998 TO 2018


WEATHER ITEM   OBSERVED TIME   RECORD YEAR NORMAL DEPARTURE LAST
                VALUE   (LST)  VALUE       VALUE  FROM      YEAR
                                                  NORMAL
..................................................................
TEMPERATURE (F)
 TODAY
  MAXIMUM         67    319 PM  81    2013  65      2       52
  MINIMUM         36R   621 AM  36    2013  44     -8       47
                                      2006
  AVERAGE         52                        55     -3       50

PRECIPITATION (IN)
  TODAY            0.00          1.91 2017   0.10  -0.10     1.91
  MONTH TO DATE    2.01                      2.65  -0.64     6.51
  SINCE OCT 1      2.01                      6.82  -4.81    11.39
  SINCE JAN 1      2.01                      2.65  -0.64     6.51

DEGREE DAYS
 HEATING
  TODAY           13                        11      2       15
  MONTH TO DATE  111                       242   -131      265
  SINCE DEC 1    254                       580   -326      598
  SINCE JUL 1    298                       802   -504      728

 COOLING
  TODAY            0                         0      0        0
  MONTH TO DATE    2                         0      2        0
  SINCE DEC 1     13                         2     11        0
  SINCE JAN 1      2                         0      2        0
..................................................................


WIND (MPH)
  RESULTANT WIND SPEED   1   RESULTANT WIND DIRECTION   N (350)
  HIGHEST WIND SPEED     7   HIGHEST WIND DIRECTION     W (260)
  HIGHEST GUST SPEED    10   HIGHEST GUST DIRECTION    NW (310)
  AVERAGE WIND SPEED     1.7


SKY COVER
  POSSIBLE SUNSHINE  MM
  AVERAGE SKY COVER 0.3


WEATHER CONDITIONS
 THE FOLLOWING WEATHER WAS RECORDED TODAY.
  NO SIGNIFICANT WEATHER WAS OBSERVED.


RELATIVE HUMIDITY (PERCENT)
 HIGHEST    64           200 AM
 LOWEST     13           300 PM
 AVERAGE    39

..........................................................


THE ONTARIO INTL AIRPORT CA CLIMATE NORMALS FOR TOMORROW
                         NORMAL    RECORD    YEAR
 MAXIMUM TEMPERATURE (F)   65        80      2014
                                             2013
 MINIMUM TEMPERATURE (F)   44        36      2002


SUNRISE AND SUNSET
JANUARY 22 2018.......SUNRISE   653 AM PST   SUNSET   511 PM PST
JANUARY 23 2018.......SUNRISE   653 AM PST   SUNSET   512 PM PST


-  INDICATES NEGATIVE NUMBERS.
R  INDICATES RECORD WAS SET OR TIED.
MM INDICATES DATA IS MISSING.
T  INDICATES TRACE AMOUNT.




$$
