000
CDUS41 KAKQ 060948
CLIORF


CLIMATE REPORT
NATIONAL WEATHER SERVICE WAKEFIELD, VA
448 AM EST FRI MAR 6 2015


...................................

...THE NORFOLK VA CLIMATE SUMMARY FOR MARCH 5 2015...

CLIMATE NORMAL PERIOD 1981 TO 2010
CLIMATE RECORD PERIOD 1871 TO 2015


WEATHER ITEM   OBSERVED TIME   RECORD YEAR NORMAL DEPARTURE LAST
                VALUE   (LST)  VALUE       VALUE  FROM      YEAR
                                                  NORMAL
..................................................................
TEMPERATURE (F)
 YESTERDAY
  MAXIMUM         47   1235 AM  84    1976  55     -8       37
  MINIMUM         28   1159 PM  21    1960  38    -10       31
  AVERAGE         38                        46     -8       34

PRECIPITATION (IN)
  YESTERDAY        0.61          1.64 2008   0.11   0.50     0.03
  MONTH TO DATE    0.97                      0.58   0.39     0.44
  SINCE MAR 1      0.97                      0.58   0.39     0.44
  SINCE JAN 1      7.15                      7.10   0.05     6.73

SNOWFALL (IN)
  YESTERDAY        0.2           0.6  1901   0.0    0.2
  MONTH TO DATE    0.2                       0.1    0.1
  SINCE NOV 1     12.7                       5.7    7.0
  SINCE JUL 1     12.7                       5.7    7.0
  SNOW DEPTH       0

DEGREE DAYS
 HEATING
  YESTERDAY       27                        19      8       31
  MONTH TO DATE  124                        97     27      140
  SINCE MAR 1    124                        97     27      140
  SINCE JUL 1   2960                      2666    294     2751

 COOLING
  YESTERDAY        0                         0      0        0
  MONTH TO DATE    0                         0      0        0
  SINCE MAR 1      0                         0      0        0
  SINCE JAN 1      0                         1     -1        0
..................................................................


WIND (MPH)
  HIGHEST WIND SPEED    25   HIGHEST WIND DIRECTION     N (350)
  HIGHEST GUST SPEED    34   HIGHEST GUST DIRECTION     N (360)
  AVERAGE WIND SPEED    17.2


SKY COVER
  POSSIBLE SUNSHINE  MM
  AVERAGE SKY COVER 1.0


WEATHER CONDITIONS
 THE FOLLOWING WEATHER WAS RECORDED YESTERDAY.
  HEAVY RAIN
  RAIN
  LIGHT RAIN
  LIGHT SNOW
  SLEET
  FOG
  FOG W/VISIBILITY <= 1/4 MILE


RELATIVE HUMIDITY (PERCENT)
 HIGHEST   100           200 AM
 LOWEST     85          1000 AM
 AVERAGE    93

..........................................................


THE NORFOLK VA CLIMATE NORMALS FOR TODAY
                         NORMAL    RECORD    YEAR
 MAXIMUM TEMPERATURE (F)   55        84      1967
                                             1961
 MINIMUM TEMPERATURE (F)   38        20      1901


SUNRISE AND SUNSET
MARCH  6 2015.........SUNRISE   629 AM EST   SUNSET   604 PM EST
MARCH  7 2015.........SUNRISE   628 AM EST   SUNSET   605 PM EST


-  INDICATES NEGATIVE NUMBERS.
R  INDICATES RECORD WAS SET OR TIED.
MM INDICATES DATA IS MISSING.
T  INDICATES TRACE AMOUNT.




$$
