000
CDUS41 KAKQ 160645
CLIORF


CLIMATE REPORT
NATIONAL WEATHER SERVICE WAKEFIELD, VA
145 AM EST TUE JAN 16 2018


...................................

...THE NORFOLK VA CLIMATE SUMMARY FOR JANUARY 15 2018...

CLIMATE NORMAL PERIOD 1981 TO 2010
CLIMATE RECORD PERIOD 1871 TO 2018


WEATHER ITEM   OBSERVED TIME   RECORD YEAR NORMAL DEPARTURE LAST
                VALUE   (LST)  VALUE       VALUE  FROM      YEAR
                                                  NORMAL
..................................................................
TEMPERATURE (F)
 YESTERDAY
  MAXIMUM         36    322 PM  76    1907  48    -12       43
  MINIMUM         27   1218 AM  11    1994  33     -6       40
  AVERAGE         32                        40     -8       42

PRECIPITATION (IN)
  YESTERDAY        0.00          1.28 1892   0.12  -0.12     0.00
  MONTH TO DATE    1.64                      1.66  -0.02     3.11
  SINCE DEC 1      4.04                      4.92  -0.88     5.65
  SINCE JAN 1      1.64                      1.66  -0.02     3.11

SNOWFALL (IN)
  YESTERDAY        0.0           2.3  1957   0.1   -0.1
  MONTH TO DATE   10.3                       1.2    9.1
  SINCE NOV 1     10.3                       2.4    7.9
  SINCE JUL 1     10.3                       2.4    7.9
  SNOW DEPTH       0

DEGREE DAYS
 HEATING
  YESTERDAY       33                        25      8       23
  MONTH TO DATE  497                       370    127      334
  SINCE DEC 1   1171                      1019    152      941
  SINCE JUL 1   1597                      1549     48     1404

 COOLING
  YESTERDAY        0                         0      0        0
  MONTH TO DATE    1                         0      1        0
  SINCE DEC 1      1                         1      0        0
  SINCE JAN 1      1                         0      1        0
..................................................................


WIND (MPH)
  HIGHEST WIND SPEED    20   HIGHEST WIND DIRECTION     N (10)
  HIGHEST GUST SPEED    28   HIGHEST GUST DIRECTION     N (10)
  AVERAGE WIND SPEED    12.4


SKY COVER
  POSSIBLE SUNSHINE  MM
  AVERAGE SKY COVER 1.0


WEATHER CONDITIONS
 THE FOLLOWING WEATHER WAS RECORDED YESTERDAY.
  FOG


RELATIVE HUMIDITY (PERCENT)
 HIGHEST   100          1100 PM
 LOWEST     63          1200 AM
 AVERAGE    82

..........................................................


THE NORFOLK VA CLIMATE NORMALS FOR TODAY
                         NORMAL    RECORD    YEAR
 MAXIMUM TEMPERATURE (F)   48        73      1877
 MINIMUM TEMPERATURE (F)   33         7      1893


SUNRISE AND SUNSET
JANUARY 16 2018.......SUNRISE   716 AM EST   SUNSET   513 PM EST
JANUARY 17 2018.......SUNRISE   716 AM EST   SUNSET   514 PM EST


-  INDICATES NEGATIVE NUMBERS.
R  INDICATES RECORD WAS SET OR TIED.
MM INDICATES DATA IS MISSING.
T  INDICATES TRACE AMOUNT.




$$
