000
CDUS41 KAKQ 250533
CLIORF


CLIMATE REPORT
NATIONAL WEATHER SERVICE WAKEFIELD, VA
133 AM EDT MON SEP 25 2017


...................................

...THE NORFOLK VA CLIMATE SUMMARY FOR SEPTEMBER 24 2017...

CLIMATE NORMAL PERIOD 1981 TO 2010
CLIMATE RECORD PERIOD 1871 TO 2017


WEATHER ITEM   OBSERVED TIME   RECORD YEAR NORMAL DEPARTURE LAST
                VALUE   (LST)  VALUE       VALUE  FROM      YEAR
                                                  NORMAL
..................................................................
TEMPERATURE (F)
 YESTERDAY
  MAXIMUM         83    100 PM  96    2010  77      6       87
  MINIMUM         66    610 AM  45    1967  63      3       65
  AVERAGE         75                        70      5       76

PRECIPITATION (IN)
  YESTERDAY        0.00          1.65 1947   0.15  -0.15      T
  MONTH TO DATE    1.85                      3.92  -2.07    13.14
  SINCE SEP 1      1.85                      3.92  -2.07    13.14
  SINCE JAN 1     40.39                     35.86   4.53    55.51

SNOWFALL (IN)
  YESTERDAY        0.0           0.0  2002   0.0    0.0
                                      2001
  MONTH TO DATE    0.0                       0.0    0.0
  SINCE NOV 1      5.4                       5.8   -0.4
  SINCE JUL 1      0.0                       0.0    0.0
  SNOW DEPTH       0

DEGREE DAYS
 HEATING
  YESTERDAY        0                         1     -1        0
  MONTH TO DATE    0                         2     -2        0
  SINCE SEP 1      0                         2     -2        0
  SINCE JUL 1      0                         2     -2        0

 COOLING
  YESTERDAY       10                         5      5       11
  MONTH TO DATE  217                       202     15      288
  SINCE SEP 1    217                       202     15      288
  SINCE JAN 1   1909                      1537    372     1840
..................................................................


WIND (MPH)
  HIGHEST WIND SPEED    15   HIGHEST WIND DIRECTION    NE (60)
  HIGHEST GUST SPEED    20   HIGHEST GUST DIRECTION     E (90)
  AVERAGE WIND SPEED     6.2


SKY COVER
  POSSIBLE SUNSHINE  MM
  AVERAGE SKY COVER 0.0


WEATHER CONDITIONS
 THE FOLLOWING WEATHER WAS RECORDED YESTERDAY.
  NO SIGNIFICANT WEATHER WAS OBSERVED.


RELATIVE HUMIDITY (PERCENT)
 HIGHEST    97           300 AM
 LOWEST     62           400 PM
 AVERAGE    80

..........................................................


THE NORFOLK VA CLIMATE NORMALS FOR TODAY
                         NORMAL    RECORD    YEAR
 MAXIMUM TEMPERATURE (F)   77        94      2010
                                             1933
 MINIMUM TEMPERATURE (F)   62        46      1950
                                             1887


SUNRISE AND SUNSET
SEPTEMBER 25 2017.....SUNRISE   655 AM EDT   SUNSET   657 PM EDT
SEPTEMBER 26 2017.....SUNRISE   656 AM EDT   SUNSET   655 PM EDT


-  INDICATES NEGATIVE NUMBERS.
R  INDICATES RECORD WAS SET OR TIED.
MM INDICATES DATA IS MISSING.
T  INDICATES TRACE AMOUNT.




$$
