256
CDUS41 KAKQ 310536
CLIORF


CLIMATE REPORT
NATIONAL WEATHER SERVICE WAKEFIELD, VA
134 AM EDT SUN JUL 31 2016


...................................

...THE NORFOLK VA CLIMATE SUMMARY FOR JULY 30 2016...

CLIMATE NORMAL PERIOD 1981 TO 2010
CLIMATE RECORD PERIOD 1871 TO 2016


WEATHER ITEM   OBSERVED TIME   RECORD YEAR NORMAL DEPARTURE LAST
                VALUE   (LST)  VALUE       VALUE  FROM      YEAR
                                                  NORMAL
..................................................................
TEMPERATURE (F)
 YESTERDAY
  MAXIMUM         90    939 AM  98    1901  87      3       96
                                      1875
  MINIMUM         75   1126 PM  56    1946  72      3       74
  AVERAGE         83                        79      4       85

PRECIPITATION (IN)
  YESTERDAY        0.57          3.70 1966   0.19   0.38     0.00
  MONTH TO DATE    3.35                      4.94  -1.59     6.63
  SINCE JUN 1      8.41                      9.20  -0.79    14.97
  SINCE JAN 1     30.64                     26.22   4.42    29.97

SNOWFALL (IN)
  YESTERDAY        0.0           0.0  2002   0.0    0.0
                                      2001
  MONTH TO DATE    0.0                       0.0    0.0
  SINCE NOV 1      5.0                       5.8   -0.8
  SINCE JUL 1      0.0                       0.0    0.0
  SNOW DEPTH       0

DEGREE DAYS
 HEATING
  YESTERDAY        0                         0      0        0
  MONTH TO DATE    0                         0      0        0
  SINCE JUN 1      0                         6     -6        0
  SINCE JUL 1      0                         0      0        0

 COOLING
  YESTERDAY       18                        14      4       20
  MONTH TO DATE  537                       442     95      470
  SINCE JUN 1    861                       757    104      888
  SINCE JAN 1   1018                       923     95     1124
..................................................................


WIND (MPH)
  HIGHEST WIND SPEED    16   HIGHEST WIND DIRECTION     S (200)
  HIGHEST GUST SPEED    21   HIGHEST GUST DIRECTION     S (200)
  AVERAGE WIND SPEED     5.4


SKY COVER
  POSSIBLE SUNSHINE  MM
  AVERAGE SKY COVER 0.3


WEATHER CONDITIONS
 THE FOLLOWING WEATHER WAS RECORDED YESTERDAY.
  THUNDERSTORM
  HEAVY RAIN
  RAIN
  LIGHT RAIN
  FOG


RELATIVE HUMIDITY (PERCENT)
 HIGHEST    94           600 PM
 LOWEST     59           900 AM
 AVERAGE    77

..........................................................


THE NORFOLK VA CLIMATE NORMALS FOR TODAY
                         NORMAL    RECORD    YEAR
 MAXIMUM TEMPERATURE (F)   87        99      1961
 MINIMUM TEMPERATURE (F)   72        61      1956
                                             1914


SUNRISE AND SUNSET
JULY 31 2016..........SUNRISE   610 AM EDT   SUNSET   812 PM EDT
AUGUST  1 2016........SUNRISE   611 AM EDT   SUNSET   811 PM EDT


-  INDICATES NEGATIVE NUMBERS.
R  INDICATES RECORD WAS SET OR TIED.
MM INDICATES DATA IS MISSING.
T  INDICATES TRACE AMOUNT.




$$
