000
CDUS41 KAKQ 130638
CLIORF


CLIMATE REPORT
NATIONAL WEATHER SERVICE WAKEFIELD, VA
127 AM EST SAT FEB 13 2016


...................................

...THE NORFOLK VA CLIMATE SUMMARY FOR FEBRUARY 12 2016...

CLIMATE NORMAL PERIOD 1981 TO 2010
CLIMATE RECORD PERIOD 1871 TO 2016


WEATHER ITEM   OBSERVED TIME   RECORD YEAR NORMAL DEPARTURE LAST
                VALUE   (LST)  VALUE       VALUE  FROM      YEAR
                                                  NORMAL
..................................................................
TEMPERATURE (F)
 YESTERDAY
  MAXIMUM         31    153 PM  78    1965  50    -19       48
  MINIMUM         25    628 AM  14    1899  34     -9       29
  AVERAGE         28                        42    -14       39

PRECIPITATION (IN)
  YESTERDAY        0.04          1.44 1906   0.10  -0.06     0.03
  MONTH TO DATE    4.24                      1.30   2.94     0.68
  SINCE DEC 1     12.23                      7.96   4.27     8.02
  SINCE JAN 1      8.86                      4.70   4.16     4.32

SNOWFALL (IN)
  YESTERDAY        0.7           7.9  1899   0.1    0.6
  MONTH TO DATE    0.9                       1.0   -0.1
  SINCE NOV 1      3.7                       4.6   -0.9
  SINCE JUL 1      3.7                       4.6   -0.9
  SNOW DEPTH       0

DEGREE DAYS
 HEATING
  YESTERDAY       37                        23     14       26
  MONTH TO DATE  264                       283    -19      304
  SINCE DEC 1   1252                      1695   -443     1675
  SINCE JUL 1   1591                      2225   -634     2238

 COOLING
  YESTERDAY        0                         0      0        0
  MONTH TO DATE    0                         0      0        0
  SINCE DEC 1     29                         1     28        0
  SINCE JAN 1      0                         0      0        0
..................................................................


WIND (MPH)
  HIGHEST WIND SPEED    14   HIGHEST WIND DIRECTION     N (360)
  HIGHEST GUST SPEED    17   HIGHEST GUST DIRECTION     N (10)
  AVERAGE WIND SPEED     5.2


SKY COVER
  POSSIBLE SUNSHINE  MM
  AVERAGE SKY COVER 0.5


WEATHER CONDITIONS
 THE FOLLOWING WEATHER WAS RECORDED YESTERDAY.
  LIGHT SNOW
  HAZE


RELATIVE HUMIDITY (PERCENT)
 HIGHEST    81           400 PM
 LOWEST     39          1200 AM
 AVERAGE    60

..........................................................


THE NORFOLK VA CLIMATE NORMALS FOR TODAY
                         NORMAL    RECORD    YEAR
 MAXIMUM TEMPERATURE (F)   51        78      1880
 MINIMUM TEMPERATURE (F)   34         9      1899


SUNRISE AND SUNSET
FEBRUARY 13 2016......SUNRISE   656 AM EST   SUNSET   542 PM EST
FEBRUARY 14 2016......SUNRISE   655 AM EST   SUNSET   543 PM EST


-  INDICATES NEGATIVE NUMBERS.
R  INDICATES RECORD WAS SET OR TIED.
MM INDICATES DATA IS MISSING.
T  INDICATES TRACE AMOUNT.




$$
