000
CDUS41 KAKQ 200825
CLIORF


CLIMATE REPORT
NATIONAL WEATHER SERVICE WAKEFIELD, VA
425 AM EDT SUN APR 20 2014


...................................

...THE NORFOLK VA CLIMATE SUMMARY FOR APRIL 19 2014...

CLIMATE NORMAL PERIOD 1981 TO 2010
CLIMATE RECORD PERIOD 1871 TO 2014


WEATHER ITEM   OBSERVED TIME   RECORD YEAR NORMAL DEPARTURE LAST
                VALUE   (LST)  VALUE       VALUE  FROM      YEAR
                                                  NORMAL
..................................................................
TEMPERATURE (F)
 YESTERDAY
  MAXIMUM         51    505 PM  92    1995  69    -18       84
                                      1985
                                      1896
  MINIMUM         46    106 AM  27    1875  50     -4       65
  AVERAGE         49                        59    -10       75

PRECIPITATION (IN)
  YESTERDAY        0.10          1.45 1900   0.11  -0.01     0.30
  MONTH TO DATE    3.34                      2.17   1.17     1.44
  SINCE MAR 1      7.16                      5.85   1.31     3.94
  SINCE JAN 1     13.45                     12.37   1.08    11.50

SNOWFALL (IN)
  YESTERDAY        0.0           0.0  2002   0.0    0.0
  MONTH TO DATE    0.0                       0.0    0.0
  SINCE NOV 1     15.5                       5.8    9.7
  SINCE JUL 1     15.5                       5.8    9.7
  SNOW DEPTH       0

DEGREE DAYS
 HEATING
  YESTERDAY       16                         7      9        0
  MONTH TO DATE  159                       175    -16      110
  SINCE MAR 1    733                       667     66      722
  SINCE JUL 1   3344                      3236    108     3097

 COOLING
  YESTERDAY        0                         1     -1       10
  MONTH TO DATE   18                        19     -1       66
  SINCE MAR 1     19                        25     -6       66
  SINCE JAN 1     19                        26     -7       66
..................................................................


WIND (MPH)
  HIGHEST WIND SPEED    21   HIGHEST WIND DIRECTION    NE (30)
  HIGHEST GUST SPEED    24   HIGHEST GUST DIRECTION    NE (30)
  AVERAGE WIND SPEED    10.7


SKY COVER
  POSSIBLE SUNSHINE  MM
  AVERAGE SKY COVER 0.9


WEATHER CONDITIONS
 THE FOLLOWING WEATHER WAS RECORDED YESTERDAY.
  LIGHT RAIN


RELATIVE HUMIDITY (PERCENT)
 HIGHEST    86           100 AM
 LOWEST     66           600 PM
 AVERAGE    76

..........................................................


THE NORFOLK VA CLIMATE NORMALS FOR TODAY
                         NORMAL    RECORD    YEAR
 MAXIMUM TEMPERATURE (F)   69        91      1941
 MINIMUM TEMPERATURE (F)   50        33      1926


SUNRISE AND SUNSET
APRIL 20 2014.........SUNRISE   624 AM EDT   SUNSET   744 PM EDT
APRIL 21 2014.........SUNRISE   623 AM EDT   SUNSET   745 PM EDT


-  INDICATES NEGATIVE NUMBERS.
R  INDICATES RECORD WAS SET OR TIED.
MM INDICATES DATA IS MISSING.
T  INDICATES TRACE AMOUNT.




$$
