000
CDUS41 KAKQ 240544
CLIORF


CLIMATE REPORT
NATIONAL WEATHER SERVICE WAKEFIELD, VA
143 AM EDT WED AUG 24 2016


...................................

...THE NORFOLK VA CLIMATE SUMMARY FOR AUGUST 23 2016...

CLIMATE NORMAL PERIOD 1981 TO 2010
CLIMATE RECORD PERIOD 1871 TO 2016


WEATHER ITEM   OBSERVED TIME   RECORD YEAR NORMAL DEPARTURE LAST
                VALUE   (LST)  VALUE       VALUE  FROM      YEAR
                                                  NORMAL
..................................................................
TEMPERATURE (F)
 YESTERDAY
  MAXIMUM         81   1231 PM  96    1998  84     -3       83
  MINIMUM         69    219 AM  58    1969  70     -1       71
  AVERAGE         75                        77     -2       77

PRECIPITATION (IN)
  YESTERDAY        0.00          2.63 1949   0.18  -0.18     0.00
  MONTH TO DATE    4.75                      4.22   0.53     1.74
  SINCE JUN 1     20.14                     13.62   6.52    18.01
  SINCE JAN 1     42.37                     30.64  11.73    33.01

SNOWFALL (IN)
  YESTERDAY        0.0           0.0  2002   0.0    0.0
                                      2001
  MONTH TO DATE    0.0                       0.0    0.0
  SINCE NOV 1      5.0                       5.8   -0.8
  SINCE JUL 1      0.0                       0.0    0.0
  SNOW DEPTH       0

DEGREE DAYS
 HEATING
  YESTERDAY        0                         0      0        0
  MONTH TO DATE    0                         0      0        0
  SINCE JUN 1      0                         6     -6        0
  SINCE JUL 1      0                         0      0        0

 COOLING
  YESTERDAY       10                        12     -2       12
  MONTH TO DATE  395                       307     88      324
  SINCE JUN 1   1273                      1076    197     1228
  SINCE JAN 1   1430                      1242    188     1464
..................................................................


WIND (MPH)
  HIGHEST WIND SPEED    15   HIGHEST WIND DIRECTION     E (80)
  HIGHEST GUST SPEED    20   HIGHEST GUST DIRECTION     E (70)
  AVERAGE WIND SPEED     6.9


SKY COVER
  POSSIBLE SUNSHINE  MM
  AVERAGE SKY COVER 0.1


WEATHER CONDITIONS
 THE FOLLOWING WEATHER WAS RECORDED YESTERDAY.
  NO SIGNIFICANT WEATHER WAS OBSERVED.


RELATIVE HUMIDITY (PERCENT)
 HIGHEST    84           100 AM
 LOWEST     45           200 PM
 AVERAGE    65

..........................................................


THE NORFOLK VA CLIMATE NORMALS FOR TODAY
                         NORMAL    RECORD    YEAR
 MAXIMUM TEMPERATURE (F)   84        97      2002
                                             1968
 MINIMUM TEMPERATURE (F)   70        56      1888


SUNRISE AND SUNSET
AUGUST 24 2016........SUNRISE   630 AM EDT   SUNSET   744 PM EDT
AUGUST 25 2016........SUNRISE   630 AM EDT   SUNSET   742 PM EDT


-  INDICATES NEGATIVE NUMBERS.
R  INDICATES RECORD WAS SET OR TIED.
MM INDICATES DATA IS MISSING.
T  INDICATES TRACE AMOUNT.




$$
