000
CDUS41 KAKQ 270832
CLIORF


CLIMATE REPORT
NATIONAL WEATHER SERVICE WAKEFIELD, VA
330 AM EST TUE JAN 27 2015


...................................

...THE NORFOLK VA CLIMATE SUMMARY FOR JANUARY 26 2015...

CLIMATE NORMAL PERIOD 1981 TO 2010
CLIMATE RECORD PERIOD 1871 TO 2015


WEATHER ITEM   OBSERVED TIME   RECORD YEAR NORMAL DEPARTURE LAST
                VALUE   (LST)  VALUE       VALUE  FROM      YEAR
                                                  NORMAL
..................................................................
TEMPERATURE (F)
 YESTERDAY
  MAXIMUM         46   1103 AM  77    1950  48     -2       47
  MINIMUM         34   1159 PM  12    1905  33      1       29
  AVERAGE         40                        40      0       38

PRECIPITATION (IN)
  YESTERDAY        0.01          1.34 1966   0.11  -0.10     0.00
  MONTH TO DATE    3.52                      2.85   0.67     2.46
  SINCE DEC 1      7.22                      6.11   1.11     7.21
  SINCE JAN 1      3.52                      2.85   0.67     2.46

SNOWFALL (IN)
  YESTERDAY        T             7.1  1966   0.1   -0.1
  MONTH TO DATE    T                         2.1   -2.1
  SINCE NOV 1      T                         3.3   -3.3
  SINCE JUL 1      T                         3.3   -3.3
  SNOW DEPTH       0

DEGREE DAYS
 HEATING
  YESTERDAY       25                        25      0       27
  MONTH TO DATE  628                       645    -17      678
  SINCE DEC 1   1221                      1294    -73     1249
  SINCE JUL 1   1784                      1824    -40     1780

 COOLING
  YESTERDAY        0                         0      0        0
  MONTH TO DATE    0                         0      0        0
  SINCE DEC 1      0                         1     -1        5
  SINCE JAN 1      0                         0      0        0
..................................................................


WIND (MPH)
  HIGHEST WIND SPEED    17   HIGHEST WIND DIRECTION     N (350)
  HIGHEST GUST SPEED    26   HIGHEST GUST DIRECTION     N (350)
  AVERAGE WIND SPEED     8.1


SKY COVER
  POSSIBLE SUNSHINE  MM
  AVERAGE SKY COVER 0.6


WEATHER CONDITIONS
 THE FOLLOWING WEATHER WAS RECORDED YESTERDAY.
  LIGHT RAIN
  LIGHT SNOW


RELATIVE HUMIDITY (PERCENT)
 HIGHEST    86           600 PM
 LOWEST     70           800 AM
 AVERAGE    78

..........................................................


THE NORFOLK VA CLIMATE NORMALS FOR TODAY
                         NORMAL    RECORD    YEAR
 MAXIMUM TEMPERATURE (F)   48        75      1974
                                             1952
 MINIMUM TEMPERATURE (F)   33        11      1940


SUNRISE AND SUNSET
JANUARY 27 2015.......SUNRISE   711 AM EST   SUNSET   524 PM EST
JANUARY 28 2015.......SUNRISE   710 AM EST   SUNSET   525 PM EST


-  INDICATES NEGATIVE NUMBERS.
R  INDICATES RECORD WAS SET OR TIED.
MM INDICATES DATA IS MISSING.
T  INDICATES TRACE AMOUNT.




$$
