000
CDUS41 KAKQ 200826
CLIORF


CLIMATE REPORT
NATIONAL WEATHER SERVICE WAKEFIELD, VA
425 AM EDT SAT SEP 20 2014


...................................

...THE NORFOLK VA CLIMATE SUMMARY FOR SEPTEMBER 19 2014...

CLIMATE NORMAL PERIOD 1981 TO 2010
CLIMATE RECORD PERIOD 1871 TO 2014


WEATHER ITEM   OBSERVED TIME   RECORD YEAR NORMAL DEPARTURE LAST
                VALUE   (LST)  VALUE       VALUE  FROM      YEAR
                                                  NORMAL
..................................................................
TEMPERATURE (F)
 YESTERDAY
  MAXIMUM         77    101 PM 100    1895  79     -2       74
  MINIMUM         65    351 AM  50    1889  65      0       55
  AVERAGE         71                        72     -1       65

PRECIPITATION (IN)
  YESTERDAY        0.00          3.01 1955   0.16  -0.16     0.00
  MONTH TO DATE    7.06                      3.17   3.89     0.39
  SINCE SEP 1      7.06                      3.17   3.89     0.39
  SINCE JAN 1     39.47                     35.11   4.36    33.66

SNOWFALL (IN)
  YESTERDAY        0.0           0.0  2002   0.0    0.0
                                      2001
  MONTH TO DATE    0.0                       0.0    0.0
  SINCE NOV 1     15.5                       5.8    9.7
  SINCE JUL 1      0.0                       0.0    0.0
  SNOW DEPTH       0

DEGREE DAYS
 HEATING
  YESTERDAY        0                         0      0        0
  MONTH TO DATE    0                         0      0        0
  SINCE SEP 1      0                         0      0        0
  SINCE JUL 1      0                         0      0        0

 COOLING
  YESTERDAY        6                         7     -1        0
  MONTH TO DATE  217                       172     45      181
  SINCE SEP 1    217                       172     45      181
  SINCE JAN 1   1590                      1507     83     1630
..................................................................


WIND (MPH)
  HIGHEST WIND SPEED    14   HIGHEST WIND DIRECTION     E (80)
  HIGHEST GUST SPEED    23   HIGHEST GUST DIRECTION     E (70)
  AVERAGE WIND SPEED     5.8


SKY COVER
  POSSIBLE SUNSHINE  MM
  AVERAGE SKY COVER 0.4


WEATHER CONDITIONS
 THE FOLLOWING WEATHER WAS RECORDED YESTERDAY.
  NO SIGNIFICANT WEATHER WAS OBSERVED.


RELATIVE HUMIDITY (PERCENT)
 HIGHEST    84           400 AM
 LOWEST     50           400 PM
 AVERAGE    67

..........................................................


THE NORFOLK VA CLIMATE NORMALS FOR TODAY
                         NORMAL    RECORD    YEAR
 MAXIMUM TEMPERATURE (F)   78        97      1895
 MINIMUM TEMPERATURE (F)   64        48      1959


SUNRISE AND SUNSET
SEPTEMBER 20 2014.....SUNRISE   651 AM EDT   SUNSET   705 PM EDT
SEPTEMBER 21 2014.....SUNRISE   652 AM EDT   SUNSET   703 PM EDT


-  INDICATES NEGATIVE NUMBERS.
R  INDICATES RECORD WAS SET OR TIED.
MM INDICATES DATA IS MISSING.
T  INDICATES TRACE AMOUNT.




$$
