000
CDUS41 KBOX 180542
CLIORH


CLIMATE REPORT
NATIONAL WEATHER SERVICE TAUNTON MA
141 AM EDT THU SEP 18 2014


...................................

...THE WORCESTER MA CLIMATE SUMMARY FOR SEPTEMBER 17 2014...

CLIMATE NORMAL PERIOD 1981 TO 2010
CLIMATE RECORD PERIOD 1892 TO 2014


WEATHER ITEM   OBSERVED TIME   RECORD YEAR NORMAL DEPARTURE LAST
                VALUE   (LST)  VALUE       VALUE  FROM      YEAR
                                                  NORMAL
..................................................................
TEMPERATURE (F)
 YESTERDAY
  MAXIMUM         65    301 PM  89    1942  69     -4       59
  MINIMUM         48    554 AM  35    1935  53     -5       41
  AVERAGE         57                        61     -4       50

PRECIPITATION (IN)
  YESTERDAY        0.00          1.69 1933   0.13  -0.13     0.00
  MONTH TO DATE    1.30                      2.03  -0.73     2.73
  SINCE SEP 1      1.30                      2.03  -0.73     2.73
  SINCE JAN 1     36.33                     33.39   2.94    35.75

SNOWFALL (IN)
  YESTERDAY        0.0           0.0  2002   0.0    0.0      0.0
  MONTH TO DATE    0.0                       0.0    0.0      0.0
  SINCE SEP 1      0.0                       0.0    0.0      0.0
  SINCE JUL 1      0.0                       0.0    0.0      0.0
  SNOW DEPTH      MM

DEGREE DAYS
 HEATING
  YESTERDAY        8                         5      3       15
  MONTH TO DATE   67                        56     11       74
  SINCE SEP 1     67                        56     11       74
  SINCE JUL 1     87                        95     -8       93

 COOLING
  YESTERDAY        0                         1     -1        0
  MONTH TO DATE   52                        33     19       40
  SINCE SEP 1     52                        33     19       40
  SINCE JAN 1    414                       459    -45      571
..................................................................


WIND (MPH)
  RESULTANT WIND SPEED   8   RESULTANT WIND DIRECTION   W (280)
  HIGHEST WIND SPEED    15   HIGHEST WIND DIRECTION    NW (300)
  HIGHEST GUST SPEED    21   HIGHEST GUST DIRECTION    SW (230)
  AVERAGE WIND SPEED     8.7


SKY COVER
  POSSIBLE SUNSHINE  MM
  AVERAGE SKY COVER 0.0


WEATHER CONDITIONS
 THE FOLLOWING WEATHER WAS RECORDED YESTERDAY.
  NO SIGNIFICANT WEATHER WAS OBSERVED.


RELATIVE HUMIDITY (PERCENT)
 HIGHEST    89          1200 AM
 LOWEST     43           200 PM
 AVERAGE    66

..........................................................


THE WORCESTER MA CLIMATE NORMALS FOR TODAY
                         NORMAL    RECORD    YEAR
 MAXIMUM TEMPERATURE (F)   69        88      1906
 MINIMUM TEMPERATURE (F)   52        34      1990


SUNRISE AND SUNSET
SEPTEMBER 18 2014.....SUNRISE   630 AM EDT   SUNSET   652 PM EDT
SEPTEMBER 19 2014.....SUNRISE   632 AM EDT   SUNSET   650 PM EDT


-  INDICATES NEGATIVE NUMBERS.
R  INDICATES RECORD WAS SET OR TIED.
MM INDICATES DATA IS MISSING.
T  INDICATES TRACE AMOUNT.




$$
