000
CDUS41 KBOX 310532
CLIORH


CLIMATE REPORT
NATIONAL WEATHER SERVICE TAUNTON MA
132 AM EDT FRI OCT 31 2014


...................................

...THE WORCESTER MA CLIMATE SUMMARY FOR OCTOBER 30 2014...

CLIMATE NORMAL PERIOD 1981 TO 2010
CLIMATE RECORD PERIOD 1892 TO 2014


WEATHER ITEM   OBSERVED TIME   RECORD YEAR NORMAL DEPARTURE LAST
                VALUE   (LST)  VALUE       VALUE  FROM      YEAR
                                                  NORMAL
..................................................................
TEMPERATURE (F)
 YESTERDAY
  MAXIMUM         52    107 PM  78    1946  54     -2       51
  MINIMUM         39   1147 PM  19    1928  38      1       33
  AVERAGE         46                        46      0       42

PRECIPITATION (IN)
  YESTERDAY        0.00          2.34 1973   0.14  -0.14     0.01
  MONTH TO DATE    6.37                      4.54   1.83     1.29
  SINCE SEP 1      9.09                      8.47   0.62     4.52
  SINCE JAN 1     44.12                     39.83   4.29    37.54

SNOWFALL (IN)
  YESTERDAY        0.0           3.2  2011   0.1   -0.1      0.0
  MONTH TO DATE    0.0                       0.2   -0.2      0.0
  SINCE SEP 1      0.0                       0.2   -0.2      0.0
  SINCE JUL 1      0.0                       0.2   -0.2      0.0
  SNOW DEPTH      MM

DEGREE DAYS
 HEATING
  YESTERDAY       19                        19      0       23
  MONTH TO DATE  373                       448    -75      394
  SINCE SEP 1    526                       602    -76      564
  SINCE JUL 1    546                       641    -95      583

 COOLING
  YESTERDAY        0                         0      0        0
  MONTH TO DATE    3                         0      3        1
  SINCE SEP 1     64                        42     22       41
  SINCE JAN 1    426                       468    -42      572
..................................................................


WIND (MPH)
  RESULTANT WIND SPEED   9   RESULTANT WIND DIRECTION   W (280)
  HIGHEST WIND SPEED    15   HIGHEST WIND DIRECTION     W (290)
  HIGHEST GUST SPEED    19   HIGHEST GUST DIRECTION     W (280)
  AVERAGE WIND SPEED     9.4


SKY COVER
  POSSIBLE SUNSHINE  MM
  AVERAGE SKY COVER 0.3


WEATHER CONDITIONS
 THE FOLLOWING WEATHER WAS RECORDED YESTERDAY.
  NO SIGNIFICANT WEATHER WAS OBSERVED.


RELATIVE HUMIDITY (PERCENT)
 HIGHEST    83          1200 AM
 LOWEST     52           300 PM
 AVERAGE    68

..........................................................


THE WORCESTER MA CLIMATE NORMALS FOR TODAY
                         NORMAL    RECORD    YEAR
 MAXIMUM TEMPERATURE (F)   53        79      1946
 MINIMUM TEMPERATURE (F)   37        20      1944
                                             1928


SUNRISE AND SUNSET
OCTOBER 31 2014.......SUNRISE   719 AM EDT   SUNSET   542 PM EDT
NOVEMBER  1 2014......SUNRISE   721 AM EDT   SUNSET   541 PM EDT


-  INDICATES NEGATIVE NUMBERS.
R  INDICATES RECORD WAS SET OR TIED.
MM INDICATES DATA IS MISSING.
T  INDICATES TRACE AMOUNT.




$$
