000
CDUS41 KBOX 290542
CLIORH


CLIMATE REPORT
NATIONAL WEATHER SERVICE TAUNTON MA
138 AM EDT THU JUN 29 2017


...................................

...THE WORCESTER MA CLIMATE SUMMARY FOR JUNE 28 2017...

CLIMATE NORMAL PERIOD 1981 TO 2010
CLIMATE RECORD PERIOD 1892 TO 2017


WEATHER ITEM   OBSERVED TIME   RECORD YEAR NORMAL DEPARTURE LAST
                VALUE   (LST)  VALUE       VALUE  FROM      YEAR
                                                  NORMAL
..................................................................
TEMPERATURE (F)
 YESTERDAY
  MAXIMUM         72    456 PM  96    1901  77     -5       74
  MINIMUM         50    443 AM  45    1995  59     -9       64
  AVERAGE         61                        68     -7       69

PRECIPITATION (IN)
  YESTERDAY        0.00          1.85 1895   0.12  -0.12     0.13
  MONTH TO DATE    4.21                      3.94   0.27     1.51
  SINCE JUN 1      4.21                      3.94   0.27     1.51
  SINCE JAN 1     25.29                     23.17   2.12    17.23

SNOWFALL (IN)
  YESTERDAY        0.0           0.0  2002   0.0    0.0      0.0
                                      2001
                                      2000
  MONTH TO DATE    0.0                       0.0    0.0      0.0
  SINCE JUN 1      0.0                       0.0    0.0      0.0
  SINCE JUL 1     78.3                      64.1   14.2     47.2
  SNOW DEPTH      MM

DEGREE DAYS
 HEATING
  YESTERDAY        4                         1      3        0
  MONTH TO DATE   86                        80      6       51
  SINCE JUN 1     86                        80      6       51
  SINCE JUL 1   6271                      6714   -443     5762

 COOLING
  YESTERDAY        0                         4     -4        4
  MONTH TO DATE   98                        75     23       57
  SINCE JUN 1     98                        75     23       57
  SINCE JAN 1    132                        97     35       99
..................................................................


WIND (MPH)
  RESULTANT WIND SPEED  10   RESULTANT WIND DIRECTION   W (270)
  HIGHEST WIND SPEED    22   HIGHEST WIND DIRECTION    NW (310)
  HIGHEST GUST SPEED    27   HIGHEST GUST DIRECTION    NW (300)
  AVERAGE WIND SPEED    10.2


SKY COVER
  POSSIBLE SUNSHINE  MM
  AVERAGE SKY COVER 0.1


WEATHER CONDITIONS
 THE FOLLOWING WEATHER WAS RECORDED YESTERDAY.
  NO SIGNIFICANT WEATHER WAS OBSERVED.


RELATIVE HUMIDITY (PERCENT)
 HIGHEST    89           100 AM
 LOWEST     38           300 PM
 AVERAGE    64

..........................................................


THE WORCESTER MA CLIMATE NORMALS FOR TODAY
                         NORMAL    RECORD    YEAR
 MAXIMUM TEMPERATURE (F)   77        95      1933
 MINIMUM TEMPERATURE (F)   60        49      1968
                                             1919


SUNRISE AND SUNSET
JUNE 29 2017..........SUNRISE   514 AM EDT   SUNSET   828 PM EDT
JUNE 30 2017..........SUNRISE   514 AM EDT   SUNSET   828 PM EDT


-  INDICATES NEGATIVE NUMBERS.
R  INDICATES RECORD WAS SET OR TIED.
MM INDICATES DATA IS MISSING.
T  INDICATES TRACE AMOUNT.




$$
