000
CDUS46 KMFR 270837
CLIOTH


CLIMATE REPORT
NATIONAL WEATHER SERVICE MEDFORD, OR
1236 AM PST TUE JAN 27 2015


...................................

...THE NORTH BEND OR CLIMATE SUMMARY FOR JANUARY 26 2015...

CLIMATE NORMAL PERIOD 1981 TO 2010
CLIMATE RECORD PERIOD 1902 TO 2015


WEATHER ITEM   OBSERVED TIME   RECORD YEAR NORMAL DEPARTURE LAST
                VALUE   (LST)  VALUE       VALUE  FROM      YEAR
                                                  NORMAL
..................................................................
TEMPERATURE (F)
 YESTERDAY
  MAXIMUM         59        MM  70    2011  52      7       55
  MINIMUM         45        MM  21    1957  40      5       36
  AVERAGE         52                        46      6       46

PRECIPITATION (IN)
  YESTERDAY        0.00          2.56 1983   0.29  -0.29     0.00
  MONTH TO DATE    1.89                      8.75  -6.86     1.65
  SINCE OCT 1     25.19                     34.84  -9.65     7.27
  SINCE JAN 1      1.89                      8.75  -6.86     1.65

SNOWFALL (IN)
  YESTERDAY       MM
  SNOW DEPTH      MM

DEGREE DAYS
 HEATING
  YESTERDAY       13                        19     -6       19
  MONTH TO DATE  369                       496   -127      440
  SINCE DEC 1    798                      1105   -307     1152
  SINCE JUL 1   1674                      2557   -883     2267

 COOLING
  YESTERDAY        0                         0      0        0
  MONTH TO DATE    0                         0      0        0
  SINCE DEC 1      0                         0      0        0
  SINCE JAN 1      0                         0      0        0
..................................................................


WIND (MPH)
  HIGHEST WIND SPEED     8   HIGHEST WIND DIRECTION    SE (120)
  HIGHEST GUST SPEED    MM   HIGHEST GUST DIRECTION    MM
  AVERAGE WIND SPEED     3.7


SKY COVER
  POSSIBLE SUNSHINE   0 PERCENT
  AVERAGE SKY COVER 0.0


WEATHER CONDITIONS
 THE FOLLOWING WEATHER WAS RECORDED YESTERDAY.
  NO SIGNIFICANT WEATHER WAS OBSERVED.


RELATIVE HUMIDITY (PERCENT)
 HIGHEST     0          1200 AM
 LOWEST      0          1200 AM

..........................................................


THE NORTH BEND OR CLIMATE NORMALS FOR TODAY
                         NORMAL    RECORD    YEAR
 MAXIMUM TEMPERATURE (F)   52        70      1931
 MINIMUM TEMPERATURE (F)   40        19      1957


SUNRISE AND SUNSET
JANUARY 27 2015.......SUNRISE   738 AM PST   SUNSET   522 PM PST
JANUARY 28 2015.......SUNRISE   737 AM PST   SUNSET   523 PM PST


-  INDICATES NEGATIVE NUMBERS.
R  INDICATES RECORD WAS SET OR TIED.
MM INDICATES DATA IS MISSING.
T  INDICATES TRACE AMOUNT.




$$
