679
CDUS46 KMFR 140049
CLIOTH


CLIMATE REPORT
NATIONAL WEATHER SERVICE MEDFORD, OR
446 PM PST WED DEC 13 2017


...................................

...THE NORTH BEND OR CLIMATE SUMMARY FOR DECEMBER 13 2017...
VALID TODAY AS OF 0400 PM LOCAL TIME.

CLIMATE NORMAL PERIOD 1981 TO 2010
CLIMATE RECORD PERIOD 1902 TO 2017


WEATHER ITEM   OBSERVED TIME   RECORD YEAR NORMAL DEPARTURE LAST
                VALUE   (LST)  VALUE       VALUE  FROM      YEAR
                                                  NORMAL
..................................................................
TEMPERATURE (F)
 TODAY
  MAXIMUM         60        MM  67    1969  51      9       45
  MINIMUM         35        MM  19    1919  40     -5       32
  AVERAGE         48                        45      3       39

PRECIPITATION (IN)
  TODAY            0.00          4.05 2003   0.35  -0.35     0.00
  MONTH TO DATE    1.20                      4.77  -3.57     3.74
  SINCE OCT 1     17.03                     19.73  -2.70    30.99
  SINCE JAN 1     65.38                     58.55   6.83    63.57

SNOWFALL (IN)
  TODAY           MM                         0.0   MM       MM
  MONTH TO DATE   MM                         0.0   MM        0.0
  SINCE JUL 1     MM                         T     MM        0.0
  SNOW DEPTH      MM

DEGREE DAYS
 HEATING
  TODAY           17                        20     -3       26
  MONTH TO DATE  226                       253    -27      256
  SINCE DEC 1    226                       253    -27      256
  SINCE JUL 1   1381                      1705   -324     1252

 COOLING
  TODAY            0                         0      0        0
  MONTH TO DATE    0                         0      0        0
  SINCE DEC 1      0                         0      0        0
  SINCE JAN 1     10                         2      8       15
..................................................................


WIND (MPH)
  HIGHEST WIND SPEED     7   HIGHEST WIND DIRECTION     S (160)
  HIGHEST GUST SPEED    MM   HIGHEST GUST DIRECTION    MM
  AVERAGE WIND SPEED     2.4


SKY COVER
  POSSIBLE SUNSHINE  99 PERCENT
  AVERAGE SKY COVER 0.0


WEATHER CONDITIONS
 THE FOLLOWING WEATHER WAS RECORDED TODAY.
  NO SIGNIFICANT WEATHER WAS OBSERVED.


RELATIVE HUMIDITY (PERCENT)
 HIGHEST    99
 LOWEST     99

..........................................................


THE NORTH BEND OR CLIMATE NORMALS FOR TOMORROW
                         NORMAL    RECORD    YEAR
 MAXIMUM TEMPERATURE (F)   51        67      1962
 MINIMUM TEMPERATURE (F)   40        19      1919


SUNRISE AND SUNSET
DECEMBER 13 2017......SUNRISE   741 AM PST   SUNSET   441 PM PST
DECEMBER 14 2017......SUNRISE   742 AM PST   SUNSET   441 PM PST


-  INDICATES NEGATIVE NUMBERS.
R  INDICATES RECORD WAS SET OR TIED.
MM INDICATES DATA IS MISSING.
T  INDICATES TRACE AMOUNT.




$$
