000
CDUS46 KMFR 260858
CLIOTH


CLIMATE REPORT
NATIONAL WEATHER SERVICE MEDFORD, OR
1258 AM PST FRI DEC 26 2014


...................................

...THE NORTH BEND OR CLIMATE SUMMARY FOR DECEMBER 25 2014...

CLIMATE NORMAL PERIOD 1981 TO 2010
CLIMATE RECORD PERIOD 1902 TO 2014


WEATHER ITEM   OBSERVED TIME   RECORD YEAR NORMAL DEPARTURE LAST
                VALUE   (LST)  VALUE       VALUE  FROM      YEAR
                                                  NORMAL
..................................................................
TEMPERATURE (F)
 YESTERDAY
  MAXIMUM         54        MM  65    1980  51      3       54
  MINIMUM         43        MM  17    1924  40      3       30
  AVERAGE         49                        45      4       42

PRECIPITATION (IN)
  YESTERDAY        0.12          3.71 1955   0.35  -0.23     0.00
  MONTH TO DATE   12.29                      9.05   3.24     2.16
  SINCE SEP 1     24.68                     25.59  -0.91    11.57
  SINCE JAN 1     47.13                     62.83 -15.70    29.50

SNOWFALL (IN)
  YESTERDAY       MM
  SNOW DEPTH      MM

DEGREE DAYS
 HEATING
  YESTERDAY       16                        20     -4       23
  MONTH TO DATE  299                       493   -194      589
  SINCE DEC 1    299                       493   -194      589
  SINCE JUL 1   1175                      1945   -770     1704

 COOLING
  YESTERDAY        0                         0      0        0
  MONTH TO DATE    0                         0      0        0
  SINCE DEC 1      0                         0      0        0
  SINCE JAN 1     28                         2     26       13
..................................................................


WIND (MPH)
  HIGHEST WIND SPEED    13   HIGHEST WIND DIRECTION     N (340)
  HIGHEST GUST SPEED    MM   HIGHEST GUST DIRECTION    MM
  AVERAGE WIND SPEED     5.7


SKY COVER
  POSSIBLE SUNSHINE  MM
  AVERAGE SKY COVER  MM


WEATHER CONDITIONS
 THE FOLLOWING WEATHER WAS RECORDED YESTERDAY.
  NO SIGNIFICANT WEATHER WAS OBSERVED.


RELATIVE HUMIDITY (PERCENT)
 HIGHEST    MM
 LOWEST     MM

..........................................................


THE NORTH BEND OR CLIMATE NORMALS FOR TODAY
                         NORMAL    RECORD    YEAR
 MAXIMUM TEMPERATURE (F)   51        69      1980
 MINIMUM TEMPERATURE (F)   40        17      1924


SUNRISE AND SUNSET
DECEMBER 26 2014......SUNRISE   749 AM PST   SUNSET   447 PM PST
DECEMBER 27 2014......SUNRISE   749 AM PST   SUNSET   448 PM PST


-  INDICATES NEGATIVE NUMBERS.
R  INDICATES RECORD WAS SET OR TIED.
MM INDICATES DATA IS MISSING.
T  INDICATES TRACE AMOUNT.




$$
