236
CDUS46 KMFR 190045
CLIOTH


CLIMATE REPORT
NATIONAL WEATHER SERVICE MEDFORD, OR
444 PM PST SUN FEB 18 2018


...................................

...THE NORTH BEND OR CLIMATE SUMMARY FOR FEBRUARY 18 2018...
VALID TODAY AS OF 0400 PM LOCAL TIME.

CLIMATE NORMAL PERIOD 1981 TO 2010
CLIMATE RECORD PERIOD 1902 TO 2018


WEATHER ITEM   OBSERVED TIME   RECORD YEAR NORMAL DEPARTURE LAST
                VALUE   (LST)  VALUE       VALUE  FROM      YEAR
                                                  NORMAL
..................................................................
TEMPERATURE (F)
 TODAY
  MAXIMUM         46        MM  71    1977  53     -7       52
  MINIMUM         37        MM  25    1955  40     -3       45
  AVERAGE         42                        46     -4       49

PRECIPITATION (IN)
  TODAY            0.12          1.75 1986   0.27  -0.15     0.06
  MONTH TO DATE    1.09                      4.86  -3.77    10.51
  SINCE OCT 1     27.82                     41.14 -13.32    53.54
  SINCE JAN 1      8.92                     15.05  -6.13    19.39

SNOWFALL (IN)
  TODAY           MM                         0.0   MM       MM
  MONTH TO DATE   MM                         0.3   MM       MM
  SINCE JUL 1     MM                         0.4   MM        0.0
  SNOW DEPTH      MM

DEGREE DAYS
 HEATING
  TODAY           23                        18      5       16
  MONTH TO DATE  307                       341    -34      270
  SINCE DEC 1   1286                      1544   -258     1572
  SINCE JUL 1   2441                      2996   -555     2568

 COOLING
  TODAY            0                         0      0        0
  MONTH TO DATE    0                         0      0        0
  SINCE DEC 1      0                         0      0        0
  SINCE JAN 1      0                         0      0        0
..................................................................


WIND (MPH)
  HIGHEST WIND SPEED    13   HIGHEST WIND DIRECTION    NW (330)
  HIGHEST GUST SPEED    32   HIGHEST GUST DIRECTION     W (290)
  AVERAGE WIND SPEED    12.7


SKY COVER
  POSSIBLE SUNSHINE   0 PERCENT
  AVERAGE SKY COVER 0.0


WEATHER CONDITIONS
 THE FOLLOWING WEATHER WAS RECORDED TODAY.
  NO SIGNIFICANT WEATHER WAS OBSERVED.


RELATIVE HUMIDITY (PERCENT)
 HIGHEST     0          1200 AM
 LOWEST      0          1200 AM

..........................................................


THE NORTH BEND OR CLIMATE NORMALS FOR TOMORROW
                         NORMAL    RECORD    YEAR
 MAXIMUM TEMPERATURE (F)   53        67      1935
 MINIMUM TEMPERATURE (F)   40        26      1929


SUNRISE AND SUNSET
FEBRUARY 18 2018......SUNRISE   711 AM PST   SUNSET   552 PM PST
FEBRUARY 19 2018......SUNRISE   709 AM PST   SUNSET   553 PM PST


-  INDICATES NEGATIVE NUMBERS.
R  INDICATES RECORD WAS SET OR TIED.
MM INDICATES DATA IS MISSING.
T  INDICATES TRACE AMOUNT.




$$
