000
CDUS46 KMFR 250038
CLIOTH


CLIMATE REPORT
NATIONAL WEATHER SERVICE MEDFORD, OR
438 PM PST TUE JAN 24 2017


...................................

...THE NORTH BEND OR CLIMATE SUMMARY FOR JANUARY 24 2017...
VALID TODAY AS OF 0400 PM LOCAL TIME.

CLIMATE NORMAL PERIOD 1981 TO 2010
CLIMATE RECORD PERIOD 1902 TO 2017


WEATHER ITEM   OBSERVED TIME   RECORD YEAR NORMAL DEPARTURE LAST
                VALUE   (LST)  VALUE       VALUE  FROM      YEAR
                                                  NORMAL
..................................................................
TEMPERATURE (F)
 TODAY
  MAXIMUM         50        MM  73    2014  52     -2       52
  MINIMUM         34        MM  25    1969  40     -6       45
  AVERAGE         42                        46     -4       49

PRECIPITATION (IN)
  TODAY            0.00          2.01 1946   0.29  -0.29     0.17
  MONTH TO DATE    8.87                      8.16   0.71     9.65
  SINCE OCT 1     43.02                     34.25   8.77    35.28
  SINCE JAN 1      8.87                      8.16   0.71     9.65

SNOWFALL (IN)
  TODAY           MM                         0.0   MM       MM
  MONTH TO DATE    0.0                       0.0    0.0     MM
  SINCE JUL 1      0.0                       0.1   -0.1      0.0
  SNOW DEPTH      MM

DEGREE DAYS
 HEATING
  TODAY           23                        19      4       16
  MONTH TO DATE  511                       458     53      364
  SINCE DEC 1   1169                      1067    102      843
  SINCE JUL 1   2165                      2519   -354     1850

 COOLING
  TODAY            0                         0      0        0
  MONTH TO DATE    0                         0      0        0
  SINCE DEC 1      0                         0      0        0
  SINCE JAN 1      0                         0      0        0
..................................................................


WIND (MPH)
  HIGHEST WIND SPEED     9   HIGHEST WIND DIRECTION    SE (140)
  HIGHEST GUST SPEED    MM   HIGHEST GUST DIRECTION    MM
  AVERAGE WIND SPEED     4.9


SKY COVER
  POSSIBLE SUNSHINE  MM
  AVERAGE SKY COVER 0.0


WEATHER CONDITIONS
 THE FOLLOWING WEATHER WAS RECORDED TODAY.
  NO SIGNIFICANT WEATHER WAS OBSERVED.


RELATIVE HUMIDITY (PERCENT)
 HIGHEST   100          1200 AM
 LOWEST     71           100 PM

..........................................................


THE NORTH BEND OR CLIMATE NORMALS FOR TOMORROW
                         NORMAL    RECORD    YEAR
 MAXIMUM TEMPERATURE (F)   52        70      2015
 MINIMUM TEMPERATURE (F)   40        24      1957


SUNRISE AND SUNSET
JANUARY 24 2017.......SUNRISE   740 AM PST   SUNSET   519 PM PST
JANUARY 25 2017.......SUNRISE   739 AM PST   SUNSET   520 PM PST


-  INDICATES NEGATIVE NUMBERS.
R  INDICATES RECORD WAS SET OR TIED.
MM INDICATES DATA IS MISSING.
T  INDICATES TRACE AMOUNT.




$$
