000
CDUS46 KMFR 020836
CLIOTH


CLIMATE REPORT
NATIONAL WEATHER SERVICE MEDFORD, OR
1235 AM PST MON MAR 2 2015


...................................

...THE NORTH BEND OR CLIMATE SUMMARY FOR MARCH 1 2015...

CLIMATE NORMAL PERIOD 1981 TO 2010
CLIMATE RECORD PERIOD 1902 TO 2015


WEATHER ITEM   OBSERVED TIME   RECORD YEAR NORMAL DEPARTURE LAST
                VALUE   (LST)  VALUE       VALUE  FROM      YEAR
                                                  NORMAL
..................................................................
TEMPERATURE (F)
 YESTERDAY
  MAXIMUM         55        MM  72    1925  54      1       57
  MINIMUM         32        MM  26    1930  41     -9       50
  AVERAGE         44                        47     -3       54

PRECIPITATION (IN)
  YESTERDAY        0.08          2.18 1972   0.29  -0.21     0.05
  MONTH TO DATE    0.08                      0.29  -0.21     0.05
  SINCE OCT 1     33.59                     44.16 -10.57    16.39
  SINCE JAN 1     10.29                     18.07  -7.78    10.77

SNOWFALL (IN)
  YESTERDAY       MM
  SNOW DEPTH      MM

DEGREE DAYS
 HEATING
  YESTERDAY       21                        18      3       11
  MONTH TO DATE   21                        18      3       11
  SINCE MAR 1     21                        18      3       11
  SINCE JUL 1   2125                      3192  -1067     2808

 COOLING
  YESTERDAY        0                         0      0        0
  MONTH TO DATE    0                         0      0        0
  SINCE MAR 1      0                         0      0        0
  SINCE JAN 1      0                         0      0        0
..................................................................


WIND (MPH)
  HIGHEST WIND SPEED    17   HIGHEST WIND DIRECTION     N (360)
  HIGHEST GUST SPEED    23   HIGHEST GUST DIRECTION     N (360)
  AVERAGE WIND SPEED     7.3


SKY COVER
  POSSIBLE SUNSHINE  MM
  AVERAGE SKY COVER 0.2


WEATHER CONDITIONS
 THE FOLLOWING WEATHER WAS RECORDED YESTERDAY.
  NO SIGNIFICANT WEATHER WAS OBSERVED.


RELATIVE HUMIDITY (PERCENT)
 HIGHEST   100           400 AM
 LOWEST     44          1100 AM

..........................................................


THE NORTH BEND OR CLIMATE NORMALS FOR TODAY
                         NORMAL    RECORD    YEAR
 MAXIMUM TEMPERATURE (F)   54        80      1931
 MINIMUM TEMPERATURE (F)   41        27      1917


SUNRISE AND SUNSET
MARCH  2 2015.........SUNRISE   652 AM PST   SUNSET   607 PM PST
MARCH  3 2015.........SUNRISE   650 AM PST   SUNSET   608 PM PST


-  INDICATES NEGATIVE NUMBERS.
R  INDICATES RECORD WAS SET OR TIED.
MM INDICATES DATA IS MISSING.
T  INDICATES TRACE AMOUNT.




$$
