000
CDUS46 KMFR 010043
CLIOTH


CLIMATE REPORT
NATIONAL WEATHER SERVICE MEDFORD, OR
543 PM PDT MON AUG 31 2015


...................................

...THE NORTH BEND OR CLIMATE SUMMARY FOR AUGUST 31 2015...
VALID TODAY AS OF 0500 PM LOCAL TIME.

CLIMATE NORMAL PERIOD 1981 TO 2010
CLIMATE RECORD PERIOD 1902 TO 2015


WEATHER ITEM   OBSERVED TIME   RECORD YEAR NORMAL DEPARTURE LAST
                VALUE   (LST)  VALUE       VALUE  FROM      YEAR
                                                  NORMAL
..................................................................
TEMPERATURE (F)
 TODAY
  MAXIMUM         72        MM  96    1918  66      6       72
  MINIMUM         55        MM  41    1920  52      3       55
  AVERAGE         64                        59      5       64

PRECIPITATION (IN)
  TODAY            0.00          1.43 1971   0.03  -0.03     0.00
  MONTH TO DATE    0.20                      0.62  -0.42     0.02
  SINCE OCT 1     42.74                     63.33 -20.59    28.07
  SINCE JAN 1     19.44                     37.24 -17.80    22.45

SNOWFALL (IN)
  TODAY           MM                         0.0   MM       MM
  MONTH TO DATE   MM                         0.0   MM       MM
  SINCE JUL 1      0.0                       0.0    0.0     MM
  SNOW DEPTH      MM

DEGREE DAYS
 HEATING
  TODAY            1                         6     -5        1
  MONTH TO DATE   98                       186    -88      119
  SINCE JUN 1    402                       646   -244      462
  SINCE JUL 1    178                       379   -201      265

 COOLING
  TODAY            0                         0      0        0
  MONTH TO DATE   10                         1      9        0
  SINCE JUN 1     14                         1     13        0
  SINCE JAN 1     14                         1     13       12
..................................................................


WIND (MPH)
  HIGHEST WIND SPEED    10   HIGHEST WIND DIRECTION    NW (300)
  HIGHEST GUST SPEED    MM   HIGHEST GUST DIRECTION    MM
  AVERAGE WIND SPEED     6.6


SKY COVER
  POSSIBLE SUNSHINE   0 PERCENT
  AVERAGE SKY COVER 0.0


WEATHER CONDITIONS
 THE FOLLOWING WEATHER WAS RECORDED TODAY.
  NO SIGNIFICANT WEATHER WAS OBSERVED.


RELATIVE HUMIDITY (PERCENT)
 HIGHEST     0          1200 AM
 LOWEST      0          1200 AM

..........................................................


THE NORTH BEND OR CLIMATE NORMALS FOR TOMORROW
                         NORMAL    RECORD    YEAR
 MAXIMUM TEMPERATURE (F)   66        81      1972
 MINIMUM TEMPERATURE (F)   52        40      1924


SUNRISE AND SUNSET
AUGUST 31 2015........SUNRISE   640 AM PDT   SUNSET   754 PM PDT
SEPTEMBER  1 2015.....SUNRISE   641 AM PDT   SUNSET   752 PM PDT


-  INDICATES NEGATIVE NUMBERS.
R  INDICATES RECORD WAS SET OR TIED.
MM INDICATES DATA IS MISSING.
T  INDICATES TRACE AMOUNT.




$$
