000
CDUS43 KDMX 200629 RRC
CLIOTM

CLIMATE REPORT
NATIONAL WEATHER SERVICE DES MOINES IA
128 AM CDT FRI OCT 20 2017


...................................

...THE OTTUMWA IA CLIMATE SUMMARY FOR OCTOBER 19 2017...

CLIMATE NORMAL PERIOD 1981 TO 2010
CLIMATE RECORD PERIOD 1920 TO 2017


WEATHER ITEM   OBSERVED TIME   RECORD YEAR NORMAL DEPARTURE LAST
                VALUE   (LST)  VALUE       VALUE  FROM      YEAR
                                                  NORMAL
..................................................................
TEMPERATURE (F)
 YESTERDAY
  MAXIMUM         75    410 PM  85    1924  62     13       71
  MINIMUM         46    417 AM  17    1972  40      6       47
  AVERAGE         61                        51     10       59

PRECIPITATION (IN)
  YESTERDAY        0.00          0.80 1983   0.09  -0.09     0.00
  MONTH TO DATE    2.08                      1.75   0.33     0.89
  SINCE SEP 1      5.75                      5.54   0.21     1.90
  SINCE JAN 1     21.59                     32.24 -10.65    23.09

DEGREE DAYS
 HEATING
  YESTERDAY        4                        14    -10        6
  MONTH TO DATE   93                       209   -116      100
  SINCE SEP 1    130                       319   -189      133
  SINCE JUL 1    130                       330   -200      140

 COOLING
  YESTERDAY        0                         0      0        0
  MONTH TO DATE   23                         9     14       42
  SINCE SEP 1    192                       102     90      215
  SINCE JAN 1   1117                       936    181     1114
..................................................................


WIND (MPH)
  HIGHEST WIND SPEED    17   HIGHEST WIND DIRECTION     E (110)
  HIGHEST GUST SPEED    20   HIGHEST GUST DIRECTION     E (100)
  AVERAGE WIND SPEED     8.3


SKY COVER
  POSSIBLE SUNSHINE  MM
  AVERAGE SKY COVER 0.0


WEATHER CONDITIONS
 THE FOLLOWING WEATHER WAS RECORDED YESTERDAY.
  NO SIGNIFICANT WEATHER WAS OBSERVED.


RELATIVE HUMIDITY (PERCENT)
 HIGHEST    93           200 AM
 LOWEST     44          1000 AM
 AVERAGE    69

..........................................................


THE OTTUMWA IA CLIMATE NORMALS FOR TODAY
                         NORMAL    RECORD    YEAR
 MAXIMUM TEMPERATURE (F)   62        85      1947
 MINIMUM TEMPERATURE (F)   40        21      1960


SUNRISE AND SUNSET
OCTOBER 20 2017.......SUNRISE   727 AM CDT   SUNSET   621 PM CDT
OCTOBER 21 2017.......SUNRISE   728 AM CDT   SUNSET   620 PM CDT


-  INDICATES NEGATIVE NUMBERS.
R  INDICATES RECORD WAS SET OR TIED.
MM INDICATES DATA IS MISSING.
T  INDICATES TRACE AMOUNT.




$$
