122
CDUS43 KDMX 110656 RRA
CLIOTM

CLIMATE REPORT
NATIONAL WEATHER SERVICE DES MOINES IA
1244 AM CST MON DEC 11 2017


...................................

...THE OTTUMWA IA CLIMATE SUMMARY FOR DECEMBER 10 2017...

CLIMATE NORMAL PERIOD 1981 TO 2010
CLIMATE RECORD PERIOD 1920 TO 2017


WEATHER ITEM   OBSERVED TIME   RECORD YEAR NORMAL DEPARTURE LAST
                VALUE   (LST)  VALUE       VALUE  FROM      YEAR
                                                  NORMAL
..................................................................
TEMPERATURE (F)
 YESTERDAY
  MAXIMUM         46    205 PM  60    1979  36     10       29
  MINIMUM         18   1207 AM  -6    2009  19     -1       22
                                      1972
  AVERAGE         32                        27      5       26

PRECIPITATION (IN)
  YESTERDAY        0.00          1.36 1970   0.06  -0.06     0.02
  MONTH TO DATE    0.34                      0.55  -0.21     0.54
  SINCE DEC 1      0.34                      0.55  -0.21     0.54
  SINCE JAN 1     23.38                     36.25 -12.87    24.46

DEGREE DAYS
 HEATING
  YESTERDAY       33                        38     -5       39
  MONTH TO DATE  302                       359    -57      345
  SINCE DEC 1    302                       359    -57      345
  SINCE JUL 1   1426                      1657   -231     1138

 COOLING
  YESTERDAY        0                         0      0        0
  MONTH TO DATE    0                         0      0        0
  SINCE DEC 1      0                         0      0        0
  SINCE JAN 1   1120                       938    182     1122
..................................................................


WIND (MPH)
  HIGHEST WIND SPEED    25   HIGHEST WIND DIRECTION    NW (310)
  HIGHEST GUST SPEED    30   HIGHEST GUST DIRECTION    NW (310)
  AVERAGE WIND SPEED    10.6


SKY COVER
  POSSIBLE SUNSHINE  MM
  AVERAGE SKY COVER 0.2


WEATHER CONDITIONS
 THE FOLLOWING WEATHER WAS RECORDED YESTERDAY.
  NO SIGNIFICANT WEATHER WAS OBSERVED.


RELATIVE HUMIDITY (PERCENT)
 HIGHEST    77           100 AM
 LOWEST     45           100 PM
 AVERAGE    61

..........................................................


THE OTTUMWA IA CLIMATE NORMALS FOR TODAY
                         NORMAL    RECORD    YEAR
 MAXIMUM TEMPERATURE (F)   36        64      1965
 MINIMUM TEMPERATURE (F)   18       -11      1972


SUNRISE AND SUNSET
DECEMBER 11 2017......SUNRISE   725 AM CST   SUNSET   441 PM CST
DECEMBER 12 2017......SUNRISE   726 AM CST   SUNSET   441 PM CST


-  INDICATES NEGATIVE NUMBERS.
R  INDICATES RECORD WAS SET OR TIED.
MM INDICATES DATA IS MISSING.
T  INDICATES TRACE AMOUNT.




$$
