000
CDUS43 KDMX 220656 RRB
CLIOTM

CLIMATE REPORT
NATIONAL WEATHER SERVICE DES MOINES IA
154 AM CDT WED OCT 22 2014


...................................

...THE OTTUMWA IA CLIMATE SUMMARY FOR OCTOBER 21 2014...

CLIMATE NORMAL PERIOD 1981 TO 2010
CLIMATE RECORD PERIOD 1920 TO 2014


WEATHER ITEM   OBSERVED TIME   RECORD YEAR NORMAL DEPARTURE LAST
                VALUE   (LST)  VALUE       VALUE  FROM      YEAR
                                                  NORMAL
..................................................................
TEMPERATURE (F)
 YESTERDAY
  MAXIMUM         63    330 PM  87    1947  62      1       50
  MINIMUM         39    611 AM  18    1930  40     -1       31
  AVERAGE         51                        51      0       41

PRECIPITATION (IN)
  YESTERDAY        0.00          1.25 1900   0.09  -0.09     0.00
  MONTH TO DATE    3.51                      1.93   1.58     1.74
  SINCE SEP 1      7.67                      5.72   1.95     2.81
  SINCE JAN 1     38.96                     32.42   6.54    31.92

DEGREE DAYS
 HEATING
  YESTERDAY       14                        14      0       24
  MONTH TO DATE  263                       237     26      196
  SINCE SEP 1    384                       347     37      263
  SINCE JUL 1    397                       358     39      279

 COOLING
  YESTERDAY        0                         0      0        0
  MONTH TO DATE    0                         9     -9       33
  SINCE SEP 1     68                       102    -34      199
  SINCE JAN 1    800                       936   -136     1014
..................................................................


WIND (MPH)
  HIGHEST WIND SPEED    13   HIGHEST WIND DIRECTION     E (100)
  HIGHEST GUST SPEED    17   HIGHEST GUST DIRECTION     E (100)
  AVERAGE WIND SPEED     7.5


SKY COVER
  POSSIBLE SUNSHINE  MM
  AVERAGE SKY COVER 0.0


WEATHER CONDITIONS
 THE FOLLOWING WEATHER WAS RECORDED YESTERDAY.
  NO SIGNIFICANT WEATHER WAS OBSERVED.


RELATIVE HUMIDITY (PERCENT)
 HIGHEST    89           100 AM
 LOWEST     57          1100 AM
 AVERAGE    73

..........................................................


THE OTTUMWA IA CLIMATE NORMALS FOR TODAY
                         NORMAL    RECORD    YEAR
 MAXIMUM TEMPERATURE (F)   61        86      1940
 MINIMUM TEMPERATURE (F)   40        22      1976


SUNRISE AND SUNSET
OCTOBER 22 2014.......SUNRISE   729 AM CDT   SUNSET   619 PM CDT
OCTOBER 23 2014.......SUNRISE   730 AM CDT   SUNSET   617 PM CDT


-  INDICATES NEGATIVE NUMBERS.
R  INDICATES RECORD WAS SET OR TIED.
MM INDICATES DATA IS MISSING.
T  INDICATES TRACE AMOUNT.




$$
