000
CDUS43 KDMX 280651
CLIOTM

CLIMATE REPORT
NATIONAL WEATHER SERVICE DES MOINES IA
1234 AM CST TUE FEB 28 2017

...................................

...THE OTTUMWA IA CLIMATE SUMMARY FOR FEBRUARY 27 2017...

CLIMATE NORMAL PERIOD 1981 TO 2010
CLIMATE RECORD PERIOD 1920 TO 2017

WEATHER ITEM   OBSERVED TIME   RECORD YEAR NORMAL DEPARTURE LAST
                VALUE   (LST)  VALUE       VALUE  FROM      YEAR
                                                  NORMAL
..................................................................
TEMPERATURE (F)
 YESTERDAY
  MAXIMUM         57    405 PM  72    1976  41     16       67
  MINIMUM         28   1224 AM -23    1934  22      6       26
  AVERAGE         43                        32     11       47

PRECIPITATION (IN)
  YESTERDAY        0.00          1.04 1948   0.06  -0.06     0.00
  MONTH TO DATE    0.28                      1.21  -0.93     0.80
  SINCE DEC 1      2.80                      3.48  -0.68     5.33
  SINCE JAN 1      1.43                      2.11  -0.68     1.30

DEGREE DAYS
 HEATING
  YESTERDAY       22                        33    -11       18
  MONTH TO DATE  710                      1028   -318      942
  SINCE DEC 1   3005                      3552   -547     3008
  SINCE JUL 1   3798                      4850  -1052     4019

 COOLING
  YESTERDAY        0                         0      0        0
  MONTH TO DATE    0                         0      0        0
  SINCE DEC 1      0                         0      0        0
  SINCE JAN 1      0                         0      0        0
..................................................................

WIND (MPH)
  HIGHEST WIND SPEED    17   HIGHEST WIND DIRECTION     S (160)
  HIGHEST GUST SPEED    27   HIGHEST GUST DIRECTION     S (170)
  AVERAGE WIND SPEED    10.3

SKY COVER
  POSSIBLE SUNSHINE  MM
  AVERAGE SKY COVER 0.6

WEATHER CONDITIONS
 THE FOLLOWING WEATHER WAS RECORDED YESTERDAY.
  FOG
  FOG W/VISIBILITY <= 1/4 MILE

RELATIVE HUMIDITY (PERCENT)
 HIGHEST   100           700 AM
 LOWEST     24           400 PM
 AVERAGE    62
..........................................................

THE OTTUMWA IA CLIMATE NORMALS FOR TODAY
                         NORMAL    RECORD    YEAR
 MAXIMUM TEMPERATURE (F)   42        67      1972
 MINIMUM TEMPERATURE (F)   23       -15      1962

SUNRISE AND SUNSET
FEBRUARY 28 2017......SUNRISE   645 AM CST   SUNSET   600 PM CST
MARCH  1 2017.........SUNRISE   644 AM CST   SUNSET   601 PM CST

-  INDICATES NEGATIVE NUMBERS.
R  INDICATES RECORD WAS SET OR TIED.
MM INDICATES DATA IS MISSING.
T  INDICATES TRACE AMOUNT.

$$

FAB
