000
CDUS43 KDMX 310643 RRA
CLIOTM

CLIMATE REPORT
NATIONAL WEATHER SERVICE DES MOINES IA
143 AM CDT TUE MAY 31 2016

...................................

...THE OTTUMWA IA CLIMATE SUMMARY FOR MAY 30 2016...

CLIMATE NORMAL PERIOD 1981 TO 2010
CLIMATE RECORD PERIOD 1920 TO 2016


WEATHER ITEM   OBSERVED TIME   RECORD YEAR NORMAL DEPARTURE LAST
                VALUE   (LST)  VALUE       VALUE  FROM      YEAR
                                                  NORMAL
..................................................................
TEMPERATURE (F)
 YESTERDAY
  MAXIMUM         86    329 PM 102    1934  77      9       66
  MINIMUM         63   1132 PM  39    1947  55      8       53
  AVERAGE         75                        66      9       60

PRECIPITATION (IN)
  YESTERDAY        0.35          1.62 2004   0.16   0.19     0.01
  MONTH TO DATE    3.69                      4.54  -0.85     4.75
  SINCE MAR 1      7.56                     10.18  -2.62     7.75
  SINCE JAN 1      7.99                     12.36  -4.37     9.87

DEGREE DAYS
 HEATING
  YESTERDAY        0                         2     -2        5
  MONTH TO DATE  188                       164     24      115
  SINCE MAR 1   1210                      1409   -199     1231
  SINCE JUL 1   5264                      6294  -1030     6362

 COOLING
  YESTERDAY       10                         3      7        0
  MONTH TO DATE   57                        51      6       60
  SINCE MAR 1     66                        62      4       61
  SINCE JAN 1     66                        62      4       61
..................................................................


WIND (MPH)
  HIGHEST WIND SPEED    22   HIGHEST WIND DIRECTION     W (260)
  HIGHEST GUST SPEED    27   HIGHEST GUST DIRECTION     W (260)
  AVERAGE WIND SPEED     7.0


SKY COVER
  POSSIBLE SUNSHINE  MM
  AVERAGE SKY COVER 0.2


WEATHER CONDITIONS
 THE FOLLOWING WEATHER WAS RECORDED YESTERDAY.
  THUNDERSTORM
  RAIN
  LIGHT RAIN
  FOG


RELATIVE HUMIDITY (PERCENT)
 HIGHEST    93           400 AM
 LOWEST     48           400 PM
 AVERAGE    71

..........................................................


THE OTTUMWA IA CLIMATE NORMALS FOR TODAY
                         NORMAL    RECORD    YEAR
 MAXIMUM TEMPERATURE (F)   77       103      1934
 MINIMUM TEMPERATURE (F)   56        40      1930


SUNRISE AND SUNSET
MAY 31 2016...........SUNRISE   540 AM CDT   SUNSET   836 PM CDT
JUNE  1 2016..........SUNRISE   539 AM CDT   SUNSET   836 PM CDT


-  INDICATES NEGATIVE NUMBERS.
R  INDICATES RECORD WAS SET OR TIED.
MM INDICATES DATA IS MISSING.
T  INDICATES TRACE AMOUNT.




$$
