000
CDUS46 KOTX 190838
CLIOTX


CLIMATE REPORT
NATIONAL WEATHER SERVICE SPOKANE, WA
1237 AM PST FRI JAN 19 2018


...................................

...THE SPOKANE  WA WFO CLIMATE SUMMARY FOR JANUARY 18 2018...

CLIMATE NORMAL PERIOD 1981 TO 2010
CLIMATE RECORD PERIOD 1881 TO 2018


WEATHER ITEM   OBSERVED TIME   RECORD YEAR NORMAL DEPARTURE LAST
                VALUE   (LST)  VALUE       VALUE  FROM      YEAR
                                                  NORMAL
..................................................................
TEMPERATURE (F)
 YESTERDAY
  MAXIMUM         42        MM  MM      MM  33      9       39
  MINIMUM         28        MM  MM      MM  23      5       28
  AVERAGE         35                        28      7       34

PRECIPITATION (IN)
  YESTERDAY        0.32         MM      MM   0.06   0.26     0.40
  MONTH TO DATE    1.68                      1.20   0.48     1.36
  SINCE OCT 1      8.96                      7.23   1.73    11.73
  SINCE JAN 1      1.68                      1.20   0.48     1.36

SNOWFALL (IN)
  YESTERDAY        0.0          MM      MM   0.5   -0.5      0.8
  MONTH TO DATE    8.0                      10.2   -2.2     12.1
  SINCE DEC 1     24.1                      27.2   -3.1     31.0
  SINCE JUL 1     29.8                      35.1   -5.3     33.2
  SNOW DEPTH       4

DEGREE DAYS
 HEATING
  YESTERDAY       30                        37     -7       31
  MONTH TO DATE  614                       689    -75      943
  SINCE DEC 1   1833                      1905    -72     2287
  SINCE JUL 1   3597                      3787   -190     3843

 COOLING
  YESTERDAY        0                         0      0        0
  MONTH TO DATE    0                         0      0        0
  SINCE DEC 1      0                         0      0        0
  SINCE JAN 1      0                         0      0        0
..................................................................


WIND (MPH)
  HIGHEST WIND SPEED    MM   HIGHEST WIND DIRECTION    MM
  HIGHEST GUST SPEED    MM   HIGHEST GUST DIRECTION    MM
  AVERAGE WIND SPEED    MM


SKY COVER
  POSSIBLE SUNSHINE  MM
  AVERAGE SKY COVER  MM


WEATHER CONDITIONS
 THE FOLLOWING WEATHER WAS RECORDED YESTERDAY.
  LIGHT RAIN
  FOG


RELATIVE HUMIDITY (PERCENT)
 HIGHEST    MM
 LOWEST     MM
 AVERAGE    MM

..........................................................


THE SPOKANE  WA WFO CLIMATE NORMALS FOR TODAY
                         NORMAL    RECORD    YEAR
 MAXIMUM TEMPERATURE (F)   33        MM        MM
 MINIMUM TEMPERATURE (F)   23        MM        MM


SUNRISE AND SUNSET
JANUARY 19 2018.......SUNRISE   731 AM PST   SUNSET   432 PM PST
JANUARY 20 2018.......SUNRISE   730 AM PST   SUNSET   433 PM PST


-  INDICATES NEGATIVE NUMBERS.
R  INDICATES RECORD WAS SET OR TIED.
MM INDICATES DATA IS MISSING.
T  INDICATES TRACE AMOUNT.




$$
