000
CDUS46 KOTX 301245
CLIOTX


CLIMATE REPORT
NATIONAL WEATHER SERVICE SPOKANE, WA
545 AM PDT TUE AUG 30 2016


...................................

...THE SPOKANE  WA WFO CLIMATE SUMMARY FOR AUGUST 29 2016...

CLIMATE NORMAL PERIOD 1981 TO 2010
CLIMATE RECORD PERIOD 1881 TO 2016


WEATHER ITEM   OBSERVED TIME   RECORD YEAR NORMAL DEPARTURE LAST
                VALUE   (LST)  VALUE       VALUE  FROM      YEAR
                                                  NORMAL
..................................................................
TEMPERATURE (F)
 YESTERDAY
  MAXIMUM         MM        MM  MM      MM  80     MM       83
  MINIMUM         MM        MM  MM      MM  47     MM       54
  AVERAGE         MM                        63     MM       69

PRECIPITATION (IN)
  YESTERDAY       MM            MM      MM   0.02  MM        0.04
  MONTH TO DATE    0.08                      0.43  -0.35     0.11
  SINCE OCT 1     16.63                     16.41   0.22    12.15
  SINCE JAN 1      9.88                     10.38  -0.50     7.44

SNOWFALL (IN)
  YESTERDAY       MM            MM      MM   0.0   MM        0.0
  MONTH TO DATE    0.0                       0.0    0.0      0.0
  SINCE JUN 1      0.0                       0.0    0.0      0.0
  SINCE JUL 1      0.0                       0.0    0.0      0.0
  SNOW DEPTH      MM

DEGREE DAYS
 HEATING
  YESTERDAY       MM                         4     MM        0
  MONTH TO DATE   24                        50    -26       16
  SINCE JUN 1    236                       289    -53       90
  SINCE JUL 1     81                       102    -21       32

 COOLING
  YESTERDAY       MM                         2     MM        4
  MONTH TO DATE   98                       101     -3      154
  SINCE JUN 1    226                       225      1      493
  SINCE JAN 1    226                       230     -4      510
..................................................................


WIND (MPH)
  HIGHEST WIND SPEED    MM   HIGHEST WIND DIRECTION    MM
  HIGHEST GUST SPEED     0   HIGHEST GUST DIRECTION     N (0)
  AVERAGE WIND SPEED    MM


SKY COVER
  POSSIBLE SUNSHINE   0 PERCENT
  AVERAGE SKY COVER 0.0


WEATHER CONDITIONS
 THE FOLLOWING WEATHER WAS RECORDED YESTERDAY.
  NO SIGNIFICANT WEATHER WAS OBSERVED.


RELATIVE HUMIDITY (PERCENT)
 HIGHEST     0          1200 AM
 LOWEST      0          1200 AM
 AVERAGE     0

..........................................................


THE SPOKANE  WA WFO CLIMATE NORMALS FOR TODAY
                         NORMAL    RECORD    YEAR
 MAXIMUM TEMPERATURE (F)   79        MM        MM
 MINIMUM TEMPERATURE (F)   47        MM        MM


SUNRISE AND SUNSET
AUGUST 30 2016........SUNRISE   607 AM PDT   SUNSET   734 PM PDT
AUGUST 31 2016........SUNRISE   608 AM PDT   SUNSET   732 PM PDT


-  INDICATES NEGATIVE NUMBERS.
R  INDICATES RECORD WAS SET OR TIED.
MM INDICATES DATA IS MISSING.
T  INDICATES TRACE AMOUNT.




$$
