000
CDUS46 KOTX 222334
CLIOTX


CLIMATE REPORT
NATIONAL WEATHER SERVICE SPOKANE, WA
433 PM PDT THU JUN 22 2017


...................................

...THE SPOKANE  WA WFO CLIMATE SUMMARY FOR JUNE 21 2017...

CLIMATE NORMAL PERIOD 1981 TO 2010
CLIMATE RECORD PERIOD 1881 TO 2017


WEATHER ITEM   OBSERVED TIME   RECORD YEAR NORMAL DEPARTURE LAST
                VALUE   (LST)  VALUE       VALUE  FROM      YEAR
                                                  NORMAL
..................................................................
TEMPERATURE (F)
 YESTERDAY
  MAXIMUM         MM        MM  MM      MM  74     MM       73
  MINIMUM         MM        MM  MM      MM  47     MM       48
  AVERAGE         MM                        60     MM       61

PRECIPITATION (IN)
  YESTERDAY       MM            MM      MM   0.04  MM         T
  MONTH TO DATE    0.43                      1.09  -0.66     0.70
  SINCE OCT 1     23.72                     15.15   8.57    15.95
  SINCE JAN 1     13.35                      9.12   4.23     9.20

SNOWFALL (IN)
  YESTERDAY       MM            MM      MM   0.0   MM        0.0
  MONTH TO DATE    0.0                       0.0    0.0      0.0
  SINCE JUN 1      0.0                       0.0    0.0      0.0
  SINCE JUL 1     54.1                      54.1    0.0     32.6
  SNOW DEPTH      MM

DEGREE DAYS
 HEATING
  YESTERDAY       MM                         5     MM        4
  MONTH TO DATE  133                       145    -12      125
  SINCE JUN 1    133                       145    -12      125
  SINCE JUL 1   7224                      7096    128     6148

 COOLING
  YESTERDAY       MM                         1     MM        0
  MONTH TO DATE    9                         4      5       27
  SINCE JUN 1      9                         4      5       27
  SINCE JAN 1     17                         9      8       27
..................................................................


WIND (MPH)
  HIGHEST WIND SPEED    MM   HIGHEST WIND DIRECTION    MM
  HIGHEST GUST SPEED    MM   HIGHEST GUST DIRECTION    MM
  AVERAGE WIND SPEED    MM


SKY COVER
  POSSIBLE SUNSHINE  MM
  AVERAGE SKY COVER  MM


WEATHER CONDITIONS
 THE FOLLOWING WEATHER WAS RECORDED YESTERDAY.
  NO SIGNIFICANT WEATHER WAS OBSERVED.


RELATIVE HUMIDITY (PERCENT)
 HIGHEST    MM
 LOWEST     MM
 AVERAGE    MM

..........................................................


THE SPOKANE  WA WFO CLIMATE NORMALS FOR TODAY
                         NORMAL    RECORD    YEAR
 MAXIMUM TEMPERATURE (F)   74        MM        MM
 MINIMUM TEMPERATURE (F)   47        MM        MM


SUNRISE AND SUNSET
JUNE 22 2017..........SUNRISE   453 AM PDT   SUNSET   852 PM PDT
JUNE 23 2017..........SUNRISE   453 AM PDT   SUNSET   853 PM PDT


-  INDICATES NEGATIVE NUMBERS.
R  INDICATES RECORD WAS SET OR TIED.
MM INDICATES DATA IS MISSING.
T  INDICATES TRACE AMOUNT.




$$
