000
CDUS46 KOTX 180841
CLIOTX


CLIMATE REPORT
NATIONAL WEATHER SERVICE SPOKANE, WA
1241 AM PST WED JAN 18 2017


...................................

...THE SPOKANE  WA WFO CLIMATE SUMMARY FOR JANUARY 17 2017...

CLIMATE NORMAL PERIOD 1981 TO 2010
CLIMATE RECORD PERIOD 1881 TO 2017


WEATHER ITEM   OBSERVED TIME   RECORD YEAR NORMAL DEPARTURE LAST
                VALUE   (LST)  VALUE       VALUE  FROM      YEAR
                                                  NORMAL
..................................................................
TEMPERATURE (F)
 YESTERDAY
  MAXIMUM         29        MM  MM      MM  33     -4       36
  MINIMUM         10        MM  MM      MM  23    -13       32
  AVERAGE         20                        28     -8       34

PRECIPITATION (IN)
  YESTERDAY        0.23         MM      MM   0.06   0.17     0.22
  MONTH TO DATE    0.97                      1.14  -0.17     1.11
  SINCE OCT 1     11.34                      7.17   4.17     7.86
  SINCE JAN 1      0.97                      1.14  -0.17     1.11

SNOWFALL (IN)
  YESTERDAY        0.4          MM      MM   0.5   -0.1      0.0
  MONTH TO DATE   10.7                       9.7    1.0      4.7
  SINCE DEC 1     29.6                      26.7    2.9     28.9
  SINCE JUL 1     31.8                      34.6   -2.8     30.4
  SNOW DEPTH      12

DEGREE DAYS
 HEATING
  YESTERDAY       45                        37      8       31
  MONTH TO DATE  912                       652    260      668
  SINCE DEC 1   2256                      1868    388     1759
  SINCE JUL 1   3812                      3750     62     3419

 COOLING
  YESTERDAY        0                         0      0        0
  MONTH TO DATE    0                         0      0        0
  SINCE DEC 1      0                         0      0        0
  SINCE JAN 1      0                         0      0        0
..................................................................


WIND (MPH)
  HIGHEST WIND SPEED     9   HIGHEST WIND DIRECTION    MM
  HIGHEST GUST SPEED     0   HIGHEST GUST DIRECTION    MM
  AVERAGE WIND SPEED     4.0


SKY COVER
  POSSIBLE SUNSHINE  MM
  AVERAGE SKY COVER  MM


WEATHER CONDITIONS
 THE FOLLOWING WEATHER WAS RECORDED YESTERDAY.
  NO SIGNIFICANT WEATHER WAS OBSERVED.


RELATIVE HUMIDITY (PERCENT)
 HIGHEST   100
 LOWEST     86
 AVERAGE    93

..........................................................


THE SPOKANE  WA WFO CLIMATE NORMALS FOR TODAY
                         NORMAL    RECORD    YEAR
 MAXIMUM TEMPERATURE (F)   33        MM        MM
 MINIMUM TEMPERATURE (F)   23        MM        MM


SUNRISE AND SUNSET
JANUARY 18 2017.......SUNRISE   732 AM PST   SUNSET   431 PM PST
JANUARY 19 2017.......SUNRISE   731 AM PST   SUNSET   432 PM PST


-  INDICATES NEGATIVE NUMBERS.
R  INDICATES RECORD WAS SET OR TIED.
MM INDICATES DATA IS MISSING.
T  INDICATES TRACE AMOUNT.




$$
