000
CDUS46 KOTX 260825
CLIOTX


CLIMATE REPORT
NATIONAL WEATHER SERVICE SPOKANE, WA
1222 AM PST FRI DEC 26 2014


...................................

...THE SPOKANE  WA WFO CLIMATE SUMMARY FOR DECEMBER 25 2014...

CLIMATE NORMAL PERIOD 1981 TO 2010
CLIMATE RECORD PERIOD 1881 TO 2014


WEATHER ITEM   OBSERVED TIME   RECORD YEAR NORMAL DEPARTURE LAST
                VALUE   (LST)  VALUE       VALUE  FROM      YEAR
                                                  NORMAL
..................................................................
TEMPERATURE (F)
 YESTERDAY
  MAXIMUM         38     MM     MM     MM   30      8       28
  MINIMUM         22     MM     MM     MM   19      3       19
  AVERAGE         30                        25      5       24

PRECIPITATION (IN)
  YESTERDAY        0.00         MM     MM   0.08  -0.08     0.00
  MONTH TO DATE    1.73                     2.06  -0.33     0.67
  SINCE OCT 1      4.56                     5.56  -1.00     2.51
  SINCE JAN 1     16.53                    16.61  -0.08    12.97

SNOWFALL (IN)
  YESTERDAY        0.0          MM     MM   0.7   -0.7      0.0
  MONTH TO DATE    0.8                     13.2  -12.4      3.4
  SINCE DEC 1      0.8                     13.2  -12.4      3.4
  SINCE JUL 1      1.3                     21.1  -19.8      6.4
  SNOW DEPTH       0

DEGREE DAYS
 HEATING
  YESTERDAY       35                        40     -5       41
  MONTH TO DATE  761                       977   -216     1033
  SINCE DEC 1    761                       977   -216     1033
  SINCE JUL 1   2340                      2859   -519     2889

 COOLING
  YESTERDAY        0                         0      0        0
  MONTH TO DATE    0                         0      0        0
  SINCE DEC 1      0                         0      0        0
  SINCE JAN 1    408                       249    159      383
..................................................................


WIND (MPH)
  HIGHEST WIND SPEED    MM   HIGHEST WIND DIRECTION    MM
  HIGHEST GUST SPEED    MM   HIGHEST GUST DIRECTION    MM
  AVERAGE WIND SPEED    MM


SKY COVER
  POSSIBLE SUNSHINE  MM
  AVERAGE SKY COVER  MM


WEATHER CONDITIONS
 THE FOLLOWING WEATHER WAS RECORDED YESTERDAY.
  NO SIGNIFICANT WEATHER WAS OBSERVED.


RELATIVE HUMIDITY (PERCENT)
 HIGHEST    MM
 LOWEST     MM
 AVERAGE    MM

..........................................................


THE SPOKANE  WA WFO CLIMATE NORMALS FOR TODAY
                         NORMAL    RECORD    YEAR
 MAXIMUM TEMPERATURE (F)   31        MM        MM
 MINIMUM TEMPERATURE (F)   19        MM        MM


SUNRISE AND SUNSET
DECEMBER 26 2014......SUNRISE   738 AM PST   SUNSET   404 PM PST
DECEMBER 27 2014......SUNRISE   738 AM PST   SUNSET   405 PM PST


-  INDICATES NEGATIVE NUMBERS.
R  INDICATES RECORD WAS SET OR TIED.
MM INDICATES DATA IS MISSING.
T  INDICATES TRACE AMOUNT.

$$
