000
CDUS46 KOTX 250027
CLIOTX


CLIMATE REPORT
NATIONAL WEATHER SERVICE SPOKANE, WA
426 PM PST SAT JAN 24 2015


...................................

...THE SPOKANE  WA WFO CLIMATE SUMMARY FOR JANUARY 23 2015...

CLIMATE NORMAL PERIOD 1981 TO 2010
CLIMATE RECORD PERIOD 1881 TO 2015


WEATHER ITEM   OBSERVED TIME   RECORD YEAR NORMAL DEPARTURE LAST
                VALUE   (LST)  VALUE       VALUE  FROM      YEAR
                                                  NORMAL
..................................................................
TEMPERATURE (F)
 YESTERDAY
  MAXIMUM         MM        MM  MM      MM  34     MM       29
  MINIMUM         MM        MM  MM      MM  23     MM       27
  AVERAGE         MM                        29     MM       28

PRECIPITATION (IN)
  YESTERDAY       MM            MM      MM   0.06  MM        0.00
  MONTH TO DATE    1.86                      1.48   0.38     0.56
  SINCE OCT 1      6.57                      7.51  -0.94     3.07
  SINCE JAN 1      1.86                      1.48   0.38     0.56

SNOWFALL (IN)
  YESTERDAY       MM            MM      MM   0.4   MM        0.0
  MONTH TO DATE    9.9                      12.5   -2.6      2.1
  SINCE DEC 1     12.7                      29.5  -16.8      5.6
  SINCE JUL 1     13.2                      37.4  -24.2      8.6
  SNOW DEPTH      MM

DEGREE DAYS
 HEATING
  YESTERDAY       MM                        36     MM       37
  MONTH TO DATE  817                       872    -55      793
  SINCE DEC 1   1844                      2088   -244     2061
  SINCE JUL 1   3423                      3970   -547     3917

 COOLING
  YESTERDAY       MM                         0     MM        0
  MONTH TO DATE    0                         0      0        0
  SINCE DEC 1      0                         0      0        0
  SINCE JAN 1      0                         0      0        0
..................................................................


WIND (MPH)
  HIGHEST WIND SPEED    MM   HIGHEST WIND DIRECTION    MM
  HIGHEST GUST SPEED     0   HIGHEST GUST DIRECTION     N (0)
  AVERAGE WIND SPEED    MM


SKY COVER
  POSSIBLE SUNSHINE   0 PERCENT
  AVERAGE SKY COVER 0.0


WEATHER CONDITIONS
 THE FOLLOWING WEATHER WAS RECORDED YESTERDAY.
  NO SIGNIFICANT WEATHER WAS OBSERVED.


RELATIVE HUMIDITY (PERCENT)
 HIGHEST     0          1200 AM
 LOWEST      0          1200 AM
 AVERAGE     0

..........................................................


THE SPOKANE  WA WFO CLIMATE NORMALS FOR TODAY
                         NORMAL    RECORD    YEAR
 MAXIMUM TEMPERATURE (F)   34        MM        MM
 MINIMUM TEMPERATURE (F)   23        MM        MM


SUNRISE AND SUNSET
JANUARY 24 2015.......SUNRISE   727 AM PST   SUNSET   439 PM PST
JANUARY 25 2015.......SUNRISE   726 AM PST   SUNSET   440 PM PST


-  INDICATES NEGATIVE NUMBERS.
R  INDICATES RECORD WAS SET OR TIED.
MM INDICATES DATA IS MISSING.
T  INDICATES TRACE AMOUNT.




$$
