000
CDAK49 PAOT 121203
CLIOTZ

CLIMATE REPORT
NATIONAL WEATHER SERVICE KOTZEBUE, AK
303 AM AKST FRI FEB 12 2016

...................................
...THE KOTZEBUE WSO AP CLIMATE SUMMARY FOR FEBRUARY 11 2016...

CLIMATE NORMAL PERIOD  1981 TO  2010
CLIMATE RECORD PERIOD  1897 TO  2016

WEATHER ITEM   OBSERVED TIME    RECORD YEAR NORMAL DEPARTURE LAST
               VALUE    (LST)   VALUE       VALUE  FROM      YEAR
                                                   NORMAL
...................................................................
TEMPERATURE
YESTERDAY
 MAXIMUM             1  0318 AM    40  1980      6      -5      0
 MINIMUM            -6  1219 PM   -50  1964     -8       2    -16
 AVERAGE            -3                          -1      -2     -8

PRECIPITATION
(INCHES)
 YESTERDAY        0.00           0.28  1980   0.02   -0.02   0.00
 MONTH TO DATE    0.07                        0.23   -0.16      T
 SINCE DEC 1      0.91                        1.61   -0.70   0.71
 SINCE JAN 1      0.45                        0.85   -0.40   0.36

SNOWFALL
(INCHES)
 YESTERDAY         0.0            6.0 1929    0.4    -0.4    0.0
 MONTH TO DATE     1.6                         3.5    -1.9      T
 SINCE DEC 1      18.0                        24.1    -6.1    6.4
 SINCE JUL 1      39.5                        41.5    -2.0   11.1
 SNOW DEPTH (IN)    28            60  2012                      4

DEGREE DAYS
 HEATING
  YESTERDAY         68                          66       2     73
  MONTH TO DATE    588                         735    -147    751
  SINCE DEC 1     4116                        4775    -659   4397
  SINCE JUL 1     8018                        9134   -1116   8085

 COOLING
  YESTERDAY          0                           0       0      0
  MONTH TO DATE      0                           0       0      0
  SINCE DEC 1        0                           0       0      0
  SINCE JAN 1        0                           0       0      0
...................................................................

WIND (MPH)
 HIGHEST WIND SPEED    16     HIGHEST WIND DIRECTION    140
 HIGHEST GUST SPEED    18     HIGHEST GUST DIRECTION    140
 AVERAGE WIND SPEED   4.2

SKY COVER
  POSSIBLE SUNSHINE    MM          AVERAGE SKY COVER     MM

WEATHER CONDITIONS
 THE FOLLOWING WEATHER WAS RECORDED YESTERDAY.
  FOG WITH VIS < 1/4 MILE

RELATIVE HUMIDITY
 HIGHEST RH     MM PERCENT       MM
 LOWEST  RH     MM PERCENT       MM
 AVERAGE RH     MM PERCENT       MM
...................................................................

THE KOTZEBUE CLIMATE NORMALS FOR TODAY
                           NORMAL    RECORD   YEAR
 MAXIMUM TEMPERATURE (F)      6        37     1980
 MINIMUM TEMPERATURE (F)     -8       -48     1964

SUNRISE AND SUNSET
 FEB 12 2016..........SUNRISE 10:14 AM      SUNSET  5:58 PM
 FEB 13 2016..........SUNRISE 10:10 AM      SUNSET  6:02 PM

-  INDICATES NEGATIVE NUMBERS.
R  INDICATES RECORD HAS BEEN SET OR TIED.
MM INDICATES DATA IS MISSING.
T  INDICATES TRACE OF PRECIPITATION.

&&
-------------------------------------------------------------------

AMOUNT OF DAYLIGHT TODAY  (HOUR:MIN)........7 HOURS 44 MINUTES
GAIN/LOSS SINCE YESTERDAY (HOUR:MIN:SEC)....+0:07:46

$$
LEHL FEB 16
