000
CDAK49 PAOT 222203
CLIOTZ

CLIMATE REPORT
NATIONAL WEATHER SERVICE KOTZEBUE, AK
203 PM AKDT FRI MAY 22 2015

...................................
...THE KOTZEBUE WSO AP CLIMATE SUMMARY FOR MAY 22 2015...
VALID TODAY AS OF 2:00 PM LOCAL TIME

CLIMATE NORMAL PERIOD  1981 TO  2010
CLIMATE RECORD PERIOD  1897 TO  2015

WEATHER ITEM   OBSERVED TIME    RECORD YEAR NORMAL DEPARTURE LAST
               VALUE    (LST)   VALUE       VALUE  FROM      YEAR
                                                   NORMAL
...................................................................
TEMPERATURE
TODAY
 MAXIMUM            47  0101 PM    70  1969     40       7     37
 MINIMUM            35  0356 AM    14  2000     29       6     28
 AVERAGE            41                          35       6     33

PRECIPITATION
(INCHES)
 TODAY            0.00           0.18  1944   0.01   -0.01   0.00
 MONTH TO DATE    0.58                        0.31    0.27   0.47
 SINCE MAR 1      1.66                        1.29    0.37   1.02
 SINCE JAN 1      2.51                        2.57   -0.06   1.74

SNOWFALL
(INCHES)
 TODAY             0.0            0.5  1989    0.0     0.0    0.0
 MONTH TO DATE       T                         1.1    -1.1      T
 SINCE MAR 1       9.4                        12.1    -2.7    7.2
 SINCE JUL 1      24.7                        59.7   -35.0   32.2
 SNOW DEPTH (IN)     0                                          0

DEGREE DAYS
 HEATING
  TODAY             24                          30      -6     32
  MONTH TO DATE    630                         773    -143    668
  SINCE MAR 1     4157                        4311    -154   3715
  SINCE JUL 1    13008                       14553   -1545  12666

 COOLING
  TODAY              0                           0       0      0
  MONTH TO DATE      0                           0       0      0
  SINCE MAR 1        0                           0       0      0
  SINCE JAN 1        0                           0       0      0
...................................................................

WIND (MPH)
 HIGHEST WIND SPEED    23     HIGHEST WIND DIRECTION    100
 HIGHEST GUST SPEED    27     HIGHEST GUST DIRECTION    110
 AVERAGE WIND SPEED   0.0

SKY COVER
  POSSIBLE SUNSHINE  MM            AVERAGE SKY COVER MM

WEATHER CONDITIONS
 THE FOLLOWING WEATHER WAS RECORDED TODAY.
 NO SIGNIFICANT WEATHER WAS OBSERVED.

RELATIVE HUMIDITY
 HIGHEST RH     MM PERCENT       MM
 LOWEST  RH     MM PERCENT       MM
 AVERAGE RH     MM PERCENT       MM
...................................................................

THE KOTZEBUE CLIMATE NORMALS FOR TOMORROW
                        NORMAL    RECORD   YEAR
 MAXIMUM TEMPERATURE      41        68     2002
 MINIMUM TEMPERATURE      30         5     1901

SUNRISE AND SUNSET
 MAY 22 2015..........SUNRISE  4:26 AM      SUNSET  1:14 AM
 MAY 23 2015..........SUNRISE  4:21 AM      SUNSET  1:19 AM

-  INDICATES NEGATIVE NUMBERS.
R  INDICATES RECORD HAS BEEN SET OR TIED.
MM INDICATES DATA IS MISSING.
T  INDICATES TRACE OF PRECIPITATION.

&&
-------------------------------------------------------------------

AMOUNT OF DAYLIGHT TODAY  (HOUR:MIN)........20 HOURS 48 MINUTES
GAIN/LOSS SINCE YESTERDAY (HOUR:MIN:SEC)....+0:10:03

$$


MAY 15
