806
CDAK49 PAFG 230947
CLIOTZ

CLIMATE REPORT
NATIONAL WEATHER SERVICE FAIRBANKS AK
1247 AM AKST THU FEB 23 2017


...................................

...THE KOTZEBUE AK CLIMATE SUMMARY FOR FEBRUARY 22 2017...

CLIMATE NORMAL PERIOD 1981 TO 2010
CLIMATE RECORD PERIOD 1920 TO 2017


WEATHER ITEM   OBSERVED TIME   RECORD YEAR NORMAL DEPARTURE LAST
                VALUE   (LST)  VALUE       VALUE  FROM      YEAR
                                                  NORMAL
..................................................................
TEMPERATURE (F)
 YESTERDAY
  MAXIMUM          3    159 PM  37    2015   7     -4       20
  MINIMUM        -29    757 AM -52    1968  -7    -22       -1
  AVERAGE        -13                         0    -13       10

PRECIPITATION (IN)
  YESTERDAY        T             0.24 2009   0.02  -0.02     0.11
  MONTH TO DATE    0.04                      0.51  -0.47     0.20
  SINCE DEC 1      1.33                      1.89  -0.56     1.04
  SINCE JAN 1      0.59                      1.13  -0.54     0.58

SNOWFALL (IN)
  YESTERDAY        T             3.7  2002   0.4   -0.4      2.4
  MONTH TO DATE    1.4                       7.5   -6.1      3.4
  SINCE DEC 1     26.8                      28.1   -1.3      6.6
  SINCE JUL 1     32.4                      45.5  -13.1     20.0
  SNOW DEPTH      27

DEGREE DAYS
 HEATING
  YESTERDAY       78                        65     13       55
  MONTH TO DATE 1490                      1453     37     1204
  SINCE DEC 1   5246                      5499   -253     4728
  SINCE JUL 1   8859                      9857   -998     8447

 COOLING
  YESTERDAY        0                         0      0        0
  MONTH TO DATE    0                         0      0        0
  SINCE DEC 1      0                         0      0        0
  SINCE JAN 1      0                         0      0        0
..................................................................


WIND (MPH)
  HIGHEST GUST SPEED    29   HIGHEST GUST DIRECTION     E (100)


SKY COVER
  AVERAGE SKY COVER 0.0


WEATHER CONDITIONS
 THE FOLLOWING WEATHER WAS RECORDED YESTERDAY.
  FOG
  HAZE


RELATIVE HUMIDITY (PERCENT)
 HIGHEST    73
 LOWEST     MM
 AVERAGE    MM

..........................................................


THE KOTZEBUE AK CLIMATE NORMALS FOR TODAY
                         NORMAL    RECORD    YEAR
 MAXIMUM TEMPERATURE (F)    7        36      2015
 MINIMUM TEMPERATURE (F)   -7       -50      1968


SUNRISE AND SUNSET
FEBRUARY 23 2017......SUNRISE   928 AM AKST  SUNSET   642 PM AKST
FEBRUARY 24 2017......SUNRISE   924 AM AKST  SUNSET   646 PM AKST

-  INDICATES NEGATIVE NUMBERS.
R  INDICATES RECORD WAS SET OR TIED.
MM INDICATES DATA IS MISSING.
T  INDICATES TRACE AMOUNT.

&&

SNOW DEPTH IS MEASURED AT 3AM AKST/4AM AKDT.

----------------------------
AVAILABLE DAYLIGHT

AMOUNT OF DAYLIGHT TODAY  (HOUR:MIN)........9:14
GAIN/LOSS SINCE YESTERDAY (HOUR:MIN:SEC)....+0:07:35

$$
CCC FEB 17
