000
CDAK49 PAFG 240039
CLIOTZ

CLIMATE REPORT
NATIONAL WEATHER SERVICE FAIRBANKS AK
339 PM AKST TUE JAN 23 2018


...................................

...THE KOTZEBUE AK CLIMATE SUMMARY FOR JANUARY 23 2018...
VALID TODAY AS OF 0300 PM LOCAL TIME.

CLIMATE NORMAL PERIOD 1981 TO 2010
CLIMATE RECORD PERIOD 1920 TO 2018


WEATHER ITEM   OBSERVED TIME   RECORD YEAR NORMAL DEPARTURE LAST
                VALUE   (LST)  VALUE       VALUE  FROM      YEAR
                                                  NORMAL
..................................................................
TEMPERATURE (F)
 TODAY
  MAXIMUM        -20   1216 AM  35    2014   3    -23      -22
  MINIMUM        -27    259 PM -47    1903 -10    -17      -35
  AVERAGE        -23                        -3    -20      -28

PRECIPITATION (IN)
  TODAY            0.00          0.26 1999   0.02  -0.02     0.00
  MONTH TO DATE    0.25                      0.47  -0.22     0.15
  SINCE DEC 1      1.83                      1.23   0.60     0.89
  SINCE JAN 1      0.25                      0.47  -0.22     0.15

SNOWFALL (IN)
  TODAY            0.0           4.3  1999   0.3   -0.3      0.0
  MONTH TO DATE    4.3                       6.9   -2.6      1.1
  SINCE DEC 1     24.0                      18.4    5.6     15.2
  SINCE JUL 1     65.0                      35.8   29.2     20.8
  SNOW DEPTH      67

DEGREE DAYS
 HEATING
  TODAY           88                        68     20       93
  MONTH TO DATE 1333                      1553   -220     1578
  SINCE DEC 1   2781                      3497   -716     3380
  SINCE JUL 1   6598                      7855  -1257     6993

 COOLING
  TODAY            0                         0      0        0
  MONTH TO DATE    0                         0      0        0
  SINCE DEC 1      0                         0      0        0
  SINCE JAN 1      0                         0      0        0
..................................................................


WIND (MPH)
  HIGHEST GUST SPEED    14   HIGHEST GUST DIRECTION    NE (30)


SKY COVER
  AVERAGE SKY COVER 0.0


WEATHER CONDITIONS
 THE FOLLOWING WEATHER WAS RECORDED TODAY.
  NO SIGNIFICANT WEATHER WAS OBSERVED.


RELATIVE HUMIDITY (PERCENT)
 HIGHEST    74
 LOWEST     62
 AVERAGE    68

..........................................................


THE KOTZEBUE AK CLIMATE NORMALS FOR TOMORROW
                         NORMAL    RECORD    YEAR
 MAXIMUM TEMPERATURE (F)    3        36      2014
 MINIMUM TEMPERATURE (F)  -10       -50      1903


SUNRISE AND SUNSET
JANUARY 23 2018.......SUNRISE  1128 AM AKST  SUNSET   438 PM AKST
JANUARY 24 2018.......SUNRISE  1125 AM AKST  SUNSET   443 PM AKST

-  INDICATES NEGATIVE NUMBERS.
R  INDICATES RECORD WAS SET OR TIED.
MM INDICATES DATA IS MISSING.
T  INDICATES TRACE AMOUNT.

&&

SNOW DEPTH IS MEASURED AT 3AM AKST/4AM AKDT.

----------------------------
AVAILABLE DAYLIGHT

AMOUNT OF DAYLIGHT TODAY  (HOUR:MIN)........5:10
GAIN/LOSS SINCE YESTERDAY (HOUR:MIN:SEC)....+0:07:59

$$
AY JAN 18
