620
CDAK49 PAFG 241002
CLIOTZ

CLIMATE REPORT
NATIONAL WEATHER SERVICE FAIRBANKS AK
202 AM AKDT FRI MAR 24 2017


...................................

...THE KOTZEBUE AK CLIMATE SUMMARY FOR MARCH 23 2017...

CLIMATE NORMAL PERIOD 1981 TO 2010
CLIMATE RECORD PERIOD 1920 TO 2017


WEATHER ITEM   OBSERVED TIME   RECORD YEAR NORMAL DEPARTURE LAST
                VALUE   (LST)  VALUE       VALUE  FROM      YEAR
                                                  NORMAL
..................................................................
TEMPERATURE (F)
 YESTERDAY
  MAXIMUM          2    648 PM  36    1965   9     -7       11
  MINIMUM        -16    228 AM -35    1938  -7     -9       -5
  AVERAGE         -7                         1     -8        3

PRECIPITATION (IN)
  YESTERDAY        T             0.37 1954   0.01  -0.01     0.00
  MONTH TO DATE    0.03                      0.35  -0.32     0.08
  SINCE MAR 1      0.03                      0.35  -0.32     0.08
  SINCE JAN 1      1.62                      1.63  -0.01     0.79

SNOWFALL (IN)
  YESTERDAY        T             6.6  1954   0.1   -0.1      0.0
  MONTH TO DATE    0.7                       4.7   -4.0      1.4
  SINCE MAR 1      0.7                       4.7   -4.0      1.4
  SINCE JUL 1     50.9                      52.3   -1.4     21.4
  SNOW DEPTH      46

DEGREE DAYS
 HEATING
  YESTERDAY       72                        64      8       62
  MONTH TO DATE 1504                      1488     16     1394
  SINCE MAR 1   1504                      1488     16     1394
  SINCE JUL 1  10363                     11733  -1370    10172

 COOLING
  YESTERDAY        0                         0      0        0
  MONTH TO DATE    0                         0      0        0
  SINCE MAR 1      0                         0      0        0
  SINCE JAN 1      0                         0      0        0
..................................................................


WIND (MPH)
  HIGHEST GUST SPEED    11   HIGHEST GUST DIRECTION     W (270)


SKY COVER
  AVERAGE SKY COVER 0.4


WEATHER CONDITIONS
 THE FOLLOWING WEATHER WAS RECORDED YESTERDAY.
  LIGHT SNOW
  FOG
  FOG W/VISIBILITY <= 1/4 MILE
  HAZE


RELATIVE HUMIDITY (PERCENT)
 HIGHEST    95
 LOWEST     72
 AVERAGE    84

..........................................................


THE KOTZEBUE AK CLIMATE NORMALS FOR TODAY
                         NORMAL    RECORD    YEAR
 MAXIMUM TEMPERATURE (F)   10        37      1965
 MINIMUM TEMPERATURE (F)   -6       -41      1945


SUNRISE AND SUNSET
MARCH 24 2017.........SUNRISE   833 AM AKDT  SUNSET   923 PM AKDT
MARCH 25 2017.........SUNRISE   829 AM AKDT  SUNSET   927 PM AKDT

-  INDICATES NEGATIVE NUMBERS.
R  INDICATES RECORD WAS SET OR TIED.
MM INDICATES DATA IS MISSING.
T  INDICATES TRACE AMOUNT.

&&

SNOW DEPTH IS MEASURED AT 3AM AKST/4AM AKDT.

----------------------------
AVAILABLE DAYLIGHT

AMOUNT OF DAYLIGHT TODAY  (HOUR:MIN)........12:50
GAIN/LOSS SINCE YESTERDAY (HOUR:MIN:SEC)....+0:07:25

$$
MAR 17
