000
CDAK49 PAFG 070941
CLIOTZ

CLIMATE REPORT
NATIONAL WEATHER SERVICE FAIRBANKS AK
1241 AM AKST WED DEC 7 2016


...................................

...THE KOTZEBUE AK CLIMATE SUMMARY FOR DECEMBER 6 2016...

CLIMATE NORMAL PERIOD 1981 TO 2010
CLIMATE RECORD PERIOD 1920 TO 2016


WEATHER ITEM   OBSERVED TIME   RECORD YEAR NORMAL DEPARTURE LAST
                VALUE   (LST)  VALUE       VALUE  FROM      YEAR
                                                  NORMAL
..................................................................
TEMPERATURE (F)
 YESTERDAY
  MAXIMUM         -2    146 AM  37    2013  10    -12        4
  MINIMUM        -11   1159 PM -34    1951  -2     -9       -9
                                      1944
  AVERAGE         -6                         4    -10       -2

PRECIPITATION (IN)
  YESTERDAY        0.00          0.40 1995   0.02  -0.02      T
  MONTH TO DATE    T                         0.15  -0.15     0.05
  SINCE DEC 1      T                         0.15  -0.15     0.05
  SINCE JAN 1      8.16                     10.39  -2.23    10.18

SNOWFALL (IN)
  YESTERDAY        0.0          11.0  1995   0.4   -0.4      0.1
  MONTH TO DATE    T                         2.4   -2.4      0.1
  SINCE DEC 1      T                         2.4   -2.4      0.1
  SINCE JUL 1      5.6                      19.8  -14.2     13.5
  SNOW DEPTH       4

DEGREE DAYS
 HEATING
  YESTERDAY       71                        61     10       67
  MONTH TO DATE  429                       362     67      367
  SINCE DEC 1    429                       362     67      367
  SINCE JUL 1   4042                      4720   -678     4086

 COOLING
  YESTERDAY        0                         0      0        0
  MONTH TO DATE    0                         0      0        0
  SINCE DEC 1      0                         0      0        0
  SINCE JAN 1      5                         5      0       16
..................................................................


WIND (MPH)
  HIGHEST GUST SPEED    13   HIGHEST GUST DIRECTION     E (70)


SKY COVER
  AVERAGE SKY COVER 0.0


WEATHER CONDITIONS
 THE FOLLOWING WEATHER WAS RECORDED YESTERDAY.
  NO SIGNIFICANT WEATHER WAS OBSERVED.


RELATIVE HUMIDITY (PERCENT)
 HIGHEST    72
 LOWEST     45
 AVERAGE    59

..........................................................


THE KOTZEBUE AK CLIMATE NORMALS FOR TODAY
                         NORMAL    RECORD    YEAR
 MAXIMUM TEMPERATURE (F)   10        36      2013
 MINIMUM TEMPERATURE (F)   -2       -30      1968
                                             1962


SUNRISE AND SUNSET
DECEMBER 07 2016......SUNRISE  1224 PM AKST  SUNSET   302 PM AKST
DECEMBER 08 2016......SUNRISE  1227 PM AKST  SUNSET   259 PM AKST

-  INDICATES NEGATIVE NUMBERS.
R  INDICATES RECORD WAS SET OR TIED.
MM INDICATES DATA IS MISSING.
T  INDICATES TRACE AMOUNT.

&&

SNOW DEPTH IS MEASURED AT 3AM AKST/4AM AKDT.

----------------------------
AVAILABLE DAYLIGHT

AMOUNT OF DAYLIGHT TODAY  (HOUR:MIN)........2:38
GAIN/LOSS SINCE YESTERDAY (HOUR:MIN:SEC)....-0:06:49

$$
SDB DEC 16
