000
CDAK49 PAFG 240043
CLIOTZ

CLIMATE REPORT
NATIONAL WEATHER SERVICE FAIRBANKS AK
443 PM AKDT SAT SEP 23 2017


...................................

...THE KOTZEBUE AK CLIMATE SUMMARY FOR SEPTEMBER 23 2017...
VALID TODAY AS OF 0400 PM LOCAL TIME.

CLIMATE NORMAL PERIOD 1981 TO 2010
CLIMATE RECORD PERIOD 1920 TO 2017


WEATHER ITEM   OBSERVED TIME   RECORD YEAR NORMAL DEPARTURE LAST
                VALUE   (LST)  VALUE       VALUE  FROM      YEAR
                                                  NORMAL
..................................................................
TEMPERATURE (F)
 TODAY
  MAXIMUM         49    245 PM  54    1995  43      6       43
  MINIMUM         35    827 AM  16    1992  35      0       37
  AVERAGE         42                        39      3       40

PRECIPITATION (IN)
  TODAY            0.00          0.46 1958   0.05  -0.05     0.00
  MONTH TO DATE    1.58                      1.24   0.34     1.31
  SINCE SEP 1      1.58                      1.24   0.34     1.31
  SINCE JAN 1      8.04                      8.12  -0.08     7.05

SNOWFALL (IN)
  TODAY            0.0           2.0  1986   0.1   -0.1      0.0
  MONTH TO DATE    0.0                       0.4   -0.4      0.0
  SINCE SEP 1      0.0                       0.4   -0.4      0.0
  SINCE JUL 1      0.0                       0.4   -0.4      0.0
  SNOW DEPTH       0

DEGREE DAYS
 HEATING
  TODAY           23                        26     -3       25
  MONTH TO DATE  458                       481    -23      446
  SINCE SEP 1    458                       481    -23      446
  SINCE JUL 1   1145                      1219    -74      938

 COOLING
  TODAY            0                         0      0        0
  MONTH TO DATE    0                         0      0        0
  SINCE SEP 1      0                         0      0        0
  SINCE JAN 1      1                         5     -4        5
..................................................................


WIND (MPH)
  HIGHEST GUST SPEED    22   HIGHEST GUST DIRECTION    NE (60)


SKY COVER
  AVERAGE SKY COVER 0.7


WEATHER CONDITIONS
 THE FOLLOWING WEATHER WAS RECORDED TODAY.
  NO SIGNIFICANT WEATHER WAS OBSERVED.


RELATIVE HUMIDITY (PERCENT)
 HIGHEST    76
 LOWEST     58
 AVERAGE    67

..........................................................


THE KOTZEBUE AK CLIMATE NORMALS FOR TOMORROW
                         NORMAL    RECORD    YEAR
 MAXIMUM TEMPERATURE (F)   43        56      1995
 MINIMUM TEMPERATURE (F)   34        15      1992


SUNRISE AND SUNSET
SEPTEMBER 23 2017.....SUNRISE   838 AM AKDT  SUNSET   846 PM AKDT
SEPTEMBER 24 2017.....SUNRISE   841 AM AKDT  SUNSET   842 PM AKDT

-  INDICATES NEGATIVE NUMBERS.
R  INDICATES RECORD WAS SET OR TIED.
MM INDICATES DATA IS MISSING.
T  INDICATES TRACE AMOUNT.

&&

SNOW DEPTH IS MEASURED AT 3AM AKST/4AM AKDT.

----------------------------
AVAILABLE DAYLIGHT

AMOUNT OF DAYLIGHT TODAY  (HOUR:MIN)........12:09
GAIN/LOSS SINCE YESTERDAY (HOUR:MIN:SEC)....-0:07:17

$$
SEP 17
