478
CDAK49 PAFG 300957
CLIOTZ

CLIMATE REPORT
NATIONAL WEATHER SERVICE FAIRBANKS AK
157 AM AKDT SUN APR 30 2017


...................................

...THE KOTZEBUE AK CLIMATE SUMMARY FOR APRIL 29 2017...

CLIMATE NORMAL PERIOD 1981 TO 2010
CLIMATE RECORD PERIOD 1920 TO 2017


WEATHER ITEM   OBSERVED TIME   RECORD YEAR NORMAL DEPARTURE LAST
                VALUE   (LST)  VALUE       VALUE  FROM      YEAR
                                                  NORMAL
..................................................................
TEMPERATURE (F)
 YESTERDAY
  MAXIMUM         45    311 PM  46    1969  30     15       35
  MINIMUM         33    651 AM -14    1973  16     17       27
  AVERAGE         39                        23     16       31

PRECIPITATION (IN)
  YESTERDAY        0.00          0.44 1995   0.02  -0.02      T
  MONTH TO DATE    0.05                      0.52  -0.47     0.60
  SINCE MAR 1      0.08                      0.96  -0.88     0.77
  SINCE JAN 1      1.67                      2.24  -0.57     1.48

SNOWFALL (IN)
  YESTERDAY        0.0           4.5  1999   0.2   -0.2       T
  MONTH TO DATE    1.5                       5.0   -3.5      4.6
  SINCE MAR 1      2.2                      10.9   -8.7      6.0
  SINCE JUL 1     52.4                      58.5   -6.1     26.0
  SNOW DEPTH       6

DEGREE DAYS
 HEATING
  YESTERDAY       26                        42    -16       34
  MONTH TO DATE 1188                      1509   -321     1139
  SINCE MAR 1   3357                      3491   -134     3043
  SINCE JUL 1  12216                     13736  -1520    11821

 COOLING
  YESTERDAY        0                         0      0        0
  MONTH TO DATE    0                         0      0        0
  SINCE MAR 1      0                         0      0        0
  SINCE JAN 1      0                         0      0        0
..................................................................


WIND (MPH)
  HIGHEST GUST SPEED    15   HIGHEST GUST DIRECTION    SE (130)


SKY COVER
  AVERAGE SKY COVER 0.6


WEATHER CONDITIONS
 THE FOLLOWING WEATHER WAS RECORDED YESTERDAY.
  NO SIGNIFICANT WEATHER WAS OBSERVED.


RELATIVE HUMIDITY (PERCENT)
 HIGHEST    92
 LOWEST     53
 AVERAGE    73

..........................................................


THE KOTZEBUE AK CLIMATE NORMALS FOR TODAY
                         NORMAL    RECORD    YEAR
 MAXIMUM TEMPERATURE (F)   30        46      1960
 MINIMUM TEMPERATURE (F)   16       -18      1973


SUNRISE AND SUNSET
APRIL 30 2017.........SUNRISE   602 AM AKDT  SUNSET  1137 PM AKDT
MAY 01 2017...........SUNRISE   558 AM AKDT  SUNSET  1141 PM AKDT

-  INDICATES NEGATIVE NUMBERS.
R  INDICATES RECORD WAS SET OR TIED.
MM INDICATES DATA IS MISSING.
T  INDICATES TRACE AMOUNT.

&&

SNOW DEPTH IS MEASURED AT 3AM AKST/4AM AKDT.

----------------------------
AVAILABLE DAYLIGHT

AMOUNT OF DAYLIGHT TODAY  (HOUR:MIN)........17:36
GAIN/LOSS SINCE YESTERDAY (HOUR:MIN:SEC)....+0:08:11

$$
APR 17
