000
CDAK49 PAFG 200949
CLIOTZ

CLIMATE REPORT
NATIONAL WEATHER SERVICE FAIRBANKS AK
1249 AM AKST MON NOV 20 2017


...................................

...THE KOTZEBUE AK CLIMATE SUMMARY FOR NOVEMBER 19 2017...

CLIMATE NORMAL PERIOD 1981 TO 2010
CLIMATE RECORD PERIOD 1920 TO 2017


WEATHER ITEM   OBSERVED TIME   RECORD YEAR NORMAL DEPARTURE LAST
                VALUE   (LST)  VALUE       VALUE  FROM      YEAR
                                                  NORMAL
..................................................................
TEMPERATURE (F)
 YESTERDAY
  MAXIMUM         19    132 PM  36    2014  13      6       10
  MINIMUM          4   1152 PM -32    1939   2      2        4
  AVERAGE         12                         8      4        7

PRECIPITATION (IN)
  YESTERDAY        0.20          0.29 2010   0.03   0.17     0.00
  MONTH TO DATE    0.65                      0.48   0.17     0.09
  SINCE SEP 1      4.12                      3.07   1.05     2.41
  SINCE JAN 1     10.58                      9.95   0.63     8.15

SNOWFALL (IN)
  YESTERDAY       MM             4.2  2010   0.3   MM        0.0
  MONTH TO DATE    3.1                       6.1   -3.0      2.0
  SINCE SEP 1     11.7                      13.0   -1.3      4.8
  SINCE JUL 1     11.7                      13.0   -1.3      4.8
  SNOW DEPTH      MM

DEGREE DAYS
 HEATING
  YESTERDAY       53                        57     -4       58
  MONTH TO DATE  781                      1030   -249      862
  SINCE SEP 1   2507                      2973   -466     2392
  SINCE JUL 1   3194                      3711   -517     2884

 COOLING
  YESTERDAY        0                         0      0        0
  MONTH TO DATE    0                         0      0        0
  SINCE SEP 1      0                         0      0        0
  SINCE JAN 1      1                         5     -4        5
..................................................................


WIND (MPH)
  HIGHEST GUST SPEED    49   HIGHEST GUST DIRECTION     E (90)


SKY COVER
  AVERAGE SKY COVER 0.7


WEATHER CONDITIONS
 THE FOLLOWING WEATHER WAS RECORDED YESTERDAY.
  SNOW
  LIGHT SNOW
  FOG
  FOG W/VISIBILITY <= 1/4 MILE


RELATIVE HUMIDITY (PERCENT)
 HIGHEST    92
 LOWEST     59
 AVERAGE    76

..........................................................


THE KOTZEBUE AK CLIMATE NORMALS FOR TODAY
                         NORMAL    RECORD    YEAR
 MAXIMUM TEMPERATURE (F)   13        37      1949
 MINIMUM TEMPERATURE (F)    2       -30      1939


SUNRISE AND SUNSET
NOVEMBER 20 2017......SUNRISE  1112 AM AKST  SUNSET   401 PM AKST
NOVEMBER 21 2017......SUNRISE  1116 AM AKST  SUNSET   357 PM AKST

-  INDICATES NEGATIVE NUMBERS.
R  INDICATES RECORD WAS SET OR TIED.
MM INDICATES DATA IS MISSING.
T  INDICATES TRACE AMOUNT.

&&

SNOW DEPTH IS MEASURED AT 3AM AKST/4AM AKDT.

----------------------------
AVAILABLE DAYLIGHT

AMOUNT OF DAYLIGHT TODAY  (HOUR:MIN)........4:49
GAIN/LOSS SINCE YESTERDAY (HOUR:MIN:SEC)....-0:07:55

$$
SDB NOV 17
