278
CDAK49 PAFG 240052
CLIOTZ

CLIMATE REPORT
NATIONAL WEATHER SERVICE FAIRBANKS AK
452 PM AKDT FRI JUN 23 2017


...................................

...THE KOTZEBUE AK CLIMATE SUMMARY FOR JUNE 23 2017...
VALID TODAY AS OF 0400 PM LOCAL TIME.

CLIMATE NORMAL PERIOD 1981 TO 2010
CLIMATE RECORD PERIOD 1920 TO 2017


WEATHER ITEM   OBSERVED TIME   RECORD YEAR NORMAL DEPARTURE LAST
                VALUE   (LST)  VALUE       VALUE  FROM      YEAR
                                                  NORMAL
..................................................................
TEMPERATURE (F)
 TODAY
  MAXIMUM         50    259 PM  70    2015  55     -5       64
  MINIMUM         47    843 AM  28    1956  43      4       54
  AVERAGE         49                        49      0       59

PRECIPITATION (IN)
  TODAY            0.01          0.51 1953   0.03  -0.02     0.01
  MONTH TO DATE    0.19                      0.41  -0.22     0.17
  SINCE JUN 1      0.19                      0.41  -0.22     0.17
  SINCE JAN 1      2.27                      3.08  -0.81     2.30

SNOWFALL (IN)
  TODAY            0.0           T    2002   0.0    0.0      0.0
  MONTH TO DATE    0.0                       0.0    0.0      0.0
  SINCE JUN 1      0.0                       0.0    0.0      0.0
  SINCE JUL 1     52.6                      59.8   -7.2     26.0
  SNOW DEPTH       0

DEGREE DAYS
 HEATING
  TODAY           16                        16      0        6
  MONTH TO DATE  364                       482   -118      345
  SINCE JUN 1    364                       482   -118      345
  SINCE JUL 1  13532                     15286  -1754    12952

 COOLING
  TODAY            0                         0      0        0
  MONTH TO DATE    0                         0      0        0
  SINCE JUN 1      0                         0      0        0
  SINCE JAN 1      0                         0      0        0
..................................................................


WIND (MPH)
  HIGHEST GUST SPEED    25   HIGHEST GUST DIRECTION    SW (220)


SKY COVER
  AVERAGE SKY COVER 1.0


WEATHER CONDITIONS
 THE FOLLOWING WEATHER WAS RECORDED TODAY.
  LIGHT RAIN


RELATIVE HUMIDITY (PERCENT)
 HIGHEST    86
 LOWEST     74
 AVERAGE    80

..........................................................


THE KOTZEBUE AK CLIMATE NORMALS FOR TOMORROW
                         NORMAL    RECORD    YEAR
 MAXIMUM TEMPERATURE (F)   56        75      1991
                                             1971
 MINIMUM TEMPERATURE (F)   44        31      1956


SUNRISE AND SUNSET
JUNE 23 2017..........SUN ABOVE VISIBLE HORIZON.
JUNE 24 2017..........SUN ABOVE VISIBLE HORIZON.

-  INDICATES NEGATIVE NUMBERS.
R  INDICATES RECORD WAS SET OR TIED.
MM INDICATES DATA IS MISSING.
T  INDICATES TRACE AMOUNT.

&&

SNOW DEPTH IS MEASURED AT 3AM AKST/4AM AKDT.

----------------------------
AVAILABLE DAYLIGHT

AMOUNT OF DAYLIGHT TODAY  (HOUR:MIN)........24:00
GAIN/LOSS SINCE YESTERDAY (HOUR:MIN:SEC)....+0:00:00

$$
JUN 17
