000
CDUS43 KDDC 222340
CLIP28


CLIMATE REPORT
NATIONAL WEATHER SERVICE DODGE CITY KS
536 PM CST WED FEB 22 2017


...................................

...THE MEDICINE LODGE KS CLIMATE SUMMARY FOR FEBRUARY 22 2017...
VALID TODAY AS OF 0500 PM LOCAL TIME.

CLIMATE NORMAL PERIOD 1981 TO 2010
CLIMATE RECORD PERIOD 1893 TO 2017


WEATHER ITEM   OBSERVED TIME   RECORD YEAR NORMAL DEPARTURE LAST
                VALUE   (LST)  VALUE       VALUE  FROM      YEAR
                                                  NORMAL
..................................................................
TEMPERATURE (F)
 TODAY
  MAXIMUM         84R   327 PM  80    1982  52     32       56
  MINIMUM         36    747 AM   3    2013  28      8       27
  AVERAGE         60                        40     20       42

PRECIPITATION (IN)
  TODAY            0.00          1.32 1990   0.04  -0.04     0.00
  MONTH TO DATE    0.22                      0.76  -0.54     0.38
  SINCE DEC 1      4.62                      2.39   2.23     3.26
  SINCE JAN 1      3.92                      1.47   2.45     0.89

DEGREE DAYS
 HEATING
  TODAY            5                        25    -20       23
  MONTH TO DATE  420                       609   -189      475
  SINCE DEC 1   2344                      2528   -184     2163
  SINCE JUL 1   2880                      3386   -506     2758

 COOLING
  TODAY            0                         0      0        0
  MONTH TO DATE    0                         0      0        0
  SINCE DEC 1      0                         0      0        0
  SINCE JAN 1      0                         0      0        0
..................................................................


WIND (MPH)
  HIGHEST WIND SPEED    14   HIGHEST WIND DIRECTION    NW (300)
  HIGHEST GUST SPEED    19   HIGHEST GUST DIRECTION     W (290)
  AVERAGE WIND SPEED     5.4




RELATIVE HUMIDITY (PERCENT)
 HIGHEST    73           600 AM
 LOWEST     10           400 PM
 AVERAGE    42

..........................................................


THE MEDICINE LODGE KS CLIMATE NORMALS FOR TOMORROW
                         NORMAL    RECORD    YEAR
 MAXIMUM TEMPERATURE (F)   53        91      1904
 MINIMUM TEMPERATURE (F)   28         1      2013


SUNRISE AND SUNSET
FEBRUARY 22 2017......SUNRISE   714 AM CST   SUNSET   622 PM CST
FEBRUARY 23 2017......SUNRISE   713 AM CST   SUNSET   623 PM CST


-  INDICATES NEGATIVE NUMBERS.
R  INDICATES RECORD WAS SET OR TIED.
MM INDICATES DATA IS MISSING.
T  INDICATES TRACE AMOUNT.




$$
