000
CDUS43 KDDC 022327
CLIP28


CLIMATE REPORT
NATIONAL WEATHER SERVICE DODGE CITY KS
526 PM CST FRI DEC 2 2016


...................................

...THE MEDICINE LODGE KS CLIMATE SUMMARY FOR DECEMBER 2 2016...
VALID TODAY AS OF 0500 PM LOCAL TIME.

CLIMATE NORMAL PERIOD 1981 TO 2010
CLIMATE RECORD PERIOD 1893 TO 2016


WEATHER ITEM   OBSERVED TIME   RECORD YEAR NORMAL DEPARTURE LAST
                VALUE   (LST)  VALUE       VALUE  FROM      YEAR
                                                  NORMAL
..................................................................
TEMPERATURE (F)
 TODAY
  MAXIMUM         53    314 PM  77    1995  50      3       56
  MINIMUM         24    801 AM   2    1897  26     -2       27
  AVERAGE         39                        38      1       42

PRECIPITATION (IN)
  TODAY            0.00          0.58 1913   0.02  -0.02     0.00
  MONTH TO DATE    0.00                      0.05  -0.05     0.00
  SINCE DEC 1      0.00                      0.05  -0.05     0.00
  SINCE JAN 1     29.64                     26.27   3.37    31.83

DEGREE DAYS
 HEATING
  TODAY           26                        27     -1       23
  MONTH TO DATE   56                        54      2       52
  SINCE DEC 1     56                        54      2       52
  SINCE JUL 1    592                       912   -320      647

 COOLING
  TODAY            0                         0      0        0
  MONTH TO DATE    0                         0      0        0
  SINCE DEC 1      0                         0      0        0
  SINCE JAN 1   1937                      1770    167     1867
..................................................................


WIND (MPH)
  HIGHEST WIND SPEED    14   HIGHEST WIND DIRECTION    NE (50)
  HIGHEST GUST SPEED    18   HIGHEST GUST DIRECTION    NE (50)
  AVERAGE WIND SPEED     7.1




RELATIVE HUMIDITY (PERCENT)
 HIGHEST    81           700 AM
 LOWEST     26           300 PM
 AVERAGE    54

..........................................................


THE MEDICINE LODGE KS CLIMATE NORMALS FOR TOMORROW
                         NORMAL    RECORD    YEAR
 MAXIMUM TEMPERATURE (F)   50        76      1954
 MINIMUM TEMPERATURE (F)   26        10      1966


SUNRISE AND SUNSET
DECEMBER  2 2016......SUNRISE   731 AM CST   SUNSET   517 PM CST
DECEMBER  3 2016......SUNRISE   732 AM CST   SUNSET   517 PM CST


-  INDICATES NEGATIVE NUMBERS.
R  INDICATES RECORD WAS SET OR TIED.
MM INDICATES DATA IS MISSING.
T  INDICATES TRACE AMOUNT.




$$
