000
CDUS43 KDDC 270711
CLIP28


CLIMATE REPORT
NATIONAL WEATHER SERVICE DODGE CITY KS
210 AM CDT WED JUL 27 2016


...................................

...THE MEDICINE LODGE KS CLIMATE SUMMARY FOR JULY 26 2016...

CLIMATE NORMAL PERIOD 1981 TO 2010
CLIMATE RECORD PERIOD 1893 TO 2016


WEATHER ITEM   OBSERVED TIME   RECORD YEAR NORMAL DEPARTURE LAST
                VALUE   (LST)  VALUE       VALUE  FROM      YEAR
                                                  NORMAL
..................................................................
TEMPERATURE (F)
 YESTERDAY
  MAXIMUM         94    353 PM 108    1910  95     -1       97
  MINIMUM         68    355 AM  56    1900  70     -2       70
  AVERAGE         81                        83     -2       84

PRECIPITATION (IN)
  YESTERDAY        0.00          1.24 1941   0.09  -0.09     0.24
  MONTH TO DATE    1.57                      2.91  -1.34     8.54
  SINCE JUN 1      3.47                      7.02  -3.55    10.80
  SINCE JAN 1     12.25                     16.76  -4.51    22.76

SNOWFALL (IN)
  YESTERDAY        0.0          MM      MM   0.0             0.0
  MONTH TO DATE    0.0                       0.0             0.0
  SINCE JUN 1      0.0                       0.0             0.0
  SINCE JUL 1      0.0                       0.0             0.0
  SNOW DEPTH       0

DEGREE DAYS
 HEATING
  YESTERDAY        0                         0      0        0
  MONTH TO DATE    0                         0      0        0
  SINCE JUN 1      0                         3     -3        0
  SINCE JUL 1      0                         0      0        0

 COOLING
  YESTERDAY       16                        18     -2       19
  MONTH TO DATE  489                       442     47      445
  SINCE JUN 1    948                       795    153      877
  SINCE JAN 1   1085                       951    134      984
..................................................................


WIND (MPH)
  HIGHEST WIND SPEED    10   HIGHEST WIND DIRECTION    NE (50)
  HIGHEST GUST SPEED    17   HIGHEST GUST DIRECTION     E (99)
  AVERAGE WIND SPEED     5.2




RELATIVE HUMIDITY (PERCENT)
 HIGHEST   100           500 AM
 LOWEST     38           300 PM
 AVERAGE    69

..........................................................


THE MEDICINE LODGE KS CLIMATE NORMALS FOR TODAY
                         NORMAL    RECORD    YEAR
 MAXIMUM TEMPERATURE (F)   95       112      2011
 MINIMUM TEMPERATURE (F)   70        54      1994


SUNRISE AND SUNSET
JULY 27 2016..........SUNRISE   635 AM CDT   SUNSET   846 PM CDT
JULY 28 2016..........SUNRISE   636 AM CDT   SUNSET   845 PM CDT


-  INDICATES NEGATIVE NUMBERS.
R  INDICATES RECORD WAS SET OR TIED.
MM INDICATES DATA IS MISSING.
T  INDICATES TRACE AMOUNT.




$$
