000
CDUS43 KDDC 291426
CLIP28


CLIMATE REPORT
NATIONAL WEATHER SERVICE DODGE CITY KS
925 AM CDT THU SEP 29 2016


...................................

...THE MEDICINE LODGE KS CLIMATE SUMMARY FOR SEPTEMBER 29 2016...
VALID AS OF 0800 AM LOCAL TIME.

CLIMATE NORMAL PERIOD 1981 TO 2010
CLIMATE RECORD PERIOD 1893 TO 2016


WEATHER ITEM   OBSERVED TIME   RECORD YEAR NORMAL DEPARTURE LAST
                VALUE   (LST)  VALUE       VALUE  FROM      YEAR
                                                  NORMAL
..................................................................
TEMPERATURE (F)
 TODAY
  MAXIMUM         54   1203 AM 113    1984  78    -24       88
  MINIMUM         44    655 AM  32    1985  53     -9       56
  AVERAGE         49                        66    -17       72

PRECIPITATION (IN)
  TODAY            0.00          2.91 1941   0.06  -0.06     0.05
  MONTH TO DATE    7.18                      2.04   5.14     1.53
  SINCE SEP 1      7.18                      2.04   5.14     1.53
  SINCE JAN 1     27.61                     22.39   5.22    27.70

..................................................................


WIND (MPH)
  HIGHEST WIND SPEED     8   HIGHEST WIND DIRECTION    NE (40)
  HIGHEST GUST SPEED    10   HIGHEST GUST DIRECTION    NE (60)



WEATHER CONDITIONS
 THE FOLLOWING WEATHER WAS RECORDED TODAY.
  NO SIGNIFICANT WEATHER WAS OBSERVED.


RELATIVE HUMIDITY (PERCENT)
 HIGHEST    93           500 AM
 LOWEST     77          1200 AM

..........................................................


THE MEDICINE LODGE KS CLIMATE NORMALS FOR TOMORROW
                         NORMAL    RECORD    YEAR
 MAXIMUM TEMPERATURE (F)   78       105      1984
 MINIMUM TEMPERATURE (F)   53        34      1946


SUNRISE AND SUNSET
SEPTEMBER 29 2016.....SUNRISE   728 AM CDT   SUNSET   720 PM CDT
SEPTEMBER 30 2016.....SUNRISE   729 AM CDT   SUNSET   718 PM CDT


-  INDICATES NEGATIVE NUMBERS.
R  INDICATES RECORD WAS SET OR TIED.
MM INDICATES DATA IS MISSING.
T  INDICATES TRACE AMOUNT.




$$
