000
CDUS43 KDDC 241425
CLIP28


CLIMATE REPORT
NATIONAL WEATHER SERVICE DODGE CITY KS
825 AM CST TUE JAN 24 2017


...................................

...THE MEDICINE LODGE KS CLIMATE SUMMARY FOR JANUARY 24 2017...
VALID AS OF 0800 AM LOCAL TIME.

CLIMATE NORMAL PERIOD 1981 TO 2010
CLIMATE RECORD PERIOD 1893 TO 2017


WEATHER ITEM   OBSERVED TIME   RECORD YEAR NORMAL DEPARTURE LAST
                VALUE   (LST)  VALUE       VALUE  FROM      YEAR
                                                  NORMAL
..................................................................
TEMPERATURE (F)
 TODAY
  MAXIMUM         41   1201 AM  74    1981  46     -5       57
  MINIMUM         34    730 AM  -6    1963  22     12       28
  AVERAGE         38                        34      4       43

PRECIPITATION (IN)
  TODAY            0.00          0.81 1921   0.02  -0.02     0.00
  MONTH TO DATE    3.70                      0.49   3.21     0.51
  SINCE DEC 1      4.40                      1.41   2.99     2.88
  SINCE JAN 1      3.70                      0.49   3.21     0.51

..................................................................


WIND (MPH)
  HIGHEST WIND SPEED    13   HIGHEST WIND DIRECTION    SE (130)
  HIGHEST GUST SPEED    18   HIGHEST GUST DIRECTION    SE (120)



WEATHER CONDITIONS
 THE FOLLOWING WEATHER WAS RECORDED TODAY.
  NO SIGNIFICANT WEATHER WAS OBSERVED.


RELATIVE HUMIDITY (PERCENT)
 HIGHEST    82           400 AM
 LOWEST     70          1200 AM

..........................................................


THE MEDICINE LODGE KS CLIMATE NORMALS FOR TOMORROW
                         NORMAL    RECORD    YEAR
 MAXIMUM TEMPERATURE (F)   46        72      1953
 MINIMUM TEMPERATURE (F)   22        -4      1940


SUNRISE AND SUNSET
JANUARY 24 2017.......SUNRISE   743 AM CST   SUNSET   550 PM CST
JANUARY 25 2017.......SUNRISE   742 AM CST   SUNSET   552 PM CST


-  INDICATES NEGATIVE NUMBERS.
R  INDICATES RECORD WAS SET OR TIED.
MM INDICATES DATA IS MISSING.
T  INDICATES TRACE AMOUNT.




$$
