000
CDUS43 KDDC 260713
CLIP28


CLIMATE REPORT
NATIONAL WEATHER SERVICE DODGE CITY KS
213 AM CDT WED JUL 26 2017


...................................

...THE MEDICINE LODGE KS CLIMATE SUMMARY FOR JULY 25 2017...

CLIMATE NORMAL PERIOD 1981 TO 2010
CLIMATE RECORD PERIOD 1893 TO 2017


WEATHER ITEM   OBSERVED TIME   RECORD YEAR NORMAL DEPARTURE LAST
                VALUE   (LST)  VALUE       VALUE  FROM      YEAR
                                                  NORMAL
..................................................................
TEMPERATURE (F)
 YESTERDAY
  MAXIMUM        100    516 PM 108    1964  95      5       93
  MINIMUM         71    542 AM  50    1911  70      1       70
  AVERAGE         86                        83      3       82

PRECIPITATION (IN)
  YESTERDAY        0.00          2.45 1908   0.09  -0.09     0.01
  MONTH TO DATE    0.83                      2.82  -1.99     1.57
  SINCE JUN 1      2.82                      6.93  -4.11     3.47
  SINCE JAN 1     18.37                     16.67   1.70    12.25

SNOWFALL (IN)
  YESTERDAY        0.0          MM      MM   0.0             0.0
  MONTH TO DATE    0.0                       0.0             0.0
  SINCE JUN 1      0.0                       0.0             0.0
  SINCE JUL 1      0.0                       0.0             0.0
  SNOW DEPTH       0

DEGREE DAYS
 HEATING
  YESTERDAY        0                         0      0        0
  MONTH TO DATE    0                         0      0        0
  SINCE JUN 1      0                         3     -3        0
  SINCE JUL 1      0                         0      0        0

 COOLING
  YESTERDAY       21                        18      3       17
  MONTH TO DATE  458                       424     34      473
  SINCE JUN 1    830                       777     53      932
  SINCE JAN 1    928                       933     -5     1069
..................................................................


WIND (MPH)
  HIGHEST WIND SPEED    22   HIGHEST WIND DIRECTION     S (180)
  HIGHEST GUST SPEED    28   HIGHEST GUST DIRECTION     S (180)
  AVERAGE WIND SPEED    10.0




RELATIVE HUMIDITY (PERCENT)
 HIGHEST    84           600 AM
 LOWEST     29           500 PM
 AVERAGE    57

..........................................................


THE MEDICINE LODGE KS CLIMATE NORMALS FOR TODAY
                         NORMAL    RECORD    YEAR
 MAXIMUM TEMPERATURE (F)   95       108      1910
 MINIMUM TEMPERATURE (F)   70        56      1900


SUNRISE AND SUNSET
JULY 26 2017..........SUNRISE   634 AM CDT   SUNSET   847 PM CDT
JULY 27 2017..........SUNRISE   635 AM CDT   SUNSET   846 PM CDT


-  INDICATES NEGATIVE NUMBERS.
R  INDICATES RECORD WAS SET OR TIED.
MM INDICATES DATA IS MISSING.
T  INDICATES TRACE AMOUNT.




$$
