000
CDUS43 KDDC 132329
CLIP28


CLIMATE REPORT
NATIONAL WEATHER SERVICE DODGE CITY KS
629 PM CDT SUN JUL 13 2014


...................................

...THE MEDICINE LODGE KS CLIMATE SUMMARY FOR JULY 13 2014...
VALID TODAY AS OF 0500 PM LOCAL TIME.

CLIMATE NORMAL PERIOD 1981 TO 2010
CLIMATE RECORD PERIOD 1893 TO 2014


WEATHER ITEM   OBSERVED TIME   RECORD YEAR NORMAL DEPARTURE LAST
                VALUE   (LST)  VALUE       VALUE  FROM      YEAR
                                                  NORMAL
..................................................................
TEMPERATURE (F)
 TODAY
  MAXIMUM         89    221 PM 112    1954  95     -6      105
  MINIMUM         71    421 AM  47    1975  70      1       74
  AVERAGE         80                        82     -2       90

PRECIPITATION (IN)
  TODAY            0.00          4.35 1951   0.11  -0.11     0.00
  MONTH TO DATE    1.74                      1.51   0.23     0.16
  SINCE JUN 1      9.63                      5.62   4.01     2.38
  SINCE JAN 1     12.52                     15.36  -2.84    12.73

DEGREE DAYS
 HEATING
  TODAY            0                         0      0        0
  MONTH TO DATE    0                         0      0        0
  SINCE JUN 1      0                         3     -3        4
  SINCE JUL 1      0                         0      0        0

 COOLING
  TODAY           15                        17     -2       25
  MONTH TO DATE  167                       213    -46      228
  SINCE JUN 1    509                       566    -57      632
  SINCE JAN 1    778                       722     56      775
..................................................................


WIND (MPH)
  HIGHEST WIND SPEED    22   HIGHEST WIND DIRECTION     N (20)
  HIGHEST GUST SPEED    26   HIGHEST GUST DIRECTION     N (20)
  AVERAGE WIND SPEED     9.8




RELATIVE HUMIDITY (PERCENT)
 HIGHEST    87           600 AM
 LOWEST     51           500 PM
 AVERAGE    69

..........................................................


THE MEDICINE LODGE KS CLIMATE NORMALS FOR TOMORROW
                         NORMAL    RECORD    YEAR
 MAXIMUM TEMPERATURE (F)   95       115      1954
 MINIMUM TEMPERATURE (F)   70        48      1990


SUNRISE AND SUNSET
JULY 13 2014..........SUNRISE   624 AM CDT   SUNSET   855 PM CDT
JULY 14 2014..........SUNRISE   625 AM CDT   SUNSET   855 PM CDT


-  INDICATES NEGATIVE NUMBERS.
R  INDICATES RECORD WAS SET OR TIED.
MM INDICATES DATA IS MISSING.
T  INDICATES TRACE AMOUNT.




$$
