000
CDUS43 KDDC 292330
CLIP28


CLIMATE REPORT
NATIONAL WEATHER SERVICE DODGE CITY KS
630 PM CDT SUN MAR 29 2015


...................................

...THE MEDICINE LODGE KS CLIMATE SUMMARY FOR MARCH 29 2015...
VALID TODAY AS OF 0500 PM LOCAL TIME.

CLIMATE NORMAL PERIOD 1981 TO 2010
CLIMATE RECORD PERIOD 1893 TO 2015


WEATHER ITEM   OBSERVED TIME   RECORD YEAR NORMAL DEPARTURE LAST
                VALUE   (LST)  VALUE       VALUE  FROM      YEAR
                                                  NORMAL
..................................................................
TEMPERATURE (F)
 TODAY
  MAXIMUM         75    316 PM  89    1967  63     12       67
  MINIMUM         41    654 AM  16    1944  38      3       30
  AVERAGE         58                        51      7       49

PRECIPITATION (IN)
  TODAY            0.00          1.22 1958   0.07  -0.07     0.00
  MONTH TO DATE    0.38                      2.10  -1.72     0.49
  SINCE MAR 1      0.38                      2.10  -1.72     0.49
  SINCE JAN 1      1.69                      3.85  -2.16     1.44

DEGREE DAYS
 HEATING
  TODAY            7                        15     -8       16
  MONTH TO DATE  451                       541    -90      713
  SINCE MAR 1    451                       541    -90      713
  SINCE JUL 1   4025                      4070    -45     4664

 COOLING
  TODAY            0                         0      0        0
  MONTH TO DATE    0                         0      0        0
  SINCE MAR 1      0                         0      0        0
  SINCE JAN 1      0                         0      0        0
..................................................................


WIND (MPH)
  HIGHEST WIND SPEED    36   HIGHEST WIND DIRECTION     N (10)
  HIGHEST GUST SPEED    46   HIGHEST GUST DIRECTION     N (10)
  AVERAGE WIND SPEED    12.7




RELATIVE HUMIDITY (PERCENT)
 HIGHEST    96           600 AM
 LOWEST     19           200 PM
 AVERAGE    58

..........................................................


THE MEDICINE LODGE KS CLIMATE NORMALS FOR TOMORROW
                         NORMAL    RECORD    YEAR
 MAXIMUM TEMPERATURE (F)   64        93      1917
 MINIMUM TEMPERATURE (F)   38        19      1964


SUNRISE AND SUNSET
MARCH 29 2015.........SUNRISE   725 AM CDT   SUNSET   754 PM CDT
MARCH 30 2015.........SUNRISE   723 AM CDT   SUNSET   755 PM CDT


-  INDICATES NEGATIVE NUMBERS.
R  INDICATES RECORD WAS SET OR TIED.
MM INDICATES DATA IS MISSING.
T  INDICATES TRACE AMOUNT.




$$
