000
CDUS45 KRIW 260735
CLIP60


CLIMATE REPORT
NATIONAL WEATHER SERVICE RIVERTON WY
1234 AM MST FRI DEC 26 2014


...................................

...THE LAKE YELLOWSTONE WY CLIMATE SUMMARY FOR DECEMBER 25 2014...

CLIMATE NORMAL PERIOD 1981 TO 2010
CLIMATE RECORD PERIOD 1998 TO 2014


WEATHER ITEM   OBSERVED TIME   RECORD YEAR NORMAL DEPARTURE LAST
                VALUE   (LST)  VALUE       VALUE  FROM      YEAR
                                                  NORMAL
..................................................................
TEMPERATURE (F)
 YESTERDAY
  MAXIMUM         23    318 AM  32    2005  24     -1       25
                                      1999
  MINIMUM          1   1159 PM -17    2002   2     -1        2
  AVERAGE         12                        13     -1       14

PRECIPITATION (IN)
  YESTERDAY        0.28          0.32 2008   0.05   0.23     0.00
  MONTH TO DATE    2.16                      1.15   1.01     1.56
  SINCE DEC 1      2.16                      1.15   1.01     1.56
  SINCE JAN 1     30.96                     19.95  11.01    20.45

DEGREE DAYS
 HEATING
  YESTERDAY       53                        52      1       51
  MONTH TO DATE 1055                      1277   -222     1411
  SINCE DEC 1   1055                      1277   -222     1411
  SINCE JUL 1   4382                      4597   -215     4639

 COOLING
  YESTERDAY        0                         0      0        0
  MONTH TO DATE    0                         0      0        0
  SINCE DEC 1      0                         0      0        0
  SINCE JAN 1      0                         0      0        0
..................................................................


WIND (MPH)
  HIGHEST WIND SPEED    12   HIGHEST WIND DIRECTION    NE (30)
  HIGHEST GUST SPEED    23   HIGHEST GUST DIRECTION    NE (40)
  AVERAGE WIND SPEED     3.3


SKY COVER
  POSSIBLE SUNSHINE  MM
  AVERAGE SKY COVER 0.0


WEATHER CONDITIONS
 THE FOLLOWING WEATHER WAS RECORDED YESTERDAY.
  NO SIGNIFICANT WEATHER WAS OBSERVED.


RELATIVE HUMIDITY (PERCENT)
 HIGHEST    95          1100 PM
 LOWEST     73           300 PM
 AVERAGE    84

..........................................................


THE LAKE YELLOWSTONE WY CLIMATE NORMALS FOR TODAY
                         NORMAL    RECORD    YEAR
 MAXIMUM TEMPERATURE (F)   24        34      2004
 MINIMUM TEMPERATURE (F)    2       -14      2008


SUNRISE AND SUNSET
DECEMBER 26 2014......SUNRISE   757 AM MST   SUNSET   448 PM MST
DECEMBER 27 2014......SUNRISE   757 AM MST   SUNSET   448 PM MST


-  INDICATES NEGATIVE NUMBERS.
R  INDICATES RECORD WAS SET OR TIED.
MM INDICATES DATA IS MISSING.
T  INDICATES TRACE AMOUNT.




$$
