000
CDUS45 KRIW 010746
CLIP60


CLIMATE REPORT
NATIONAL WEATHER SERVICE RIVERTON WY
137 AM MDT MON SEP 1 2014


...................................

...THE LAKE YELLOWSTONE WY CLIMATE SUMMARY FOR AUGUST 31 2014...

CLIMATE NORMAL PERIOD 1981 TO 2010
CLIMATE RECORD PERIOD 1998 TO 2014


WEATHER ITEM   OBSERVED TIME   RECORD YEAR NORMAL DEPARTURE LAST
                VALUE   (LST)  VALUE       VALUE  FROM      YEAR
                                                  NORMAL
..................................................................
TEMPERATURE (F)
 YESTERDAY
  MAXIMUM         50    320 PM  76    2013  69    -19       76
  MINIMUM         38   1159 PM  25    2005  36      2       36
  AVERAGE         44                        52     -8       56

PRECIPITATION (IN)
  YESTERDAY        0.26R         0.21 2002   0.06   0.20     0.00
  MONTH TO DATE    4.29                      1.52   2.77     0.82
  SINCE JUN 1      7.98                      4.99   2.99     3.18
  SINCE JAN 1     23.12                     14.07   9.05    12.17

DEGREE DAYS
 HEATING
  YESTERDAY       21                        13      8        9
  MONTH TO DATE  397                       304     93      226
  SINCE JUN 1   1248                      1080    168      857
  SINCE JUL 1    662                       587     75      424

 COOLING
  YESTERDAY        0                         0      0        0
  MONTH TO DATE    0                         0      0        0
  SINCE JUN 1      0                         0      0        0
  SINCE JAN 1      0                         0      0        0
..................................................................


WIND (MPH)
  HIGHEST WIND SPEED    10   HIGHEST WIND DIRECTION     W (280)
  HIGHEST GUST SPEED    20   HIGHEST GUST DIRECTION     W (260)
  AVERAGE WIND SPEED     2.0


SKY COVER
  POSSIBLE SUNSHINE  MM
  AVERAGE SKY COVER 0.0


WEATHER CONDITIONS
 THE FOLLOWING WEATHER WAS RECORDED YESTERDAY.
  NO SIGNIFICANT WEATHER WAS OBSERVED.


RELATIVE HUMIDITY (PERCENT)
 HIGHEST   100           200 AM
 LOWEST     71           400 PM
 AVERAGE    86

..........................................................


THE LAKE YELLOWSTONE WY CLIMATE NORMALS FOR TODAY
                         NORMAL    RECORD    YEAR
 MAXIMUM TEMPERATURE (F)   68        76      2013
 MINIMUM TEMPERATURE (F)   35        25      2006


SUNRISE AND SUNSET
SEPTEMBER  1 2014.....SUNRISE   644 AM MDT   SUNSET   758 PM MDT
SEPTEMBER  2 2014.....SUNRISE   645 AM MDT   SUNSET   756 PM MDT


-  INDICATES NEGATIVE NUMBERS.
R  INDICATES RECORD WAS SET OR TIED.
MM INDICATES DATA IS MISSING.
T  INDICATES TRACE AMOUNT.




$$
