000
CDUS45 KRIW 010029
CLIP60


CLIMATE REPORT
NATIONAL WEATHER SERVICE RIVERTON WY
629 PM MDT TUE MAY 31 2016


...................................

...THE LAKE YELLOWSTONE WY CLIMATE SUMMARY FOR MAY 31 2016...
VALID TODAY AS OF 0500 PM LOCAL TIME.

CLIMATE NORMAL PERIOD 1981 TO 2010
CLIMATE RECORD PERIOD 1998 TO 2016


WEATHER ITEM   OBSERVED TIME   RECORD YEAR NORMAL DEPARTURE LAST
                VALUE   (LST)  VALUE       VALUE  FROM      YEAR
                                                  NORMAL
..................................................................
TEMPERATURE (F)
 TODAY
  MAXIMUM         54        MM  71    2002  56     -2       65
  MINIMUM         26        MM  25    2006  32     -6       41
  AVERAGE         40

PRECIPITATION (IN)
  TODAY            0.00          0.19 2005   0.09  -0.09     0.00
  MONTH TO DATE    2.81                      2.27   0.54     3.11
  SINCE MAR 1      6.41                      5.56   0.85     4.85
  SINCE JAN 1      9.06                      9.08  -0.02     7.74

DEGREE DAYS
 HEATING
  TODAY           25                        21      4       12
  MONTH TO DATE  758                       777    -19      710
  SINCE MAR 1   2969                      3091   -122     2872
  SINCE JUL 1  10753                     11028   -275    10436

 COOLING
  TODAY            0                         0      0        0
  MONTH TO DATE    0                         0      0        0
  SINCE MAR 1      0                         0      0        0
  SINCE JAN 1      0                         0      0        0
..................................................................


WIND (MPH)
  HIGHEST WIND SPEED     8   HIGHEST WIND DIRECTION    SE (120)
  HIGHEST GUST SPEED    MM   HIGHEST GUST DIRECTION    MM
  AVERAGE WIND SPEED     4.3


SKY COVER
  POSSIBLE SUNSHINE  MM
  AVERAGE SKY COVER 0.0


WEATHER CONDITIONS
 THE FOLLOWING WEATHER WAS RECORDED TODAY.
  NO SIGNIFICANT WEATHER WAS OBSERVED.


RELATIVE HUMIDITY (PERCENT)
 HIGHEST    81           300 AM
 LOWEST     32           300 PM
 AVERAGE    57

..........................................................


THE LAKE YELLOWSTONE WY CLIMATE NORMALS FOR TOMORROW
                         NORMAL    RECORD    YEAR
 MAXIMUM TEMPERATURE (F)   57        70      2001
 MINIMUM TEMPERATURE (F)   32        26      2013


SUNRISE AND SUNSET
MAY 31 2016...........SUNRISE   540 AM MDT   SUNSET   859 PM MDT
JUNE  1 2016..........SUNRISE   540 AM MDT   SUNSET   900 PM MDT


-  INDICATES NEGATIVE NUMBERS.
R  INDICATES RECORD WAS SET OR TIED.
MM INDICATES DATA IS MISSING.
T  INDICATES TRACE AMOUNT.




$$
