000
CDUS45 KRIW 020033
CLIP60


CLIMATE REPORT
NATIONAL WEATHER SERVICE RIVERTON WY
631 PM MDT SUN MAY 1 2016


...................................

...THE LAKE YELLOWSTONE WY CLIMATE SUMMARY FOR MAY 1 2016...
VALID TODAY AS OF 0500 PM LOCAL TIME.

CLIMATE NORMAL PERIOD 1981 TO 2010
CLIMATE RECORD PERIOD 1998 TO 2016


WEATHER ITEM   OBSERVED TIME   RECORD YEAR NORMAL DEPARTURE LAST
                VALUE   (LST)  VALUE       VALUE  FROM      YEAR
                                                  NORMAL
..................................................................
TEMPERATURE (F)
 TODAY
  MAXIMUM         47        MM  62    2007  47      0       59
  MINIMUM         28        MM   6    2009  24      4       25
  AVERAGE         38

PRECIPITATION (IN)
  TODAY            0.00          0.26 2012   0.07  -0.07     0.00
  MONTH TO DATE    0.00                      0.07  -0.07     0.00
  SINCE MAR 1      3.60                      3.36   0.24     1.74
  SINCE JAN 1      6.25                      6.88  -0.63     4.63

DEGREE DAYS
 HEATING
  TODAY           27                        29     -2       23
  MONTH TO DATE   27                        29     -2       23
  SINCE MAR 1   2238                      2343   -105     2185
  SINCE JUL 1  10022                     10280   -258     9749

 COOLING
  TODAY            0                         0      0        0
  MONTH TO DATE    0                         0      0        0
  SINCE MAR 1      0                         0      0        0
  SINCE JAN 1      0                         0      0        0
..................................................................


WIND (MPH)
  HIGHEST WIND SPEED     6   HIGHEST WIND DIRECTION     E (99)
  HIGHEST GUST SPEED    MM   HIGHEST GUST DIRECTION    MM
  AVERAGE WIND SPEED     3.1


SKY COVER
  POSSIBLE SUNSHINE  MM
  AVERAGE SKY COVER 0.0


WEATHER CONDITIONS
 THE FOLLOWING WEATHER WAS RECORDED TODAY.
  NO SIGNIFICANT WEATHER WAS OBSERVED.


RELATIVE HUMIDITY (PERCENT)
 HIGHEST    75           200 AM
 LOWEST     25           400 PM
 AVERAGE    50

..........................................................


THE LAKE YELLOWSTONE WY CLIMATE NORMALS FOR TOMORROW
                         NORMAL    RECORD    YEAR
 MAXIMUM TEMPERATURE (F)   47        61      2015
 MINIMUM TEMPERATURE (F)   25         5      2011


SUNRISE AND SUNSET
MAY  1 2016...........SUNRISE   611 AM MDT   SUNSET   827 PM MDT
MAY  2 2016...........SUNRISE   610 AM MDT   SUNSET   828 PM MDT


-  INDICATES NEGATIVE NUMBERS.
R  INDICATES RECORD WAS SET OR TIED.
MM INDICATES DATA IS MISSING.
T  INDICATES TRACE AMOUNT.




$$
