000
CDUS45 KRIW 270736
CLIP60


CLIMATE REPORT
NATIONAL WEATHER SERVICE RIVERTON WY
126 AM MDT WED JUL 27 2016


...................................

...THE LAKE YELLOWSTONE WY CLIMATE SUMMARY FOR JULY 26 2016...

CLIMATE NORMAL PERIOD 1981 TO 2010
CLIMATE RECORD PERIOD 1998 TO 2016


WEATHER ITEM   OBSERVED TIME   RECORD YEAR NORMAL DEPARTURE LAST
                VALUE   (LST)  VALUE       VALUE  FROM      YEAR
                                                  NORMAL
..................................................................
TEMPERATURE (F)
 YESTERDAY
  MAXIMUM         78    236 PM  80    2013  74      4       75
                                      2008
  MINIMUM         39    547 AM  32    2014  41     -2       38
  AVERAGE         59                        57      2       57

PRECIPITATION (IN)
  YESTERDAY        0.00          0.38 2002   0.05  -0.05     0.00
  MONTH TO DATE    0.83                      1.23  -0.40     1.01
  SINCE JUN 1      1.78                      3.23  -1.45     1.92
  SINCE JAN 1     10.84                     12.31  -1.47     9.66

DEGREE DAYS
 HEATING
  YESTERDAY        6                         8     -2        8
  MONTH TO DATE  285                       243     42      259
  SINCE JUN 1    653                       736    -83      585
  SINCE JUL 1    285                       243     42      259

 COOLING
  YESTERDAY        0                         0      0        0
  MONTH TO DATE    0                         0      0        0
  SINCE JUN 1      0                         0      0        1
  SINCE JAN 1      0                         0      0        1
..................................................................


WIND (MPH)
  HIGHEST WIND SPEED    20   HIGHEST WIND DIRECTION     W (290)
  HIGHEST GUST SPEED    33   HIGHEST GUST DIRECTION     W (290)
  AVERAGE WIND SPEED     3.4


SKY COVER
  POSSIBLE SUNSHINE  MM
  AVERAGE SKY COVER 0.0


WEATHER CONDITIONS
 THE FOLLOWING WEATHER WAS RECORDED YESTERDAY.
  NO SIGNIFICANT WEATHER WAS OBSERVED.


RELATIVE HUMIDITY (PERCENT)
 HIGHEST    85           600 AM
 LOWEST     14           300 PM
 AVERAGE    50

..........................................................


THE LAKE YELLOWSTONE WY CLIMATE NORMALS FOR TODAY
                         NORMAL    RECORD    YEAR
 MAXIMUM TEMPERATURE (F)   74        82      2006
 MINIMUM TEMPERATURE (F)   41        32      2005


SUNRISE AND SUNSET
JULY 27 2016..........SUNRISE   603 AM MDT   SUNSET   852 PM MDT
JULY 28 2016..........SUNRISE   605 AM MDT   SUNSET   851 PM MDT


-  INDICATES NEGATIVE NUMBERS.
R  INDICATES RECORD WAS SET OR TIED.
MM INDICATES DATA IS MISSING.
T  INDICATES TRACE AMOUNT.




$$
