000
CDUS45 KRIW 300734
CLIP60


CLIMATE REPORT
NATIONAL WEATHER SERVICE RIVERTON WY
131 AM MDT TUE JUN 30 2015


...................................

...THE LAKE YELLOWSTONE WY CLIMATE SUMMARY FOR JUNE 29 2015...

CLIMATE NORMAL PERIOD 1981 TO 2010
CLIMATE RECORD PERIOD 1998 TO 2015


WEATHER ITEM   OBSERVED TIME   RECORD YEAR NORMAL DEPARTURE LAST
                VALUE   (LST)  VALUE       VALUE  FROM      YEAR
                                                  NORMAL
..................................................................
TEMPERATURE (F)
 YESTERDAY
  MAXIMUM         83R   229 PM  82    2007  68     15       61
  MINIMUM         44    441 AM  30    2014  37      7       30
  AVERAGE         64                        53     11       46

PRECIPITATION (IN)
  YESTERDAY        0.00          0.23 2005   0.04  -0.04     0.00
  MONTH TO DATE    0.91                      1.96  -1.05     2.34
  SINCE JUN 1      0.91                      1.96  -1.05     2.34
  SINCE JAN 1      8.65                     11.04  -2.39    17.48

DEGREE DAYS
 HEATING
  YESTERDAY        1                        12    -11       19
  MONTH TO DATE  326                       481   -155      565
  SINCE JUN 1    326                       481   -155      565
  SINCE JUL 1  10762                     11509   -747    11874

 COOLING
  YESTERDAY        0                         0      0        0
  MONTH TO DATE    0                         0      0        0
  SINCE JUN 1      0                         0      0        0
  SINCE JAN 1      0                         0      0        0
..................................................................


WIND (MPH)
  HIGHEST WIND SPEED    20   HIGHEST WIND DIRECTION    NW (320)
  HIGHEST GUST SPEED    37   HIGHEST GUST DIRECTION     N (340)
  AVERAGE WIND SPEED     2.5


SKY COVER
  POSSIBLE SUNSHINE  MM
  AVERAGE SKY COVER 0.0


WEATHER CONDITIONS
 THE FOLLOWING WEATHER WAS RECORDED YESTERDAY.
  NO SIGNIFICANT WEATHER WAS OBSERVED.


RELATIVE HUMIDITY (PERCENT)
 HIGHEST    92           500 AM
 LOWEST     21           200 PM
 AVERAGE    57

..........................................................


THE LAKE YELLOWSTONE WY CLIMATE NORMALS FOR TODAY
                         NORMAL    RECORD    YEAR
 MAXIMUM TEMPERATURE (F)   68        79      2013
                                             2012
                                             2010
 MINIMUM TEMPERATURE (F)   38        29      2014


SUNRISE AND SUNSET
JUNE 30 2015..........SUNRISE   540 AM MDT   SUNSET   910 PM MDT
JULY  1 2015..........SUNRISE   540 AM MDT   SUNSET   910 PM MDT


-  INDICATES NEGATIVE NUMBERS.
R  INDICATES RECORD WAS SET OR TIED.
MM INDICATES DATA IS MISSING.
T  INDICATES TRACE AMOUNT.




$$
