000
CDUS45 KRIW 270740
CLIP60


CLIMATE REPORT
NATIONAL WEATHER SERVICE RIVERTON WY
130 AM MDT MON MAR 27 2017


...................................

...THE LAKE YELLOWSTONE WY CLIMATE SUMMARY FOR MARCH 26 2017...

CLIMATE NORMAL PERIOD 1981 TO 2010
CLIMATE RECORD PERIOD 1998 TO 2017


WEATHER ITEM   OBSERVED TIME   RECORD YEAR NORMAL DEPARTURE LAST
                VALUE   (LST)  VALUE       VALUE  FROM      YEAR
                                                  NORMAL
..................................................................
TEMPERATURE (F)
 YESTERDAY
  MAXIMUM         39    206 PM  48    2007  40     -1       33
  MINIMUM         18    639 AM  -6    2013  12      6       -3
  AVERAGE         29                        26      3       15

PRECIPITATION (IN)
  YESTERDAY        0.01          0.61 2014   0.05  -0.04     0.00
  MONTH TO DATE    1.92                      0.97   0.95     1.88
  SINCE MAR 1      1.92                      0.97   0.95     1.88
  SINCE JAN 1     12.16                      4.49   7.67     4.53

DEGREE DAYS
 HEATING
  YESTERDAY       36                        39     -3       50
  MONTH TO DATE  935                      1110   -175     1125
  SINCE MAR 1    935                      1110   -175     1125
  SINCE JUL 1   8993                      9047    -54     8909

 COOLING
  YESTERDAY        0                         0      0        0
  MONTH TO DATE    0                         0      0        0
  SINCE MAR 1      0                         0      0        0
  SINCE JAN 1      0                         0      0        0
..................................................................


WIND (MPH)
  HIGHEST WIND SPEED    10   HIGHEST WIND DIRECTION     W (260)
  HIGHEST GUST SPEED    18   HIGHEST GUST DIRECTION    SW (230)
  AVERAGE WIND SPEED     2.0


SKY COVER
  POSSIBLE SUNSHINE  MM
  AVERAGE SKY COVER 0.0


WEATHER CONDITIONS
 THE FOLLOWING WEATHER WAS RECORDED YESTERDAY.
  NO SIGNIFICANT WEATHER WAS OBSERVED.


RELATIVE HUMIDITY (PERCENT)
 HIGHEST   100           300 AM
 LOWEST     40           200 PM
 AVERAGE    70

..........................................................


THE LAKE YELLOWSTONE WY CLIMATE NORMALS FOR TODAY
                         NORMAL    RECORD    YEAR
 MAXIMUM TEMPERATURE (F)   40        54      2015
 MINIMUM TEMPERATURE (F)   13       -13      2009


SUNRISE AND SUNSET
MARCH 27 2017.........SUNRISE   711 AM MDT   SUNSET   743 PM MDT
MARCH 28 2017.........SUNRISE   709 AM MDT   SUNSET   745 PM MDT


-  INDICATES NEGATIVE NUMBERS.
R  INDICATES RECORD WAS SET OR TIED.
MM INDICATES DATA IS MISSING.
T  INDICATES TRACE AMOUNT.




$$
